[INFO] fetching crate splunk 0.1.1-alpha3...
[INFO] testing splunk-0.1.1-alpha3 against 1.69.0 for beta-1.70-1
[INFO] extracting crate splunk 0.1.1-alpha3 into /workspace/builds/worker-5-tc1/source
[INFO] validating manifest of crates.io crate splunk 0.1.1-alpha3 on toolchain 1.69.0
[INFO] running `Command { std: CARGO_HOME="/workspace/cargo-home" RUSTUP_HOME="/workspace/rustup-home" "/workspace/cargo-home/bin/cargo" "+1.69.0" "metadata" "--manifest-path" "Cargo.toml" "--no-deps", kill_on_drop: false }`
[INFO] started tweaking crates.io crate splunk 0.1.1-alpha3
[INFO] finished tweaking crates.io crate splunk 0.1.1-alpha3
[INFO] tweaked toml for crates.io crate splunk 0.1.1-alpha3 written to /workspace/builds/worker-5-tc1/source/Cargo.toml
[INFO] crate crates.io crate splunk 0.1.1-alpha3 already has a lockfile, it will not be regenerated
[INFO] running `Command { std: CARGO_HOME="/workspace/cargo-home" RUSTUP_HOME="/workspace/rustup-home" "/workspace/cargo-home/bin/cargo" "+1.69.0" "fetch" "--manifest-path" "Cargo.toml", kill_on_drop: false }`
[INFO] [stderr]  Downloading crates ...
[INFO] [stderr]   Downloaded serde-xml-rs v0.6.0
[INFO] [stderr]   Downloaded openssl-sys v0.9.82
[INFO] [stderr]   Downloaded openssl v0.10.47
[INFO] [stderr]   Downloaded sxd-xpath v0.4.2
[INFO] running `Command { std: "docker" "create" "-v" "/var/lib/crater-agent-workspace/builds/worker-5-tc1/target:/opt/rustwide/target:rw,Z" "-v" "/var/lib/crater-agent-workspace/builds/worker-5-tc1/source:/opt/rustwide/workdir:ro,Z" "-v" "/var/lib/crater-agent-workspace/cargo-home:/opt/rustwide/cargo-home:ro,Z" "-v" "/var/lib/crater-agent-workspace/rustup-home:/opt/rustwide/rustup-home:ro,Z" "-e" "SOURCE_DIR=/opt/rustwide/workdir" "-e" "CARGO_TARGET_DIR=/opt/rustwide/target" "-e" "CARGO_HOME=/opt/rustwide/cargo-home" "-e" "RUSTUP_HOME=/opt/rustwide/rustup-home" "-w" "/opt/rustwide/workdir" "-m" "1610612736" "--user" "0:0" "--network" "none" "ghcr.io/rust-lang/crates-build-env/linux@sha256:5ff2268d62e97bff2cde7d5815dd6ed5b47097566f13b8d0ca110b04b60e07ed" "/opt/rustwide/cargo-home/bin/cargo" "+1.69.0" "metadata" "--no-deps" "--format-version=1", kill_on_drop: false }`
[INFO] [stdout] 52eb31d47b131e43c6a9c229a111cc7009bcaee3403ab40afbbf02f6b07777fa
[INFO] running `Command { std: "docker" "start" "-a" "52eb31d47b131e43c6a9c229a111cc7009bcaee3403ab40afbbf02f6b07777fa", kill_on_drop: false }`
[INFO] running `Command { std: "docker" "inspect" "52eb31d47b131e43c6a9c229a111cc7009bcaee3403ab40afbbf02f6b07777fa", kill_on_drop: false }`
[INFO] running `Command { std: "docker" "rm" "-f" "52eb31d47b131e43c6a9c229a111cc7009bcaee3403ab40afbbf02f6b07777fa", kill_on_drop: false }`
[INFO] [stdout] 52eb31d47b131e43c6a9c229a111cc7009bcaee3403ab40afbbf02f6b07777fa
[INFO] running `Command { std: "docker" "create" "-v" "/var/lib/crater-agent-workspace/builds/worker-5-tc1/target:/opt/rustwide/target:rw,Z" "-v" "/var/lib/crater-agent-workspace/builds/worker-5-tc1/source:/opt/rustwide/workdir:ro,Z" "-v" "/var/lib/crater-agent-workspace/cargo-home:/opt/rustwide/cargo-home:ro,Z" "-v" "/var/lib/crater-agent-workspace/rustup-home:/opt/rustwide/rustup-home:ro,Z" "-e" "SOURCE_DIR=/opt/rustwide/workdir" "-e" "CARGO_TARGET_DIR=/opt/rustwide/target" "-e" "CARGO_INCREMENTAL=0" "-e" "RUST_BACKTRACE=full" "-e" "RUSTFLAGS=--cap-lints=warn" "-e" "RUSTDOCFLAGS=--cap-lints=warn" "-e" "CARGO_HOME=/opt/rustwide/cargo-home" "-e" "RUSTUP_HOME=/opt/rustwide/rustup-home" "-w" "/opt/rustwide/workdir" "-m" "1610612736" "--user" "0:0" "--network" "none" "ghcr.io/rust-lang/crates-build-env/linux@sha256:5ff2268d62e97bff2cde7d5815dd6ed5b47097566f13b8d0ca110b04b60e07ed" "/opt/rustwide/cargo-home/bin/cargo" "+1.69.0" "build" "--frozen" "--message-format=json", kill_on_drop: false }`
[INFO] [stdout] ec12660eecb47e1a3e39459b4ea7bad30d999b089dc229bf389b40fd112cdc04
[INFO] running `Command { std: "docker" "start" "-a" "ec12660eecb47e1a3e39459b4ea7bad30d999b089dc229bf389b40fd112cdc04", kill_on_drop: false }`
[INFO] [stderr]    Compiling proc-macro2 v1.0.53
[INFO] [stderr]    Compiling libc v0.2.140
[INFO] [stderr]    Compiling syn v1.0.109
[INFO] [stderr]    Compiling futures-core v0.3.28
[INFO] [stderr]    Compiling itoa v1.0.6
[INFO] [stderr]    Compiling tokio v1.26.0
[INFO] [stderr]    Compiling slab v0.4.8
[INFO] [stderr]    Compiling openssl-sys v0.9.82
[INFO] [stderr]    Compiling futures-sink v0.3.28
[INFO] [stderr]    Compiling futures-channel v0.3.28
[INFO] [stderr]    Compiling futures-task v0.3.28
[INFO] [stderr]    Compiling futures-util v0.3.28
[INFO] [stderr]    Compiling futures-io v0.3.28
[INFO] [stderr]    Compiling serde_derive v1.0.158
[INFO] [stderr]    Compiling serde v1.0.158
[INFO] [stderr]    Compiling openssl v0.10.47
[INFO] [stderr]    Compiling unicode-bidi v0.3.13
[INFO] [stderr]    Compiling http v0.2.9
[INFO] [stderr]    Compiling tracing v0.1.37
[INFO] [stderr]    Compiling crc32fast v1.3.2
[INFO] [stderr]    Compiling hashbrown v0.12.3
[INFO] [stderr]    Compiling time-macros v0.2.8
[INFO] [stderr]    Compiling cookie v0.16.2
[INFO] [stderr]    Compiling serde_json v1.0.94
[INFO] [stderr]    Compiling ryu v1.0.13
[INFO] [stderr]    Compiling adler v1.0.2
[INFO] [stderr]    Compiling matches v0.1.10
[INFO] [stderr]    Compiling psl-types v2.0.11
[INFO] [stderr]    Compiling idna v0.3.0
[INFO] [stderr]    Compiling miniz_oxide v0.6.2
[INFO] [stderr]    Compiling thiserror v1.0.40
[INFO] [stderr]    Compiling idna v0.2.3
[INFO] [stderr]    Compiling typed-arena v1.7.0
[INFO] [stderr]    Compiling peresil v0.3.0
[INFO] [stderr]    Compiling mime v0.3.17
[INFO] [stderr]    Compiling splunk v0.1.1-alpha3 (/opt/rustwide/workdir)
[INFO] [stderr]    Compiling flate2 v1.0.25
[INFO] [stderr]    Compiling sxd-document v0.3.2
[INFO] [stderr]    Compiling quick-error v1.2.3
[INFO] [stderr]    Compiling native-tls v0.2.11
[INFO] [stderr]    Compiling xml-rs v0.8.4
[INFO] [stderr]    Compiling indexmap v1.9.2
[INFO] [stderr]    Compiling quote v1.0.26
[INFO] [stderr]    Compiling publicsuffix v2.2.3
[INFO] [stderr]    Compiling url v2.3.1
[INFO] [stderr]    Compiling syn v2.0.12
[INFO] [stderr]    Compiling http-body v0.4.5
[INFO] [stderr]    Compiling mio v0.8.6
[INFO] [stderr]    Compiling num_cpus v1.15.0
[INFO] [stderr]    Compiling socket2 v0.4.9
[INFO] [stderr]    Compiling sxd-xpath v0.4.2
[INFO] [stderr]    Compiling time v0.3.20
[INFO] [stderr]    Compiling futures-macro v0.3.28
[INFO] [stderr]    Compiling thiserror-impl v1.0.40
[INFO] [stderr]    Compiling tokio-macros v1.8.2
[INFO] [stderr]    Compiling openssl-macros v0.1.0
[INFO] [stderr]    Compiling futures-executor v0.3.28
[INFO] [stderr]    Compiling futures v0.3.28
[INFO] [stderr]    Compiling tokio-util v0.7.7
[INFO] [stderr]    Compiling tokio-native-tls v0.3.1
[INFO] [stderr]    Compiling async-compression v0.3.15
[INFO] [stderr]    Compiling tokio-stream v0.1.12
[INFO] [stderr]    Compiling h2 v0.3.16
[INFO] [stderr]    Compiling serde_urlencoded v0.7.1
[INFO] [stderr]    Compiling serde-xml-rs v0.6.0
[INFO] [stderr]    Compiling cookie_store v0.16.1
[INFO] [stderr]    Compiling hyper v0.14.25
[INFO] [stderr]    Compiling hyper-tls v0.5.0
[INFO] [stderr]    Compiling reqwest v0.11.15
[INFO] [stderr]     Finished dev [unoptimized + debuginfo] target(s) in 48.94s
[INFO] running `Command { std: "docker" "inspect" "ec12660eecb47e1a3e39459b4ea7bad30d999b089dc229bf389b40fd112cdc04", kill_on_drop: false }`
[INFO] running `Command { std: "docker" "rm" "-f" "ec12660eecb47e1a3e39459b4ea7bad30d999b089dc229bf389b40fd112cdc04", kill_on_drop: false }`
[INFO] [stdout] ec12660eecb47e1a3e39459b4ea7bad30d999b089dc229bf389b40fd112cdc04
[INFO] running `Command { std: "docker" "create" "-v" "/var/lib/crater-agent-workspace/builds/worker-5-tc1/target:/opt/rustwide/target:rw,Z" "-v" "/var/lib/crater-agent-workspace/builds/worker-5-tc1/source:/opt/rustwide/workdir:ro,Z" "-v" "/var/lib/crater-agent-workspace/cargo-home:/opt/rustwide/cargo-home:ro,Z" "-v" "/var/lib/crater-agent-workspace/rustup-home:/opt/rustwide/rustup-home:ro,Z" "-e" "SOURCE_DIR=/opt/rustwide/workdir" "-e" "CARGO_TARGET_DIR=/opt/rustwide/target" "-e" "CARGO_INCREMENTAL=0" "-e" "RUST_BACKTRACE=full" "-e" "RUSTFLAGS=--cap-lints=warn" "-e" "RUSTDOCFLAGS=--cap-lints=warn" "-e" "CARGO_HOME=/opt/rustwide/cargo-home" "-e" "RUSTUP_HOME=/opt/rustwide/rustup-home" "-w" "/opt/rustwide/workdir" "-m" "1610612736" "--user" "0:0" "--network" "none" "ghcr.io/rust-lang/crates-build-env/linux@sha256:5ff2268d62e97bff2cde7d5815dd6ed5b47097566f13b8d0ca110b04b60e07ed" "/opt/rustwide/cargo-home/bin/cargo" "+1.69.0" "test" "--frozen" "--no-run" "--message-format=json", kill_on_drop: false }`
[INFO] [stdout] 10303143acfeeae880d5aed87fd1d26ba526e5eee3328ceff94325ed32cecc91
[INFO] running `Command { std: "docker" "start" "-a" "10303143acfeeae880d5aed87fd1d26ba526e5eee3328ceff94325ed32cecc91", kill_on_drop: false }`
[INFO] [stderr]    Compiling libc v0.2.140
[INFO] [stderr]    Compiling io-lifetimes v1.0.9
[INFO] [stderr]    Compiling rustix v0.37.6
[INFO] [stderr]    Compiling linux-raw-sys v0.3.1
[INFO] [stderr]    Compiling utf8parse v0.2.1
[INFO] [stderr]    Compiling anstyle v0.3.5
[INFO] [stderr]    Compiling concolor-override v1.0.0
[INFO] [stderr]    Compiling concolor-query v0.3.3
[INFO] [stderr]    Compiling clap_lex v0.4.1
[INFO] [stderr]    Compiling clap_derive v4.2.0
[INFO] [stderr]    Compiling anstyle-parse v0.1.1
[INFO] [stderr]    Compiling mio v0.8.6
[INFO] [stderr]    Compiling num_cpus v1.15.0
[INFO] [stderr]    Compiling socket2 v0.4.9
[INFO] [stderr]    Compiling openssl-sys v0.9.82
[INFO] [stderr]    Compiling tokio v1.26.0
[INFO] [stderr]    Compiling openssl v0.10.47
[INFO] [stderr]    Compiling is-terminal v0.4.6
[INFO] [stderr]    Compiling anstream v0.2.6
[INFO] [stderr]    Compiling clap_builder v4.2.1
[INFO] [stderr]    Compiling native-tls v0.2.11
[INFO] [stderr]    Compiling clap v4.2.1
[INFO] [stderr]    Compiling tokio-util v0.7.7
[INFO] [stderr]    Compiling async-compression v0.3.15
[INFO] [stderr]    Compiling tokio-stream v0.1.12
[INFO] [stderr]    Compiling tokio-native-tls v0.3.1
[INFO] [stderr]    Compiling h2 v0.3.16
[INFO] [stderr]    Compiling hyper v0.14.25
[INFO] [stderr]    Compiling hyper-tls v0.5.0
[INFO] [stderr]    Compiling reqwest v0.11.15
[INFO] [stderr]    Compiling splunk v0.1.1-alpha3 (/opt/rustwide/workdir)
[INFO] [stderr]     Finished test [unoptimized + debuginfo] target(s) in 29.96s
[INFO] running `Command { std: "docker" "inspect" "10303143acfeeae880d5aed87fd1d26ba526e5eee3328ceff94325ed32cecc91", kill_on_drop: false }`
[INFO] running `Command { std: "docker" "rm" "-f" "10303143acfeeae880d5aed87fd1d26ba526e5eee3328ceff94325ed32cecc91", kill_on_drop: false }`
[INFO] [stdout] 10303143acfeeae880d5aed87fd1d26ba526e5eee3328ceff94325ed32cecc91
[INFO] running `Command { std: "docker" "create" "-v" "/var/lib/crater-agent-workspace/builds/worker-5-tc1/target:/opt/rustwide/target:rw,Z" "-v" "/var/lib/crater-agent-workspace/builds/worker-5-tc1/source:/opt/rustwide/workdir:ro,Z" "-v" "/var/lib/crater-agent-workspace/cargo-home:/opt/rustwide/cargo-home:ro,Z" "-v" "/var/lib/crater-agent-workspace/rustup-home:/opt/rustwide/rustup-home:ro,Z" "-e" "SOURCE_DIR=/opt/rustwide/workdir" "-e" "CARGO_TARGET_DIR=/opt/rustwide/target" "-e" "CARGO_INCREMENTAL=0" "-e" "RUST_BACKTRACE=full" "-e" "RUSTFLAGS=--cap-lints=warn" "-e" "RUSTDOCFLAGS=--cap-lints=warn" "-e" "CARGO_HOME=/opt/rustwide/cargo-home" "-e" "RUSTUP_HOME=/opt/rustwide/rustup-home" "-w" "/opt/rustwide/workdir" "-m" "1610612736" "--user" "0:0" "--network" "none" "ghcr.io/rust-lang/crates-build-env/linux@sha256:5ff2268d62e97bff2cde7d5815dd6ed5b47097566f13b8d0ca110b04b60e07ed" "/opt/rustwide/cargo-home/bin/cargo" "+1.69.0" "test" "--frozen", kill_on_drop: false }`
[INFO] [stdout] 3931d12cd2e7bbf28d4b5200a6edbfb33bf612ec934e51ec6ac40b13278664a0
[INFO] running `Command { std: "docker" "start" "-a" "3931d12cd2e7bbf28d4b5200a6edbfb33bf612ec934e51ec6ac40b13278664a0", kill_on_drop: false }`
[INFO] [stderr]     Finished test [unoptimized + debuginfo] target(s) in 0.15s
[INFO] [stderr]      Running unittests src/lib.rs (/opt/rustwide/target/debug/deps/splunk-bc482183bb2098a3)
[INFO] [stdout] 
[INFO] [stdout] running 7 tests
[INFO] [stdout] test tests::hec::send_queued_multi_overized_batch ... FAILED
[INFO] [stdout] test tests::hec::send_with_custom_useragent ... FAILED
[INFO] [stdout] test tests::hec::send_test_data ... FAILED
[INFO] [stdout] test tests::search::test_search_execution ... FAILED
[INFO] [stdout] test tests::search::test_search_login ... FAILED
[INFO] [stdout] test tests::hec::test_hec_endpoint_health ... FAILED
[INFO] [stdout] test tests::hec::test_hec_endpoint_health_ack ... FAILED
[INFO] [stdout] 
[INFO] [stdout] failures:
[INFO] [stdout] 
[INFO] [stdout] ---- tests::hec::send_queued_multi_overized_batch stdout ----
[INFO] [stdout] Please ensure env var SPLUNK_HEC_HOSTNAME is set
[INFO] [stdout] Error: "Please ensure env var SPLUNK_HEC_HOSTNAME is set"
[INFO] [stdout] 
[INFO] [stdout] ---- tests::hec::send_with_custom_useragent stdout ----
[INFO] [stdout] Please ensure env var SPLUNK_HEC_HOSTNAME is set
[INFO] [stdout] Error: "Please ensure env var SPLUNK_HEC_HOSTNAME is set"
[INFO] [stdout] 
[INFO] [stdout] ---- tests::hec::send_test_data stdout ----
[INFO] [stdout] Please ensure env var SPLUNK_HEC_HOSTNAME is set
[INFO] [stdout] Error: "Please ensure env var SPLUNK_HEC_HOSTNAME is set"
[INFO] [stdout] 
[INFO] [stdout] ---- tests::search::test_search_execution stdout ----
[INFO] [stdout] Please ensure env var SPLUNK_API_HOSTNAME is set
[INFO] [stdout] Error: "Please ensure env var SPLUNK_API_HOSTNAME is set"
[INFO] [stdout] 
[INFO] [stdout] ---- tests::search::test_search_login stdout ----
[INFO] [stdout] Please ensure env var SPLUNK_API_HOSTNAME is set
[INFO] [stdout] Error: "Please ensure env var SPLUNK_API_HOSTNAME is set"
[INFO] [stdout] 
[INFO] [stdout] ---- tests::hec::test_hec_endpoint_health stdout ----
[INFO] [stdout] Please ensure env var SPLUNK_HEC_HOSTNAME is set
[INFO] [stdout] Error: "Please ensure env var SPLUNK_HEC_HOSTNAME is set"
[INFO] [stdout] 
[INFO] [stdout] ---- tests::hec::test_hec_endpoint_health_ack stdout ----
[INFO] [stdout] Please ensure env var SPLUNK_HEC_HOSTNAME is set
[INFO] [stdout] Error: "Please ensure env var SPLUNK_HEC_HOSTNAME is set"
[INFO] [stdout] 
[INFO] [stdout] 
[INFO] [stdout] failures:
[INFO] [stdout]     tests::hec::send_queued_multi_overized_batch
[INFO] [stdout]     tests::hec::send_test_data
[INFO] [stdout]     tests::hec::send_with_custom_useragent
[INFO] [stdout]     tests::hec::test_hec_endpoint_health
[INFO] [stdout]     tests::hec::test_hec_endpoint_health_ack
[INFO] [stdout]     tests::search::test_search_execution
[INFO] [stdout]     tests::search::test_search_login
[INFO] [stdout] 
[INFO] [stdout] test result: FAILED. 0 passed; 7 failed; 0 ignored; 0 measured; 0 filtered out; finished in 0.01s
[INFO] [stdout] 
[INFO] [stderr] error: test failed, to rerun pass `--lib`
[INFO] running `Command { std: "docker" "inspect" "3931d12cd2e7bbf28d4b5200a6edbfb33bf612ec934e51ec6ac40b13278664a0", kill_on_drop: false }`
[INFO] running `Command { std: "docker" "rm" "-f" "3931d12cd2e7bbf28d4b5200a6edbfb33bf612ec934e51ec6ac40b13278664a0", kill_on_drop: false }`
[INFO] [stdout] 3931d12cd2e7bbf28d4b5200a6edbfb33bf612ec934e51ec6ac40b13278664a0
