[INFO] fetching crate spinners-jdxcode 4.1.0...
[INFO] testing spinners-jdxcode-4.1.0 against beta-2023-04-20 for beta-1.70-1
[INFO] extracting crate spinners-jdxcode 4.1.0 into /workspace/builds/worker-1-tc2/source
[INFO] validating manifest of crates.io crate spinners-jdxcode 4.1.0 on toolchain beta-2023-04-20
[INFO] running `Command { std: CARGO_HOME="/workspace/cargo-home" RUSTUP_HOME="/workspace/rustup-home" "/workspace/cargo-home/bin/cargo" "+beta-2023-04-20" "metadata" "--manifest-path" "Cargo.toml" "--no-deps", kill_on_drop: false }`
[INFO] started tweaking crates.io crate spinners-jdxcode 4.1.0
[INFO] finished tweaking crates.io crate spinners-jdxcode 4.1.0
[INFO] tweaked toml for crates.io crate spinners-jdxcode 4.1.0 written to /workspace/builds/worker-1-tc2/source/Cargo.toml
[INFO] crate crates.io crate spinners-jdxcode 4.1.0 already has a lockfile, it will not be regenerated
[INFO] running `Command { std: CARGO_HOME="/workspace/cargo-home" RUSTUP_HOME="/workspace/rustup-home" "/workspace/cargo-home/bin/cargo" "+beta-2023-04-20" "fetch" "--manifest-path" "Cargo.toml", kill_on_drop: false }`
[INFO] running `Command { std: "docker" "create" "-v" "/var/lib/crater-agent-workspace/builds/worker-1-tc2/target:/opt/rustwide/target:rw,Z" "-v" "/var/lib/crater-agent-workspace/builds/worker-1-tc2/source:/opt/rustwide/workdir:ro,Z" "-v" "/var/lib/crater-agent-workspace/cargo-home:/opt/rustwide/cargo-home:ro,Z" "-v" "/var/lib/crater-agent-workspace/rustup-home:/opt/rustwide/rustup-home:ro,Z" "-e" "SOURCE_DIR=/opt/rustwide/workdir" "-e" "CARGO_TARGET_DIR=/opt/rustwide/target" "-e" "CARGO_HOME=/opt/rustwide/cargo-home" "-e" "RUSTUP_HOME=/opt/rustwide/rustup-home" "-w" "/opt/rustwide/workdir" "-m" "1610612736" "--user" "0:0" "--network" "none" "ghcr.io/rust-lang/crates-build-env/linux@sha256:97d61d7686bf65f8ecb15491ab51835e82dc9176a96a831f143a431b191fc501" "/opt/rustwide/cargo-home/bin/cargo" "+beta-2023-04-20" "metadata" "--no-deps" "--format-version=1", kill_on_drop: false }`
[INFO] [stdout] e5557df79ce0f27872b86a6e38e18ec433871a71c0e13b79b37bfefab1de6907
[INFO] running `Command { std: "docker" "start" "-a" "e5557df79ce0f27872b86a6e38e18ec433871a71c0e13b79b37bfefab1de6907", kill_on_drop: false }`
[INFO] running `Command { std: "docker" "inspect" "e5557df79ce0f27872b86a6e38e18ec433871a71c0e13b79b37bfefab1de6907", kill_on_drop: false }`
[INFO] running `Command { std: "docker" "rm" "-f" "e5557df79ce0f27872b86a6e38e18ec433871a71c0e13b79b37bfefab1de6907", kill_on_drop: false }`
[INFO] [stdout] e5557df79ce0f27872b86a6e38e18ec433871a71c0e13b79b37bfefab1de6907
[INFO] running `Command { std: "docker" "create" "-v" "/var/lib/crater-agent-workspace/builds/worker-1-tc2/target:/opt/rustwide/target:rw,Z" "-v" "/var/lib/crater-agent-workspace/builds/worker-1-tc2/source:/opt/rustwide/workdir:ro,Z" "-v" "/var/lib/crater-agent-workspace/cargo-home:/opt/rustwide/cargo-home:ro,Z" "-v" "/var/lib/crater-agent-workspace/rustup-home:/opt/rustwide/rustup-home:ro,Z" "-e" "SOURCE_DIR=/opt/rustwide/workdir" "-e" "CARGO_TARGET_DIR=/opt/rustwide/target" "-e" "CARGO_INCREMENTAL=0" "-e" "RUST_BACKTRACE=full" "-e" "RUSTFLAGS=--cap-lints=warn" "-e" "RUSTDOCFLAGS=--cap-lints=warn" "-e" "CARGO_HOME=/opt/rustwide/cargo-home" "-e" "RUSTUP_HOME=/opt/rustwide/rustup-home" "-w" "/opt/rustwide/workdir" "-m" "1610612736" "--user" "0:0" "--network" "none" "ghcr.io/rust-lang/crates-build-env/linux@sha256:97d61d7686bf65f8ecb15491ab51835e82dc9176a96a831f143a431b191fc501" "/opt/rustwide/cargo-home/bin/cargo" "+beta-2023-04-20" "build" "--frozen" "--message-format=json", kill_on_drop: false }`
[INFO] [stdout] e3258450b7aaccf316ccf09501774fc3b8b3aa6cc3a4a2bf3af42cdc69e64742
[INFO] running `Command { std: "docker" "start" "-a" "e3258450b7aaccf316ccf09501774fc3b8b3aa6cc3a4a2bf3af42cdc69e64742", kill_on_drop: false }`
[INFO] [stderr]    Compiling proc-macro2 v1.0.50
[INFO] [stderr]    Compiling rustversion v1.0.11
[INFO] [stderr]    Compiling syn v1.0.107
[INFO] [stderr]    Compiling maplit v1.0.2
[INFO] [stderr]    Compiling quote v1.0.23
[INFO] [stderr]    Compiling strum_macros v0.24.3
[INFO] [stderr]    Compiling strum v0.24.1
[INFO] [stderr]    Compiling spinners-jdxcode v4.1.0 (/opt/rustwide/workdir)
[INFO] [stderr]     Finished dev [unoptimized + debuginfo] target(s) in 6.14s
[INFO] running `Command { std: "docker" "inspect" "e3258450b7aaccf316ccf09501774fc3b8b3aa6cc3a4a2bf3af42cdc69e64742", kill_on_drop: false }`
[INFO] running `Command { std: "docker" "rm" "-f" "e3258450b7aaccf316ccf09501774fc3b8b3aa6cc3a4a2bf3af42cdc69e64742", kill_on_drop: false }`
[INFO] [stdout] e3258450b7aaccf316ccf09501774fc3b8b3aa6cc3a4a2bf3af42cdc69e64742
[INFO] running `Command { std: "docker" "create" "-v" "/var/lib/crater-agent-workspace/builds/worker-1-tc2/target:/opt/rustwide/target:rw,Z" "-v" "/var/lib/crater-agent-workspace/builds/worker-1-tc2/source:/opt/rustwide/workdir:ro,Z" "-v" "/var/lib/crater-agent-workspace/cargo-home:/opt/rustwide/cargo-home:ro,Z" "-v" "/var/lib/crater-agent-workspace/rustup-home:/opt/rustwide/rustup-home:ro,Z" "-e" "SOURCE_DIR=/opt/rustwide/workdir" "-e" "CARGO_TARGET_DIR=/opt/rustwide/target" "-e" "CARGO_INCREMENTAL=0" "-e" "RUST_BACKTRACE=full" "-e" "RUSTFLAGS=--cap-lints=warn" "-e" "RUSTDOCFLAGS=--cap-lints=warn" "-e" "CARGO_HOME=/opt/rustwide/cargo-home" "-e" "RUSTUP_HOME=/opt/rustwide/rustup-home" "-w" "/opt/rustwide/workdir" "-m" "1610612736" "--user" "0:0" "--network" "none" "ghcr.io/rust-lang/crates-build-env/linux@sha256:97d61d7686bf65f8ecb15491ab51835e82dc9176a96a831f143a431b191fc501" "/opt/rustwide/cargo-home/bin/cargo" "+beta-2023-04-20" "test" "--frozen" "--no-run" "--message-format=json", kill_on_drop: false }`
[INFO] [stdout] ebe54242f80ad465abacd77fa5c12d6329dac19a4a7273a6155ac3bb7081957f
[INFO] running `Command { std: "docker" "start" "-a" "ebe54242f80ad465abacd77fa5c12d6329dac19a4a7273a6155ac3bb7081957f", kill_on_drop: false }`
[INFO] [stderr]    Compiling spinners-jdxcode v4.1.0 (/opt/rustwide/workdir)
[INFO] [stderr]     Finished test [unoptimized + debuginfo] target(s) in 0.46s
[INFO] running `Command { std: "docker" "inspect" "ebe54242f80ad465abacd77fa5c12d6329dac19a4a7273a6155ac3bb7081957f", kill_on_drop: false }`
[INFO] running `Command { std: "docker" "rm" "-f" "ebe54242f80ad465abacd77fa5c12d6329dac19a4a7273a6155ac3bb7081957f", kill_on_drop: false }`
[INFO] [stdout] ebe54242f80ad465abacd77fa5c12d6329dac19a4a7273a6155ac3bb7081957f
[INFO] running `Command { std: "docker" "create" "-v" "/var/lib/crater-agent-workspace/builds/worker-1-tc2/target:/opt/rustwide/target:rw,Z" "-v" "/var/lib/crater-agent-workspace/builds/worker-1-tc2/source:/opt/rustwide/workdir:ro,Z" "-v" "/var/lib/crater-agent-workspace/cargo-home:/opt/rustwide/cargo-home:ro,Z" "-v" "/var/lib/crater-agent-workspace/rustup-home:/opt/rustwide/rustup-home:ro,Z" "-e" "SOURCE_DIR=/opt/rustwide/workdir" "-e" "CARGO_TARGET_DIR=/opt/rustwide/target" "-e" "CARGO_INCREMENTAL=0" "-e" "RUST_BACKTRACE=full" "-e" "RUSTFLAGS=--cap-lints=warn" "-e" "RUSTDOCFLAGS=--cap-lints=warn" "-e" "CARGO_HOME=/opt/rustwide/cargo-home" "-e" "RUSTUP_HOME=/opt/rustwide/rustup-home" "-w" "/opt/rustwide/workdir" "-m" "1610612736" "--user" "0:0" "--network" "none" "ghcr.io/rust-lang/crates-build-env/linux@sha256:97d61d7686bf65f8ecb15491ab51835e82dc9176a96a831f143a431b191fc501" "/opt/rustwide/cargo-home/bin/cargo" "+beta-2023-04-20" "test" "--frozen", kill_on_drop: false }`
[INFO] [stdout] 6d26d75d2514d53ac0aa08e201cf61d960493778007f3d96f1a90b291dcc3f21
[INFO] running `Command { std: "docker" "start" "-a" "6d26d75d2514d53ac0aa08e201cf61d960493778007f3d96f1a90b291dcc3f21", kill_on_drop: false }`
[INFO] [stderr]     Finished test [unoptimized + debuginfo] target(s) in 0.02s
[INFO] [stderr]      Running unittests src/lib.rs (/opt/rustwide/target/debug/deps/spinners_jdxcode-d3f5353e856fb7f2)
[INFO] [stdout] 
[INFO] [stderr]    Doc-tests spinners-jdxcode
[INFO] [stdout] running 0 tests
[INFO] [stdout] 
[INFO] [stdout] test result: ok. 0 passed; 0 failed; 0 ignored; 0 measured; 0 filtered out; finished in 0.00s
[INFO] [stdout] 
[INFO] [stdout] 
[INFO] [stdout] running 10 tests
[INFO] [stdout] test src/lib.rs - Spinner::new (line 37) ... FAILED
[INFO] [stdout] test src/lib.rs - Spinner::stop (line 143) ... FAILED
[INFO] [stdout] test src/lib.rs - Spinner::stop_with_message (line 208) ... FAILED
[INFO] [stdout] test src/lib.rs - Spinner::stop_with_newline (line 190) ... FAILED
[INFO] [stdout] test src/lib.rs - Spinner::with_stream (line 65) ... FAILED
[INFO] [stdout] test src/lib.rs - Spinner::stop_with_symbol (line 162) ... FAILED
[INFO] [stdout] test src/lib.rs - Spinner::with_timer_and_stream (line 80) ... FAILED
[INFO] [stdout] test src/lib.rs - Spinner::stop_and_persist (line 226) ... FAILED
[INFO] [stdout] test src/lib.rs - Spinner::new (line 45) ... FAILED
[INFO] [stdout] test src/lib.rs - Spinner::stop_with_symbol (line 172) ... FAILED
[INFO] [stdout] 
[INFO] [stdout] failures:
[INFO] [stdout] 
[INFO] [stdout] ---- src/lib.rs - Spinner::new (line 37) stdout ----
[INFO] [stdout] error[E0432]: unresolved import `spinners`
[INFO] [stdout]  --> src/lib.rs:38:5
[INFO] [stdout]   |
[INFO] [stdout] 3 | use spinners::{Spinner, Spinners};
[INFO] [stdout]   |     ^^^^^^^^ use of undeclared crate or module `spinners`
[INFO] [stdout] 
[INFO] [stdout] error: aborting due to previous error
[INFO] [stdout] 
[INFO] [stdout] For more information about this error, try `rustc --explain E0432`.
[INFO] [stdout] Couldn't compile the test.
[INFO] [stdout] ---- src/lib.rs - Spinner::stop (line 143) stdout ----
[INFO] [stdout] error[E0432]: unresolved import `spinners`
[INFO] [stdout]  --> src/lib.rs:144:5
[INFO] [stdout]   |
[INFO] [stdout] 3 | use spinners::{Spinner, Spinners};
[INFO] [stdout]   |     ^^^^^^^^ use of undeclared crate or module `spinners`
[INFO] [stdout] 
[INFO] [stdout] error: aborting due to previous error
[INFO] [stdout] 
[INFO] [stdout] For more information about this error, try `rustc --explain E0432`.
[INFO] [stdout] Couldn't compile the test.
[INFO] [stdout] ---- src/lib.rs - Spinner::stop_with_message (line 208) stdout ----
[INFO] [stdout] error[E0432]: unresolved import `spinners`
[INFO] [stdout]  --> src/lib.rs:209:5
[INFO] [stdout]   |
[INFO] [stdout] 3 | use spinners::{Spinner, Spinners};
[INFO] [stdout]   |     ^^^^^^^^ use of undeclared crate or module `spinners`
[INFO] [stdout] 
[INFO] [stdout] error: aborting due to previous error
[INFO] [stdout] 
[INFO] [stdout] For more information about this error, try `rustc --explain E0432`.
[INFO] [stdout] Couldn't compile the test.
[INFO] [stdout] ---- src/lib.rs - Spinner::stop_with_newline (line 190) stdout ----
[INFO] [stdout] error[E0432]: unresolved import `spinners`
[INFO] [stdout]  --> src/lib.rs:191:5
[INFO] [stdout]   |
[INFO] [stdout] 3 | use spinners::{Spinner, Spinners};
[INFO] [stdout]   |     ^^^^^^^^ use of undeclared crate or module `spinners`
[INFO] [stdout] 
[INFO] [stdout] error: aborting due to previous error
[INFO] [stdout] 
[INFO] [stdout] For more information about this error, try `rustc --explain E0432`.
[INFO] [stdout] Couldn't compile the test.
[INFO] [stdout] ---- src/lib.rs - Spinner::with_stream (line 65) stdout ----
[INFO] [stdout] error[E0432]: unresolved import `spinners`
[INFO] [stdout]  --> src/lib.rs:66:5
[INFO] [stdout]   |
[INFO] [stdout] 3 | use spinners::{Spinner, Spinners, Stream};
[INFO] [stdout]   |     ^^^^^^^^ use of undeclared crate or module `spinners`
[INFO] [stdout] 
[INFO] [stdout] error: aborting due to previous error
[INFO] [stdout] 
[INFO] [stdout] For more information about this error, try `rustc --explain E0432`.
[INFO] [stdout] Couldn't compile the test.
[INFO] [stdout] ---- src/lib.rs - Spinner::stop_with_symbol (line 162) stdout ----
[INFO] [stdout] error[E0432]: unresolved import `spinners`
[INFO] [stdout]  --> src/lib.rs:163:5
[INFO] [stdout]   |
[INFO] [stdout] 3 | use spinners::{Spinner, Spinners};
[INFO] [stdout]   |     ^^^^^^^^ use of undeclared crate or module `spinners`
[INFO] [stdout] 
[INFO] [stdout] error: aborting due to previous error
[INFO] [stdout] 
[INFO] [stdout] For more information about this error, try `rustc --explain E0432`.
[INFO] [stdout] Couldn't compile the test.
[INFO] [stdout] ---- src/lib.rs - Spinner::with_timer_and_stream (line 80) stdout ----
[INFO] [stdout] error[E0432]: unresolved import `spinners`
[INFO] [stdout]  --> src/lib.rs:81:5
[INFO] [stdout]   |
[INFO] [stdout] 3 | use spinners::{Spinner, Spinners, Stream};
[INFO] [stdout]   |     ^^^^^^^^ use of undeclared crate or module `spinners`
[INFO] [stdout] 
[INFO] [stdout] error: aborting due to previous error
[INFO] [stdout] 
[INFO] [stdout] For more information about this error, try `rustc --explain E0432`.
[INFO] [stdout] Couldn't compile the test.
[INFO] [stdout] ---- src/lib.rs - Spinner::stop_and_persist (line 226) stdout ----
[INFO] [stdout] error[E0432]: unresolved import `spinners`
[INFO] [stdout]  --> src/lib.rs:227:5
[INFO] [stdout]   |
[INFO] [stdout] 3 | use spinners::{Spinner, Spinners};
[INFO] [stdout]   |     ^^^^^^^^ use of undeclared crate or module `spinners`
[INFO] [stdout] 
[INFO] [stdout] error: aborting due to previous error
[INFO] [stdout] 
[INFO] [stdout] For more information about this error, try `rustc --explain E0432`.
[INFO] [stdout] Couldn't compile the test.
[INFO] [stdout] ---- src/lib.rs - Spinner::new (line 45) stdout ----
[INFO] [stdout] error[E0432]: unresolved import `spinners`
[INFO] [stdout]  --> src/lib.rs:46:5
[INFO] [stdout]   |
[INFO] [stdout] 3 | use spinners::{Spinner, Spinners};
[INFO] [stdout]   |     ^^^^^^^^ use of undeclared crate or module `spinners`
[INFO] [stdout] 
[INFO] [stdout] error: aborting due to previous error
[INFO] [stdout] 
[INFO] [stdout] For more information about this error, try `rustc --explain E0432`.
[INFO] [stdout] Couldn't compile the test.
[INFO] [stdout] ---- src/lib.rs - Spinner::stop_with_symbol (line 172) stdout ----
[INFO] [stdout] error[E0432]: unresolved import `spinners`
[INFO] [stdout]  --> src/lib.rs:173:5
[INFO] [stdout]   |
[INFO] [stdout] 3 | use spinners::{Spinner, Spinners};
[INFO] [stdout]   |     ^^^^^^^^ use of undeclared crate or module `spinners`
[INFO] [stdout] 
[INFO] [stdout] error: aborting due to previous error
[INFO] [stdout] 
[INFO] [stdout] For more information about this error, try `rustc --explain E0432`.
[INFO] [stdout] Couldn't compile the test.
[INFO] [stdout] 
[INFO] [stdout] failures:
[INFO] [stdout]     src/lib.rs - Spinner::new (line 37)
[INFO] [stdout]     src/lib.rs - Spinner::new (line 45)
[INFO] [stdout]     src/lib.rs - Spinner::stop (line 143)
[INFO] [stdout]     src/lib.rs - Spinner::stop_and_persist (line 226)
[INFO] [stdout]     src/lib.rs - Spinner::stop_with_message (line 208)
[INFO] [stdout]     src/lib.rs - Spinner::stop_with_newline (line 190)
[INFO] [stdout]     src/lib.rs - Spinner::stop_with_symbol (line 162)
[INFO] [stdout]     src/lib.rs - Spinner::stop_with_symbol (line 172)
[INFO] [stdout]     src/lib.rs - Spinner::with_stream (line 65)
[INFO] [stdout]     src/lib.rs - Spinner::with_timer_and_stream (line 80)
[INFO] [stdout] 
[INFO] [stdout] test result: FAILED. 0 passed; 10 failed; 0 ignored; 0 measured; 0 filtered out; finished in 0.15s
[INFO] [stdout] 
[INFO] [stderr] error: doctest failed, to rerun pass `--doc`
[INFO] running `Command { std: "docker" "inspect" "6d26d75d2514d53ac0aa08e201cf61d960493778007f3d96f1a90b291dcc3f21", kill_on_drop: false }`
[INFO] running `Command { std: "docker" "rm" "-f" "6d26d75d2514d53ac0aa08e201cf61d960493778007f3d96f1a90b291dcc3f21", kill_on_drop: false }`
[INFO] [stdout] 6d26d75d2514d53ac0aa08e201cf61d960493778007f3d96f1a90b291dcc3f21
