[INFO] fetching crate spidriver-hal 0.1.0...
[INFO] testing spidriver-hal-0.1.0 against beta-2023-04-20 for beta-1.70-1
[INFO] extracting crate spidriver-hal 0.1.0 into /workspace/builds/worker-0-tc2/source
[INFO] validating manifest of crates.io crate spidriver-hal 0.1.0 on toolchain beta-2023-04-20
[INFO] running `Command { std: CARGO_HOME="/workspace/cargo-home" RUSTUP_HOME="/workspace/rustup-home" "/workspace/cargo-home/bin/cargo" "+beta-2023-04-20" "metadata" "--manifest-path" "Cargo.toml" "--no-deps", kill_on_drop: false }`
[INFO] started tweaking crates.io crate spidriver-hal 0.1.0
[INFO] finished tweaking crates.io crate spidriver-hal 0.1.0
[INFO] tweaked toml for crates.io crate spidriver-hal 0.1.0 written to /workspace/builds/worker-0-tc2/source/Cargo.toml
[INFO] crate crates.io crate spidriver-hal 0.1.0 already has a lockfile, it will not be regenerated
[INFO] running `Command { std: CARGO_HOME="/workspace/cargo-home" RUSTUP_HOME="/workspace/rustup-home" "/workspace/cargo-home/bin/cargo" "+beta-2023-04-20" "fetch" "--manifest-path" "Cargo.toml", kill_on_drop: false }`
[INFO] [stderr]     Updating crates.io index
[INFO] [stderr]  Downloading crates ...
[INFO] [stderr]   Downloaded serial v0.4.0
[INFO] [stderr]   Downloaded serial-windows v0.4.0
[INFO] [stderr]   Downloaded embedded-hal v0.2.3
[INFO] [stderr]   Downloaded serial-embedded-hal v0.1.2
[INFO] [stderr]   Downloaded spidriver v0.1.0
[INFO] running `Command { std: "docker" "create" "-v" "/var/lib/crater-agent-workspace/builds/worker-0-tc2/target:/opt/rustwide/target:rw,Z" "-v" "/var/lib/crater-agent-workspace/builds/worker-0-tc2/source:/opt/rustwide/workdir:ro,Z" "-v" "/var/lib/crater-agent-workspace/cargo-home:/opt/rustwide/cargo-home:ro,Z" "-v" "/var/lib/crater-agent-workspace/rustup-home:/opt/rustwide/rustup-home:ro,Z" "-e" "SOURCE_DIR=/opt/rustwide/workdir" "-e" "CARGO_TARGET_DIR=/opt/rustwide/target" "-e" "CARGO_HOME=/opt/rustwide/cargo-home" "-e" "RUSTUP_HOME=/opt/rustwide/rustup-home" "-w" "/opt/rustwide/workdir" "-m" "1610612736" "--user" "0:0" "--network" "none" "ghcr.io/rust-lang/crates-build-env/linux@sha256:5ff2268d62e97bff2cde7d5815dd6ed5b47097566f13b8d0ca110b04b60e07ed" "/opt/rustwide/cargo-home/bin/cargo" "+beta-2023-04-20" "metadata" "--no-deps" "--format-version=1", kill_on_drop: false }`
[INFO] [stdout] 1097791ff9628caad68e9cc0b929c8c041fd9b6d0eb86b710ed17025de7a36e5
[INFO] running `Command { std: "docker" "start" "-a" "1097791ff9628caad68e9cc0b929c8c041fd9b6d0eb86b710ed17025de7a36e5", kill_on_drop: false }`
[INFO] running `Command { std: "docker" "inspect" "1097791ff9628caad68e9cc0b929c8c041fd9b6d0eb86b710ed17025de7a36e5", kill_on_drop: false }`
[INFO] running `Command { std: "docker" "rm" "-f" "1097791ff9628caad68e9cc0b929c8c041fd9b6d0eb86b710ed17025de7a36e5", kill_on_drop: false }`
[INFO] [stdout] 1097791ff9628caad68e9cc0b929c8c041fd9b6d0eb86b710ed17025de7a36e5
[INFO] running `Command { std: "docker" "create" "-v" "/var/lib/crater-agent-workspace/builds/worker-0-tc2/target:/opt/rustwide/target:rw,Z" "-v" "/var/lib/crater-agent-workspace/builds/worker-0-tc2/source:/opt/rustwide/workdir:ro,Z" "-v" "/var/lib/crater-agent-workspace/cargo-home:/opt/rustwide/cargo-home:ro,Z" "-v" "/var/lib/crater-agent-workspace/rustup-home:/opt/rustwide/rustup-home:ro,Z" "-e" "SOURCE_DIR=/opt/rustwide/workdir" "-e" "CARGO_TARGET_DIR=/opt/rustwide/target" "-e" "CARGO_INCREMENTAL=0" "-e" "RUST_BACKTRACE=full" "-e" "RUSTFLAGS=--cap-lints=warn" "-e" "RUSTDOCFLAGS=--cap-lints=warn" "-e" "CARGO_HOME=/opt/rustwide/cargo-home" "-e" "RUSTUP_HOME=/opt/rustwide/rustup-home" "-w" "/opt/rustwide/workdir" "-m" "1610612736" "--user" "0:0" "--network" "none" "ghcr.io/rust-lang/crates-build-env/linux@sha256:5ff2268d62e97bff2cde7d5815dd6ed5b47097566f13b8d0ca110b04b60e07ed" "/opt/rustwide/cargo-home/bin/cargo" "+beta-2023-04-20" "build" "--frozen" "--message-format=json", kill_on_drop: false }`
[INFO] [stdout] 482c06620c026cb829867876e35eb8a5d70e3a8d3b91894cd3bdc28a85d40a96
[INFO] running `Command { std: "docker" "start" "-a" "482c06620c026cb829867876e35eb8a5d70e3a8d3b91894cd3bdc28a85d40a96", kill_on_drop: false }`
[INFO] [stderr]     Blocking waiting for file lock on package cache
[INFO] [stderr]    Compiling nb v0.1.2
[INFO] [stderr]    Compiling void v1.0.2
[INFO] [stderr]    Compiling embedded-hal v0.2.3
[INFO] [stderr]    Compiling spidriver v0.1.0
[INFO] [stderr]    Compiling spidriver-hal v0.1.0 (/opt/rustwide/workdir)
[INFO] [stderr]     Finished dev [unoptimized + debuginfo] target(s) in 0.79s
[INFO] running `Command { std: "docker" "inspect" "482c06620c026cb829867876e35eb8a5d70e3a8d3b91894cd3bdc28a85d40a96", kill_on_drop: false }`
[INFO] running `Command { std: "docker" "rm" "-f" "482c06620c026cb829867876e35eb8a5d70e3a8d3b91894cd3bdc28a85d40a96", kill_on_drop: false }`
[INFO] [stdout] 482c06620c026cb829867876e35eb8a5d70e3a8d3b91894cd3bdc28a85d40a96
[INFO] running `Command { std: "docker" "create" "-v" "/var/lib/crater-agent-workspace/builds/worker-0-tc2/target:/opt/rustwide/target:rw,Z" "-v" "/var/lib/crater-agent-workspace/builds/worker-0-tc2/source:/opt/rustwide/workdir:ro,Z" "-v" "/var/lib/crater-agent-workspace/cargo-home:/opt/rustwide/cargo-home:ro,Z" "-v" "/var/lib/crater-agent-workspace/rustup-home:/opt/rustwide/rustup-home:ro,Z" "-e" "SOURCE_DIR=/opt/rustwide/workdir" "-e" "CARGO_TARGET_DIR=/opt/rustwide/target" "-e" "CARGO_INCREMENTAL=0" "-e" "RUST_BACKTRACE=full" "-e" "RUSTFLAGS=--cap-lints=warn" "-e" "RUSTDOCFLAGS=--cap-lints=warn" "-e" "CARGO_HOME=/opt/rustwide/cargo-home" "-e" "RUSTUP_HOME=/opt/rustwide/rustup-home" "-w" "/opt/rustwide/workdir" "-m" "1610612736" "--user" "0:0" "--network" "none" "ghcr.io/rust-lang/crates-build-env/linux@sha256:5ff2268d62e97bff2cde7d5815dd6ed5b47097566f13b8d0ca110b04b60e07ed" "/opt/rustwide/cargo-home/bin/cargo" "+beta-2023-04-20" "test" "--frozen" "--no-run" "--message-format=json", kill_on_drop: false }`
[INFO] [stdout] 4855ea4abadb7a013b3a277d6e3b7472077bb746490fba4f41e9c99873f5212e
[INFO] running `Command { std: "docker" "start" "-a" "4855ea4abadb7a013b3a277d6e3b7472077bb746490fba4f41e9c99873f5212e", kill_on_drop: false }`
[INFO] [stderr]    Compiling libc v0.2.58
[INFO] [stderr]    Compiling serial-core v0.4.0
[INFO] [stderr]    Compiling termios v0.2.2
[INFO] [stderr]    Compiling ioctl-rs v0.1.6
[INFO] [stderr]    Compiling serial-unix v0.4.0
[INFO] [stderr]    Compiling serial v0.4.0
[INFO] [stderr]    Compiling serial-embedded-hal v0.1.2
[INFO] [stderr]    Compiling spidriver-hal v0.1.0 (/opt/rustwide/workdir)
[INFO] [stdout] warning: unnecessary parentheses around index expression
[INFO] [stdout]   --> examples/ssd1322-hal.rs:54:17
[INFO] [stdout]    |
[INFO] [stdout] 54 |             buf[(y * WIDTH / 2 + x)] = if y % 2 == 0 { 0xf0 } else { 0x0f };
[INFO] [stdout]    |                 ^                 ^
[INFO] [stdout]    |
[INFO] [stdout]    = note: `#[warn(unused_parens)]` on by default
[INFO] [stdout] help: remove these parentheses
[INFO] [stdout]    |
[INFO] [stdout] 54 -             buf[(y * WIDTH / 2 + x)] = if y % 2 == 0 { 0xf0 } else { 0x0f };
[INFO] [stdout] 54 +             buf[y * WIDTH / 2 + x] = if y % 2 == 0 { 0xf0 } else { 0x0f };
[INFO] [stdout]    |
[INFO] [stdout] 
[INFO] [stdout] 
[INFO] [stdout] warning: 1 warning emitted
[INFO] [stdout] 
[INFO] [stdout] 
[INFO] [stderr]     Finished test [unoptimized + debuginfo] target(s) in 2.95s
[INFO] running `Command { std: "docker" "inspect" "4855ea4abadb7a013b3a277d6e3b7472077bb746490fba4f41e9c99873f5212e", kill_on_drop: false }`
[INFO] running `Command { std: "docker" "rm" "-f" "4855ea4abadb7a013b3a277d6e3b7472077bb746490fba4f41e9c99873f5212e", kill_on_drop: false }`
[INFO] [stdout] 4855ea4abadb7a013b3a277d6e3b7472077bb746490fba4f41e9c99873f5212e
[INFO] running `Command { std: "docker" "create" "-v" "/var/lib/crater-agent-workspace/builds/worker-0-tc2/target:/opt/rustwide/target:rw,Z" "-v" "/var/lib/crater-agent-workspace/builds/worker-0-tc2/source:/opt/rustwide/workdir:ro,Z" "-v" "/var/lib/crater-agent-workspace/cargo-home:/opt/rustwide/cargo-home:ro,Z" "-v" "/var/lib/crater-agent-workspace/rustup-home:/opt/rustwide/rustup-home:ro,Z" "-e" "SOURCE_DIR=/opt/rustwide/workdir" "-e" "CARGO_TARGET_DIR=/opt/rustwide/target" "-e" "CARGO_INCREMENTAL=0" "-e" "RUST_BACKTRACE=full" "-e" "RUSTFLAGS=--cap-lints=warn" "-e" "RUSTDOCFLAGS=--cap-lints=warn" "-e" "CARGO_HOME=/opt/rustwide/cargo-home" "-e" "RUSTUP_HOME=/opt/rustwide/rustup-home" "-w" "/opt/rustwide/workdir" "-m" "1610612736" "--user" "0:0" "--network" "none" "ghcr.io/rust-lang/crates-build-env/linux@sha256:5ff2268d62e97bff2cde7d5815dd6ed5b47097566f13b8d0ca110b04b60e07ed" "/opt/rustwide/cargo-home/bin/cargo" "+beta-2023-04-20" "test" "--frozen", kill_on_drop: false }`
[INFO] [stdout] 7c6fd1a4beb1b51682bc9b9cb409176a9262ec6d4f875df1e25456cbd1048583
[INFO] running `Command { std: "docker" "start" "-a" "7c6fd1a4beb1b51682bc9b9cb409176a9262ec6d4f875df1e25456cbd1048583", kill_on_drop: false }`
[INFO] [stdout] 
[INFO] [stderr] warning: unnecessary parentheses around index expression
[INFO] [stdout] running 0 tests
[INFO] [stderr]   --> examples/ssd1322-hal.rs:54:17
[INFO] [stdout] 
[INFO] [stderr]    |
[INFO] [stdout] test result: ok. 0 passed; 0 failed; 0 ignored; 0 measured; 0 filtered out; finished in 0.00s
[INFO] [stderr] 54 |             buf[(y * WIDTH / 2 + x)] = if y % 2 == 0 { 0xf0 } else { 0x0f };
[INFO] [stdout] 
[INFO] [stderr]    |                 ^                 ^
[INFO] [stderr]    |
[INFO] [stderr]    = note: `#[warn(unused_parens)]` on by default
[INFO] [stderr] help: remove these parentheses
[INFO] [stderr]    |
[INFO] [stderr] 54 -             buf[(y * WIDTH / 2 + x)] = if y % 2 == 0 { 0xf0 } else { 0x0f };
[INFO] [stderr] 54 +             buf[y * WIDTH / 2 + x] = if y % 2 == 0 { 0xf0 } else { 0x0f };
[INFO] [stderr]    |
[INFO] [stderr] 
[INFO] [stderr] warning: `spidriver-hal` (example "ssd1322-hal") generated 1 warning (run `cargo fix --example "ssd1322-hal"` to apply 1 suggestion)
[INFO] [stderr]     Finished test [unoptimized + debuginfo] target(s) in 0.02s
[INFO] [stderr]      Running unittests src/lib.rs (/opt/rustwide/target/debug/deps/spidriver_hal-43a45d3ae6ea04e7)
[INFO] [stderr]    Doc-tests spidriver-hal
[INFO] [stdout] 
[INFO] [stdout] running 1 test
[INFO] [stdout] test src/lib.rs - (line 20) ... FAILED
[INFO] [stderr] error: doctest failed, to rerun pass `--doc`
[INFO] [stdout] 
[INFO] [stdout] failures:
[INFO] [stdout] 
[INFO] [stdout] ---- src/lib.rs - (line 20) stdout ----
[INFO] [stdout] error[E0433]: failed to resolve: use of undeclared type `SPIDriver`
[INFO] [stdout]  --> src/lib.rs:21:10
[INFO] [stdout]   |
[INFO] [stdout] 3 | let sd = SPIDriver::new(rx, tx); // rx and tx obtained from some underlying platform crate
[INFO] [stdout]   |          ^^^^^^^^^ use of undeclared type `SPIDriver`
[INFO] [stdout]   |
[INFO] [stdout] help: consider importing this struct
[INFO] [stdout]   |
[INFO] [stdout] 2 + use spidriver::SPIDriver;
[INFO] [stdout]   |
[INFO] [stdout] 
[INFO] [stdout] error[E0425]: cannot find value `rx` in this scope
[INFO] [stdout]  --> src/lib.rs:21:25
[INFO] [stdout]   |
[INFO] [stdout] 3 | let sd = SPIDriver::new(rx, tx); // rx and tx obtained from some underlying platform crate
[INFO] [stdout]   |                         ^^ not found in this scope
[INFO] [stdout] 
[INFO] [stdout] error[E0425]: cannot find value `tx` in this scope
[INFO] [stdout]  --> src/lib.rs:21:29
[INFO] [stdout]   |
[INFO] [stdout] 3 | let sd = SPIDriver::new(rx, tx); // rx and tx obtained from some underlying platform crate
[INFO] [stdout]   |                             ^^ not found in this scope
[INFO] [stdout] 
[INFO] [stdout] error[E0433]: failed to resolve: use of undeclared type `SPIDriverHAL`
[INFO] [stdout]  --> src/lib.rs:22:13
[INFO] [stdout]   |
[INFO] [stdout] 4 | let parts = SPIDriverHAL::new(sd).split();
[INFO] [stdout]   |             ^^^^^^^^^^^^ use of undeclared type `SPIDriverHAL`
[INFO] [stdout]   |
[INFO] [stdout] help: consider importing this struct
[INFO] [stdout]   |
[INFO] [stdout] 2 + use spidriver_hal::SPIDriverHAL;
[INFO] [stdout]   |
[INFO] [stdout] 
[INFO] [stdout] error: aborting due to 4 previous errors
[INFO] [stdout] 
[INFO] [stdout] Some errors have detailed explanations: E0425, E0433.
[INFO] [stdout] For more information about an error, try `rustc --explain E0425`.
[INFO] [stdout] Couldn't compile the test.
[INFO] [stdout] 
[INFO] [stdout] failures:
[INFO] [stdout]     src/lib.rs - (line 20)
[INFO] [stdout] 
[INFO] [stdout] test result: FAILED. 0 passed; 1 failed; 0 ignored; 0 measured; 0 filtered out; finished in 0.07s
[INFO] [stdout] 
[INFO] running `Command { std: "docker" "inspect" "7c6fd1a4beb1b51682bc9b9cb409176a9262ec6d4f875df1e25456cbd1048583", kill_on_drop: false }`
[INFO] running `Command { std: "docker" "rm" "-f" "7c6fd1a4beb1b51682bc9b9cb409176a9262ec6d4f875df1e25456cbd1048583", kill_on_drop: false }`
[INFO] [stdout] 7c6fd1a4beb1b51682bc9b9cb409176a9262ec6d4f875df1e25456cbd1048583
