[INFO] fetching crate speak 0.1.12...
[INFO] testing speak-0.1.12 against 1.69.0 for beta-1.70-1
[INFO] extracting crate speak 0.1.12 into /workspace/builds/worker-6-tc1/source
[INFO] validating manifest of crates.io crate speak 0.1.12 on toolchain 1.69.0
[INFO] running `Command { std: CARGO_HOME="/workspace/cargo-home" RUSTUP_HOME="/workspace/rustup-home" "/workspace/cargo-home/bin/cargo" "+1.69.0" "metadata" "--manifest-path" "Cargo.toml" "--no-deps", kill_on_drop: false }`
[INFO] started tweaking crates.io crate speak 0.1.12
[INFO] finished tweaking crates.io crate speak 0.1.12
[INFO] tweaked toml for crates.io crate speak 0.1.12 written to /workspace/builds/worker-6-tc1/source/Cargo.toml
[INFO] crate crates.io crate speak 0.1.12 already has a lockfile, it will not be regenerated
[INFO] running `Command { std: CARGO_HOME="/workspace/cargo-home" RUSTUP_HOME="/workspace/rustup-home" "/workspace/cargo-home/bin/cargo" "+1.69.0" "fetch" "--manifest-path" "Cargo.toml", kill_on_drop: false }`
[INFO] [stderr]  Downloading crates ...
[INFO] [stderr]   Downloaded aquamarine v0.1.12
[INFO] running `Command { std: "docker" "create" "-v" "/var/lib/crater-agent-workspace/builds/worker-6-tc1/target:/opt/rustwide/target:rw,Z" "-v" "/var/lib/crater-agent-workspace/builds/worker-6-tc1/source:/opt/rustwide/workdir:ro,Z" "-v" "/var/lib/crater-agent-workspace/cargo-home:/opt/rustwide/cargo-home:ro,Z" "-v" "/var/lib/crater-agent-workspace/rustup-home:/opt/rustwide/rustup-home:ro,Z" "-e" "SOURCE_DIR=/opt/rustwide/workdir" "-e" "CARGO_TARGET_DIR=/opt/rustwide/target" "-e" "CARGO_HOME=/opt/rustwide/cargo-home" "-e" "RUSTUP_HOME=/opt/rustwide/rustup-home" "-w" "/opt/rustwide/workdir" "-m" "1610612736" "--user" "0:0" "--network" "none" "ghcr.io/rust-lang/crates-build-env/linux@sha256:5ff2268d62e97bff2cde7d5815dd6ed5b47097566f13b8d0ca110b04b60e07ed" "/opt/rustwide/cargo-home/bin/cargo" "+1.69.0" "metadata" "--no-deps" "--format-version=1", kill_on_drop: false }`
[INFO] [stdout] 30a92bab4cc4ffc3634788650e217c5be5166c0012a1fd7578e3f4710a38da60
[INFO] running `Command { std: "docker" "start" "-a" "30a92bab4cc4ffc3634788650e217c5be5166c0012a1fd7578e3f4710a38da60", kill_on_drop: false }`
[INFO] running `Command { std: "docker" "inspect" "30a92bab4cc4ffc3634788650e217c5be5166c0012a1fd7578e3f4710a38da60", kill_on_drop: false }`
[INFO] running `Command { std: "docker" "rm" "-f" "30a92bab4cc4ffc3634788650e217c5be5166c0012a1fd7578e3f4710a38da60", kill_on_drop: false }`
[INFO] [stdout] 30a92bab4cc4ffc3634788650e217c5be5166c0012a1fd7578e3f4710a38da60
[INFO] running `Command { std: "docker" "create" "-v" "/var/lib/crater-agent-workspace/builds/worker-6-tc1/target:/opt/rustwide/target:rw,Z" "-v" "/var/lib/crater-agent-workspace/builds/worker-6-tc1/source:/opt/rustwide/workdir:ro,Z" "-v" "/var/lib/crater-agent-workspace/cargo-home:/opt/rustwide/cargo-home:ro,Z" "-v" "/var/lib/crater-agent-workspace/rustup-home:/opt/rustwide/rustup-home:ro,Z" "-e" "SOURCE_DIR=/opt/rustwide/workdir" "-e" "CARGO_TARGET_DIR=/opt/rustwide/target" "-e" "CARGO_INCREMENTAL=0" "-e" "RUST_BACKTRACE=full" "-e" "RUSTFLAGS=--cap-lints=warn" "-e" "RUSTDOCFLAGS=--cap-lints=warn" "-e" "CARGO_HOME=/opt/rustwide/cargo-home" "-e" "RUSTUP_HOME=/opt/rustwide/rustup-home" "-w" "/opt/rustwide/workdir" "-m" "1610612736" "--user" "0:0" "--network" "none" "ghcr.io/rust-lang/crates-build-env/linux@sha256:5ff2268d62e97bff2cde7d5815dd6ed5b47097566f13b8d0ca110b04b60e07ed" "/opt/rustwide/cargo-home/bin/cargo" "+1.69.0" "build" "--frozen" "--message-format=json", kill_on_drop: false }`
[INFO] [stdout] e79cb2a6cc4f16584e94b838d49f2488bb4d24e4135c310af702565b336d7bdb
[INFO] running `Command { std: "docker" "start" "-a" "e79cb2a6cc4f16584e94b838d49f2488bb4d24e4135c310af702565b336d7bdb", kill_on_drop: false }`
[INFO] [stderr]    Compiling proc-macro2 v1.0.51
[INFO] [stderr]    Compiling unicode-ident v1.0.6
[INFO] [stderr]    Compiling libc v0.2.139
[INFO] [stderr]    Compiling quote v1.0.23
[INFO] [stderr]    Compiling syn v1.0.107
[INFO] [stderr]    Compiling serde_derive v1.0.152
[INFO] [stderr]    Compiling proc-macro-error-attr v1.0.4
[INFO] [stderr]    Compiling proc-macro-error v1.0.4
[INFO] [stderr]    Compiling serde v1.0.152
[INFO] [stderr]    Compiling either v1.8.1
[INFO] [stderr]    Compiling litrs v0.2.3
[INFO] [stderr]    Compiling itertools v0.9.0
[INFO] [stderr]    Compiling document-features v0.2.7
[INFO] [stderr]    Compiling getrandom v0.2.8
[INFO] [stderr]    Compiling atty v0.2.14
[INFO] [stderr]    Compiling colored v2.0.0
[INFO] [stderr]    Compiling rand_core v0.6.4
[INFO] [stderr]    Compiling rand_chacha v0.3.1
[INFO] [stderr]    Compiling rand v0.8.5
[INFO] [stderr]    Compiling aquamarine v0.1.12
[INFO] [stderr]    Compiling speak v0.1.12 (/opt/rustwide/workdir)
[INFO] [stderr]     Finished dev [unoptimized + debuginfo] target(s) in 24.45s
[INFO] running `Command { std: "docker" "inspect" "e79cb2a6cc4f16584e94b838d49f2488bb4d24e4135c310af702565b336d7bdb", kill_on_drop: false }`
[INFO] running `Command { std: "docker" "rm" "-f" "e79cb2a6cc4f16584e94b838d49f2488bb4d24e4135c310af702565b336d7bdb", kill_on_drop: false }`
[INFO] [stdout] e79cb2a6cc4f16584e94b838d49f2488bb4d24e4135c310af702565b336d7bdb
[INFO] running `Command { std: "docker" "create" "-v" "/var/lib/crater-agent-workspace/builds/worker-6-tc1/target:/opt/rustwide/target:rw,Z" "-v" "/var/lib/crater-agent-workspace/builds/worker-6-tc1/source:/opt/rustwide/workdir:ro,Z" "-v" "/var/lib/crater-agent-workspace/cargo-home:/opt/rustwide/cargo-home:ro,Z" "-v" "/var/lib/crater-agent-workspace/rustup-home:/opt/rustwide/rustup-home:ro,Z" "-e" "SOURCE_DIR=/opt/rustwide/workdir" "-e" "CARGO_TARGET_DIR=/opt/rustwide/target" "-e" "CARGO_INCREMENTAL=0" "-e" "RUST_BACKTRACE=full" "-e" "RUSTFLAGS=--cap-lints=warn" "-e" "RUSTDOCFLAGS=--cap-lints=warn" "-e" "CARGO_HOME=/opt/rustwide/cargo-home" "-e" "RUSTUP_HOME=/opt/rustwide/rustup-home" "-w" "/opt/rustwide/workdir" "-m" "1610612736" "--user" "0:0" "--network" "none" "ghcr.io/rust-lang/crates-build-env/linux@sha256:5ff2268d62e97bff2cde7d5815dd6ed5b47097566f13b8d0ca110b04b60e07ed" "/opt/rustwide/cargo-home/bin/cargo" "+1.69.0" "test" "--frozen" "--no-run" "--message-format=json", kill_on_drop: false }`
[INFO] [stdout] fa782a0effcd585e65513e00e1eb01b80061c3fb13f53167d7f5a6e91cd5a02e
[INFO] running `Command { std: "docker" "start" "-a" "fa782a0effcd585e65513e00e1eb01b80061c3fb13f53167d7f5a6e91cd5a02e", kill_on_drop: false }`
[INFO] [stderr]    Compiling speak v0.1.12 (/opt/rustwide/workdir)
[INFO] [stdout] warning: unused import: `DynMap`
[INFO] [stdout]  --> examples/run.rs:1:13
[INFO] [stdout]   |
[INFO] [stdout] 1 | use speak::{DynMap, Dyn, IsString, DE};
[INFO] [stdout]   |             ^^^^^^
[INFO] [stdout]   |
[INFO] [stdout]   = note: `#[warn(unused_imports)]` on by default
[INFO] [stdout] 
[INFO] [stdout] 
[INFO] [stdout] warning: 1 warning emitted
[INFO] [stdout] 
[INFO] [stdout] 
[INFO] [stderr]     Finished test [unoptimized + debuginfo] target(s) in 0.84s
[INFO] running `Command { std: "docker" "inspect" "fa782a0effcd585e65513e00e1eb01b80061c3fb13f53167d7f5a6e91cd5a02e", kill_on_drop: false }`
[INFO] running `Command { std: "docker" "rm" "-f" "fa782a0effcd585e65513e00e1eb01b80061c3fb13f53167d7f5a6e91cd5a02e", kill_on_drop: false }`
[INFO] [stdout] fa782a0effcd585e65513e00e1eb01b80061c3fb13f53167d7f5a6e91cd5a02e
[INFO] running `Command { std: "docker" "create" "-v" "/var/lib/crater-agent-workspace/builds/worker-6-tc1/target:/opt/rustwide/target:rw,Z" "-v" "/var/lib/crater-agent-workspace/builds/worker-6-tc1/source:/opt/rustwide/workdir:ro,Z" "-v" "/var/lib/crater-agent-workspace/cargo-home:/opt/rustwide/cargo-home:ro,Z" "-v" "/var/lib/crater-agent-workspace/rustup-home:/opt/rustwide/rustup-home:ro,Z" "-e" "SOURCE_DIR=/opt/rustwide/workdir" "-e" "CARGO_TARGET_DIR=/opt/rustwide/target" "-e" "CARGO_INCREMENTAL=0" "-e" "RUST_BACKTRACE=full" "-e" "RUSTFLAGS=--cap-lints=warn" "-e" "RUSTDOCFLAGS=--cap-lints=warn" "-e" "CARGO_HOME=/opt/rustwide/cargo-home" "-e" "RUSTUP_HOME=/opt/rustwide/rustup-home" "-w" "/opt/rustwide/workdir" "-m" "1610612736" "--user" "0:0" "--network" "none" "ghcr.io/rust-lang/crates-build-env/linux@sha256:5ff2268d62e97bff2cde7d5815dd6ed5b47097566f13b8d0ca110b04b60e07ed" "/opt/rustwide/cargo-home/bin/cargo" "+1.69.0" "test" "--frozen", kill_on_drop: false }`
[INFO] [stdout] 7913606a190793e2b9b12f4436c3b29a692846634a1be39c8fe732d0557864ae
[INFO] running `Command { std: "docker" "start" "-a" "7913606a190793e2b9b12f4436c3b29a692846634a1be39c8fe732d0557864ae", kill_on_drop: false }`
[INFO] [stderr] warning: unused import: `DynMap`
[INFO] [stderr]  --> examples/run.rs:1:13
[INFO] [stderr]   |
[INFO] [stderr] 1 | use speak::{DynMap, Dyn, IsString, DE};
[INFO] [stderr]   |             ^^^^^^
[INFO] [stderr]   |
[INFO] [stderr]   = note: `#[warn(unused_imports)]` on by default
[INFO] [stderr] 
[INFO] [stderr] warning: `speak` (example "run") generated 1 warning (run `cargo fix --example "run"` to apply 1 suggestion)
[INFO] [stderr]     Finished test [unoptimized + debuginfo] target(s) in 0.04s
[INFO] [stderr]      Running unittests src/lib.rs (/opt/rustwide/target/debug/deps/speak-7fc53381724f2410)
[INFO] [stdout] 
[INFO] [stdout] running 0 tests
[INFO] [stdout] 
[INFO] [stdout] test result: ok. 0 passed; 0 failed; 0 ignored; 0 measured; 0 filtered out; finished in 0.00s
[INFO] [stdout] 
[INFO] [stderr]    Doc-tests speak
[INFO] [stdout] 
[INFO] [stdout] running 7 tests
[INFO] [stdout] test src/libs/mapping.rs - mapping::map (line 292) ... FAILED
[INFO] [stdout] test src/libs/mapping.rs - mapping::DynMap<'a>::push_dyn (line 377) ... FAILED
[INFO] [stdout] test src/libs/mapping.rs - mapping::DynMap<'a>::insert_dyn (line 396) ... FAILED
[INFO] [stdout] test src/libs/mapping.rs - mapping::DynMap (line 119) ... ok
[INFO] [stdout] test src/libs/mapping.rs - mapping::DynMap<'a>::new (line 339) ... ok
[INFO] [stdout] test src/libs/mapping.rs - mapping::DynMap<'a>::push (line 360) ... ok
[INFO] [stdout] test src/libs/mapping.rs - mapping::DynMap<'a>::insert (line 419) ... ok
[INFO] [stdout] 
[INFO] [stdout] failures:
[INFO] [stdout] 
[INFO] [stdout] ---- src/libs/mapping.rs - mapping::map (line 292) stdout ----
[INFO] [stdout] error: cannot find macro `map` in this scope
[INFO] [stdout]  --> src/libs/mapping.rs:294:11
[INFO] [stdout]   |
[INFO] [stdout] 5 | let map = map![
[INFO] [stdout]   |           ^^^
[INFO] [stdout]   |
[INFO] [stdout]   = help: consider importing this macro:
[INFO] [stdout]           speak::map
[INFO] [stdout] 
[INFO] [stdout] error: aborting due to previous error
[INFO] [stdout] 
[INFO] [stdout] Couldn't compile the test.
[INFO] [stdout] ---- src/libs/mapping.rs - mapping::DynMap<'a>::push_dyn (line 377) stdout ----
[INFO] [stdout] error[E0433]: failed to resolve: use of undeclared type `DE`
[INFO] [stdout]  --> src/libs/mapping.rs:380:16
[INFO] [stdout]   |
[INFO] [stdout] 6 | map.push_dyn((&DE::String("Hello World"), &DE::String("Hola mundo!"))); // You can also use a number, instead of a string (referencing an...
[INFO] [stdout]   |                ^^ use of undeclared type `DE`
[INFO] [stdout]   |
[INFO] [stdout] help: consider importing this enum
[INFO] [stdout]   |
[INFO] [stdout] 2 | use speak::DE;
[INFO] [stdout]   |
[INFO] [stdout] 
[INFO] [stdout] error[E0433]: failed to resolve: use of undeclared type `DE`
[INFO] [stdout]  --> src/libs/mapping.rs:380:44
[INFO] [stdout]   |
[INFO] [stdout] 6 | map.push_dyn((&DE::String("Hello World"), &DE::String("Hola mundo!"))); // You can also use a number, instead of a string (referencing an...
[INFO] [stdout]   |                                            ^^ use of undeclared type `DE`
[INFO] [stdout]   |
[INFO] [stdout] help: consider importing this enum
[INFO] [stdout]   |
[INFO] [stdout] 2 | use speak::DE;
[INFO] [stdout]   |
[INFO] [stdout] 
[INFO] [stdout] error: aborting due to 2 previous errors
[INFO] [stdout] 
[INFO] [stdout] For more information about this error, try `rustc --explain E0433`.
[INFO] [stdout] Couldn't compile the test.
[INFO] [stdout] ---- src/libs/mapping.rs - mapping::DynMap<'a>::insert_dyn (line 396) stdout ----
[INFO] [stdout] error[E0433]: failed to resolve: use of undeclared type `DE`
[INFO] [stdout]  --> src/libs/mapping.rs:402:19
[INFO] [stdout]   |
[INFO] [stdout] 8 |     map.insert_dyn((&DE::String("Hello World"), &DE::String("Hola mundo!")), 0); // You can also use a number, instead of a string (refer...
[INFO] [stdout]   |                      ^^ use of undeclared type `DE`
[INFO] [stdout]   |
[INFO] [stdout] help: consider importing this enum
[INFO] [stdout]   |
[INFO] [stdout] 3 | use speak::DE;
[INFO] [stdout]   |
[INFO] [stdout] 
[INFO] [stdout] error[E0433]: failed to resolve: use of undeclared type `DE`
[INFO] [stdout]  --> src/libs/mapping.rs:402:47
[INFO] [stdout]   |
[INFO] [stdout] 8 |     map.insert_dyn((&DE::String("Hello World"), &DE::String("Hola mundo!")), 0); // You can also use a number, instead of a string (refer...
[INFO] [stdout]   |                                                  ^^ use of undeclared type `DE`
[INFO] [stdout]   |
[INFO] [stdout] help: consider importing this enum
[INFO] [stdout]   |
[INFO] [stdout] 3 | use speak::DE;
[INFO] [stdout]   |
[INFO] [stdout] 
[INFO] [stdout] error: aborting due to 2 previous errors
[INFO] [stdout] 
[INFO] [stdout] For more information about this error, try `rustc --explain E0433`.
[INFO] [stdout] Couldn't compile the test.
[INFO] [stdout] 
[INFO] [stdout] failures:
[INFO] [stdout]     src/libs/mapping.rs - mapping::DynMap<'a>::insert_dyn (line 396)
[INFO] [stdout]     src/libs/mapping.rs - mapping::DynMap<'a>::push_dyn (line 377)
[INFO] [stdout]     src/libs/mapping.rs - mapping::map (line 292)
[INFO] [stdout] 
[INFO] [stdout] test result: FAILED. 4 passed; 3 failed; 0 ignored; 0 measured; 0 filtered out; finished in 0.88s
[INFO] [stdout] 
[INFO] [stderr] error: doctest failed, to rerun pass `--doc`
[INFO] running `Command { std: "docker" "inspect" "7913606a190793e2b9b12f4436c3b29a692846634a1be39c8fe732d0557864ae", kill_on_drop: false }`
[INFO] running `Command { std: "docker" "rm" "-f" "7913606a190793e2b9b12f4436c3b29a692846634a1be39c8fe732d0557864ae", kill_on_drop: false }`
[INFO] [stdout] 7913606a190793e2b9b12f4436c3b29a692846634a1be39c8fe732d0557864ae
