[INFO] fetching crate spare_buffer 0.1.1...
[INFO] testing spare_buffer-0.1.1 against 1.69.0 for beta-1.70-1
[INFO] extracting crate spare_buffer 0.1.1 into /workspace/builds/worker-4-tc1/source
[INFO] validating manifest of crates.io crate spare_buffer 0.1.1 on toolchain 1.69.0
[INFO] running `Command { std: CARGO_HOME="/workspace/cargo-home" RUSTUP_HOME="/workspace/rustup-home" "/workspace/cargo-home/bin/cargo" "+1.69.0" "metadata" "--manifest-path" "Cargo.toml" "--no-deps", kill_on_drop: false }`
[INFO] started tweaking crates.io crate spare_buffer 0.1.1
[INFO] finished tweaking crates.io crate spare_buffer 0.1.1
[INFO] tweaked toml for crates.io crate spare_buffer 0.1.1 written to /workspace/builds/worker-4-tc1/source/Cargo.toml
[INFO] crate crates.io crate spare_buffer 0.1.1 already has a lockfile, it will not be regenerated
[INFO] running `Command { std: CARGO_HOME="/workspace/cargo-home" RUSTUP_HOME="/workspace/rustup-home" "/workspace/cargo-home/bin/cargo" "+1.69.0" "fetch" "--manifest-path" "Cargo.toml", kill_on_drop: false }`
[INFO] [stderr]     Blocking waiting for file lock on package cache
[INFO] [stderr]     Blocking waiting for file lock on package cache
[INFO] running `Command { std: "docker" "create" "-v" "/var/lib/crater-agent-workspace/builds/worker-4-tc1/target:/opt/rustwide/target:rw,Z" "-v" "/var/lib/crater-agent-workspace/builds/worker-4-tc1/source:/opt/rustwide/workdir:ro,Z" "-v" "/var/lib/crater-agent-workspace/cargo-home:/opt/rustwide/cargo-home:ro,Z" "-v" "/var/lib/crater-agent-workspace/rustup-home:/opt/rustwide/rustup-home:ro,Z" "-e" "SOURCE_DIR=/opt/rustwide/workdir" "-e" "CARGO_TARGET_DIR=/opt/rustwide/target" "-e" "CARGO_HOME=/opt/rustwide/cargo-home" "-e" "RUSTUP_HOME=/opt/rustwide/rustup-home" "-w" "/opt/rustwide/workdir" "-m" "1610612736" "--user" "0:0" "--network" "none" "ghcr.io/rust-lang/crates-build-env/linux@sha256:5ff2268d62e97bff2cde7d5815dd6ed5b47097566f13b8d0ca110b04b60e07ed" "/opt/rustwide/cargo-home/bin/cargo" "+1.69.0" "metadata" "--no-deps" "--format-version=1", kill_on_drop: false }`
[INFO] [stdout] c3112758e8ca01a7bb7836177cd1ff139d4395fb55def50f6471552b1034d7ae
[INFO] running `Command { std: "docker" "start" "-a" "c3112758e8ca01a7bb7836177cd1ff139d4395fb55def50f6471552b1034d7ae", kill_on_drop: false }`
[INFO] running `Command { std: "docker" "inspect" "c3112758e8ca01a7bb7836177cd1ff139d4395fb55def50f6471552b1034d7ae", kill_on_drop: false }`
[INFO] running `Command { std: "docker" "rm" "-f" "c3112758e8ca01a7bb7836177cd1ff139d4395fb55def50f6471552b1034d7ae", kill_on_drop: false }`
[INFO] [stdout] c3112758e8ca01a7bb7836177cd1ff139d4395fb55def50f6471552b1034d7ae
[INFO] running `Command { std: "docker" "create" "-v" "/var/lib/crater-agent-workspace/builds/worker-4-tc1/target:/opt/rustwide/target:rw,Z" "-v" "/var/lib/crater-agent-workspace/builds/worker-4-tc1/source:/opt/rustwide/workdir:ro,Z" "-v" "/var/lib/crater-agent-workspace/cargo-home:/opt/rustwide/cargo-home:ro,Z" "-v" "/var/lib/crater-agent-workspace/rustup-home:/opt/rustwide/rustup-home:ro,Z" "-e" "SOURCE_DIR=/opt/rustwide/workdir" "-e" "CARGO_TARGET_DIR=/opt/rustwide/target" "-e" "CARGO_INCREMENTAL=0" "-e" "RUST_BACKTRACE=full" "-e" "RUSTFLAGS=--cap-lints=warn" "-e" "RUSTDOCFLAGS=--cap-lints=warn" "-e" "CARGO_HOME=/opt/rustwide/cargo-home" "-e" "RUSTUP_HOME=/opt/rustwide/rustup-home" "-w" "/opt/rustwide/workdir" "-m" "1610612736" "--user" "0:0" "--network" "none" "ghcr.io/rust-lang/crates-build-env/linux@sha256:5ff2268d62e97bff2cde7d5815dd6ed5b47097566f13b8d0ca110b04b60e07ed" "/opt/rustwide/cargo-home/bin/cargo" "+1.69.0" "build" "--frozen" "--message-format=json", kill_on_drop: false }`
[INFO] [stdout] a2eee8759655e4ece16549df56633c6bbc70c7e836e71b9cc959f05d4d2cdb2d
[INFO] running `Command { std: "docker" "start" "-a" "a2eee8759655e4ece16549df56633c6bbc70c7e836e71b9cc959f05d4d2cdb2d", kill_on_drop: false }`
[INFO] [stderr]    Compiling spare_buffer v0.1.1 (/opt/rustwide/workdir)
[INFO] [stderr]     Finished dev [unoptimized + debuginfo] target(s) in 0.19s
[INFO] running `Command { std: "docker" "inspect" "a2eee8759655e4ece16549df56633c6bbc70c7e836e71b9cc959f05d4d2cdb2d", kill_on_drop: false }`
[INFO] running `Command { std: "docker" "rm" "-f" "a2eee8759655e4ece16549df56633c6bbc70c7e836e71b9cc959f05d4d2cdb2d", kill_on_drop: false }`
[INFO] [stdout] a2eee8759655e4ece16549df56633c6bbc70c7e836e71b9cc959f05d4d2cdb2d
[INFO] running `Command { std: "docker" "create" "-v" "/var/lib/crater-agent-workspace/builds/worker-4-tc1/target:/opt/rustwide/target:rw,Z" "-v" "/var/lib/crater-agent-workspace/builds/worker-4-tc1/source:/opt/rustwide/workdir:ro,Z" "-v" "/var/lib/crater-agent-workspace/cargo-home:/opt/rustwide/cargo-home:ro,Z" "-v" "/var/lib/crater-agent-workspace/rustup-home:/opt/rustwide/rustup-home:ro,Z" "-e" "SOURCE_DIR=/opt/rustwide/workdir" "-e" "CARGO_TARGET_DIR=/opt/rustwide/target" "-e" "CARGO_INCREMENTAL=0" "-e" "RUST_BACKTRACE=full" "-e" "RUSTFLAGS=--cap-lints=warn" "-e" "RUSTDOCFLAGS=--cap-lints=warn" "-e" "CARGO_HOME=/opt/rustwide/cargo-home" "-e" "RUSTUP_HOME=/opt/rustwide/rustup-home" "-w" "/opt/rustwide/workdir" "-m" "1610612736" "--user" "0:0" "--network" "none" "ghcr.io/rust-lang/crates-build-env/linux@sha256:5ff2268d62e97bff2cde7d5815dd6ed5b47097566f13b8d0ca110b04b60e07ed" "/opt/rustwide/cargo-home/bin/cargo" "+1.69.0" "test" "--frozen" "--no-run" "--message-format=json", kill_on_drop: false }`
[INFO] [stdout] 38c727ec7af3e6682e2e4c1a202e91752b01c1ff0eca6a0127943eb9ce48a025
[INFO] running `Command { std: "docker" "start" "-a" "38c727ec7af3e6682e2e4c1a202e91752b01c1ff0eca6a0127943eb9ce48a025", kill_on_drop: false }`
[INFO] [stderr]    Compiling spare_buffer v0.1.1 (/opt/rustwide/workdir)
[INFO] [stderr]     Finished test [unoptimized + debuginfo] target(s) in 1.21s
[INFO] running `Command { std: "docker" "inspect" "38c727ec7af3e6682e2e4c1a202e91752b01c1ff0eca6a0127943eb9ce48a025", kill_on_drop: false }`
[INFO] running `Command { std: "docker" "rm" "-f" "38c727ec7af3e6682e2e4c1a202e91752b01c1ff0eca6a0127943eb9ce48a025", kill_on_drop: false }`
[INFO] [stdout] 38c727ec7af3e6682e2e4c1a202e91752b01c1ff0eca6a0127943eb9ce48a025
[INFO] running `Command { std: "docker" "create" "-v" "/var/lib/crater-agent-workspace/builds/worker-4-tc1/target:/opt/rustwide/target:rw,Z" "-v" "/var/lib/crater-agent-workspace/builds/worker-4-tc1/source:/opt/rustwide/workdir:ro,Z" "-v" "/var/lib/crater-agent-workspace/cargo-home:/opt/rustwide/cargo-home:ro,Z" "-v" "/var/lib/crater-agent-workspace/rustup-home:/opt/rustwide/rustup-home:ro,Z" "-e" "SOURCE_DIR=/opt/rustwide/workdir" "-e" "CARGO_TARGET_DIR=/opt/rustwide/target" "-e" "CARGO_INCREMENTAL=0" "-e" "RUST_BACKTRACE=full" "-e" "RUSTFLAGS=--cap-lints=warn" "-e" "RUSTDOCFLAGS=--cap-lints=warn" "-e" "CARGO_HOME=/opt/rustwide/cargo-home" "-e" "RUSTUP_HOME=/opt/rustwide/rustup-home" "-w" "/opt/rustwide/workdir" "-m" "1610612736" "--user" "0:0" "--network" "none" "ghcr.io/rust-lang/crates-build-env/linux@sha256:5ff2268d62e97bff2cde7d5815dd6ed5b47097566f13b8d0ca110b04b60e07ed" "/opt/rustwide/cargo-home/bin/cargo" "+1.69.0" "test" "--frozen", kill_on_drop: false }`
[INFO] [stdout] 95edd95a80ae48ff84e879906ce826c8d970cbf9a0567cb046247466843464ac
[INFO] running `Command { std: "docker" "start" "-a" "95edd95a80ae48ff84e879906ce826c8d970cbf9a0567cb046247466843464ac", kill_on_drop: false }`
[INFO] [stderr]     Finished test [unoptimized + debuginfo] target(s) in 0.00s
[INFO] [stderr]      Running unittests src/lib.rs (/opt/rustwide/target/debug/deps/spare_buffer-4b021b96330e706b)
[INFO] [stdout] 
[INFO] [stdout] running 0 tests
[INFO] [stdout] 
[INFO] [stdout] test result: ok. 0 passed; 0 failed; 0 ignored; 0 measured; 0 filtered out; finished in 0.00s
[INFO] [stderr]    Doc-tests spare_buffer
[INFO] [stdout] 
[INFO] [stdout] 
[INFO] [stdout] running 2 tests
[INFO] [stdout] test src/lib.rs - (line 35) ... FAILED
[INFO] [stdout] test src/lib.rs - (line 60) ... FAILED
[INFO] [stdout] 
[INFO] [stdout] failures:
[INFO] [stdout] 
[INFO] [stdout] ---- src/lib.rs - (line 35) stdout ----
[INFO] [stdout] error[E0433]: failed to resolve: use of undeclared type `SpareBuffer`
[INFO] [stdout]  --> src/lib.rs:38:22
[INFO] [stdout]   |
[INFO] [stdout] 4 |     let mut buffer = SpareBuffer::from(&mut vec, None);
[INFO] [stdout]   |                      ^^^^^^^^^^^ use of undeclared type `SpareBuffer`
[INFO] [stdout]   |
[INFO] [stdout] help: consider importing this struct
[INFO] [stdout]   |
[INFO] [stdout] 2 | use spare_buffer::SpareBuffer;
[INFO] [stdout]   |
[INFO] [stdout] 
[INFO] [stdout] error[E0433]: failed to resolve: use of undeclared type `NonZeroUsize`
[INFO] [stdout]  --> src/lib.rs:40:39
[INFO] [stdout]   |
[INFO] [stdout] 6 |     let spare = buffer.allocate_spare(NonZeroUsize::new(100).unwrap());
[INFO] [stdout]   |                                       ^^^^^^^^^^^^ use of undeclared type `NonZeroUsize`
[INFO] [stdout]   |
[INFO] [stdout] help: consider importing one of these items
[INFO] [stdout]   |
[INFO] [stdout] 2 | use core::num::NonZeroUsize;
[INFO] [stdout]   |
[INFO] [stdout] 2 | use std::num::NonZeroUsize;
[INFO] [stdout]   |
[INFO] [stdout] 
[INFO] [stdout] error: aborting due to 2 previous errors
[INFO] [stdout] 
[INFO] [stdout] For more information about this error, try `rustc --explain E0433`.
[INFO] [stdout] Couldn't compile the test.
[INFO] [stdout] ---- src/lib.rs - (line 60) stdout ----
[INFO] [stdout] error[E0433]: failed to resolve: use of undeclared type `SpareBuffer`
[INFO] [stdout]  --> src/lib.rs:63:22
[INFO] [stdout]   |
[INFO] [stdout] 4 |     let mut buffer = SpareBuffer::from(&mut vec, NonZeroUsize::new(10485760));
[INFO] [stdout]   |                      ^^^^^^^^^^^ use of undeclared type `SpareBuffer`
[INFO] [stdout]   |
[INFO] [stdout] help: consider importing this struct
[INFO] [stdout]   |
[INFO] [stdout] 2 | use spare_buffer::SpareBuffer;
[INFO] [stdout]   |
[INFO] [stdout] 
[INFO] [stdout] error[E0433]: failed to resolve: use of undeclared type `NonZeroUsize`
[INFO] [stdout]  --> src/lib.rs:63:50
[INFO] [stdout]   |
[INFO] [stdout] 4 |     let mut buffer = SpareBuffer::from(&mut vec, NonZeroUsize::new(10485760));
[INFO] [stdout]   |                                                  ^^^^^^^^^^^^ use of undeclared type `NonZeroUsize`
[INFO] [stdout]   |
[INFO] [stdout] help: consider importing one of these items
[INFO] [stdout]   |
[INFO] [stdout] 2 | use core::num::NonZeroUsize;
[INFO] [stdout]   |
[INFO] [stdout] 2 | use std::num::NonZeroUsize;
[INFO] [stdout]   |
[INFO] [stdout] 
[INFO] [stdout] error[E0433]: failed to resolve: use of undeclared type `NonZeroUsize`
[INFO] [stdout]  --> src/lib.rs:65:22
[INFO] [stdout]   |
[INFO] [stdout] 6 |     let chunk_size = NonZeroUsize::new(4096).unwrap();
[INFO] [stdout]   |                      ^^^^^^^^^^^^ use of undeclared type `NonZeroUsize`
[INFO] [stdout]   |
[INFO] [stdout] help: consider importing one of these items
[INFO] [stdout]   |
[INFO] [stdout] 2 | use core::num::NonZeroUsize;
[INFO] [stdout]   |
[INFO] [stdout] 2 | use std::num::NonZeroUsize;
[INFO] [stdout]   |
[INFO] [stdout] 
[INFO] [stdout] error[E0433]: failed to resolve: use of undeclared type `File`
[INFO] [stdout]  --> src/lib.rs:66:20
[INFO] [stdout]   |
[INFO] [stdout] 7 |     let mut file = File::open("input.dat").expect("Failed to open input file!");
[INFO] [stdout]   |                    ^^^^ use of undeclared type `File`
[INFO] [stdout]   |
[INFO] [stdout] help: consider importing this struct
[INFO] [stdout]   |
[INFO] [stdout] 2 | use std::fs::File;
[INFO] [stdout]   |
[INFO] [stdout] 
[INFO] [stdout] error: aborting due to 4 previous errors
[INFO] [stdout] 
[INFO] [stdout] For more information about this error, try `rustc --explain E0433`.
[INFO] [stdout] Couldn't compile the test.
[INFO] [stdout] 
[INFO] [stdout] failures:
[INFO] [stdout]     src/lib.rs - (line 35)
[INFO] [stdout]     src/lib.rs - (line 60)
[INFO] [stdout] 
[INFO] [stdout] test result: FAILED. 0 passed; 2 failed; 0 ignored; 0 measured; 0 filtered out; finished in 0.15s
[INFO] [stdout] 
[INFO] [stderr] error: doctest failed, to rerun pass `--doc`
[INFO] running `Command { std: "docker" "inspect" "95edd95a80ae48ff84e879906ce826c8d970cbf9a0567cb046247466843464ac", kill_on_drop: false }`
[INFO] running `Command { std: "docker" "rm" "-f" "95edd95a80ae48ff84e879906ce826c8d970cbf9a0567cb046247466843464ac", kill_on_drop: false }`
[INFO] [stdout] 95edd95a80ae48ff84e879906ce826c8d970cbf9a0567cb046247466843464ac
