[INFO] fetching crate source_query 0.1.3...
[INFO] testing source_query-0.1.3 against beta-2023-04-20 for beta-1.70-1
[INFO] extracting crate source_query 0.1.3 into /workspace/builds/worker-2-tc2/source
[INFO] validating manifest of crates.io crate source_query 0.1.3 on toolchain beta-2023-04-20
[INFO] running `Command { std: CARGO_HOME="/workspace/cargo-home" RUSTUP_HOME="/workspace/rustup-home" "/workspace/cargo-home/bin/cargo" "+beta-2023-04-20" "metadata" "--manifest-path" "Cargo.toml" "--no-deps", kill_on_drop: false }`
[INFO] started tweaking crates.io crate source_query 0.1.3
[INFO] finished tweaking crates.io crate source_query 0.1.3
[INFO] tweaked toml for crates.io crate source_query 0.1.3 written to /workspace/builds/worker-2-tc2/source/Cargo.toml
[INFO] running `Command { std: CARGO_HOME="/workspace/cargo-home" RUSTUP_HOME="/workspace/rustup-home" __CARGO_TEST_CHANNEL_OVERRIDE_DO_NOT_USE_THIS="nightly" "/workspace/cargo-home/bin/cargo" "+beta-2023-04-20" "generate-lockfile" "--manifest-path" "Cargo.toml" "-Zno-index-update", kill_on_drop: false }`
[INFO] running `Command { std: CARGO_HOME="/workspace/cargo-home" RUSTUP_HOME="/workspace/rustup-home" "/workspace/cargo-home/bin/cargo" "+beta-2023-04-20" "fetch" "--manifest-path" "Cargo.toml", kill_on_drop: false }`
[INFO] running `Command { std: "docker" "create" "-v" "/var/lib/crater-agent-workspace/builds/worker-2-tc2/target:/opt/rustwide/target:rw,Z" "-v" "/var/lib/crater-agent-workspace/builds/worker-2-tc2/source:/opt/rustwide/workdir:ro,Z" "-v" "/var/lib/crater-agent-workspace/cargo-home:/opt/rustwide/cargo-home:ro,Z" "-v" "/var/lib/crater-agent-workspace/rustup-home:/opt/rustwide/rustup-home:ro,Z" "-e" "SOURCE_DIR=/opt/rustwide/workdir" "-e" "CARGO_TARGET_DIR=/opt/rustwide/target" "-e" "CARGO_HOME=/opt/rustwide/cargo-home" "-e" "RUSTUP_HOME=/opt/rustwide/rustup-home" "-w" "/opt/rustwide/workdir" "-m" "1610612736" "--user" "0:0" "--network" "none" "ghcr.io/rust-lang/crates-build-env/linux@sha256:5ff2268d62e97bff2cde7d5815dd6ed5b47097566f13b8d0ca110b04b60e07ed" "/opt/rustwide/cargo-home/bin/cargo" "+beta-2023-04-20" "metadata" "--no-deps" "--format-version=1", kill_on_drop: false }`
[INFO] [stdout] 3c0e3d74c5964a181371063d2e3810648a61565acb13015c5170c59b698d5a55
[INFO] running `Command { std: "docker" "start" "-a" "3c0e3d74c5964a181371063d2e3810648a61565acb13015c5170c59b698d5a55", kill_on_drop: false }`
[INFO] running `Command { std: "docker" "inspect" "3c0e3d74c5964a181371063d2e3810648a61565acb13015c5170c59b698d5a55", kill_on_drop: false }`
[INFO] running `Command { std: "docker" "rm" "-f" "3c0e3d74c5964a181371063d2e3810648a61565acb13015c5170c59b698d5a55", kill_on_drop: false }`
[INFO] [stdout] 3c0e3d74c5964a181371063d2e3810648a61565acb13015c5170c59b698d5a55
[INFO] running `Command { std: "docker" "create" "-v" "/var/lib/crater-agent-workspace/builds/worker-2-tc2/target:/opt/rustwide/target:rw,Z" "-v" "/var/lib/crater-agent-workspace/builds/worker-2-tc2/source:/opt/rustwide/workdir:ro,Z" "-v" "/var/lib/crater-agent-workspace/cargo-home:/opt/rustwide/cargo-home:ro,Z" "-v" "/var/lib/crater-agent-workspace/rustup-home:/opt/rustwide/rustup-home:ro,Z" "-e" "SOURCE_DIR=/opt/rustwide/workdir" "-e" "CARGO_TARGET_DIR=/opt/rustwide/target" "-e" "CARGO_INCREMENTAL=0" "-e" "RUST_BACKTRACE=full" "-e" "RUSTFLAGS=--cap-lints=warn" "-e" "RUSTDOCFLAGS=--cap-lints=warn" "-e" "CARGO_HOME=/opt/rustwide/cargo-home" "-e" "RUSTUP_HOME=/opt/rustwide/rustup-home" "-w" "/opt/rustwide/workdir" "-m" "1610612736" "--user" "0:0" "--network" "none" "ghcr.io/rust-lang/crates-build-env/linux@sha256:5ff2268d62e97bff2cde7d5815dd6ed5b47097566f13b8d0ca110b04b60e07ed" "/opt/rustwide/cargo-home/bin/cargo" "+beta-2023-04-20" "build" "--frozen" "--message-format=json", kill_on_drop: false }`
[INFO] [stdout] df8cc534e8788681317e874f5b320f487383dbc8e359d26c2a984a4841480302
[INFO] running `Command { std: "docker" "start" "-a" "df8cc534e8788681317e874f5b320f487383dbc8e359d26c2a984a4841480302", kill_on_drop: false }`
[INFO] [stderr]    Compiling libc v0.2.142
[INFO] [stderr]    Compiling iovec v0.1.4
[INFO] [stderr]    Compiling bytes v0.4.12
[INFO] [stderr]    Compiling source_query v0.1.3 (/opt/rustwide/workdir)
[INFO] [stdout] warning: the item `Buf` is imported redundantly
[INFO] [stdout]    --> src/info.rs:212:17
[INFO] [stdout]     |
[INFO] [stdout] 62  | use bytes::{Buf, LittleEndian};
[INFO] [stdout]     |             --- the item `Buf` is already imported here
[INFO] [stdout] ...
[INFO] [stdout] 212 |     use bytes::{Buf, LittleEndian};
[INFO] [stdout]     |                 ^^^
[INFO] [stdout]     |
[INFO] [stdout]     = note: `#[warn(unused_imports)]` on by default
[INFO] [stdout] 
[INFO] [stdout] 
[INFO] [stdout] warning: the item `LittleEndian` is imported redundantly
[INFO] [stdout]    --> src/info.rs:212:22
[INFO] [stdout]     |
[INFO] [stdout] 62  | use bytes::{Buf, LittleEndian};
[INFO] [stdout]     |                  ------------ the item `LittleEndian` is already imported here
[INFO] [stdout] ...
[INFO] [stdout] 212 |     use bytes::{Buf, LittleEndian};
[INFO] [stdout]     |                      ^^^^^^^^^^^^
[INFO] [stdout] 
[INFO] [stdout] 
[INFO] [stdout] warning: the item `Cursor` is imported redundantly
[INFO] [stdout]    --> src/info.rs:213:9
[INFO] [stdout]     |
[INFO] [stdout] 63  | use std::io::Cursor;
[INFO] [stdout]     |     --------------- the item `Cursor` is already imported here
[INFO] [stdout] ...
[INFO] [stdout] 213 |     use std::io::Cursor;
[INFO] [stdout]     |         ^^^^^^^^^^^^^^^
[INFO] [stdout] 
[INFO] [stdout] 
[INFO] [stdout] warning: use of deprecated method `bytes::Buf::get_i16`: use get_i16_be or get_i16_le
[INFO] [stdout]   --> src/info.rs:92:31
[INFO] [stdout]    |
[INFO] [stdout] 92 |         let steamapp_id = cur.get_i16::<LittleEndian>();
[INFO] [stdout]    |                               ^^^^^^^
[INFO] [stdout]    |
[INFO] [stdout]    = note: `#[warn(deprecated)]` on by default
[INFO] [stdout] 
[INFO] [stdout] 
[INFO] [stdout] warning: use of deprecated method `bytes::Buf::get_i16`: use get_i16_be or get_i16_le
[INFO] [stdout]    --> src/info.rs:114:22
[INFO] [stdout]     |
[INFO] [stdout] 114 |             Some(cur.get_i16::<LittleEndian>())
[INFO] [stdout]     |                      ^^^^^^^
[INFO] [stdout] 
[INFO] [stdout] 
[INFO] [stdout] warning: use of deprecated method `bytes::Buf::get_u64`: use get_u64_be or get_u64_le
[INFO] [stdout]    --> src/info.rs:120:22
[INFO] [stdout]     |
[INFO] [stdout] 120 |             Some(cur.get_u64::<LittleEndian>())
[INFO] [stdout]     |                      ^^^^^^^
[INFO] [stdout] 
[INFO] [stdout] 
[INFO] [stdout] warning: use of deprecated method `bytes::Buf::get_i16`: use get_i16_be or get_i16_le
[INFO] [stdout]    --> src/info.rs:126:23
[INFO] [stdout]     |
[INFO] [stdout] 126 |             (Some(cur.get_i16::<LittleEndian>()),
[INFO] [stdout]     |                       ^^^^^^^
[INFO] [stdout] 
[INFO] [stdout] 
[INFO] [stdout] warning: use of deprecated method `bytes::Buf::get_u64`: use get_u64_be or get_u64_le
[INFO] [stdout]    --> src/info.rs:139:22
[INFO] [stdout]     |
[INFO] [stdout] 139 |             Some(cur.get_u64::<LittleEndian>())
[INFO] [stdout]     |                      ^^^^^^^
[INFO] [stdout] 
[INFO] [stdout] 
[INFO] [stdout] warning: use of deprecated method `bytes::Buf::get_i32`: use get_i32_be or get_i32_le
[INFO] [stdout]    --> src/info.rs:216:22
[INFO] [stdout]     |
[INFO] [stdout] 216 |     let header = cur.get_i32::<LittleEndian>();
[INFO] [stdout]     |                      ^^^^^^^
[INFO] [stdout] 
[INFO] [stdout] 
[INFO] [stdout] warning: 9 warnings emitted
[INFO] [stdout] 
[INFO] [stdout] 
[INFO] [stderr]     Finished dev [unoptimized + debuginfo] target(s) in 1.14s
[INFO] running `Command { std: "docker" "inspect" "df8cc534e8788681317e874f5b320f487383dbc8e359d26c2a984a4841480302", kill_on_drop: false }`
[INFO] running `Command { std: "docker" "rm" "-f" "df8cc534e8788681317e874f5b320f487383dbc8e359d26c2a984a4841480302", kill_on_drop: false }`
[INFO] [stdout] df8cc534e8788681317e874f5b320f487383dbc8e359d26c2a984a4841480302
[INFO] running `Command { std: "docker" "create" "-v" "/var/lib/crater-agent-workspace/builds/worker-2-tc2/target:/opt/rustwide/target:rw,Z" "-v" "/var/lib/crater-agent-workspace/builds/worker-2-tc2/source:/opt/rustwide/workdir:ro,Z" "-v" "/var/lib/crater-agent-workspace/cargo-home:/opt/rustwide/cargo-home:ro,Z" "-v" "/var/lib/crater-agent-workspace/rustup-home:/opt/rustwide/rustup-home:ro,Z" "-e" "SOURCE_DIR=/opt/rustwide/workdir" "-e" "CARGO_TARGET_DIR=/opt/rustwide/target" "-e" "CARGO_INCREMENTAL=0" "-e" "RUST_BACKTRACE=full" "-e" "RUSTFLAGS=--cap-lints=warn" "-e" "RUSTDOCFLAGS=--cap-lints=warn" "-e" "CARGO_HOME=/opt/rustwide/cargo-home" "-e" "RUSTUP_HOME=/opt/rustwide/rustup-home" "-w" "/opt/rustwide/workdir" "-m" "1610612736" "--user" "0:0" "--network" "none" "ghcr.io/rust-lang/crates-build-env/linux@sha256:5ff2268d62e97bff2cde7d5815dd6ed5b47097566f13b8d0ca110b04b60e07ed" "/opt/rustwide/cargo-home/bin/cargo" "+beta-2023-04-20" "test" "--frozen" "--no-run" "--message-format=json", kill_on_drop: false }`
[INFO] [stdout] 468f76d72692577a8842ed238b9676195176023f087d77294322ebfaf41089de
[INFO] running `Command { std: "docker" "start" "-a" "468f76d72692577a8842ed238b9676195176023f087d77294322ebfaf41089de", kill_on_drop: false }`
[INFO] [stdout] warning: the item `Buf` is imported redundantly
[INFO] [stdout]    --> src/info.rs:212:17
[INFO] [stdout]     |
[INFO] [stdout] 62  | use bytes::{Buf, LittleEndian};
[INFO] [stdout]     |             --- the item `Buf` is already imported here
[INFO] [stdout] ...
[INFO] [stdout] 212 |     use bytes::{Buf, LittleEndian};
[INFO] [stdout]     |                 ^^^
[INFO] [stdout]     |
[INFO] [stdout]     = note: `#[warn(unused_imports)]` on by default
[INFO] [stdout] 
[INFO] [stdout] 
[INFO] [stdout] warning: the item `LittleEndian` is imported redundantly
[INFO] [stdout]    --> src/info.rs:212:22
[INFO] [stdout]     |
[INFO] [stdout] 62  | use bytes::{Buf, LittleEndian};
[INFO] [stdout]     |                  ------------ the item `LittleEndian` is already imported here
[INFO] [stdout] ...
[INFO] [stdout] 212 |     use bytes::{Buf, LittleEndian};
[INFO] [stdout]     |                      ^^^^^^^^^^^^
[INFO] [stdout] 
[INFO] [stdout] 
[INFO] [stdout] warning: the item `Cursor` is imported redundantly
[INFO] [stdout]    --> src/info.rs:213:9
[INFO] [stdout]     |
[INFO] [stdout] 63  | use std::io::Cursor;
[INFO] [stdout]     |     --------------- the item `Cursor` is already imported here
[INFO] [stdout] ...
[INFO] [stdout] 213 |     use std::io::Cursor;
[INFO] [stdout]     |         ^^^^^^^^^^^^^^^
[INFO] [stdout] 
[INFO] [stdout] 
[INFO] [stderr]    Compiling source_query v0.1.3 (/opt/rustwide/workdir)
[INFO] [stdout] warning: use of deprecated method `bytes::Buf::get_i16`: use get_i16_be or get_i16_le
[INFO] [stdout]   --> src/info.rs:92:31
[INFO] [stdout]    |
[INFO] [stdout] 92 |         let steamapp_id = cur.get_i16::<LittleEndian>();
[INFO] [stdout]    |                               ^^^^^^^
[INFO] [stdout]    |
[INFO] [stdout]    = note: `#[warn(deprecated)]` on by default
[INFO] [stdout] 
[INFO] [stdout] 
[INFO] [stdout] warning: use of deprecated method `bytes::Buf::get_i16`: use get_i16_be or get_i16_le
[INFO] [stdout]    --> src/info.rs:114:22
[INFO] [stdout]     |
[INFO] [stdout] 114 |             Some(cur.get_i16::<LittleEndian>())
[INFO] [stdout]     |                      ^^^^^^^
[INFO] [stdout] 
[INFO] [stdout] 
[INFO] [stdout] warning: use of deprecated method `bytes::Buf::get_u64`: use get_u64_be or get_u64_le
[INFO] [stdout]    --> src/info.rs:120:22
[INFO] [stdout]     |
[INFO] [stdout] 120 |             Some(cur.get_u64::<LittleEndian>())
[INFO] [stdout]     |                      ^^^^^^^
[INFO] [stdout] 
[INFO] [stdout] 
[INFO] [stdout] warning: use of deprecated method `bytes::Buf::get_i16`: use get_i16_be or get_i16_le
[INFO] [stdout]    --> src/info.rs:126:23
[INFO] [stdout]     |
[INFO] [stdout] 126 |             (Some(cur.get_i16::<LittleEndian>()),
[INFO] [stdout]     |                       ^^^^^^^
[INFO] [stdout] 
[INFO] [stdout] 
[INFO] [stdout] warning: use of deprecated method `bytes::Buf::get_u64`: use get_u64_be or get_u64_le
[INFO] [stdout]    --> src/info.rs:139:22
[INFO] [stdout]     |
[INFO] [stdout] 139 |             Some(cur.get_u64::<LittleEndian>())
[INFO] [stdout]     |                      ^^^^^^^
[INFO] [stdout] 
[INFO] [stdout] 
[INFO] [stdout] warning: use of deprecated method `bytes::Buf::get_i32`: use get_i32_be or get_i32_le
[INFO] [stdout]    --> src/info.rs:216:22
[INFO] [stdout]     |
[INFO] [stdout] 216 |     let header = cur.get_i32::<LittleEndian>();
[INFO] [stdout]     |                      ^^^^^^^
[INFO] [stdout] 
[INFO] [stdout] 
[INFO] [stdout] warning: 9 warnings emitted
[INFO] [stdout] 
[INFO] [stdout] 
[INFO] [stdout] warning: the item `Buf` is imported redundantly
[INFO] [stdout]    --> src/info.rs:212:17
[INFO] [stdout]     |
[INFO] [stdout] 62  | use bytes::{Buf, LittleEndian};
[INFO] [stdout]     |             --- the item `Buf` is already imported here
[INFO] [stdout] ...
[INFO] [stdout] 212 |     use bytes::{Buf, LittleEndian};
[INFO] [stdout]     |                 ^^^
[INFO] [stdout]     |
[INFO] [stdout]     = note: `#[warn(unused_imports)]` on by default
[INFO] [stdout] 
[INFO] [stdout] 
[INFO] [stdout] warning: the item `LittleEndian` is imported redundantly
[INFO] [stdout]    --> src/info.rs:212:22
[INFO] [stdout]     |
[INFO] [stdout] 62  | use bytes::{Buf, LittleEndian};
[INFO] [stdout]     |                  ------------ the item `LittleEndian` is already imported here
[INFO] [stdout] ...
[INFO] [stdout] 212 |     use bytes::{Buf, LittleEndian};
[INFO] [stdout]     |                      ^^^^^^^^^^^^
[INFO] [stdout] 
[INFO] [stdout] 
[INFO] [stdout] warning: the item `Cursor` is imported redundantly
[INFO] [stdout]    --> src/info.rs:213:9
[INFO] [stdout]     |
[INFO] [stdout] 63  | use std::io::Cursor;
[INFO] [stdout]     |     --------------- the item `Cursor` is already imported here
[INFO] [stdout] ...
[INFO] [stdout] 213 |     use std::io::Cursor;
[INFO] [stdout]     |         ^^^^^^^^^^^^^^^
[INFO] [stdout] 
[INFO] [stdout] 
[INFO] [stdout] warning: use of deprecated method `bytes::Buf::get_i16`: use get_i16_be or get_i16_le
[INFO] [stdout]   --> src/info.rs:92:31
[INFO] [stdout]    |
[INFO] [stdout] 92 |         let steamapp_id = cur.get_i16::<LittleEndian>();
[INFO] [stdout]    |                               ^^^^^^^
[INFO] [stdout]    |
[INFO] [stdout]    = note: `#[warn(deprecated)]` on by default
[INFO] [stdout] 
[INFO] [stdout] 
[INFO] [stdout] warning: use of deprecated method `bytes::Buf::get_i16`: use get_i16_be or get_i16_le
[INFO] [stdout]    --> src/info.rs:114:22
[INFO] [stdout]     |
[INFO] [stdout] 114 |             Some(cur.get_i16::<LittleEndian>())
[INFO] [stdout]     |                      ^^^^^^^
[INFO] [stdout] 
[INFO] [stdout] 
[INFO] [stdout] warning: use of deprecated method `bytes::Buf::get_u64`: use get_u64_be or get_u64_le
[INFO] [stdout]    --> src/info.rs:120:22
[INFO] [stdout]     |
[INFO] [stdout] 120 |             Some(cur.get_u64::<LittleEndian>())
[INFO] [stdout]     |                      ^^^^^^^
[INFO] [stdout] 
[INFO] [stdout] 
[INFO] [stdout] warning: use of deprecated method `bytes::Buf::get_i16`: use get_i16_be or get_i16_le
[INFO] [stdout]    --> src/info.rs:126:23
[INFO] [stdout]     |
[INFO] [stdout] 126 |             (Some(cur.get_i16::<LittleEndian>()),
[INFO] [stdout]     |                       ^^^^^^^
[INFO] [stdout] 
[INFO] [stdout] 
[INFO] [stdout] warning: use of deprecated method `bytes::Buf::get_u64`: use get_u64_be or get_u64_le
[INFO] [stdout]    --> src/info.rs:139:22
[INFO] [stdout]     |
[INFO] [stdout] 139 |             Some(cur.get_u64::<LittleEndian>())
[INFO] [stdout]     |                      ^^^^^^^
[INFO] [stdout] 
[INFO] [stdout] 
[INFO] [stdout] warning: use of deprecated method `bytes::Buf::get_i32`: use get_i32_be or get_i32_le
[INFO] [stdout]    --> src/info.rs:216:22
[INFO] [stdout]     |
[INFO] [stdout] 216 |     let header = cur.get_i32::<LittleEndian>();
[INFO] [stdout]     |                      ^^^^^^^
[INFO] [stdout] 
[INFO] [stdout] 
[INFO] [stdout] warning: 9 warnings emitted
[INFO] [stdout] 
[INFO] [stdout] 
[INFO] [stderr]     Finished test [unoptimized + debuginfo] target(s) in 0.23s
[INFO] running `Command { std: "docker" "inspect" "468f76d72692577a8842ed238b9676195176023f087d77294322ebfaf41089de", kill_on_drop: false }`
[INFO] running `Command { std: "docker" "rm" "-f" "468f76d72692577a8842ed238b9676195176023f087d77294322ebfaf41089de", kill_on_drop: false }`
[INFO] [stdout] 468f76d72692577a8842ed238b9676195176023f087d77294322ebfaf41089de
[INFO] running `Command { std: "docker" "create" "-v" "/var/lib/crater-agent-workspace/builds/worker-2-tc2/target:/opt/rustwide/target:rw,Z" "-v" "/var/lib/crater-agent-workspace/builds/worker-2-tc2/source:/opt/rustwide/workdir:ro,Z" "-v" "/var/lib/crater-agent-workspace/cargo-home:/opt/rustwide/cargo-home:ro,Z" "-v" "/var/lib/crater-agent-workspace/rustup-home:/opt/rustwide/rustup-home:ro,Z" "-e" "SOURCE_DIR=/opt/rustwide/workdir" "-e" "CARGO_TARGET_DIR=/opt/rustwide/target" "-e" "CARGO_INCREMENTAL=0" "-e" "RUST_BACKTRACE=full" "-e" "RUSTFLAGS=--cap-lints=warn" "-e" "RUSTDOCFLAGS=--cap-lints=warn" "-e" "CARGO_HOME=/opt/rustwide/cargo-home" "-e" "RUSTUP_HOME=/opt/rustwide/rustup-home" "-w" "/opt/rustwide/workdir" "-m" "1610612736" "--user" "0:0" "--network" "none" "ghcr.io/rust-lang/crates-build-env/linux@sha256:5ff2268d62e97bff2cde7d5815dd6ed5b47097566f13b8d0ca110b04b60e07ed" "/opt/rustwide/cargo-home/bin/cargo" "+beta-2023-04-20" "test" "--frozen", kill_on_drop: false }`
[INFO] [stdout] 6ec66b12b297e6cdcfed2df491aa793a1d02ab09f716a352b909d66407e89ba7
[INFO] running `Command { std: "docker" "start" "-a" "6ec66b12b297e6cdcfed2df491aa793a1d02ab09f716a352b909d66407e89ba7", kill_on_drop: false }`
[INFO] [stderr] warning: the item `Buf` is imported redundantly
[INFO] [stderr]    --> src/info.rs:212:17
[INFO] [stderr]     |
[INFO] [stderr] 62  | use bytes::{Buf, LittleEndian};
[INFO] [stderr]     |             --- the item `Buf` is already imported here
[INFO] [stderr] ...
[INFO] [stderr] 212 |     use bytes::{Buf, LittleEndian};
[INFO] [stderr]     |                 ^^^
[INFO] [stderr]     |
[INFO] [stderr]     = note: `#[warn(unused_imports)]` on by default
[INFO] [stderr] 
[INFO] [stderr] warning: the item `LittleEndian` is imported redundantly
[INFO] [stderr]    --> src/info.rs:212:22
[INFO] [stderr]     |
[INFO] [stderr] 62  | use bytes::{Buf, LittleEndian};
[INFO] [stderr]     |                  ------------ the item `LittleEndian` is already imported here
[INFO] [stderr] ...
[INFO] [stderr] 212 |     use bytes::{Buf, LittleEndian};
[INFO] [stderr]     |                      ^^^^^^^^^^^^
[INFO] [stderr] 
[INFO] [stderr] warning: the item `Cursor` is imported redundantly
[INFO] [stderr]    --> src/info.rs:213:9
[INFO] [stderr]     |
[INFO] [stderr] 63  | use std::io::Cursor;
[INFO] [stderr]     |     --------------- the item `Cursor` is already imported here
[INFO] [stderr] ...
[INFO] [stderr] 213 |     use std::io::Cursor;
[INFO] [stderr]     |         ^^^^^^^^^^^^^^^
[INFO] [stderr] 
[INFO] [stderr] warning: use of deprecated method `bytes::Buf::get_i16`: use get_i16_be or get_i16_le
[INFO] [stderr]   --> src/info.rs:92:31
[INFO] [stderr]    |
[INFO] [stderr] 92 |         let steamapp_id = cur.get_i16::<LittleEndian>();
[INFO] [stderr]    |                               ^^^^^^^
[INFO] [stderr]    |
[INFO] [stderr]    = note: `#[warn(deprecated)]` on by default
[INFO] [stderr] 
[INFO] [stderr] warning: use of deprecated method `bytes::Buf::get_i16`: use get_i16_be or get_i16_le
[INFO] [stderr]    --> src/info.rs:114:22
[INFO] [stderr]     |
[INFO] [stderr] 114 |             Some(cur.get_i16::<LittleEndian>())
[INFO] [stderr]     |                      ^^^^^^^
[INFO] [stderr] 
[INFO] [stderr] warning: use of deprecated method `bytes::Buf::get_u64`: use get_u64_be or get_u64_le
[INFO] [stderr]    --> src/info.rs:120:22
[INFO] [stderr]     |
[INFO] [stderr] 120 |             Some(cur.get_u64::<LittleEndian>())
[INFO] [stderr]     |                      ^^^^^^^
[INFO] [stderr] 
[INFO] [stderr] warning: use of deprecated method `bytes::Buf::get_i16`: use get_i16_be or get_i16_le
[INFO] [stderr]    --> src/info.rs:126:23
[INFO] [stderr]     |
[INFO] [stderr] 126 |             (Some(cur.get_i16::<LittleEndian>()),
[INFO] [stderr]     |                       ^^^^^^^
[INFO] [stderr] 
[INFO] [stderr] warning: use of deprecated method `bytes::Buf::get_u64`: use get_u64_be or get_u64_le
[INFO] [stderr]    --> src/info.rs:139:22
[INFO] [stderr]     |
[INFO] [stderr] 139 |             Some(cur.get_u64::<LittleEndian>())
[INFO] [stderr]     |                      ^^^^^^^
[INFO] [stderr] 
[INFO] [stderr] warning: use of deprecated method `bytes::Buf::get_i32`: use get_i32_be or get_i32_le
[INFO] [stderr]    --> src/info.rs:216:22
[INFO] [stderr]     |
[INFO] [stderr] 216 |     let header = cur.get_i32::<LittleEndian>();
[INFO] [stderr]     |                      ^^^^^^^
[INFO] [stderr] 
[INFO] [stderr] warning: `source_query` (lib) generated 9 warnings
[INFO] [stderr] warning: `source_query` (lib test) generated 9 warnings (9 duplicates)
[INFO] [stderr]     Finished test [unoptimized + debuginfo] target(s) in 0.00s
[INFO] [stderr]      Running unittests src/lib.rs (/opt/rustwide/target/debug/deps/source_query-6a18a3da6def8eec)
[INFO] [stdout] 
[INFO] [stdout] running 0 tests
[INFO] [stdout] 
[INFO] [stdout] test result: ok. 0 passed; 0 failed; 0 ignored; 0 measured; 0 filtered out; finished in 0.00s
[INFO] [stdout] 
[INFO] [stderr]    Doc-tests source_query
[INFO] [stdout] 
[INFO] [stdout] running 2 tests
[INFO] [stdout] test src/info.rs - info::query (line 190) ... FAILED
[INFO] [stdout] test src/info.rs - info::query (line 182) ... FAILED
[INFO] [stdout] 
[INFO] [stdout] failures:
[INFO] [stdout] 
[INFO] [stdout] ---- src/info.rs - info::query (line 190) stdout ----
[INFO] [stdout] error[E0277]: the `?` operator can only be used in a function that returns `Result` or `Option` (or another type that implements `FromResidual`)
[INFO] [stdout]  --> src/info.rs:194:70
[INFO] [stdout]   |
[INFO] [stdout] 3 | fn main() { #[allow(non_snake_case)] fn _doctest_main_src_info_rs_190_0() {
[INFO] [stdout]   |                                      ------------------------------------ this function should return `Result` or `Option` to accept `?`
[INFO] [stdout] ...
[INFO] [stdout] 7 | let info = info::query("1.2.3.4:27015", Some(Duration::from_secs(3)))?;
[INFO] [stdout]   |                                                                      ^ cannot use the `?` operator in a function that returns `()`
[INFO] [stdout]   |
[INFO] [stdout]   = help: the trait `FromResidual<Result<Infallible, std::io::Error>>` is not implemented for `()`
[INFO] [stdout] 
[INFO] [stdout] error: aborting due to previous error
[INFO] [stdout] 
[INFO] [stdout] For more information about this error, try `rustc --explain E0277`.
[INFO] [stdout] Couldn't compile the test.
[INFO] [stdout] ---- src/info.rs - info::query (line 182) stdout ----
[INFO] [stdout] error[E0277]: the `?` operator can only be used in a function that returns `Result` or `Option` (or another type that implements `FromResidual`)
[INFO] [stdout]  --> src/info.rs:185:46
[INFO] [stdout]   |
[INFO] [stdout] 3 | fn main() { #[allow(non_snake_case)] fn _doctest_main_src_info_rs_182_0() {
[INFO] [stdout]   |                                      ------------------------------------ this function should return `Result` or `Option` to accept `?`
[INFO] [stdout] ...
[INFO] [stdout] 6 | let info = info::query("1.2.3.4:27015", None)?;
[INFO] [stdout]   |                                              ^ cannot use the `?` operator in a function that returns `()`
[INFO] [stdout]   |
[INFO] [stdout]   = help: the trait `FromResidual<Result<Infallible, std::io::Error>>` is not implemented for `()`
[INFO] [stdout] 
[INFO] [stdout] error: aborting due to previous error
[INFO] [stdout] 
[INFO] [stdout] For more information about this error, try `rustc --explain E0277`.
[INFO] [stdout] Couldn't compile the test.
[INFO] [stdout] 
[INFO] [stdout] failures:
[INFO] [stdout]     src/info.rs - info::query (line 182)
[INFO] [stdout]     src/info.rs - info::query (line 190)
[INFO] [stdout] 
[INFO] [stdout] test result: FAILED. 0 passed; 2 failed; 0 ignored; 0 measured; 0 filtered out; finished in 0.04s
[INFO] [stdout] 
[INFO] [stderr] error: doctest failed, to rerun pass `--doc`
[INFO] running `Command { std: "docker" "inspect" "6ec66b12b297e6cdcfed2df491aa793a1d02ab09f716a352b909d66407e89ba7", kill_on_drop: false }`
[INFO] running `Command { std: "docker" "rm" "-f" "6ec66b12b297e6cdcfed2df491aa793a1d02ab09f716a352b909d66407e89ba7", kill_on_drop: false }`
[INFO] [stdout] 6ec66b12b297e6cdcfed2df491aa793a1d02ab09f716a352b909d66407e89ba7
