[INFO] fetching crate sorted-rotated 0.1.1...
[INFO] testing sorted-rotated-0.1.1 against 1.69.0 for beta-1.70-1
[INFO] extracting crate sorted-rotated 0.1.1 into /workspace/builds/worker-7-tc1/source
[INFO] validating manifest of crates.io crate sorted-rotated 0.1.1 on toolchain 1.69.0
[INFO] running `Command { std: CARGO_HOME="/workspace/cargo-home" RUSTUP_HOME="/workspace/rustup-home" "/workspace/cargo-home/bin/cargo" "+1.69.0" "metadata" "--manifest-path" "Cargo.toml" "--no-deps", kill_on_drop: false }`
[INFO] started tweaking crates.io crate sorted-rotated 0.1.1
[INFO] finished tweaking crates.io crate sorted-rotated 0.1.1
[INFO] tweaked toml for crates.io crate sorted-rotated 0.1.1 written to /workspace/builds/worker-7-tc1/source/Cargo.toml
[INFO] running `Command { std: CARGO_HOME="/workspace/cargo-home" RUSTUP_HOME="/workspace/rustup-home" __CARGO_TEST_CHANNEL_OVERRIDE_DO_NOT_USE_THIS="nightly" "/workspace/cargo-home/bin/cargo" "+1.69.0" "generate-lockfile" "--manifest-path" "Cargo.toml" "-Zno-index-update", kill_on_drop: false }`
[INFO] running `Command { std: CARGO_HOME="/workspace/cargo-home" RUSTUP_HOME="/workspace/rustup-home" "/workspace/cargo-home/bin/cargo" "+1.69.0" "fetch" "--manifest-path" "Cargo.toml", kill_on_drop: false }`
[INFO] running `Command { std: "docker" "create" "-v" "/var/lib/crater-agent-workspace/builds/worker-7-tc1/target:/opt/rustwide/target:rw,Z" "-v" "/var/lib/crater-agent-workspace/builds/worker-7-tc1/source:/opt/rustwide/workdir:ro,Z" "-v" "/var/lib/crater-agent-workspace/cargo-home:/opt/rustwide/cargo-home:ro,Z" "-v" "/var/lib/crater-agent-workspace/rustup-home:/opt/rustwide/rustup-home:ro,Z" "-e" "SOURCE_DIR=/opt/rustwide/workdir" "-e" "CARGO_TARGET_DIR=/opt/rustwide/target" "-e" "CARGO_HOME=/opt/rustwide/cargo-home" "-e" "RUSTUP_HOME=/opt/rustwide/rustup-home" "-w" "/opt/rustwide/workdir" "-m" "1610612736" "--user" "0:0" "--network" "none" "ghcr.io/rust-lang/crates-build-env/linux@sha256:5ff2268d62e97bff2cde7d5815dd6ed5b47097566f13b8d0ca110b04b60e07ed" "/opt/rustwide/cargo-home/bin/cargo" "+1.69.0" "metadata" "--no-deps" "--format-version=1", kill_on_drop: false }`
[INFO] [stdout] 31e84f0cb78992d669d89b1c22dc9b0a05f878e7bd7a52a1b2b5b6f6ef32eb4b
[INFO] running `Command { std: "docker" "start" "-a" "31e84f0cb78992d669d89b1c22dc9b0a05f878e7bd7a52a1b2b5b6f6ef32eb4b", kill_on_drop: false }`
[INFO] running `Command { std: "docker" "inspect" "31e84f0cb78992d669d89b1c22dc9b0a05f878e7bd7a52a1b2b5b6f6ef32eb4b", kill_on_drop: false }`
[INFO] running `Command { std: "docker" "rm" "-f" "31e84f0cb78992d669d89b1c22dc9b0a05f878e7bd7a52a1b2b5b6f6ef32eb4b", kill_on_drop: false }`
[INFO] [stdout] 31e84f0cb78992d669d89b1c22dc9b0a05f878e7bd7a52a1b2b5b6f6ef32eb4b
[INFO] running `Command { std: "docker" "create" "-v" "/var/lib/crater-agent-workspace/builds/worker-7-tc1/target:/opt/rustwide/target:rw,Z" "-v" "/var/lib/crater-agent-workspace/builds/worker-7-tc1/source:/opt/rustwide/workdir:ro,Z" "-v" "/var/lib/crater-agent-workspace/cargo-home:/opt/rustwide/cargo-home:ro,Z" "-v" "/var/lib/crater-agent-workspace/rustup-home:/opt/rustwide/rustup-home:ro,Z" "-e" "SOURCE_DIR=/opt/rustwide/workdir" "-e" "CARGO_TARGET_DIR=/opt/rustwide/target" "-e" "CARGO_INCREMENTAL=0" "-e" "RUST_BACKTRACE=full" "-e" "RUSTFLAGS=--cap-lints=warn" "-e" "RUSTDOCFLAGS=--cap-lints=warn" "-e" "CARGO_HOME=/opt/rustwide/cargo-home" "-e" "RUSTUP_HOME=/opt/rustwide/rustup-home" "-w" "/opt/rustwide/workdir" "-m" "1610612736" "--user" "0:0" "--network" "none" "ghcr.io/rust-lang/crates-build-env/linux@sha256:5ff2268d62e97bff2cde7d5815dd6ed5b47097566f13b8d0ca110b04b60e07ed" "/opt/rustwide/cargo-home/bin/cargo" "+1.69.0" "build" "--frozen" "--message-format=json", kill_on_drop: false }`
[INFO] [stdout] 8e17a563780a6a34c246e2ebdd32b844d678de691d16003af2477e760bcaf752
[INFO] running `Command { std: "docker" "start" "-a" "8e17a563780a6a34c246e2ebdd32b844d678de691d16003af2477e760bcaf752", kill_on_drop: false }`
[INFO] [stderr]    Compiling sorted-rotated v0.1.1 (/opt/rustwide/workdir)
[INFO] [stderr]     Finished dev [unoptimized + debuginfo] target(s) in 0.20s
[INFO] running `Command { std: "docker" "inspect" "8e17a563780a6a34c246e2ebdd32b844d678de691d16003af2477e760bcaf752", kill_on_drop: false }`
[INFO] running `Command { std: "docker" "rm" "-f" "8e17a563780a6a34c246e2ebdd32b844d678de691d16003af2477e760bcaf752", kill_on_drop: false }`
[INFO] [stdout] 8e17a563780a6a34c246e2ebdd32b844d678de691d16003af2477e760bcaf752
[INFO] running `Command { std: "docker" "create" "-v" "/var/lib/crater-agent-workspace/builds/worker-7-tc1/target:/opt/rustwide/target:rw,Z" "-v" "/var/lib/crater-agent-workspace/builds/worker-7-tc1/source:/opt/rustwide/workdir:ro,Z" "-v" "/var/lib/crater-agent-workspace/cargo-home:/opt/rustwide/cargo-home:ro,Z" "-v" "/var/lib/crater-agent-workspace/rustup-home:/opt/rustwide/rustup-home:ro,Z" "-e" "SOURCE_DIR=/opt/rustwide/workdir" "-e" "CARGO_TARGET_DIR=/opt/rustwide/target" "-e" "CARGO_INCREMENTAL=0" "-e" "RUST_BACKTRACE=full" "-e" "RUSTFLAGS=--cap-lints=warn" "-e" "RUSTDOCFLAGS=--cap-lints=warn" "-e" "CARGO_HOME=/opt/rustwide/cargo-home" "-e" "RUSTUP_HOME=/opt/rustwide/rustup-home" "-w" "/opt/rustwide/workdir" "-m" "1610612736" "--user" "0:0" "--network" "none" "ghcr.io/rust-lang/crates-build-env/linux@sha256:5ff2268d62e97bff2cde7d5815dd6ed5b47097566f13b8d0ca110b04b60e07ed" "/opt/rustwide/cargo-home/bin/cargo" "+1.69.0" "test" "--frozen" "--no-run" "--message-format=json", kill_on_drop: false }`
[INFO] [stdout] 17cfaf0799f5bd83297e7e6c0ab6f5d5a9b41d2c785f51212dadebf62fbb5500
[INFO] running `Command { std: "docker" "start" "-a" "17cfaf0799f5bd83297e7e6c0ab6f5d5a9b41d2c785f51212dadebf62fbb5500", kill_on_drop: false }`
[INFO] [stderr]    Compiling sorted-rotated v0.1.1 (/opt/rustwide/workdir)
[INFO] [stderr]     Finished test [unoptimized + debuginfo] target(s) in 0.61s
[INFO] running `Command { std: "docker" "inspect" "17cfaf0799f5bd83297e7e6c0ab6f5d5a9b41d2c785f51212dadebf62fbb5500", kill_on_drop: false }`
[INFO] running `Command { std: "docker" "rm" "-f" "17cfaf0799f5bd83297e7e6c0ab6f5d5a9b41d2c785f51212dadebf62fbb5500", kill_on_drop: false }`
[INFO] [stdout] 17cfaf0799f5bd83297e7e6c0ab6f5d5a9b41d2c785f51212dadebf62fbb5500
[INFO] running `Command { std: "docker" "create" "-v" "/var/lib/crater-agent-workspace/builds/worker-7-tc1/target:/opt/rustwide/target:rw,Z" "-v" "/var/lib/crater-agent-workspace/builds/worker-7-tc1/source:/opt/rustwide/workdir:ro,Z" "-v" "/var/lib/crater-agent-workspace/cargo-home:/opt/rustwide/cargo-home:ro,Z" "-v" "/var/lib/crater-agent-workspace/rustup-home:/opt/rustwide/rustup-home:ro,Z" "-e" "SOURCE_DIR=/opt/rustwide/workdir" "-e" "CARGO_TARGET_DIR=/opt/rustwide/target" "-e" "CARGO_INCREMENTAL=0" "-e" "RUST_BACKTRACE=full" "-e" "RUSTFLAGS=--cap-lints=warn" "-e" "RUSTDOCFLAGS=--cap-lints=warn" "-e" "CARGO_HOME=/opt/rustwide/cargo-home" "-e" "RUSTUP_HOME=/opt/rustwide/rustup-home" "-w" "/opt/rustwide/workdir" "-m" "1610612736" "--user" "0:0" "--network" "none" "ghcr.io/rust-lang/crates-build-env/linux@sha256:5ff2268d62e97bff2cde7d5815dd6ed5b47097566f13b8d0ca110b04b60e07ed" "/opt/rustwide/cargo-home/bin/cargo" "+1.69.0" "test" "--frozen", kill_on_drop: false }`
[INFO] [stdout] a8a5fb364fda34e185b96de19c68ce24bb7f94085b0bcb250bbbdc33bedbac62
[INFO] running `Command { std: "docker" "start" "-a" "a8a5fb364fda34e185b96de19c68ce24bb7f94085b0bcb250bbbdc33bedbac62", kill_on_drop: false }`
[INFO] [stderr]     Finished test [unoptimized + debuginfo] target(s) in 0.00s
[INFO] [stdout] 
[INFO] [stderr]      Running unittests src/lib.rs (/opt/rustwide/target/debug/deps/sorted_rotated-663a4c9d9cdfd47a)
[INFO] [stdout] running 0 tests
[INFO] [stderr]      Running tests/integration_test.rs (/opt/rustwide/target/debug/deps/integration_test-96580e61103a3b49)
[INFO] [stdout] 
[INFO] [stdout] test result: ok. 0 passed; 0 failed; 0 ignored; 0 measured; 0 filtered out; finished in 0.00s
[INFO] [stdout] 
[INFO] [stdout] 
[INFO] [stdout] running 8 tests
[INFO] [stdout] test tests::mix_1 ... ok
[INFO] [stdout] test tests::no_pivot ... ok
[INFO] [stdout] test tests::random_2 ... ok
[INFO] [stdout] test tests::negative_1 ... ok
[INFO] [stdout] test tests::random_1 ... ok
[INFO] [stdout] test tests::mix_2 ... ok
[INFO] [stdout] test tests::two ... ok
[INFO] [stdout] test tests::random_3 ... ok
[INFO] [stdout] 
[INFO] [stdout] test result: ok. 8 passed; 0 failed; 0 ignored; 0 measured; 0 filtered out; finished in 0.01s
[INFO] [stdout] 
[INFO] [stderr]    Doc-tests sorted-rotated
[INFO] [stdout] 
[INFO] [stdout] running 1 test
[INFO] [stdout] test src/lib.rs - (line 21) ... FAILED
[INFO] [stderr] error: doctest failed, to rerun pass `--doc`
[INFO] [stdout] 
[INFO] [stdout] failures:
[INFO] [stdout] 
[INFO] [stdout] ---- src/lib.rs - (line 21) stdout ----
[INFO] [stdout] error[E0433]: failed to resolve: use of undeclared type `Elements`
[INFO] [stdout]   --> src/lib.rs:30:23
[INFO] [stdout]    |
[INFO] [stdout] 10 |     let mut element = Elements::new(list, desired);
[INFO] [stdout]    |                       ^^^^^^^^ use of undeclared type `Elements`
[INFO] [stdout]    |
[INFO] [stdout] help: consider importing this struct
[INFO] [stdout]    |
[INFO] [stdout] 2  | use sorted_rotated::Elements;
[INFO] [stdout]    |
[INFO] [stdout] 
[INFO] [stdout] error: aborting due to previous error
[INFO] [stdout] 
[INFO] [stdout] For more information about this error, try `rustc --explain E0433`.
[INFO] [stdout] Couldn't compile the test.
[INFO] [stdout] 
[INFO] [stdout] failures:
[INFO] [stdout]     src/lib.rs - (line 21)
[INFO] [stdout] 
[INFO] [stdout] test result: FAILED. 0 passed; 1 failed; 0 ignored; 0 measured; 0 filtered out; finished in 0.05s
[INFO] [stdout] 
[INFO] running `Command { std: "docker" "inspect" "a8a5fb364fda34e185b96de19c68ce24bb7f94085b0bcb250bbbdc33bedbac62", kill_on_drop: false }`
[INFO] running `Command { std: "docker" "rm" "-f" "a8a5fb364fda34e185b96de19c68ce24bb7f94085b0bcb250bbbdc33bedbac62", kill_on_drop: false }`
[INFO] [stdout] a8a5fb364fda34e185b96de19c68ce24bb7f94085b0bcb250bbbdc33bedbac62
