[INFO] fetching crate solana-sdk 1.13.7...
[INFO] testing solana-sdk-1.13.7 against beta-2023-04-20 for beta-1.70-1
[INFO] extracting crate solana-sdk 1.13.7 into /workspace/builds/worker-0-tc2/source
[INFO] validating manifest of crates.io crate solana-sdk 1.13.7 on toolchain beta-2023-04-20
[INFO] running `Command { std: CARGO_HOME="/workspace/cargo-home" RUSTUP_HOME="/workspace/rustup-home" "/workspace/cargo-home/bin/cargo" "+beta-2023-04-20" "metadata" "--manifest-path" "Cargo.toml" "--no-deps", kill_on_drop: false }`
[INFO] started tweaking crates.io crate solana-sdk 1.13.7
[INFO] finished tweaking crates.io crate solana-sdk 1.13.7
[INFO] tweaked toml for crates.io crate solana-sdk 1.13.7 written to /workspace/builds/worker-0-tc2/source/Cargo.toml
[INFO] running `Command { std: CARGO_HOME="/workspace/cargo-home" RUSTUP_HOME="/workspace/rustup-home" __CARGO_TEST_CHANNEL_OVERRIDE_DO_NOT_USE_THIS="nightly" "/workspace/cargo-home/bin/cargo" "+beta-2023-04-20" "generate-lockfile" "--manifest-path" "Cargo.toml" "-Zno-index-update", kill_on_drop: false }`
[INFO] running `Command { std: CARGO_HOME="/workspace/cargo-home" RUSTUP_HOME="/workspace/rustup-home" "/workspace/cargo-home/bin/cargo" "+beta-2023-04-20" "fetch" "--manifest-path" "Cargo.toml", kill_on_drop: false }`
[INFO] [stderr]  Downloading crates ...
[INFO] [stderr]   Downloaded solana-frozen-abi-macro v1.13.7
[INFO] [stderr]   Downloaded solana-frozen-abi v1.13.7
[INFO] [stderr]   Downloaded solana-logger v1.13.7
[INFO] [stderr]   Downloaded solana-sdk-macro v1.13.7
[INFO] [stderr]   Downloaded solana-program v1.13.7
[INFO] running `Command { std: "docker" "create" "-v" "/var/lib/crater-agent-workspace/builds/worker-0-tc2/target:/opt/rustwide/target:rw,Z" "-v" "/var/lib/crater-agent-workspace/builds/worker-0-tc2/source:/opt/rustwide/workdir:ro,Z" "-v" "/var/lib/crater-agent-workspace/cargo-home:/opt/rustwide/cargo-home:ro,Z" "-v" "/var/lib/crater-agent-workspace/rustup-home:/opt/rustwide/rustup-home:ro,Z" "-e" "SOURCE_DIR=/opt/rustwide/workdir" "-e" "CARGO_TARGET_DIR=/opt/rustwide/target" "-e" "CARGO_HOME=/opt/rustwide/cargo-home" "-e" "RUSTUP_HOME=/opt/rustwide/rustup-home" "-w" "/opt/rustwide/workdir" "-m" "1610612736" "--user" "0:0" "--network" "none" "ghcr.io/rust-lang/crates-build-env/linux@sha256:5ff2268d62e97bff2cde7d5815dd6ed5b47097566f13b8d0ca110b04b60e07ed" "/opt/rustwide/cargo-home/bin/cargo" "+beta-2023-04-20" "metadata" "--no-deps" "--format-version=1", kill_on_drop: false }`
[INFO] [stdout] 11f017a50c5e430c688fe06589cf800b308606405f783f56f6a51e6da24646f5
[INFO] running `Command { std: "docker" "start" "-a" "11f017a50c5e430c688fe06589cf800b308606405f783f56f6a51e6da24646f5", kill_on_drop: false }`
[INFO] running `Command { std: "docker" "inspect" "11f017a50c5e430c688fe06589cf800b308606405f783f56f6a51e6da24646f5", kill_on_drop: false }`
[INFO] running `Command { std: "docker" "rm" "-f" "11f017a50c5e430c688fe06589cf800b308606405f783f56f6a51e6da24646f5", kill_on_drop: false }`
[INFO] [stdout] 11f017a50c5e430c688fe06589cf800b308606405f783f56f6a51e6da24646f5
[INFO] running `Command { std: "docker" "create" "-v" "/var/lib/crater-agent-workspace/builds/worker-0-tc2/target:/opt/rustwide/target:rw,Z" "-v" "/var/lib/crater-agent-workspace/builds/worker-0-tc2/source:/opt/rustwide/workdir:ro,Z" "-v" "/var/lib/crater-agent-workspace/cargo-home:/opt/rustwide/cargo-home:ro,Z" "-v" "/var/lib/crater-agent-workspace/rustup-home:/opt/rustwide/rustup-home:ro,Z" "-e" "SOURCE_DIR=/opt/rustwide/workdir" "-e" "CARGO_TARGET_DIR=/opt/rustwide/target" "-e" "CARGO_INCREMENTAL=0" "-e" "RUST_BACKTRACE=full" "-e" "RUSTFLAGS=--cap-lints=warn" "-e" "RUSTDOCFLAGS=--cap-lints=warn" "-e" "CARGO_HOME=/opt/rustwide/cargo-home" "-e" "RUSTUP_HOME=/opt/rustwide/rustup-home" "-w" "/opt/rustwide/workdir" "-m" "1610612736" "--user" "0:0" "--network" "none" "ghcr.io/rust-lang/crates-build-env/linux@sha256:5ff2268d62e97bff2cde7d5815dd6ed5b47097566f13b8d0ca110b04b60e07ed" "/opt/rustwide/cargo-home/bin/cargo" "+beta-2023-04-20" "build" "--frozen" "--message-format=json", kill_on_drop: false }`
[INFO] [stdout] c75285fe5c86afaab3b1633b9218397c9507c5ea684d2c21759acd7552a55411
[INFO] running `Command { std: "docker" "start" "-a" "c75285fe5c86afaab3b1633b9218397c9507c5ea684d2c21759acd7552a55411", kill_on_drop: false }`
[INFO] [stderr]    Compiling proc-macro2 v1.0.56
[INFO] [stderr]    Compiling quote v1.0.26
[INFO] [stderr]    Compiling unicode-ident v1.0.8
[INFO] [stderr]    Compiling typenum v1.16.0
[INFO] [stderr]    Compiling serde_derive v1.0.160
[INFO] [stderr]    Compiling serde v1.0.160
[INFO] [stderr]    Compiling libc v0.2.142
[INFO] [stderr]    Compiling generic-array v0.14.7
[INFO] [stderr]    Compiling syn v1.0.109
[INFO] [stderr]    Compiling semver v1.0.17
[INFO] [stderr]    Compiling crunchy v0.2.2
[INFO] [stderr]    Compiling crossbeam-utils v0.8.15
[INFO] [stderr]    Compiling memoffset v0.8.0
[INFO] [stderr]    Compiling crossbeam-epoch v0.9.14
[INFO] [stderr]    Compiling rustc_version v0.4.0
[INFO] [stderr]    Compiling syn v2.0.15
[INFO] [stderr]    Compiling cpufeatures v0.2.7
[INFO] [stderr]    Compiling getrandom v0.1.16
[INFO] [stderr]    Compiling wasm-bindgen-shared v0.2.84
[INFO] [stderr]    Compiling log v0.4.17
[INFO] [stderr]    Compiling ppv-lite86 v0.2.17
[INFO] [stderr]    Compiling rand_core v0.5.1
[INFO] [stderr]    Compiling rayon-core v1.11.0
[INFO] [stderr]    Compiling crossbeam-deque v0.8.3
[INFO] [stderr]    Compiling digest v0.9.0
[INFO] [stderr]    Compiling rand_chacha v0.2.2
[INFO] [stderr]    Compiling libsecp256k1-core v0.2.2
[INFO] [stderr]    Compiling num_cpus v1.15.0
[INFO] [stderr]    Compiling crossbeam-channel v0.5.8
[INFO] [stderr]    Compiling num-traits v0.2.15
[INFO] [stderr]    Compiling once_cell v1.17.1
[INFO] [stderr]    Compiling feature-probe v0.1.1
[INFO] [stderr]    Compiling either v1.8.1
[INFO] [stderr]    Compiling bumpalo v3.12.1
[INFO] [stderr]    Compiling bv v0.11.1
[INFO] [stderr]    Compiling libsecp256k1-gen-ecmult v0.2.1
[INFO] [stderr]    Compiling libsecp256k1-gen-genmult v0.2.1
[INFO] [stderr]    Compiling rand v0.7.3
[INFO] [stderr]    Compiling solana-frozen-abi-macro v1.13.7
[INFO] [stderr]    Compiling bitmaps v2.1.0
[INFO] [stderr]    Compiling getrandom v0.2.9
[INFO] [stderr]    Compiling im v15.1.0
[INFO] [stderr]    Compiling rustversion v1.0.12
[INFO] [stderr]    Compiling thiserror v1.0.40
[INFO] [stderr]    Compiling rand_core v0.6.4
[INFO] [stderr]    Compiling cc v1.0.79
[INFO] [stderr]    Compiling rand_xoshiro v0.6.0
[INFO] [stderr]    Compiling ahash v0.7.6
[INFO] [stderr]    Compiling sized-chunks v0.6.5
[INFO] [stderr]    Compiling rayon v1.7.0
[INFO] [stderr]    Compiling libsecp256k1 v0.6.0
[INFO] [stderr]    Compiling aho-corasick v1.0.1
[INFO] [stderr]    Compiling wasm-bindgen-backend v0.2.84
[INFO] [stderr]    Compiling toml v0.5.11
[INFO] [stderr]    Compiling blake3 v1.3.3
[INFO] [stderr]    Compiling borsh-derive-internal v0.9.3
[INFO] [stderr]    Compiling borsh-schema-derive-internal v0.9.3
[INFO] [stderr]    Compiling wasm-bindgen-macro-support v0.2.84
[INFO] [stderr]    Compiling solana-frozen-abi v1.13.7
[INFO] [stderr]    Compiling num-integer v0.1.45
[INFO] [stderr]    Compiling proc-macro-crate v0.1.5
[INFO] [stderr]    Compiling bs58 v0.4.0
[INFO] [stderr]    Compiling signature v1.6.4
[INFO] [stderr]    Compiling arrayref v0.3.7
[INFO] [stderr]    Compiling regex-syntax v0.7.1
[INFO] [stderr]    Compiling wasm-bindgen v0.2.84
[INFO] [stderr]    Compiling ed25519 v1.5.3
[INFO] [stderr]    Compiling hashbrown v0.11.2
[INFO] [stderr]    Compiling solana-program v1.13.7
[INFO] [stderr]    Compiling memmap2 v0.5.10
[INFO] [stderr]    Compiling zeroize_derive v1.4.2
[INFO] [stderr]    Compiling thiserror-impl v1.0.40
[INFO] [stderr]    Compiling bytemuck_derive v1.4.1
[INFO] [stderr]    Compiling wasm-bindgen-macro v0.2.84
[INFO] [stderr]    Compiling borsh-derive v0.9.3
[INFO] [stderr]    Compiling regex v1.8.1
[INFO] [stderr]    Compiling atty v0.2.14
[INFO] [stderr]    Compiling arrayvec v0.7.2
[INFO] [stderr]    Compiling zeroize v1.3.0
[INFO] [stderr]    Compiling base64 v0.12.3
[INFO] [stderr]    Compiling serde_json v1.0.96
[INFO] [stderr]    Compiling keccak v0.1.3
[INFO] [stderr]    Compiling humantime v2.1.0
[INFO] [stderr]    Compiling termcolor v1.2.0
[INFO] [stderr]    Compiling constant_time_eq v0.2.5
[INFO] [stderr]    Compiling bytemuck v1.13.1
[INFO] [stderr]    Compiling borsh v0.9.3
[INFO] [stderr]    Compiling env_logger v0.9.3
[INFO] [stderr]    Compiling solana-sdk-macro v1.13.7
[INFO] [stderr]    Compiling num-derive v0.3.3
[INFO] [stderr]    Compiling itertools v0.10.5
[INFO] [stderr]    Compiling solana-sdk v1.13.7 (/opt/rustwide/workdir)
[INFO] [stderr]    Compiling base64 v0.13.1
[INFO] [stderr]    Compiling itoa v1.0.6
[INFO] [stderr]    Compiling fnv v1.0.7
[INFO] [stderr]    Compiling derivation-path v0.2.0
[INFO] [stderr]    Compiling ryu v1.0.13
[INFO] [stderr]    Compiling qstring v0.7.2
[INFO] [stderr]    Compiling uriparse v0.6.4
[INFO] [stderr]    Compiling chrono v0.4.24
[INFO] [stderr]    Compiling solana-logger v1.13.7
[INFO] [stderr]    Compiling assert_matches v1.5.0
[INFO] [stderr]    Compiling serde_bytes v0.11.9
[INFO] [stderr]    Compiling bincode v1.3.3
[INFO] [stderr]    Compiling crypto-common v0.1.6
[INFO] [stderr]    Compiling block-buffer v0.10.4
[INFO] [stderr]    Compiling block-buffer v0.9.0
[INFO] [stderr]    Compiling crypto-mac v0.8.0
[INFO] [stderr]    Compiling sha2 v0.9.9
[INFO] [stderr]    Compiling hmac v0.8.1
[INFO] [stderr]    Compiling curve25519-dalek v3.2.1
[INFO] [stderr]    Compiling digest v0.10.6
[INFO] [stderr]    Compiling hmac-drbg v0.3.0
[INFO] [stderr]    Compiling sha2 v0.10.6
[INFO] [stderr]    Compiling hmac v0.12.1
[INFO] [stderr]    Compiling sha3 v0.10.7
[INFO] [stderr]    Compiling pbkdf2 v0.10.1
[INFO] [stderr]    Compiling ed25519-dalek v1.0.1
[INFO] [stderr]    Compiling ed25519-dalek-bip32 v0.2.0
[INFO] [stdout] warning: use of deprecated method `chrono::TimeZone::timestamp`: use `timestamp_opt()` instead
[INFO] [stdout]    --> src/genesis_config.rs:260:17
[INFO] [stdout]     |
[INFO] [stdout] 260 |             Utc.timestamp(self.creation_time, 0).to_rfc3339(),
[INFO] [stdout]     |                 ^^^^^^^^^
[INFO] [stdout]     |
[INFO] [stdout]     = note: `#[warn(deprecated)]` on by default
[INFO] [stdout] 
[INFO] [stdout] 
[INFO] [stdout] warning: the type `[u8; 1232]` does not permit being left uninitialized
[INFO] [stdout]    --> src/packet.rs:122:30
[INFO] [stdout]     |
[INFO] [stdout] 122 |             buffer: unsafe { std::mem::MaybeUninit::uninit().assume_init() },
[INFO] [stdout]     |                              ^^^^^^^^^^^^^^^^^^^^^^^^^^^^^^^^^^^^^^^^^^^^^
[INFO] [stdout]     |                              |
[INFO] [stdout]     |                              this code causes undefined behavior when executed
[INFO] [stdout]     |                              help: use `MaybeUninit<T>` instead, and only call `assume_init` after initialization is done
[INFO] [stdout]     |
[INFO] [stdout]     = note: integers must be initialized
[INFO] [stdout]     = note: `#[warn(invalid_value)]` on by default
[INFO] [stdout] 
[INFO] [stdout] 
[INFO] [stdout] warning: 2 warnings emitted
[INFO] [stdout] 
[INFO] [stdout] 
[INFO] [stderr]     Finished dev [unoptimized + debuginfo] target(s) in 1m 50s
[INFO] running `Command { std: "docker" "inspect" "c75285fe5c86afaab3b1633b9218397c9507c5ea684d2c21759acd7552a55411", kill_on_drop: false }`
[INFO] running `Command { std: "docker" "rm" "-f" "c75285fe5c86afaab3b1633b9218397c9507c5ea684d2c21759acd7552a55411", kill_on_drop: false }`
[INFO] [stdout] c75285fe5c86afaab3b1633b9218397c9507c5ea684d2c21759acd7552a55411
[INFO] running `Command { std: "docker" "create" "-v" "/var/lib/crater-agent-workspace/builds/worker-0-tc2/target:/opt/rustwide/target:rw,Z" "-v" "/var/lib/crater-agent-workspace/builds/worker-0-tc2/source:/opt/rustwide/workdir:ro,Z" "-v" "/var/lib/crater-agent-workspace/cargo-home:/opt/rustwide/cargo-home:ro,Z" "-v" "/var/lib/crater-agent-workspace/rustup-home:/opt/rustwide/rustup-home:ro,Z" "-e" "SOURCE_DIR=/opt/rustwide/workdir" "-e" "CARGO_TARGET_DIR=/opt/rustwide/target" "-e" "CARGO_INCREMENTAL=0" "-e" "RUST_BACKTRACE=full" "-e" "RUSTFLAGS=--cap-lints=warn" "-e" "RUSTDOCFLAGS=--cap-lints=warn" "-e" "CARGO_HOME=/opt/rustwide/cargo-home" "-e" "RUSTUP_HOME=/opt/rustwide/rustup-home" "-w" "/opt/rustwide/workdir" "-m" "1610612736" "--user" "0:0" "--network" "none" "ghcr.io/rust-lang/crates-build-env/linux@sha256:5ff2268d62e97bff2cde7d5815dd6ed5b47097566f13b8d0ca110b04b60e07ed" "/opt/rustwide/cargo-home/bin/cargo" "+beta-2023-04-20" "test" "--frozen" "--no-run" "--message-format=json", kill_on_drop: false }`
[INFO] [stdout] a3b6b9310b3bde28abeb4e6b72fd93361ccc7190f6a33f3e6c7ce6e4c7e5cc1a
[INFO] running `Command { std: "docker" "start" "-a" "a3b6b9310b3bde28abeb4e6b72fd93361ccc7190f6a33f3e6c7ce6e4c7e5cc1a", kill_on_drop: false }`
[INFO] [stderr]    Compiling once_cell v1.17.1
[INFO] [stderr]    Compiling sha2 v0.9.9
[INFO] [stderr]    Compiling zeroize v1.3.0
[INFO] [stderr]    Compiling anyhow v1.0.71
[INFO] [stderr]    Compiling tinyvec_macros v0.1.1
[INFO] [stderr]    Compiling pbkdf2 v0.4.0
[INFO] [stderr]    Compiling rustc-hash v1.1.0
[INFO] [stderr]    Compiling tinyvec v1.6.0
[INFO] [stderr]    Compiling curve25519-dalek v3.2.1
[INFO] [stderr]    Compiling wasm-bindgen-backend v0.2.84
[INFO] [stderr]    Compiling ahash v0.7.6
[INFO] [stderr]    Compiling libsecp256k1 v0.6.0
[INFO] [stderr]    Compiling hashbrown v0.11.2
[INFO] [stderr]    Compiling borsh v0.9.3
[INFO] [stderr]    Compiling ed25519-dalek v1.0.1
[INFO] [stderr]    Compiling unicode-normalization v0.1.22
[INFO] [stderr]    Compiling ed25519-dalek-bip32 v0.2.0
[INFO] [stderr]    Compiling wasm-bindgen-macro-support v0.2.84
[INFO] [stderr]    Compiling tiny-bip39 v0.8.2
[INFO] [stderr]    Compiling wasm-bindgen-macro v0.2.84
[INFO] [stderr]    Compiling wasm-bindgen v0.2.84
[INFO] [stderr]    Compiling solana-program v1.13.7
[INFO] [stderr]    Compiling solana-sdk v1.13.7 (/opt/rustwide/workdir)
[INFO] [stdout] warning: use of deprecated method `chrono::TimeZone::timestamp`: use `timestamp_opt()` instead
[INFO] [stdout]    --> src/genesis_config.rs:260:17
[INFO] [stdout]     |
[INFO] [stdout] 260 |             Utc.timestamp(self.creation_time, 0).to_rfc3339(),
[INFO] [stdout]     |                 ^^^^^^^^^
[INFO] [stdout]     |
[INFO] [stdout]     = note: `#[warn(deprecated)]` on by default
[INFO] [stdout] 
[INFO] [stdout] 
[INFO] [stdout] warning: use of deprecated method `chrono::TimeZone::timestamp`: use `timestamp_opt()` instead
[INFO] [stdout]    --> src/genesis_config.rs:260:17
[INFO] [stdout]     |
[INFO] [stdout] 260 |             Utc.timestamp(self.creation_time, 0).to_rfc3339(),
[INFO] [stdout]     |                 ^^^^^^^^^
[INFO] [stdout]     |
[INFO] [stdout]     = note: `#[warn(deprecated)]` on by default
[INFO] [stdout] 
[INFO] [stdout] 
[INFO] [stdout] warning: the type `[u8; 1232]` does not permit being left uninitialized
[INFO] [stdout]    --> src/packet.rs:122:30
[INFO] [stdout]     |
[INFO] [stdout] 122 |             buffer: unsafe { std::mem::MaybeUninit::uninit().assume_init() },
[INFO] [stdout]     |                              ^^^^^^^^^^^^^^^^^^^^^^^^^^^^^^^^^^^^^^^^^^^^^
[INFO] [stdout]     |                              |
[INFO] [stdout]     |                              this code causes undefined behavior when executed
[INFO] [stdout]     |                              help: use `MaybeUninit<T>` instead, and only call `assume_init` after initialization is done
[INFO] [stdout]     |
[INFO] [stdout]     = note: integers must be initialized
[INFO] [stdout]     = note: `#[warn(invalid_value)]` on by default
[INFO] [stdout] 
[INFO] [stdout] 
[INFO] [stdout] warning: the type `[u8; 1232]` does not permit being left uninitialized
[INFO] [stdout]    --> src/packet.rs:122:30
[INFO] [stdout]     |
[INFO] [stdout] 122 |             buffer: unsafe { std::mem::MaybeUninit::uninit().assume_init() },
[INFO] [stdout]     |                              ^^^^^^^^^^^^^^^^^^^^^^^^^^^^^^^^^^^^^^^^^^^^^
[INFO] [stdout]     |                              |
[INFO] [stdout]     |                              this code causes undefined behavior when executed
[INFO] [stdout]     |                              help: use `MaybeUninit<T>` instead, and only call `assume_init` after initialization is done
[INFO] [stdout]     |
[INFO] [stdout]     = note: integers must be initialized
[INFO] [stdout]     = note: `#[warn(invalid_value)]` on by default
[INFO] [stdout] 
[INFO] [stdout] 
[INFO] [stdout] warning: 2 warnings emitted
[INFO] [stdout] 
[INFO] [stdout] 
[INFO] [stdout] warning: 2 warnings emitted
[INFO] [stdout] 
[INFO] [stdout] 
[INFO] [stderr]     Finished test [unoptimized + debuginfo] target(s) in 25.28s
[INFO] running `Command { std: "docker" "inspect" "a3b6b9310b3bde28abeb4e6b72fd93361ccc7190f6a33f3e6c7ce6e4c7e5cc1a", kill_on_drop: false }`
[INFO] running `Command { std: "docker" "rm" "-f" "a3b6b9310b3bde28abeb4e6b72fd93361ccc7190f6a33f3e6c7ce6e4c7e5cc1a", kill_on_drop: false }`
[INFO] [stdout] a3b6b9310b3bde28abeb4e6b72fd93361ccc7190f6a33f3e6c7ce6e4c7e5cc1a
[INFO] running `Command { std: "docker" "create" "-v" "/var/lib/crater-agent-workspace/builds/worker-0-tc2/target:/opt/rustwide/target:rw,Z" "-v" "/var/lib/crater-agent-workspace/builds/worker-0-tc2/source:/opt/rustwide/workdir:ro,Z" "-v" "/var/lib/crater-agent-workspace/cargo-home:/opt/rustwide/cargo-home:ro,Z" "-v" "/var/lib/crater-agent-workspace/rustup-home:/opt/rustwide/rustup-home:ro,Z" "-e" "SOURCE_DIR=/opt/rustwide/workdir" "-e" "CARGO_TARGET_DIR=/opt/rustwide/target" "-e" "CARGO_INCREMENTAL=0" "-e" "RUST_BACKTRACE=full" "-e" "RUSTFLAGS=--cap-lints=warn" "-e" "RUSTDOCFLAGS=--cap-lints=warn" "-e" "CARGO_HOME=/opt/rustwide/cargo-home" "-e" "RUSTUP_HOME=/opt/rustwide/rustup-home" "-w" "/opt/rustwide/workdir" "-m" "1610612736" "--user" "0:0" "--network" "none" "ghcr.io/rust-lang/crates-build-env/linux@sha256:5ff2268d62e97bff2cde7d5815dd6ed5b47097566f13b8d0ca110b04b60e07ed" "/opt/rustwide/cargo-home/bin/cargo" "+beta-2023-04-20" "test" "--frozen", kill_on_drop: false }`
[INFO] [stdout] 6f380a4e519d955d63d2d90a65b2dd3a174fbd916e68a64dc0d94248df3b9f31
[INFO] running `Command { std: "docker" "start" "-a" "6f380a4e519d955d63d2d90a65b2dd3a174fbd916e68a64dc0d94248df3b9f31", kill_on_drop: false }`
[INFO] [stderr] warning: use of deprecated method `chrono::TimeZone::timestamp`: use `timestamp_opt()` instead
[INFO] [stderr]    --> src/genesis_config.rs:260:17
[INFO] [stderr]     |
[INFO] [stderr] 260 |             Utc.timestamp(self.creation_time, 0).to_rfc3339(),
[INFO] [stderr]     |                 ^^^^^^^^^
[INFO] [stderr]     |
[INFO] [stderr]     = note: `#[warn(deprecated)]` on by default
[INFO] [stderr] 
[INFO] [stderr] warning: the type `[u8; 1232]` does not permit being left uninitialized
[INFO] [stderr]    --> src/packet.rs:122:30
[INFO] [stderr]     |
[INFO] [stderr] 122 |             buffer: unsafe { std::mem::MaybeUninit::uninit().assume_init() },
[INFO] [stderr]     |                              ^^^^^^^^^^^^^^^^^^^^^^^^^^^^^^^^^^^^^^^^^^^^^
[INFO] [stderr]     |                              |
[INFO] [stderr]     |                              this code causes undefined behavior when executed
[INFO] [stderr]     |                              help: use `MaybeUninit<T>` instead, and only call `assume_init` after initialization is done
[INFO] [stderr]     |
[INFO] [stderr]     = note: integers must be initialized
[INFO] [stderr]     = note: `#[warn(invalid_value)]` on by default
[INFO] [stderr] 
[INFO] [stderr] warning: `solana-sdk` (lib) generated 2 warnings
[INFO] [stderr] warning: `solana-sdk` (lib test) generated 2 warnings (2 duplicates)
[INFO] [stderr]     Finished test [unoptimized + debuginfo] target(s) in 0.16s
[INFO] [stderr]      Running unittests src/lib.rs (/opt/rustwide/target/debug/deps/solana_sdk-73b8b5c85c035d0a)
[INFO] [stdout] 
[INFO] [stdout] running 200 tests
[INFO] [stdout] test account::tests::test_account_data_copy_as_slice ... ok
[INFO] [stdout] test account::tests::test_account_add_sub_lamports ... ok
[INFO] [stdout] test account::tests::test_account_data_set_data ... ok
[INFO] [stdout] test account::tests::test_account_saturating_add_lamports ... ok
[INFO] [stdout] test account::tests::test_account_saturating_sub_lamports ... ok
[INFO] [stdout] test account::tests::test_account_set_data_from_slice ... ok
[INFO] [stdout] test account::tests::test_account_shared_data ... ok
[INFO] [stdout] test account::tests::test_account_shared_data_all_fields ... ok
[INFO] [stdout] test account::tests::test_account_checked_add_lamports_overflow - should panic ... ok
[INFO] [stdout] test account::tests::test_account_checked_add_lamports_overflow2 - should panic ... ok
[INFO] [stdout] test account::tests::test_account_checked_sub_lamports_underflow - should panic ... ok
[INFO] [stdout] test account::tests::test_account_checked_sub_lamports_underflow2 - should panic ... ok
[INFO] [stdout] test compute_budget::test_id ... ok
[INFO] [stdout] test account::tests::test_account_deserialize - should panic ... ok
[INFO] [stdout] test account::tests::test_account_serialize - should panic ... ok
[INFO] [stdout] test derivation_path::tests::test_derivation_path_debug ... ok
[INFO] [stdout] test derivation_path::tests::test_from_absolute_path_str ... ok
[INFO] [stdout] test derivation_path::tests::test_from_key_str ... ok
[INFO] [stdout] test deserialize_utils::tests::test_default_on_eof ... ok
[INFO] [stdout] test derivation_path::tests::test_from_uri ... ok
[INFO] [stdout] test derivation_path::tests::test_get_query ... ok
[INFO] [stdout] test ed25519_instruction::test::test_invalid_offsets ... ok
[INFO] [stdout] test account::tests::test_to_account_shared_data ... ok
[INFO] [stdout] test derivation_path::tests::test_from_uri_full_path ... ok
[INFO] [stdout] test ed25519_instruction::test::test_ed25519 ... ok
[INFO] [stdout] test ed25519_instruction::test::test_pubkey_offset ... ok
[INFO] [stdout] test feature_set::add_compute_budget_program::test_id ... ok
[INFO] [stdout] test feature_set::add_get_processed_sibling_instruction_syscall::test_id ... ok
[INFO] [stdout] test feature_set::add_set_compute_unit_price_ix::test_id ... ok
[INFO] [stdout] test feature_set::add_shred_type_to_shred_seed::test_id ... ok
[INFO] [stdout] test feature_set::allow_votes_to_directly_update_vote_state::test_id ... ok
[INFO] [stdout] test feature_set::bank_tranaction_count_fix::test_id ... ok
[INFO] [stdout] test feature_set::blake3_syscall_enabled::test_id ... ok
[INFO] [stdout] test feature_set::cap_accounts_data_len::test_id ... ok
[INFO] [stdout] test feature_set::cap_accounts_data_size_per_block::test_id ... ok
[INFO] [stdout] test feature_set::check_init_vote_data::test_id ... ok
[INFO] [stdout] test feature_set::check_physical_overlapping::test_id ... ok
[INFO] [stdout] test feature_set::check_syscall_outputs_do_not_overlap::test_id ... ok
[INFO] [stdout] test feature_set::curve25519_syscall_enabled::test_id ... ok
[INFO] [stdout] test feature_set::dedupe_config_program_signers::test_id ... ok
[INFO] [stdout] test feature_set::default_units_per_instruction::test_id ... ok
[INFO] [stdout] test feature_set::demote_program_write_locks::test_id ... ok
[INFO] [stdout] test feature_set::deprecate_rewards_sysvar::test_id ... ok
[INFO] [stdout] test feature_set::disable_bpf_deprecated_load_instructions::test_id ... ok
[INFO] [stdout] test feature_set::disable_bpf_unresolved_symbols_at_runtime::test_id ... ok
[INFO] [stdout] test feature_set::disable_deprecated_loader::test_id ... ok
[INFO] [stdout] test feature_set::disable_fee_calculator::test_id ... ok
[INFO] [stdout] test feature_set::disable_fees_sysvar::test_id ... ok
[INFO] [stdout] test feature_set::do_support_realloc::test_id ... ok
[INFO] [stdout] test feature_set::drop_redundant_turbine_path::test_id ... ok
[INFO] [stdout] test feature_set::ed25519_program_enabled::test_id ... ok
[INFO] [stdout] test feature_set::enable_durable_nonce::test_id ... ok
[INFO] [stdout] test feature_set::evict_invalid_stakes_cache_entries::test_id ... ok
[INFO] [stdout] test feature_set::executables_incur_cpi_data_cost::test_id ... ok
[INFO] [stdout] test feature_set::filter_stake_delegation_accounts::test_id ... ok
[INFO] [stdout] test feature_set::filter_votes_outside_slot_hashes::test_id ... ok
[INFO] [stdout] test feature_set::fixed_memcpy_nonoverlapping_check::test_id ... ok
[INFO] [stdout] test feature_set::full_inflation::devnet_and_testnet::test_id ... ok
[INFO] [stdout] test feature_set::full_inflation::mainnet::certusone::enable::test_id ... ok
[INFO] [stdout] test feature_set::full_inflation::mainnet::certusone::vote::test_id ... ok
[INFO] [stdout] test account_utils::tests::test_account_state ... ok
[INFO] [stdout] test account::tests::test_account_shared_data_deserialize - should panic ... ok
[INFO] [stdout] test ed25519_instruction::test::test_message_data_offsets ... ok
[INFO] [stdout] test ed25519_instruction::test::test_signature_offset ... ok
[INFO] [stdout] test feature::test::feature_deserialize_none ... ok
[INFO] [stdout] test deserialize_utils::tests::test_default_on_eof_additional_untagged_fields - should panic ... ok
[INFO] [stdout] test account::tests::test_account_shared_data_serialize - should panic ... ok
[INFO] [stdout] test feature_set::gate_large_block::test_id ... ok
[INFO] [stdout] test feature_set::increase_tx_account_lock_limit::test_id ... ok
[INFO] [stdout] test feature_set::libsecp256k1_fail_on_bad_count2::test_id ... ok
[INFO] [stdout] test feature_set::libsecp256k1_0_5_upgrade_enabled::test_id ... ok
[INFO] [stdout] test feature_set::limit_secp256k1_recovery_id::test_id ... ok
[INFO] [stdout] test feature_set::leave_nonce_on_success::test_id ... ok
[INFO] [stdout] test feature_set::libsecp256k1_fail_on_bad_count::test_id ... ok
[INFO] [stdout] test feature_set::nonce_must_be_advanceable::test_id ... ok
[INFO] [stdout] test feature_set::nonce_must_be_authorized::test_id ... ok
[INFO] [stdout] test feature_set::nonce_must_be_writable::test_id ... ok
[INFO] [stdout] test feature_set::optimize_epoch_boundary_updates::test_id ... ok
[INFO] [stdout] test feature_set::pico_inflation::test_id ... ok
[INFO] [stdout] test feature_set::preserve_rent_epoch_for_rent_exempt_accounts::test_id ... ok
[INFO] [stdout] test feature_set::prevent_calling_precompiles_as_programs::test_id ... ok
[INFO] [stdout] test feature_set::prevent_crediting_accounts_that_end_rent_paying::test_id ... ok
[INFO] [stdout] test feature_set::quick_bail_on_panic::test_id ... ok
[INFO] [stdout] test feature_set::record_instruction_in_transaction_context_push::test_id ... ok
[INFO] [stdout] test feature_set::reduce_required_deploy_balance::test_id ... ok
[INFO] [stdout] test feature_set::reject_empty_instruction_without_program::test_id ... ok
[INFO] [stdout] test feature_set::reject_non_rent_exempt_vote_withdraws::test_id ... ok
[INFO] [stdout] test feature_set::reject_vote_account_close_unless_zero_credit_epoch::test_id ... ok
[INFO] [stdout] test feature_set::remove_native_loader::test_id ... ok
[INFO] [stdout] test feature_set::rent_for_sysvars::test_id ... ok
[INFO] [stdout] test feature_set::requestable_heap_size::test_id ... ok
[INFO] [stdout] test feature_set::require_custodian_for_locked_stake_authorize::test_id ... ok
[INFO] [stdout] test feature_set::require_rent_exempt_accounts::test_id ... ok
[INFO] [stdout] test feature_set::require_static_program_ids_in_transaction::test_id ... ok
[INFO] [stdout] test feature_set::return_data_syscall_enabled::test_id ... ok
[INFO] [stdout] test feature_set::return_none_for_zero_lamport_accounts::test_id ... ok
[INFO] [stdout] test feature_set::secp256k1_program_enabled::test_id ... ok
[INFO] [stdout] test feature_set::secp256k1_recover_syscall_enabled::test_id ... ok
[INFO] [stdout] test feature_set::send_to_tpu_vote_port::test_id ... ok
[INFO] [stdout] test feature_set::separate_nonce_from_blockhash::test_id ... ok
[INFO] [stdout] test feature_set::sol_log_data_syscall_enabled::test_id ... ok
[INFO] [stdout] test feature_set::spl_associated_token_account_v1_0_4::test_id ... ok
[INFO] [stdout] test feature_set::spl_associated_token_account_v1_1_0::test_id ... ok
[INFO] [stdout] test feature_set::spl_token_v2_multisig_fix::test_id ... ok
[INFO] [stdout] test feature_set::spl_token_v2_self_transfer_fix::test_id ... ok
[INFO] [stdout] test feature_set::spl_token_v2_set_authority_fix::test_id ... ok
[INFO] [stdout] test feature_set::spl_token_v3_3_0_release::test_id ... ok
[INFO] [stdout] test feature_set::spl_token_v3_4_0::test_id ... ok
[INFO] [stdout] test feature_set::stake_allow_zero_undelegated_amount::test_id ... ok
[INFO] [stdout] test feature_set::stake_merge_with_unmatched_credits_observed::test_id ... ok
[INFO] [stdout] test feature_set::stake_program_advance_activating_credits_observed::test_id ... ok
[INFO] [stdout] test feature_set::stakes_remove_delegation_if_inactive::test_id ... ok
[INFO] [stdout] test feature_set::syscall_saturated_math::test_id ... ok
[INFO] [stdout] test feature_set::system_transfer_zero_check::test_id ... ok
[INFO] [stdout] test feature_set::test::test_feature_set_activate_deactivate ... ok
[INFO] [stdout] test feature_set::test::test_full_inflation_features_enabled ... ok
[INFO] [stdout] test feature_set::test::test_full_inflation_features_enabled_devnet_and_testnet ... ok
[INFO] [stdout] test feature_set::tx_wide_compute_cap::test_id ... ok
[INFO] [stdout] test feature_set::update_syscall_base_costs::test_id ... ok
[INFO] [stdout] test feature_set::verify_tx_signatures_len::test_id ... ok
[INFO] [stdout] test feature_set::versioned_tx_message_enabled::test_id ... ok
[INFO] [stdout] test feature_set::vote_authorize_with_seed::test_id ... ok
[INFO] [stdout] test feature_set::vote_stake_checked_instructions::test_id ... ok
[INFO] [stdout] test feature_set::vote_withdraw_authority_may_change_authorized_voter::test_id ... ok
[INFO] [stdout] test feature_set::warp_timestamp_again::test_id ... ok
[INFO] [stdout] test feature_set::warp_timestamp_with_a_vengeance::test_id ... ok
[INFO] [stdout] test feature_set::zk_token_sdk_enabled::test_id ... ok
[INFO] [stdout] test feature_set::merge_nonce_error_into_system_error::test_id ... ok
[INFO] [stdout] test feature_set::neon_evm_compute_budget::test_id ... ok
[INFO] [stdout] test feature_set::instructions_sysvar_owned_by_sysvar::test_id ... ok
[INFO] [stdout] test feature_set::no_overflow_rent_distribution::test_id ... ok
[INFO] [stdout] test feature_set::include_account_index_in_rent_error::test_id ... ok
[INFO] [stdout] test feature_set::max_tx_account_locks::test_id ... ok
[INFO] [stdout] test keyed_account::tests::test_id ... ok
[INFO] [stdout] test nonce_account::tests::test_verify_bad_account_owner_fails ... ok
[INFO] [stdout] test nonce_account::tests::test_verify_nonce_account ... ok
[INFO] [stdout] test packet::tests::test_deserialize_slice ... ok
[INFO] [stdout] test program_utils::tests::test_limited_deserialize ... ok
[INFO] [stdout] test pubkey::tests::test_read_write_pubkey ... FAILED
[INFO] [stdout] test recent_blockhashes_account::tests::test_create_account_empty ... ok
[INFO] [stdout] test hard_forks::tests::multiple_hard_forks_since_parent ... ok
[INFO] [stdout] test recent_blockhashes_account::tests::test_create_account_full ... ok
[INFO] [stdout] test keyed_account::tests::test_sysvar_keyed_account_to_from ... ok
[INFO] [stdout] test native_loader::test_id ... ok
[INFO] [stdout] test genesis_config::tests::test_genesis_config ... FAILED
[INFO] [stdout] test hard_forks::tests::iter_is_sorted ... ok
[INFO] [stdout] test recent_blockhashes_account::tests::test_create_account_truncate ... ok
[INFO] [stdout] test secp256k1_instruction::test::test_count_is_zero_but_sig_data_exists ... ok
[INFO] [stdout] test recent_blockhashes_account::tests::test_create_account_unsorted ... ok
[INFO] [stdout] test secp256k1_instruction::test::test_eth_offset ... ok
[INFO] [stdout] test secp256k1_instruction::test::test_invalid_offsets ... ok
[INFO] [stdout] test secp256k1_instruction::test::test_signature_offset ... ok
[INFO] [stdout] test inflation::tests::test_inflation_fixed ... ok
[INFO] [stdout] test shred_version::tests::test_compute_shred_version ... ok
[INFO] [stdout] test secp256k1_instruction::test::test_message_data_offsets ... ok
[INFO] [stdout] test signature::tests::test_off_curve_pubkey_verify_fails ... ok
[INFO] [stdout] test inflation::tests::test_inflation_basic ... ok
[INFO] [stdout] test signature::tests::test_signature_fromstr ... ok
[INFO] [stdout] test secp256k1_instruction::test::test_secp256k1 ... ok
[INFO] [stdout] test signer::keypair::tests::test_write_keypair_file_truncate ... FAILED
[INFO] [stdout] test signer::presigner::tests::test_presigner ... ok
[INFO] [stdout] test signer::keypair::tests::test_write_keypair_file_overwrite_ok ... FAILED
[INFO] [stdout] test signer::keypair::tests::test_write_keypair_file ... FAILED
[INFO] [stdout] test signer::keypair::tests::test_keypair_from_seed ... ok
[INFO] [stdout] test signer::keypair::tests::test_keypair ... ok
[INFO] [stdout] test signer::signers::tests::test_dyn_keypairs_compile ... ok
[INFO] [stdout] test tests::test_saturating_add_assign ... ok
[INFO] [stdout] test signer::signers::tests::test_dyn_keypairs_by_ref_compile ... ok
[INFO] [stdout] test signer::tests::test_unique_signers ... ok
[INFO] [stdout] test transaction::tests::get_nonce_pub_from_ix_ok ... ok
[INFO] [stdout] test timing::test::test_slot_duration_from_slots_per_year ... ok
[INFO] [stdout] test transaction::tests::test_refs ... ok
[INFO] [stdout] test timing::test::test_years_as_slots ... ok
[INFO] [stdout] test transaction::tests::get_nonce_pub_from_ix_bad_acc_idx_fail ... ok
[INFO] [stdout] test transaction::tests::get_nonce_pub_from_ix_no_accounts_fail ... ok
[INFO] [stdout] test transaction::tests::test_partial_sign ... ok
[INFO] [stdout] test transaction::tests::test_partial_sign_mismatched_key - should panic ... ok
[INFO] [stdout] test transaction::tests::test_sdk_serialize ... ok
[INFO] [stdout] test transaction::tests::test_transaction_correct_key ... ok
[INFO] [stdout] test transaction::tests::test_refs_invalid_account ... ok
[INFO] [stdout] test transaction::tests::test_transaction_minimum_serialized_size ... ok
[INFO] [stdout] test timing::test::test_interval_update ... ok
[INFO] [stdout] test transaction::tests::test_sanitize_txs ... ok
[INFO] [stdout] test transaction::tests::test_transaction_instruction_with_duplicate_keys ... ok
[INFO] [stdout] test transaction::tests::test_transaction_missing_keypair - should panic ... ok
[INFO] [stdout] test transaction::tests::test_transaction_missing_key - should panic ... ok
[INFO] [stdout] test transaction::tests::test_refs_invalid_program_id ... ok
[INFO] [stdout] test transaction::tests::test_transaction_serialize ... ok
[INFO] [stdout] test transaction::tests::test_transaction_wrong_key - should panic ... ok
[INFO] [stdout] test transaction::tests::tx_uses_nonce_first_prog_id_not_nonce_fail ... ok
[INFO] [stdout] test transaction::tests::tx_uses_nonce_ok ... ok
[INFO] [stdout] test transaction::tests::tx_uses_nonce_empty_ix_fail ... ok
[INFO] [stdout] test transaction::tests::tx_keypair_pubkey_mismatch ... ok
[INFO] [stdout] test transaction::tests::tx_uses_nonce_wrong_first_nonce_ix_fail ... ok
[INFO] [stdout] test transaction::versioned::sanitized::tests::test_try_new_with_invalid_signatures ... ok
[INFO] [stdout] test transaction::tests::tx_uses_ro_nonce_account ... ok
[INFO] [stdout] test transaction::versioned::sanitized::tests::test_try_new_with_invalid_header ... ok
[INFO] [stdout] test transaction::tests::test_try_sign_dyn_keypairs ... ok
[INFO] [stdout] test transaction::tests::tx_uses_nonce_bad_prog_id_idx_fail ... ok
[INFO] [stderr] error: test failed, to rerun pass `--lib`
[INFO] [stdout] test signer::keypair::tests::test_keypair_from_seed_phrase_and_passphrase ... ok
[INFO] [stdout] 
[INFO] [stdout] failures:
[INFO] [stdout] 
[INFO] [stdout] ---- pubkey::tests::test_read_write_pubkey stdout ----
[INFO] [stdout] Error: Os { code: 30, kind: ReadOnlyFilesystem, message: "Read-only file system" }
[INFO] [stdout] 
[INFO] [stdout] ---- genesis_config::tests::test_genesis_config stdout ----
[INFO] [stdout] thread 'genesis_config::tests::test_genesis_config' panicked at 'write: Os { code: 30, kind: ReadOnlyFilesystem, message: "Read-only file system" }', src/genesis_config.rs:343:28
[INFO] [stdout] stack backtrace:
[INFO] [stdout]    0:     0x555cbd0e3fda - std::backtrace_rs::backtrace::libunwind::trace::h2f05d0192276a8f6
[INFO] [stdout]                                at /rustc/1b7dd2252b99671ce5d1cb9664c5f8636329436d/library/std/src/../../backtrace/src/backtrace/libunwind.rs:93:5
[INFO] [stdout]    1:     0x555cbd0e3fda - std::backtrace_rs::backtrace::trace_unsynchronized::hedc23dff7a1af150
[INFO] [stdout]                                at /rustc/1b7dd2252b99671ce5d1cb9664c5f8636329436d/library/std/src/../../backtrace/src/backtrace/mod.rs:66:5
[INFO] [stdout]    2:     0x555cbd0e3fda - std::sys_common::backtrace::_print_fmt::h17541ef7592f3ce2
[INFO] [stdout]                                at /rustc/1b7dd2252b99671ce5d1cb9664c5f8636329436d/library/std/src/sys_common/backtrace.rs:65:5
[INFO] [stdout]    3:     0x555cbd0e3fda - <std::sys_common::backtrace::_print::DisplayBacktrace as core::fmt::Display>::fmt::h20f75df5ab0c0792
[INFO] [stdout]                                at /rustc/1b7dd2252b99671ce5d1cb9664c5f8636329436d/library/std/src/sys_common/backtrace.rs:44:22
[INFO] [stdout]    4:     0x555cbd109cef - core::fmt::write::h78109e6f466b3af6
[INFO] [stdout]                                at /rustc/1b7dd2252b99671ce5d1cb9664c5f8636329436d/library/core/src/fmt/mod.rs:1254:17
[INFO] [stdout]    5:     0x555cbd0e1145 - std::io::Write::write_fmt::hd24bfb68a1b35a25
[INFO] [stdout]                                at /rustc/1b7dd2252b99671ce5d1cb9664c5f8636329436d/library/std/src/io/mod.rs:1698:15
[INFO] [stdout]    6:     0x555cbd0e3da5 - std::sys_common::backtrace::_print::h8dac57a9f8fbf9a5
[INFO] [stdout]                                at /rustc/1b7dd2252b99671ce5d1cb9664c5f8636329436d/library/std/src/sys_common/backtrace.rs:47:5
[INFO] [stdout]    7:     0x555cbd0e3da5 - std::sys_common::backtrace::print::hf9ecbf41d1aa712f
[INFO] [stdout]                                at /rustc/1b7dd2252b99671ce5d1cb9664c5f8636329436d/library/std/src/sys_common/backtrace.rs:34:9
[INFO] [stdout]    8:     0x555cbd0e5a5e - std::panicking::default_hook::{{closure}}::h04c07acfc84ca028
[INFO] [stdout]                                at /rustc/1b7dd2252b99671ce5d1cb9664c5f8636329436d/library/std/src/panicking.rs:269:22
[INFO] [stdout]    9:     0x555cbd0e5791 - std::panicking::default_hook::h01f6bb23e1eceb2c
[INFO] [stdout]                                at /rustc/1b7dd2252b99671ce5d1cb9664c5f8636329436d/library/std/src/panicking.rs:285:9
[INFO] [stdout]   10:     0x555cbcf2e68b - <alloc::boxed::Box<F,A> as core::ops::function::Fn<Args>>::call::h87fe9f7b2fd49e4c
[INFO] [stdout]                                at /rustc/1b7dd2252b99671ce5d1cb9664c5f8636329436d/library/alloc/src/boxed.rs:1987:9
[INFO] [stdout]   11:     0x555cbcf2e68b - test::test_main::{{closure}}::he94d679243a7531b
[INFO] [stdout]                                at /rustc/1b7dd2252b99671ce5d1cb9664c5f8636329436d/library/test/src/lib.rs:134:21
[INFO] [stdout]   12:     0x555cbd0e6144 - <alloc::boxed::Box<F,A> as core::ops::function::Fn<Args>>::call::h3f2d6d8b14c4769f
[INFO] [stdout]                                at /rustc/1b7dd2252b99671ce5d1cb9664c5f8636329436d/library/alloc/src/boxed.rs:1987:9
[INFO] [stdout]   13:     0x555cbd0e6144 - std::panicking::rust_panic_with_hook::h2bb3722bbaf2f6df
[INFO] [stdout]                                at /rustc/1b7dd2252b99671ce5d1cb9664c5f8636329436d/library/std/src/panicking.rs:695:13
[INFO] [stdout]   14:     0x555cbd0e5eb9 - std::panicking::begin_panic_handler::{{closure}}::h91bc7f36a4be011b
[INFO] [stdout]                                at /rustc/1b7dd2252b99671ce5d1cb9664c5f8636329436d/library/std/src/panicking.rs:582:13
[INFO] [stdout]   15:     0x555cbd0e4446 - std::sys_common::backtrace::__rust_end_short_backtrace::h8b3d3717114f9e59
[INFO] [stdout]                                at /rustc/1b7dd2252b99671ce5d1cb9664c5f8636329436d/library/std/src/sys_common/backtrace.rs:150:18
[INFO] [stdout]   16:     0x555cbd0e5c12 - rust_begin_unwind
[INFO] [stdout]                                at /rustc/1b7dd2252b99671ce5d1cb9664c5f8636329436d/library/std/src/panicking.rs:578:5
[INFO] [stdout]   17:     0x555cbcc17493 - core::panicking::panic_fmt::hfd368e3fbdabea26
[INFO] [stdout]                                at /rustc/1b7dd2252b99671ce5d1cb9664c5f8636329436d/library/core/src/panicking.rs:67:14
[INFO] [stdout]   18:     0x555cbcc17a33 - core::result::unwrap_failed::he54eb4b2f125b26f
[INFO] [stdout]                                at /rustc/1b7dd2252b99671ce5d1cb9664c5f8636329436d/library/core/src/result.rs:1687:5
[INFO] [stdout]   19:     0x555cbcc6739f - core::result::Result<T,E>::expect::h7c5516d1a994155d
[INFO] [stdout]                                at /rustc/1b7dd2252b99671ce5d1cb9664c5f8636329436d/library/core/src/result.rs:1046:23
[INFO] [stdout]   20:     0x555cbcc578e1 - solana_sdk::genesis_config::tests::test_genesis_config::hf6ea2a72e9ef097f
[INFO] [stdout]                                at /opt/rustwide/workdir/src/genesis_config.rs:343:9
[INFO] [stdout]   21:     0x555cbcc57527 - solana_sdk::genesis_config::tests::test_genesis_config::{{closure}}::h3d3aa3171ae8940d
[INFO] [stdout]                                at /opt/rustwide/workdir/src/genesis_config.rs:322:30
[INFO] [stdout]   22:     0x555cbcc30775 - core::ops::function::FnOnce::call_once::h9f3223f241d86fd6
[INFO] [stdout]                                at /rustc/1b7dd2252b99671ce5d1cb9664c5f8636329436d/library/core/src/ops/function.rs:250:5
[INFO] [stdout]   23:     0x555cbcf3355f - core::ops::function::FnOnce::call_once::ha6a70e79f7481a7e
[INFO] [stdout]                                at /rustc/1b7dd2252b99671ce5d1cb9664c5f8636329436d/library/core/src/ops/function.rs:250:5
[INFO] [stdout]   24:     0x555cbcf3355f - test::__rust_begin_short_backtrace::hce33033019b61e69
[INFO] [stdout]                                at /rustc/1b7dd2252b99671ce5d1cb9664c5f8636329436d/library/test/src/lib.rs:655:18
[INFO] [stdout]   25:     0x555cbcf00d4c - test::run_test::{{closure}}::h858d3528838ae3e5
[INFO] [stdout]                                at /rustc/1b7dd2252b99671ce5d1cb9664c5f8636329436d/library/test/src/lib.rs:646:30
[INFO] [stdout]   26:     0x555cbcf00d4c - core::ops::function::FnOnce::call_once{{vtable.shim}}::he8ac2b00f01ae79e
[INFO] [stdout]                                at /rustc/1b7dd2252b99671ce5d1cb9664c5f8636329436d/library/core/src/ops/function.rs:250:5
[INFO] [stdout]   27:     0x555cbcf32636 - <alloc::boxed::Box<F,A> as core::ops::function::FnOnce<Args>>::call_once::h8093d25b522725ef
[INFO] [stdout]                                at /rustc/1b7dd2252b99671ce5d1cb9664c5f8636329436d/library/alloc/src/boxed.rs:1973:9
[INFO] [stdout]   28:     0x555cbcf32636 - <core::panic::unwind_safe::AssertUnwindSafe<F> as core::ops::function::FnOnce<()>>::call_once::h5c334c204e4a3913
[INFO] [stdout]                                at /rustc/1b7dd2252b99671ce5d1cb9664c5f8636329436d/library/core/src/panic/unwind_safe.rs:271:9
[INFO] [stdout]   29:     0x555cbcf32636 - std::panicking::try::do_call::ha8b740c7b9478074
[INFO] [stdout]                                at /rustc/1b7dd2252b99671ce5d1cb9664c5f8636329436d/library/std/src/panicking.rs:485:40
[INFO] [stdout]   30:     0x555cbcf32636 - std::panicking::try::h5d34f63d0e41b64e
[INFO] [stdout]                                at /rustc/1b7dd2252b99671ce5d1cb9664c5f8636329436d/library/std/src/panicking.rs:449:19
[INFO] [stdout]   31:     0x555cbcf32636 - std::panic::catch_unwind::hcfbb511e1aa7fc67
[INFO] [stdout]                                at /rustc/1b7dd2252b99671ce5d1cb9664c5f8636329436d/library/std/src/panic.rs:140:14
[INFO] [stdout]   32:     0x555cbcf32636 - test::run_test_in_process::h9abda90f802eaf21
[INFO] [stdout]                                at /rustc/1b7dd2252b99671ce5d1cb9664c5f8636329436d/library/test/src/lib.rs:678:27
[INFO] [stdout]   33:     0x555cbcf32636 - test::run_test::run_test_inner::{{closure}}::h0f058de91f6c6edf
[INFO] [stdout]                                at /rustc/1b7dd2252b99671ce5d1cb9664c5f8636329436d/library/test/src/lib.rs:572:39
[INFO] [stdout]   34:     0x555cbcefb555 - test::run_test::run_test_inner::{{closure}}::h5ca48a4c59c6c1fb
[INFO] [stdout]                                at /rustc/1b7dd2252b99671ce5d1cb9664c5f8636329436d/library/test/src/lib.rs:599:37
[INFO] [stdout]   35:     0x555cbcefb555 - std::sys_common::backtrace::__rust_begin_short_backtrace::h32bd51e1495d4a33
[INFO] [stdout]                                at /rustc/1b7dd2252b99671ce5d1cb9664c5f8636329436d/library/std/src/sys_common/backtrace.rs:134:18
[INFO] [stdout]   36:     0x555cbcf00a91 - std::thread::Builder::spawn_unchecked_::{{closure}}::{{closure}}::hc086fae9b128b2db
[INFO] [stdout]                                at /rustc/1b7dd2252b99671ce5d1cb9664c5f8636329436d/library/std/src/thread/mod.rs:526:17
[INFO] [stdout]   37:     0x555cbcf00a91 - <core::panic::unwind_safe::AssertUnwindSafe<F> as core::ops::function::FnOnce<()>>::call_once::hb66571888d270d43
[INFO] [stdout]                                at /rustc/1b7dd2252b99671ce5d1cb9664c5f8636329436d/library/core/src/panic/unwind_safe.rs:271:9
[INFO] [stdout]   38:     0x555cbcf00a91 - std::panicking::try::do_call::h4fa2ef4f6e51fecf
[INFO] [stdout]                                at /rustc/1b7dd2252b99671ce5d1cb9664c5f8636329436d/library/std/src/panicking.rs:485:40
[INFO] [stdout]   39:     0x555cbcf00a91 - std::panicking::try::h1e9e22b8584489b5
[INFO] [stdout]                                at /rustc/1b7dd2252b99671ce5d1cb9664c5f8636329436d/library/std/src/panicking.rs:449:19
[INFO] [stdout]   40:     0x555cbcf00a91 - std::panic::catch_unwind::h44698a3de0e0769e
[INFO] [stdout]                                at /rustc/1b7dd2252b99671ce5d1cb9664c5f8636329436d/library/std/src/panic.rs:140:14
[INFO] [stdout]   41:     0x555cbcf00a91 - std::thread::Builder::spawn_unchecked_::{{closure}}::h50153abde3fe239e
[INFO] [stdout]                                at /rustc/1b7dd2252b99671ce5d1cb9664c5f8636329436d/library/std/src/thread/mod.rs:525:30
[INFO] [stdout]   42:     0x555cbcf00a91 - core::ops::function::FnOnce::call_once{{vtable.shim}}::hbe5bbf6f38394364
[INFO] [stdout]                                at /rustc/1b7dd2252b99671ce5d1cb9664c5f8636329436d/library/core/src/ops/function.rs:250:5
[INFO] [stdout]   43:     0x555cbd0eaf75 - <alloc::boxed::Box<F,A> as core::ops::function::FnOnce<Args>>::call_once::h0d83cb2920a49046
[INFO] [stdout]                                at /rustc/1b7dd2252b99671ce5d1cb9664c5f8636329436d/library/alloc/src/boxed.rs:1973:9
[INFO] [stdout]   44:     0x555cbd0eaf75 - <alloc::boxed::Box<F,A> as core::ops::function::FnOnce<Args>>::call_once::hbe0a008aa7d9ef59
[INFO] [stdout]                                at /rustc/1b7dd2252b99671ce5d1cb9664c5f8636329436d/library/alloc/src/boxed.rs:1973:9
[INFO] [stdout]   45:     0x555cbd0eaf75 - std::sys::unix::thread::Thread::new::thread_start::h3a466996bdf6b1f9
[INFO] [stdout]                                at /rustc/1b7dd2252b99671ce5d1cb9664c5f8636329436d/library/std/src/sys/unix/thread.rs:108:17
[INFO] [stdout]   46:     0x7f3ed1c46b43 - <unknown>
[INFO] [stdout]   47:     0x7f3ed1cd7bb4 - __clone
[INFO] [stdout]   48:                0x0 - <unknown>
[INFO] [stdout] 
[INFO] [stdout] ---- signer::keypair::tests::test_write_keypair_file_truncate stdout ----
[INFO] [stdout] thread 'signer::keypair::tests::test_write_keypair_file_truncate' panicked at 'called `Result::unwrap()` on an `Err` value: Os { code: 30, kind: ReadOnlyFilesystem, message: "Read-only file system" }', src/signer/keypair.rs:282:55
[INFO] [stdout] stack backtrace:
[INFO] [stdout]    0:     0x555cbd0e3fda - std::backtrace_rs::backtrace::libunwind::trace::h2f05d0192276a8f6
[INFO] [stdout]                                at /rustc/1b7dd2252b99671ce5d1cb9664c5f8636329436d/library/std/src/../../backtrace/src/backtrace/libunwind.rs:93:5
[INFO] [stdout]    1:     0x555cbd0e3fda - std::backtrace_rs::backtrace::trace_unsynchronized::hedc23dff7a1af150
[INFO] [stdout]                                at /rustc/1b7dd2252b99671ce5d1cb9664c5f8636329436d/library/std/src/../../backtrace/src/backtrace/mod.rs:66:5
[INFO] [stdout]    2:     0x555cbd0e3fda - std::sys_common::backtrace::_print_fmt::h17541ef7592f3ce2
[INFO] [stdout]                                at /rustc/1b7dd2252b99671ce5d1cb9664c5f8636329436d/library/std/src/sys_common/backtrace.rs:65:5
[INFO] [stdout]    3:     0x555cbd0e3fda - <std::sys_common::backtrace::_print::DisplayBacktrace as core::fmt::Display>::fmt::h20f75df5ab0c0792
[INFO] [stdout]                                at /rustc/1b7dd2252b99671ce5d1cb9664c5f8636329436d/library/std/src/sys_common/backtrace.rs:44:22
[INFO] [stdout]    4:     0x555cbd109cef - core::fmt::write::h78109e6f466b3af6
[INFO] [stdout]                                at /rustc/1b7dd2252b99671ce5d1cb9664c5f8636329436d/library/core/src/fmt/mod.rs:1254:17
[INFO] [stdout]    5:     0x555cbd0e1145 - std::io::Write::write_fmt::hd24bfb68a1b35a25
[INFO] [stdout]                                at /rustc/1b7dd2252b99671ce5d1cb9664c5f8636329436d/library/std/src/io/mod.rs:1698:15
[INFO] [stdout]    6:     0x555cbd0e3da5 - std::sys_common::backtrace::_print::h8dac57a9f8fbf9a5
[INFO] [stdout]                                at /rustc/1b7dd2252b99671ce5d1cb9664c5f8636329436d/library/std/src/sys_common/backtrace.rs:47:5
[INFO] [stdout]    7:     0x555cbd0e3da5 - std::sys_common::backtrace::print::hf9ecbf41d1aa712f
[INFO] [stdout]                                at /rustc/1b7dd2252b99671ce5d1cb9664c5f8636329436d/library/std/src/sys_common/backtrace.rs:34:9
[INFO] [stdout]    8:     0x555cbd0e5a5e - std::panicking::default_hook::{{closure}}::h04c07acfc84ca028
[INFO] [stdout]                                at /rustc/1b7dd2252b99671ce5d1cb9664c5f8636329436d/library/std/src/panicking.rs:269:22
[INFO] [stdout]    9:     0x555cbd0e5791 - std::panicking::default_hook::h01f6bb23e1eceb2c
[INFO] [stdout]                                at /rustc/1b7dd2252b99671ce5d1cb9664c5f8636329436d/library/std/src/panicking.rs:285:9
[INFO] [stdout]   10:     0x555cbcf2e68b - <alloc::boxed::Box<F,A> as core::ops::function::Fn<Args>>::call::h87fe9f7b2fd49e4c
[INFO] [stdout]                                at /rustc/1b7dd2252b99671ce5d1cb9664c5f8636329436d/library/alloc/src/boxed.rs:1987:9
[INFO] [stdout]   11:     0x555cbcf2e68b - test::test_main::{{closure}}::he94d679243a7531b
[INFO] [stdout]                                at /rustc/1b7dd2252b99671ce5d1cb9664c5f8636329436d/library/test/src/lib.rs:134:21
[INFO] [stdout]   12:     0x555cbd0e6144 - <alloc::boxed::Box<F,A> as core::ops::function::Fn<Args>>::call::h3f2d6d8b14c4769f
[INFO] [stdout]                                at /rustc/1b7dd2252b99671ce5d1cb9664c5f8636329436d/library/alloc/src/boxed.rs:1987:9
[INFO] [stdout]   13:     0x555cbd0e6144 - std::panicking::rust_panic_with_hook::h2bb3722bbaf2f6df
[INFO] [stdout]                                at /rustc/1b7dd2252b99671ce5d1cb9664c5f8636329436d/library/std/src/panicking.rs:695:13
[INFO] [stdout]   14:     0x555cbd0e5eb9 - std::panicking::begin_panic_handler::{{closure}}::h91bc7f36a4be011b
[INFO] [stdout]                                at /rustc/1b7dd2252b99671ce5d1cb9664c5f8636329436d/library/std/src/panicking.rs:582:13
[INFO] [stdout]   15:     0x555cbd0e4446 - std::sys_common::backtrace::__rust_end_short_backtrace::h8b3d3717114f9e59
[INFO] [stdout]                                at /rustc/1b7dd2252b99671ce5d1cb9664c5f8636329436d/library/std/src/sys_common/backtrace.rs:150:18
[INFO] [stdout]   16:     0x555cbd0e5c12 - rust_begin_unwind
[INFO] [stdout]                                at /rustc/1b7dd2252b99671ce5d1cb9664c5f8636329436d/library/std/src/panicking.rs:578:5
[INFO] [stdout]   17:     0x555cbcc17493 - core::panicking::panic_fmt::hfd368e3fbdabea26
[INFO] [stdout]                                at /rustc/1b7dd2252b99671ce5d1cb9664c5f8636329436d/library/core/src/panicking.rs:67:14
[INFO] [stdout]   18:     0x555cbcc17a33 - core::result::unwrap_failed::he54eb4b2f125b26f
[INFO] [stdout]                                at /rustc/1b7dd2252b99671ce5d1cb9664c5f8636329436d/library/core/src/result.rs:1687:5
[INFO] [stdout]   19:     0x555cbcc68b36 - core::result::Result<T,E>::unwrap::he9d74d881d3b2e12
[INFO] [stdout]                                at /rustc/1b7dd2252b99671ce5d1cb9664c5f8636329436d/library/core/src/result.rs:1089:23
[INFO] [stdout]   20:     0x555cbccd9b30 - solana_sdk::signer::keypair::tests::test_write_keypair_file_truncate::h5aed929430a0a937
[INFO] [stdout]                                at /opt/rustwide/workdir/src/signer/keypair.rs:282:9
[INFO] [stdout]   21:     0x555cbccd9a77 - solana_sdk::signer::keypair::tests::test_write_keypair_file_truncate::{{closure}}::h7eb47cafe9fce6aa
[INFO] [stdout]                                at /opt/rustwide/workdir/src/signer/keypair.rs:279:43
[INFO] [stdout]   22:     0x555cbcc2f195 - core::ops::function::FnOnce::call_once::h4110229f225c85d6
[INFO] [stdout]                                at /rustc/1b7dd2252b99671ce5d1cb9664c5f8636329436d/library/core/src/ops/function.rs:250:5
[INFO] [stdout]   23:     0x555cbcf3355f - core::ops::function::FnOnce::call_once::ha6a70e79f7481a7e
[INFO] [stdout]                                at /rustc/1b7dd2252b99671ce5d1cb9664c5f8636329436d/library/core/src/ops/function.rs:250:5
[INFO] [stdout]   24:     0x555cbcf3355f - test::__rust_begin_short_backtrace::hce33033019b61e69
[INFO] [stdout]                                at /rustc/1b7dd2252b99671ce5d1cb9664c5f8636329436d/library/test/src/lib.rs:655:18
[INFO] [stdout]   25:     0x555cbcf00d4c - test::run_test::{{closure}}::h858d3528838ae3e5
[INFO] [stdout]                                at /rustc/1b7dd2252b99671ce5d1cb9664c5f8636329436d/library/test/src/lib.rs:646:30
[INFO] [stdout]   26:     0x555cbcf00d4c - core::ops::function::FnOnce::call_once{{vtable.shim}}::he8ac2b00f01ae79e
[INFO] [stdout]                                at /rustc/1b7dd2252b99671ce5d1cb9664c5f8636329436d/library/core/src/ops/function.rs:250:5
[INFO] [stdout]   27:     0x555cbcf32636 - <alloc::boxed::Box<F,A> as core::ops::function::FnOnce<Args>>::call_once::h8093d25b522725ef
[INFO] [stdout]                                at /rustc/1b7dd2252b99671ce5d1cb9664c5f8636329436d/library/alloc/src/boxed.rs:1973:9
[INFO] [stdout]   28:     0x555cbcf32636 - <core::panic::unwind_safe::AssertUnwindSafe<F> as core::ops::function::FnOnce<()>>::call_once::h5c334c204e4a3913
[INFO] [stdout]                                at /rustc/1b7dd2252b99671ce5d1cb9664c5f8636329436d/library/core/src/panic/unwind_safe.rs:271:9
[INFO] [stdout]   29:     0x555cbcf32636 - std::panicking::try::do_call::ha8b740c7b9478074
[INFO] [stdout]                                at /rustc/1b7dd2252b99671ce5d1cb9664c5f8636329436d/library/std/src/panicking.rs:485:40
[INFO] [stdout]   30:     0x555cbcf32636 - std::panicking::try::h5d34f63d0e41b64e
[INFO] [stdout]                                at /rustc/1b7dd2252b99671ce5d1cb9664c5f8636329436d/library/std/src/panicking.rs:449:19
[INFO] [stdout]   31:     0x555cbcf32636 - std::panic::catch_unwind::hcfbb511e1aa7fc67
[INFO] [stdout]                                at /rustc/1b7dd2252b99671ce5d1cb9664c5f8636329436d/library/std/src/panic.rs:140:14
[INFO] [stdout]   32:     0x555cbcf32636 - test::run_test_in_process::h9abda90f802eaf21
[INFO] [stdout]                                at /rustc/1b7dd2252b99671ce5d1cb9664c5f8636329436d/library/test/src/lib.rs:678:27
[INFO] [stdout]   33:     0x555cbcf32636 - test::run_test::run_test_inner::{{closure}}::h0f058de91f6c6edf
[INFO] [stdout]                                at /rustc/1b7dd2252b99671ce5d1cb9664c5f8636329436d/library/test/src/lib.rs:572:39
[INFO] [stdout]   34:     0x555cbcefb555 - test::run_test::run_test_inner::{{closure}}::h5ca48a4c59c6c1fb
[INFO] [stdout]                                at /rustc/1b7dd2252b99671ce5d1cb9664c5f8636329436d/library/test/src/lib.rs:599:37
[INFO] [stdout]   35:     0x555cbcefb555 - std::sys_common::backtrace::__rust_begin_short_backtrace::h32bd51e1495d4a33
[INFO] [stdout]                                at /rustc/1b7dd2252b99671ce5d1cb9664c5f8636329436d/library/std/src/sys_common/backtrace.rs:134:18
[INFO] [stdout]   36:     0x555cbcf00a91 - std::thread::Builder::spawn_unchecked_::{{closure}}::{{closure}}::hc086fae9b128b2db
[INFO] [stdout]                                at /rustc/1b7dd2252b99671ce5d1cb9664c5f8636329436d/library/std/src/thread/mod.rs:526:17
[INFO] [stdout]   37:     0x555cbcf00a91 - <core::panic::unwind_safe::AssertUnwindSafe<F> as core::ops::function::FnOnce<()>>::call_once::hb66571888d270d43
[INFO] [stdout]                                at /rustc/1b7dd2252b99671ce5d1cb9664c5f8636329436d/library/core/src/panic/unwind_safe.rs:271:9
[INFO] [stdout]   38:     0x555cbcf00a91 - std::panicking::try::do_call::h4fa2ef4f6e51fecf
[INFO] [stdout]                                at /rustc/1b7dd2252b99671ce5d1cb9664c5f8636329436d/library/std/src/panicking.rs:485:40
[INFO] [stdout]   39:     0x555cbcf00a91 - std::panicking::try::h1e9e22b8584489b5
[INFO] [stdout]                                at /rustc/1b7dd2252b99671ce5d1cb9664c5f8636329436d/library/std/src/panicking.rs:449:19
[INFO] [stdout]   40:     0x555cbcf00a91 - std::panic::catch_unwind::h44698a3de0e0769e
[INFO] [stdout]                                at /rustc/1b7dd2252b99671ce5d1cb9664c5f8636329436d/library/std/src/panic.rs:140:14
[INFO] [stdout]   41:     0x555cbcf00a91 - std::thread::Builder::spawn_unchecked_::{{closure}}::h50153abde3fe239e
[INFO] [stdout]                                at /rustc/1b7dd2252b99671ce5d1cb9664c5f8636329436d/library/std/src/thread/mod.rs:525:30
[INFO] [stdout]   42:     0x555cbcf00a91 - core::ops::function::FnOnce::call_once{{vtable.shim}}::hbe5bbf6f38394364
[INFO] [stdout]                                at /rustc/1b7dd2252b99671ce5d1cb9664c5f8636329436d/library/core/src/ops/function.rs:250:5
[INFO] [stdout]   43:     0x555cbd0eaf75 - <alloc::boxed::Box<F,A> as core::ops::function::FnOnce<Args>>::call_once::h0d83cb2920a49046
[INFO] [stdout]                                at /rustc/1b7dd2252b99671ce5d1cb9664c5f8636329436d/library/alloc/src/boxed.rs:1973:9
[INFO] [stdout]   44:     0x555cbd0eaf75 - <alloc::boxed::Box<F,A> as core::ops::function::FnOnce<Args>>::call_once::hbe0a008aa7d9ef59
[INFO] [stdout]                                at /rustc/1b7dd2252b99671ce5d1cb9664c5f8636329436d/library/alloc/src/boxed.rs:1973:9
[INFO] [stdout]   45:     0x555cbd0eaf75 - std::sys::unix::thread::Thread::new::thread_start::h3a466996bdf6b1f9
[INFO] [stdout]                                at /rustc/1b7dd2252b99671ce5d1cb9664c5f8636329436d/library/std/src/sys/unix/thread.rs:108:17
[INFO] [stdout]   46:     0x7f3ed1c46b43 - <unknown>
[INFO] [stdout]   47:     0x7f3ed1cd7bb4 - __clone
[INFO] [stdout]   48:                0x0 - <unknown>
[INFO] [stdout] 
[INFO] [stdout] ---- signer::keypair::tests::test_write_keypair_file_overwrite_ok stdout ----
[INFO] [stdout] thread 'signer::keypair::tests::test_write_keypair_file_overwrite_ok' panicked at 'called `Result::unwrap()` on an `Err` value: Os { code: 30, kind: ReadOnlyFilesystem, message: "Read-only file system" }', src/signer/keypair.rs:274:55
[INFO] [stdout] stack backtrace:
[INFO] [stdout]    0:     0x555cbd0e3fda - std::backtrace_rs::backtrace::libunwind::trace::h2f05d0192276a8f6
[INFO] [stdout]                                at /rustc/1b7dd2252b99671ce5d1cb9664c5f8636329436d/library/std/src/../../backtrace/src/backtrace/libunwind.rs:93:5
[INFO] [stdout]    1:     0x555cbd0e3fda - std::backtrace_rs::backtrace::trace_unsynchronized::hedc23dff7a1af150
[INFO] [stdout]                                at /rustc/1b7dd2252b99671ce5d1cb9664c5f8636329436d/library/std/src/../../backtrace/src/backtrace/mod.rs:66:5
[INFO] [stdout]    2:     0x555cbd0e3fda - std::sys_common::backtrace::_print_fmt::h17541ef7592f3ce2
[INFO] [stdout]                                at /rustc/1b7dd2252b99671ce5d1cb9664c5f8636329436d/library/std/src/sys_common/backtrace.rs:65:5
[INFO] [stdout]    3:     0x555cbd0e3fda - <std::sys_common::backtrace::_print::DisplayBacktrace as core::fmt::Display>::fmt::h20f75df5ab0c0792
[INFO] [stdout]                                at /rustc/1b7dd2252b99671ce5d1cb9664c5f8636329436d/library/std/src/sys_common/backtrace.rs:44:22
[INFO] [stdout]    4:     0x555cbd109cef - core::fmt::write::h78109e6f466b3af6
[INFO] [stdout]                                at /rustc/1b7dd2252b99671ce5d1cb9664c5f8636329436d/library/core/src/fmt/mod.rs:1254:17
[INFO] [stdout]    5:     0x555cbd0e1145 - std::io::Write::write_fmt::hd24bfb68a1b35a25
[INFO] [stdout]                                at /rustc/1b7dd2252b99671ce5d1cb9664c5f8636329436d/library/std/src/io/mod.rs:1698:15
[INFO] [stdout]    6:     0x555cbd0e3da5 - std::sys_common::backtrace::_print::h8dac57a9f8fbf9a5
[INFO] [stdout]                                at /rustc/1b7dd2252b99671ce5d1cb9664c5f8636329436d/library/std/src/sys_common/backtrace.rs:47:5
[INFO] [stdout]    7:     0x555cbd0e3da5 - std::sys_common::backtrace::print::hf9ecbf41d1aa712f
[INFO] [stdout]                                at /rustc/1b7dd2252b99671ce5d1cb9664c5f8636329436d/library/std/src/sys_common/backtrace.rs:34:9
[INFO] [stdout]    8:     0x555cbd0e5a5e - std::panicking::default_hook::{{closure}}::h04c07acfc84ca028
[INFO] [stdout]                                at /rustc/1b7dd2252b99671ce5d1cb9664c5f8636329436d/library/std/src/panicking.rs:269:22
[INFO] [stdout]    9:     0x555cbd0e5791 - std::panicking::default_hook::h01f6bb23e1eceb2c
[INFO] [stdout]                                at /rustc/1b7dd2252b99671ce5d1cb9664c5f8636329436d/library/std/src/panicking.rs:285:9
[INFO] [stdout]   10:     0x555cbcf2e68b - <alloc::boxed::Box<F,A> as core::ops::function::Fn<Args>>::call::h87fe9f7b2fd49e4c
[INFO] [stdout]                                at /rustc/1b7dd2252b99671ce5d1cb9664c5f8636329436d/library/alloc/src/boxed.rs:1987:9
[INFO] [stdout]   11:     0x555cbcf2e68b - test::test_main::{{closure}}::he94d679243a7531b
[INFO] [stdout]                                at /rustc/1b7dd2252b99671ce5d1cb9664c5f8636329436d/library/test/src/lib.rs:134:21
[INFO] [stdout]   12:     0x555cbd0e6144 - <alloc::boxed::Box<F,A> as core::ops::function::Fn<Args>>::call::h3f2d6d8b14c4769f
[INFO] [stdout]                                at /rustc/1b7dd2252b99671ce5d1cb9664c5f8636329436d/library/alloc/src/boxed.rs:1987:9
[INFO] [stdout]   13:     0x555cbd0e6144 - std::panicking::rust_panic_with_hook::h2bb3722bbaf2f6df
[INFO] [stdout]                                at /rustc/1b7dd2252b99671ce5d1cb9664c5f8636329436d/library/std/src/panicking.rs:695:13
[INFO] [stdout]   14:     0x555cbd0e5eb9 - std::panicking::begin_panic_handler::{{closure}}::h91bc7f36a4be011b
[INFO] [stdout]                                at /rustc/1b7dd2252b99671ce5d1cb9664c5f8636329436d/library/std/src/panicking.rs:582:13
[INFO] [stdout]   15:     0x555cbd0e4446 - std::sys_common::backtrace::__rust_end_short_backtrace::h8b3d3717114f9e59
[INFO] [stdout]                                at /rustc/1b7dd2252b99671ce5d1cb9664c5f8636329436d/library/std/src/sys_common/backtrace.rs:150:18
[INFO] [stdout]   16:     0x555cbd0e5c12 - rust_begin_unwind
[INFO] [stdout]                                at /rustc/1b7dd2252b99671ce5d1cb9664c5f8636329436d/library/std/src/panicking.rs:578:5
[INFO] [stdout]   17:     0x555cbcc17493 - core::panicking::panic_fmt::hfd368e3fbdabea26
[INFO] [stdout]                                at /rustc/1b7dd2252b99671ce5d1cb9664c5f8636329436d/library/core/src/panicking.rs:67:14
[INFO] [stdout]   18:     0x555cbcc17a33 - core::result::unwrap_failed::he54eb4b2f125b26f
[INFO] [stdout]                                at /rustc/1b7dd2252b99671ce5d1cb9664c5f8636329436d/library/core/src/result.rs:1687:5
[INFO] [stdout]   19:     0x555cbcc68b36 - core::result::Result<T,E>::unwrap::he9d74d881d3b2e12
[INFO] [stdout]                                at /rustc/1b7dd2252b99671ce5d1cb9664c5f8636329436d/library/core/src/result.rs:1089:23
[INFO] [stdout]   20:     0x555cbccd997a - solana_sdk::signer::keypair::tests::test_write_keypair_file_overwrite_ok::hb549d2b6a6b35edc
[INFO] [stdout]                                at /opt/rustwide/workdir/src/signer/keypair.rs:274:9
[INFO] [stdout]   21:     0x555cbccd98c7 - solana_sdk::signer::keypair::tests::test_write_keypair_file_overwrite_ok::{{closure}}::hffa2560729459bba
[INFO] [stdout]                                at /opt/rustwide/workdir/src/signer/keypair.rs:271:47
[INFO] [stdout]   22:     0x555cbcc30075 - core::ops::function::FnOnce::call_once::h7ba503f0a94f3ccb
[INFO] [stdout]                                at /rustc/1b7dd2252b99671ce5d1cb9664c5f8636329436d/library/core/src/ops/function.rs:250:5
[INFO] [stdout]   23:     0x555cbcf3355f - core::ops::function::FnOnce::call_once::ha6a70e79f7481a7e
[INFO] [stdout]                                at /rustc/1b7dd2252b99671ce5d1cb9664c5f8636329436d/library/core/src/ops/function.rs:250:5
[INFO] [stdout]   24:     0x555cbcf3355f - test::__rust_begin_short_backtrace::hce33033019b61e69
[INFO] [stdout]                                at /rustc/1b7dd2252b99671ce5d1cb9664c5f8636329436d/library/test/src/lib.rs:655:18
[INFO] [stdout]   25:     0x555cbcf00d4c - test::run_test::{{closure}}::h858d3528838ae3e5
[INFO] [stdout]                                at /rustc/1b7dd2252b99671ce5d1cb9664c5f8636329436d/library/test/src/lib.rs:646:30
[INFO] [stdout]   26:     0x555cbcf00d4c - core::ops::function::FnOnce::call_once{{vtable.shim}}::he8ac2b00f01ae79e
[INFO] [stdout]                                at /rustc/1b7dd2252b99671ce5d1cb9664c5f8636329436d/library/core/src/ops/function.rs:250:5
[INFO] [stdout]   27:     0x555cbcf32636 - <alloc::boxed::Box<F,A> as core::ops::function::FnOnce<Args>>::call_once::h8093d25b522725ef
[INFO] [stdout]                                at /rustc/1b7dd2252b99671ce5d1cb9664c5f8636329436d/library/alloc/src/boxed.rs:1973:9
[INFO] [stdout]   28:     0x555cbcf32636 - <core::panic::unwind_safe::AssertUnwindSafe<F> as core::ops::function::FnOnce<()>>::call_once::h5c334c204e4a3913
[INFO] [stdout]                                at /rustc/1b7dd2252b99671ce5d1cb9664c5f8636329436d/library/core/src/panic/unwind_safe.rs:271:9
[INFO] [stdout]   29:     0x555cbcf32636 - std::panicking::try::do_call::ha8b740c7b9478074
[INFO] [stdout]                                at /rustc/1b7dd2252b99671ce5d1cb9664c5f8636329436d/library/std/src/panicking.rs:485:40
[INFO] [stdout]   30:     0x555cbcf32636 - std::panicking::try::h5d34f63d0e41b64e
[INFO] [stdout]                                at /rustc/1b7dd2252b99671ce5d1cb9664c5f8636329436d/library/std/src/panicking.rs:449:19
[INFO] [stdout]   31:     0x555cbcf32636 - std::panic::catch_unwind::hcfbb511e1aa7fc67
[INFO] [stdout]                                at /rustc/1b7dd2252b99671ce5d1cb9664c5f8636329436d/library/std/src/panic.rs:140:14
[INFO] [stdout]   32:     0x555cbcf32636 - test::run_test_in_process::h9abda90f802eaf21
[INFO] [stdout]                                at /rustc/1b7dd2252b99671ce5d1cb9664c5f8636329436d/library/test/src/lib.rs:678:27
[INFO] [stdout]   33:     0x555cbcf32636 - test::run_test::run_test_inner::{{closure}}::h0f058de91f6c6edf
[INFO] [stdout]                                at /rustc/1b7dd2252b99671ce5d1cb9664c5f8636329436d/library/test/src/lib.rs:572:39
[INFO] [stdout]   34:     0x555cbcefb555 - test::run_test::run_test_inner::{{closure}}::h5ca48a4c59c6c1fb
[INFO] [stdout]                                at /rustc/1b7dd2252b99671ce5d1cb9664c5f8636329436d/library/test/src/lib.rs:599:37
[INFO] [stdout]   35:     0x555cbcefb555 - std::sys_common::backtrace::__rust_begin_short_backtrace::h32bd51e1495d4a33
[INFO] [stdout]                                at /rustc/1b7dd2252b99671ce5d1cb9664c5f8636329436d/library/std/src/sys_common/backtrace.rs:134:18
[INFO] [stdout]   36:     0x555cbcf00a91 - std::thread::Builder::spawn_unchecked_::{{closure}}::{{closure}}::hc086fae9b128b2db
[INFO] [stdout]                                at /rustc/1b7dd2252b99671ce5d1cb9664c5f8636329436d/library/std/src/thread/mod.rs:526:17
[INFO] [stdout]   37:     0x555cbcf00a91 - <core::panic::unwind_safe::AssertUnwindSafe<F> as core::ops::function::FnOnce<()>>::call_once::hb66571888d270d43
[INFO] [stdout]                                at /rustc/1b7dd2252b99671ce5d1cb9664c5f8636329436d/library/core/src/panic/unwind_safe.rs:271:9
[INFO] [stdout]   38:     0x555cbcf00a91 - std::panicking::try::do_call::h4fa2ef4f6e51fecf
[INFO] [stdout]                                at /rustc/1b7dd2252b99671ce5d1cb9664c5f8636329436d/library/std/src/panicking.rs:485:40
[INFO] [stdout]   39:     0x555cbcf00a91 - std::panicking::try::h1e9e22b8584489b5
[INFO] [stdout]                                at /rustc/1b7dd2252b99671ce5d1cb9664c5f8636329436d/library/std/src/panicking.rs:449:19
[INFO] [stdout]   40:     0x555cbcf00a91 - std::panic::catch_unwind::h44698a3de0e0769e
[INFO] [stdout]                                at /rustc/1b7dd2252b99671ce5d1cb9664c5f8636329436d/library/std/src/panic.rs:140:14
[INFO] [stdout]   41:     0x555cbcf00a91 - std::thread::Builder::spawn_unchecked_::{{closure}}::h50153abde3fe239e
[INFO] [stdout]                                at /rustc/1b7dd2252b99671ce5d1cb9664c5f8636329436d/library/std/src/thread/mod.rs:525:30
[INFO] [stdout]   42:     0x555cbcf00a91 - core::ops::function::FnOnce::call_once{{vtable.shim}}::hbe5bbf6f38394364
[INFO] [stdout]                                at /rustc/1b7dd2252b99671ce5d1cb9664c5f8636329436d/library/core/src/ops/function.rs:250:5
[INFO] [stdout]   43:     0x555cbd0eaf75 - <alloc::boxed::Box<F,A> as core::ops::function::FnOnce<Args>>::call_once::h0d83cb2920a49046
[INFO] [stdout]                                at /rustc/1b7dd2252b99671ce5d1cb9664c5f8636329436d/library/alloc/src/boxed.rs:1973:9
[INFO] [stdout]   44:     0x555cbd0eaf75 - <alloc::boxed::Box<F,A> as core::ops::function::FnOnce<Args>>::call_once::hbe0a008aa7d9ef59
[INFO] [stdout]                                at /rustc/1b7dd2252b99671ce5d1cb9664c5f8636329436d/library/alloc/src/boxed.rs:1973:9
[INFO] [stdout]   45:     0x555cbd0eaf75 - std::sys::unix::thread::Thread::new::thread_start::h3a466996bdf6b1f9
[INFO] [stdout]                                at /rustc/1b7dd2252b99671ce5d1cb9664c5f8636329436d/library/std/src/sys/unix/thread.rs:108:17
[INFO] [stdout]   46:     0x7f3ed1c46b43 - <unknown>
[INFO] [stdout]   47:     0x7f3ed1cd7bb4 - __clone
[INFO] [stdout]   48:                0x0 - <unknown>
[INFO] [stdout] 
[INFO] [stdout] ---- signer::keypair::tests::test_write_keypair_file stdout ----
[INFO] [stdout] thread 'signer::keypair::tests::test_write_keypair_file' panicked at 'called `Result::unwrap()` on an `Err` value: Os { code: 30, kind: ReadOnlyFilesystem, message: "Read-only file system" }', src/signer/keypair.rs:239:80
[INFO] [stdout] stack backtrace:
[INFO] [stdout]    0:     0x555cbd0e3fda - std::backtrace_rs::backtrace::libunwind::trace::h2f05d0192276a8f6
[INFO] [stdout]                                at /rustc/1b7dd2252b99671ce5d1cb9664c5f8636329436d/library/std/src/../../backtrace/src/backtrace/libunwind.rs:93:5
[INFO] [stdout]    1:     0x555cbd0e3fda - std::backtrace_rs::backtrace::trace_unsynchronized::hedc23dff7a1af150
[INFO] [stdout]                                at /rustc/1b7dd2252b99671ce5d1cb9664c5f8636329436d/library/std/src/../../backtrace/src/backtrace/mod.rs:66:5
[INFO] [stdout]    2:     0x555cbd0e3fda - std::sys_common::backtrace::_print_fmt::h17541ef7592f3ce2
[INFO] [stdout]                                at /rustc/1b7dd2252b99671ce5d1cb9664c5f8636329436d/library/std/src/sys_common/backtrace.rs:65:5
[INFO] [stdout]    3:     0x555cbd0e3fda - <std::sys_common::backtrace::_print::DisplayBacktrace as core::fmt::Display>::fmt::h20f75df5ab0c0792
[INFO] [stdout]                                at /rustc/1b7dd2252b99671ce5d1cb9664c5f8636329436d/library/std/src/sys_common/backtrace.rs:44:22
[INFO] [stdout]    4:     0x555cbd109cef - core::fmt::write::h78109e6f466b3af6
[INFO] [stdout]                                at /rustc/1b7dd2252b99671ce5d1cb9664c5f8636329436d/library/core/src/fmt/mod.rs:1254:17
[INFO] [stdout]    5:     0x555cbd0e1145 - std::io::Write::write_fmt::hd24bfb68a1b35a25
[INFO] [stdout]                                at /rustc/1b7dd2252b99671ce5d1cb9664c5f8636329436d/library/std/src/io/mod.rs:1698:15
[INFO] [stdout]    6:     0x555cbd0e3da5 - std::sys_common::backtrace::_print::h8dac57a9f8fbf9a5
[INFO] [stdout]                                at /rustc/1b7dd2252b99671ce5d1cb9664c5f8636329436d/library/std/src/sys_common/backtrace.rs:47:5
[INFO] [stdout]    7:     0x555cbd0e3da5 - std::sys_common::backtrace::print::hf9ecbf41d1aa712f
[INFO] [stdout]                                at /rustc/1b7dd2252b99671ce5d1cb9664c5f8636329436d/library/std/src/sys_common/backtrace.rs:34:9
[INFO] [stdout]    8:     0x555cbd0e5a5e - std::panicking::default_hook::{{closure}}::h04c07acfc84ca028
[INFO] [stdout]                                at /rustc/1b7dd2252b99671ce5d1cb9664c5f8636329436d/library/std/src/panicking.rs:269:22
[INFO] [stdout]    9:     0x555cbd0e5791 - std::panicking::default_hook::h01f6bb23e1eceb2c
[INFO] [stdout]                                at /rustc/1b7dd2252b99671ce5d1cb9664c5f8636329436d/library/std/src/panicking.rs:285:9
[INFO] [stdout]   10:     0x555cbcf2e68b - <alloc::boxed::Box<F,A> as core::ops::function::Fn<Args>>::call::h87fe9f7b2fd49e4c
[INFO] [stdout]                                at /rustc/1b7dd2252b99671ce5d1cb9664c5f8636329436d/library/alloc/src/boxed.rs:1987:9
[INFO] [stdout]   11:     0x555cbcf2e68b - test::test_main::{{closure}}::he94d679243a7531b
[INFO] [stdout]                                at /rustc/1b7dd2252b99671ce5d1cb9664c5f8636329436d/library/test/src/lib.rs:134:21
[INFO] [stdout]   12:     0x555cbd0e6144 - <alloc::boxed::Box<F,A> as core::ops::function::Fn<Args>>::call::h3f2d6d8b14c4769f
[INFO] [stdout]                                at /rustc/1b7dd2252b99671ce5d1cb9664c5f8636329436d/library/alloc/src/boxed.rs:1987:9
[INFO] [stdout]   13:     0x555cbd0e6144 - std::panicking::rust_panic_with_hook::h2bb3722bbaf2f6df
[INFO] [stdout]                                at /rustc/1b7dd2252b99671ce5d1cb9664c5f8636329436d/library/std/src/panicking.rs:695:13
[INFO] [stdout]   14:     0x555cbd0e5eb9 - std::panicking::begin_panic_handler::{{closure}}::h91bc7f36a4be011b
[INFO] [stdout]                                at /rustc/1b7dd2252b99671ce5d1cb9664c5f8636329436d/library/std/src/panicking.rs:582:13
[INFO] [stdout]   15:     0x555cbd0e4446 - std::sys_common::backtrace::__rust_end_short_backtrace::h8b3d3717114f9e59
[INFO] [stdout]                                at /rustc/1b7dd2252b99671ce5d1cb9664c5f8636329436d/library/std/src/sys_common/backtrace.rs:150:18
[INFO] [stdout]   16:     0x555cbd0e5c12 - rust_begin_unwind
[INFO] [stdout]                                at /rustc/1b7dd2252b99671ce5d1cb9664c5f8636329436d/library/std/src/panicking.rs:578:5
[INFO] [stdout]   17:     0x555cbcc17493 - core::panicking::panic_fmt::hfd368e3fbdabea26
[INFO] [stdout]                                at /rustc/1b7dd2252b99671ce5d1cb9664c5f8636329436d/library/core/src/panicking.rs:67:14
[INFO] [stdout]   18:     0x555cbcc17a33 - core::result::unwrap_failed::he54eb4b2f125b26f
[INFO] [stdout]                                at /rustc/1b7dd2252b99671ce5d1cb9664c5f8636329436d/library/core/src/result.rs:1687:5
[INFO] [stdout]   19:     0x555cbcc68b36 - core::result::Result<T,E>::unwrap::he9d74d881d3b2e12
[INFO] [stdout]                                at /rustc/1b7dd2252b99671ce5d1cb9664c5f8636329436d/library/core/src/result.rs:1089:23
[INFO] [stdout]   20:     0x555cbccd923b - solana_sdk::signer::keypair::tests::test_write_keypair_file::h7b4feba09d86983f
[INFO] [stdout]                                at /opt/rustwide/workdir/src/signer/keypair.rs:239:34
[INFO] [stdout]   21:     0x555cbccd9167 - solana_sdk::signer::keypair::tests::test_write_keypair_file::{{closure}}::h161fb25e58d95d11
[INFO] [stdout]                                at /opt/rustwide/workdir/src/signer/keypair.rs:237:34
[INFO] [stdout]   22:     0x555cbcc2fd95 - core::ops::function::FnOnce::call_once::h70e9f0ed8c9fafa2
[INFO] [stdout]                                at /rustc/1b7dd2252b99671ce5d1cb9664c5f8636329436d/library/core/src/ops/function.rs:250:5
[INFO] [stdout]   23:     0x555cbcf3355f - core::ops::function::FnOnce::call_once::ha6a70e79f7481a7e
[INFO] [stdout]                                at /rustc/1b7dd2252b99671ce5d1cb9664c5f8636329436d/library/core/src/ops/function.rs:250:5
[INFO] [stdout]   24:     0x555cbcf3355f - test::__rust_begin_short_backtrace::hce33033019b61e69
[INFO] [stdout]                                at /rustc/1b7dd2252b99671ce5d1cb9664c5f8636329436d/library/test/src/lib.rs:655:18
[INFO] [stdout]   25:     0x555cbcf00d4c - test::run_test::{{closure}}::h858d3528838ae3e5
[INFO] [stdout]                                at /rustc/1b7dd2252b99671ce5d1cb9664c5f8636329436d/library/test/src/lib.rs:646:30
[INFO] [stdout]   26:     0x555cbcf00d4c - core::ops::function::FnOnce::call_once{{vtable.shim}}::he8ac2b00f01ae79e
[INFO] [stdout]                                at /rustc/1b7dd2252b99671ce5d1cb9664c5f8636329436d/library/core/src/ops/function.rs:250:5
[INFO] [stdout]   27:     0x555cbcf32636 - <alloc::boxed::Box<F,A> as core::ops::function::FnOnce<Args>>::call_once::h8093d25b522725ef
[INFO] [stdout]                                at /rustc/1b7dd2252b99671ce5d1cb9664c5f8636329436d/library/alloc/src/boxed.rs:1973:9
[INFO] [stdout]   28:     0x555cbcf32636 - <core::panic::unwind_safe::AssertUnwindSafe<F> as core::ops::function::FnOnce<()>>::call_once::h5c334c204e4a3913
[INFO] [stdout]                                at /rustc/1b7dd2252b99671ce5d1cb9664c5f8636329436d/library/core/src/panic/unwind_safe.rs:271:9
[INFO] [stdout]   29:     0x555cbcf32636 - std::panicking::try::do_call::ha8b740c7b9478074
[INFO] [stdout]                                at /rustc/1b7dd2252b99671ce5d1cb9664c5f8636329436d/library/std/src/panicking.rs:485:40
[INFO] [stdout]   30:     0x555cbcf32636 - std::panicking::try::h5d34f63d0e41b64e
[INFO] [stdout]                                at /rustc/1b7dd2252b99671ce5d1cb9664c5f8636329436d/library/std/src/panicking.rs:449:19
[INFO] [stdout]   31:     0x555cbcf32636 - std::panic::catch_unwind::hcfbb511e1aa7fc67
[INFO] [stdout]                                at /rustc/1b7dd2252b99671ce5d1cb9664c5f8636329436d/library/std/src/panic.rs:140:14
[INFO] [stdout]   32:     0x555cbcf32636 - test::run_test_in_process::h9abda90f802eaf21
[INFO] [stdout]                                at /rustc/1b7dd2252b99671ce5d1cb9664c5f8636329436d/library/test/src/lib.rs:678:27
[INFO] [stdout]   33:     0x555cbcf32636 - test::run_test::run_test_inner::{{closure}}::h0f058de91f6c6edf
[INFO] [stdout]                                at /rustc/1b7dd2252b99671ce5d1cb9664c5f8636329436d/library/test/src/lib.rs:572:39
[INFO] [stdout]   34:     0x555cbcefb555 - test::run_test::run_test_inner::{{closure}}::h5ca48a4c59c6c1fb
[INFO] [stdout]                                at /rustc/1b7dd2252b99671ce5d1cb9664c5f8636329436d/library/test/src/lib.rs:599:37
[INFO] [stdout]   35:     0x555cbcefb555 - std::sys_common::backtrace::__rust_begin_short_backtrace::h32bd51e1495d4a33
[INFO] [stdout]                                at /rustc/1b7dd2252b99671ce5d1cb9664c5f8636329436d/library/std/src/sys_common/backtrace.rs:134:18
[INFO] [stdout]   36:     0x555cbcf00a91 - std::thread::Builder::spawn_unchecked_::{{closure}}::{{closure}}::hc086fae9b128b2db
[INFO] [stdout]                                at /rustc/1b7dd2252b99671ce5d1cb9664c5f8636329436d/library/std/src/thread/mod.rs:526:17
[INFO] [stdout]   37:     0x555cbcf00a91 - <core::panic::unwind_safe::AssertUnwindSafe<F> as core::ops::function::FnOnce<()>>::call_once::hb66571888d270d43
[INFO] [stdout]                                at /rustc/1b7dd2252b99671ce5d1cb9664c5f8636329436d/library/core/src/panic/unwind_safe.rs:271:9
[INFO] [stdout]   38:     0x555cbcf00a91 - std::panicking::try::do_call::h4fa2ef4f6e51fecf
[INFO] [stdout]                                at /rustc/1b7dd2252b99671ce5d1cb9664c5f8636329436d/library/std/src/panicking.rs:485:40
[INFO] [stdout]   39:     0x555cbcf00a91 - std::panicking::try::h1e9e22b8584489b5
[INFO] [stdout]                                at /rustc/1b7dd2252b99671ce5d1cb9664c5f8636329436d/library/std/src/panicking.rs:449:19
[INFO] [stdout]   40:     0x555cbcf00a91 - std::panic::catch_unwind::h44698a3de0e0769e
[INFO] [stdout]                                at /rustc/1b7dd2252b99671ce5d1cb9664c5f8636329436d/library/std/src/panic.rs:140:14
[INFO] [stdout]   41:     0x555cbcf00a91 - std::thread::Builder::spawn_unchecked_::{{closure}}::h50153abde3fe239e
[INFO] [stdout]                                at /rustc/1b7dd2252b99671ce5d1cb9664c5f8636329436d/library/std/src/thread/mod.rs:525:30
[INFO] [stdout]   42:     0x555cbcf00a91 - core::ops::function::FnOnce::call_once{{vtable.shim}}::hbe5bbf6f38394364
[INFO] [stdout]                                at /rustc/1b7dd2252b99671ce5d1cb9664c5f8636329436d/library/core/src/ops/function.rs:250:5
[INFO] [stdout]   43:     0x555cbd0eaf75 - <alloc::boxed::Box<F,A> as core::ops::function::FnOnce<Args>>::call_once::h0d83cb2920a49046
[INFO] [stdout]                                at /rustc/1b7dd2252b99671ce5d1cb9664c5f8636329436d/library/alloc/src/boxed.rs:1973:9
[INFO] [stdout]   44:     0x555cbd0eaf75 - <alloc::boxed::Box<F,A> as core::ops::function::FnOnce<Args>>::call_once::hbe0a008aa7d9ef59
[INFO] [stdout]                                at /rustc/1b7dd2252b99671ce5d1cb9664c5f8636329436d/library/alloc/src/boxed.rs:1973:9
[INFO] [stdout]   45:     0x555cbd0eaf75 - std::sys::unix::thread::Thread::new::thread_start::h3a466996bdf6b1f9
[INFO] [stdout]                                at /rustc/1b7dd2252b99671ce5d1cb9664c5f8636329436d/library/std/src/sys/unix/thread.rs:108:17
[INFO] [stdout]   46:     0x7f3ed1c46b43 - <unknown>
[INFO] [stdout]   47:     0x7f3ed1cd7bb4 - __clone
[INFO] [stdout]   48:                0x0 - <unknown>
[INFO] [stdout] 
[INFO] [stdout] 
[INFO] [stdout] failures:
[INFO] [stdout]     genesis_config::tests::test_genesis_config
[INFO] [stdout]     pubkey::tests::test_read_write_pubkey
[INFO] [stdout]     signer::keypair::tests::test_write_keypair_file
[INFO] [stdout]     signer::keypair::tests::test_write_keypair_file_overwrite_ok
[INFO] [stdout]     signer::keypair::tests::test_write_keypair_file_truncate
[INFO] [stdout] 
[INFO] [stdout] test result: FAILED. 195 passed; 5 failed; 0 ignored; 0 measured; 0 filtered out; finished in 0.41s
[INFO] [stdout] 
[INFO] running `Command { std: "docker" "inspect" "6f380a4e519d955d63d2d90a65b2dd3a174fbd916e68a64dc0d94248df3b9f31", kill_on_drop: false }`
[INFO] running `Command { std: "docker" "rm" "-f" "6f380a4e519d955d63d2d90a65b2dd3a174fbd916e68a64dc0d94248df3b9f31", kill_on_drop: false }`
[INFO] [stdout] 6f380a4e519d955d63d2d90a65b2dd3a174fbd916e68a64dc0d94248df3b9f31
