[INFO] fetching crate sol_prng 1.2.0...
[INFO] testing sol_prng-1.2.0 against 1.69.0 for beta-1.70-1
[INFO] extracting crate sol_prng 1.2.0 into /workspace/builds/worker-3-tc1/source
[INFO] validating manifest of crates.io crate sol_prng 1.2.0 on toolchain 1.69.0
[INFO] running `Command { std: CARGO_HOME="/workspace/cargo-home" RUSTUP_HOME="/workspace/rustup-home" "/workspace/cargo-home/bin/cargo" "+1.69.0" "metadata" "--manifest-path" "Cargo.toml" "--no-deps", kill_on_drop: false }`
[INFO] started tweaking crates.io crate sol_prng 1.2.0
[INFO] finished tweaking crates.io crate sol_prng 1.2.0
[INFO] tweaked toml for crates.io crate sol_prng 1.2.0 written to /workspace/builds/worker-3-tc1/source/Cargo.toml
[INFO] running `Command { std: CARGO_HOME="/workspace/cargo-home" RUSTUP_HOME="/workspace/rustup-home" __CARGO_TEST_CHANNEL_OVERRIDE_DO_NOT_USE_THIS="nightly" "/workspace/cargo-home/bin/cargo" "+1.69.0" "generate-lockfile" "--manifest-path" "Cargo.toml" "-Zno-index-update", kill_on_drop: false }`
[INFO] running `Command { std: CARGO_HOME="/workspace/cargo-home" RUSTUP_HOME="/workspace/rustup-home" "/workspace/cargo-home/bin/cargo" "+1.69.0" "fetch" "--manifest-path" "Cargo.toml", kill_on_drop: false }`
[INFO] running `Command { std: "docker" "create" "-v" "/var/lib/crater-agent-workspace/builds/worker-3-tc1/target:/opt/rustwide/target:rw,Z" "-v" "/var/lib/crater-agent-workspace/builds/worker-3-tc1/source:/opt/rustwide/workdir:ro,Z" "-v" "/var/lib/crater-agent-workspace/cargo-home:/opt/rustwide/cargo-home:ro,Z" "-v" "/var/lib/crater-agent-workspace/rustup-home:/opt/rustwide/rustup-home:ro,Z" "-e" "SOURCE_DIR=/opt/rustwide/workdir" "-e" "CARGO_TARGET_DIR=/opt/rustwide/target" "-e" "CARGO_HOME=/opt/rustwide/cargo-home" "-e" "RUSTUP_HOME=/opt/rustwide/rustup-home" "-w" "/opt/rustwide/workdir" "-m" "1610612736" "--user" "0:0" "--network" "none" "ghcr.io/rust-lang/crates-build-env/linux@sha256:5ff2268d62e97bff2cde7d5815dd6ed5b47097566f13b8d0ca110b04b60e07ed" "/opt/rustwide/cargo-home/bin/cargo" "+1.69.0" "metadata" "--no-deps" "--format-version=1", kill_on_drop: false }`
[INFO] [stdout] 19c133d7d9f6676682836f974bdf373190e49f131baf7cfa084156bd807db11f
[INFO] running `Command { std: "docker" "start" "-a" "19c133d7d9f6676682836f974bdf373190e49f131baf7cfa084156bd807db11f", kill_on_drop: false }`
[INFO] running `Command { std: "docker" "inspect" "19c133d7d9f6676682836f974bdf373190e49f131baf7cfa084156bd807db11f", kill_on_drop: false }`
[INFO] running `Command { std: "docker" "rm" "-f" "19c133d7d9f6676682836f974bdf373190e49f131baf7cfa084156bd807db11f", kill_on_drop: false }`
[INFO] [stdout] 19c133d7d9f6676682836f974bdf373190e49f131baf7cfa084156bd807db11f
[INFO] running `Command { std: "docker" "create" "-v" "/var/lib/crater-agent-workspace/builds/worker-3-tc1/target:/opt/rustwide/target:rw,Z" "-v" "/var/lib/crater-agent-workspace/builds/worker-3-tc1/source:/opt/rustwide/workdir:ro,Z" "-v" "/var/lib/crater-agent-workspace/cargo-home:/opt/rustwide/cargo-home:ro,Z" "-v" "/var/lib/crater-agent-workspace/rustup-home:/opt/rustwide/rustup-home:ro,Z" "-e" "SOURCE_DIR=/opt/rustwide/workdir" "-e" "CARGO_TARGET_DIR=/opt/rustwide/target" "-e" "CARGO_INCREMENTAL=0" "-e" "RUST_BACKTRACE=full" "-e" "RUSTFLAGS=--cap-lints=warn" "-e" "RUSTDOCFLAGS=--cap-lints=warn" "-e" "CARGO_HOME=/opt/rustwide/cargo-home" "-e" "RUSTUP_HOME=/opt/rustwide/rustup-home" "-w" "/opt/rustwide/workdir" "-m" "1610612736" "--user" "0:0" "--network" "none" "ghcr.io/rust-lang/crates-build-env/linux@sha256:5ff2268d62e97bff2cde7d5815dd6ed5b47097566f13b8d0ca110b04b60e07ed" "/opt/rustwide/cargo-home/bin/cargo" "+1.69.0" "build" "--frozen" "--message-format=json", kill_on_drop: false }`
[INFO] [stdout] 12797c9eb5cbfa2b5130a4275ba3c688ff04d1c146ff8297e4be6b4f45919e24
[INFO] running `Command { std: "docker" "start" "-a" "12797c9eb5cbfa2b5130a4275ba3c688ff04d1c146ff8297e4be6b4f45919e24", kill_on_drop: false }`
[INFO] [stderr]    Compiling sol_prng v1.2.0 (/opt/rustwide/workdir)
[INFO] [stderr]     Finished dev [unoptimized + debuginfo] target(s) in 0.26s
[INFO] running `Command { std: "docker" "inspect" "12797c9eb5cbfa2b5130a4275ba3c688ff04d1c146ff8297e4be6b4f45919e24", kill_on_drop: false }`
[INFO] running `Command { std: "docker" "rm" "-f" "12797c9eb5cbfa2b5130a4275ba3c688ff04d1c146ff8297e4be6b4f45919e24", kill_on_drop: false }`
[INFO] [stdout] 12797c9eb5cbfa2b5130a4275ba3c688ff04d1c146ff8297e4be6b4f45919e24
[INFO] running `Command { std: "docker" "create" "-v" "/var/lib/crater-agent-workspace/builds/worker-3-tc1/target:/opt/rustwide/target:rw,Z" "-v" "/var/lib/crater-agent-workspace/builds/worker-3-tc1/source:/opt/rustwide/workdir:ro,Z" "-v" "/var/lib/crater-agent-workspace/cargo-home:/opt/rustwide/cargo-home:ro,Z" "-v" "/var/lib/crater-agent-workspace/rustup-home:/opt/rustwide/rustup-home:ro,Z" "-e" "SOURCE_DIR=/opt/rustwide/workdir" "-e" "CARGO_TARGET_DIR=/opt/rustwide/target" "-e" "CARGO_INCREMENTAL=0" "-e" "RUST_BACKTRACE=full" "-e" "RUSTFLAGS=--cap-lints=warn" "-e" "RUSTDOCFLAGS=--cap-lints=warn" "-e" "CARGO_HOME=/opt/rustwide/cargo-home" "-e" "RUSTUP_HOME=/opt/rustwide/rustup-home" "-w" "/opt/rustwide/workdir" "-m" "1610612736" "--user" "0:0" "--network" "none" "ghcr.io/rust-lang/crates-build-env/linux@sha256:5ff2268d62e97bff2cde7d5815dd6ed5b47097566f13b8d0ca110b04b60e07ed" "/opt/rustwide/cargo-home/bin/cargo" "+1.69.0" "test" "--frozen" "--no-run" "--message-format=json", kill_on_drop: false }`
[INFO] [stdout] 94fa13403dfa7863a3b03c7fe9ed2680ee82c6402d281a4a2fbecb3b6f6fe90a
[INFO] running `Command { std: "docker" "start" "-a" "94fa13403dfa7863a3b03c7fe9ed2680ee82c6402d281a4a2fbecb3b6f6fe90a", kill_on_drop: false }`
[INFO] [stderr]    Compiling sol_prng v1.2.0 (/opt/rustwide/workdir)
[INFO] [stderr]     Finished test [unoptimized + debuginfo] target(s) in 0.38s
[INFO] running `Command { std: "docker" "inspect" "94fa13403dfa7863a3b03c7fe9ed2680ee82c6402d281a4a2fbecb3b6f6fe90a", kill_on_drop: false }`
[INFO] running `Command { std: "docker" "rm" "-f" "94fa13403dfa7863a3b03c7fe9ed2680ee82c6402d281a4a2fbecb3b6f6fe90a", kill_on_drop: false }`
[INFO] [stdout] 94fa13403dfa7863a3b03c7fe9ed2680ee82c6402d281a4a2fbecb3b6f6fe90a
[INFO] running `Command { std: "docker" "create" "-v" "/var/lib/crater-agent-workspace/builds/worker-3-tc1/target:/opt/rustwide/target:rw,Z" "-v" "/var/lib/crater-agent-workspace/builds/worker-3-tc1/source:/opt/rustwide/workdir:ro,Z" "-v" "/var/lib/crater-agent-workspace/cargo-home:/opt/rustwide/cargo-home:ro,Z" "-v" "/var/lib/crater-agent-workspace/rustup-home:/opt/rustwide/rustup-home:ro,Z" "-e" "SOURCE_DIR=/opt/rustwide/workdir" "-e" "CARGO_TARGET_DIR=/opt/rustwide/target" "-e" "CARGO_INCREMENTAL=0" "-e" "RUST_BACKTRACE=full" "-e" "RUSTFLAGS=--cap-lints=warn" "-e" "RUSTDOCFLAGS=--cap-lints=warn" "-e" "CARGO_HOME=/opt/rustwide/cargo-home" "-e" "RUSTUP_HOME=/opt/rustwide/rustup-home" "-w" "/opt/rustwide/workdir" "-m" "1610612736" "--user" "0:0" "--network" "none" "ghcr.io/rust-lang/crates-build-env/linux@sha256:5ff2268d62e97bff2cde7d5815dd6ed5b47097566f13b8d0ca110b04b60e07ed" "/opt/rustwide/cargo-home/bin/cargo" "+1.69.0" "test" "--frozen", kill_on_drop: false }`
[INFO] [stdout] 96ae4e201802b22e78f4aedb7f76882dc5749925a5b5e677069d269a4f1fd0d4
[INFO] running `Command { std: "docker" "start" "-a" "96ae4e201802b22e78f4aedb7f76882dc5749925a5b5e677069d269a4f1fd0d4", kill_on_drop: false }`
[INFO] [stderr]     Finished test [unoptimized + debuginfo] target(s) in 0.00s
[INFO] [stderr]      Running unittests src/lib.rs (/opt/rustwide/target/debug/deps/sol_prng-8791121e563fcd80)
[INFO] [stdout] 
[INFO] [stdout] running 0 tests
[INFO] [stdout] 
[INFO] [stdout] test result: ok. 0 passed; 0 failed; 0 ignored; 0 measured; 0 filtered out; finished in 0.00s
[INFO] [stdout] 
[INFO] [stderr]    Doc-tests sol_prng
[INFO] [stdout] 
[INFO] [stdout] running 2 tests
[INFO] [stdout] test src/lib.rs - (line 6) ... FAILED
[INFO] [stdout] test src/lib.rs - (line 34) ... FAILED
[INFO] [stdout] 
[INFO] [stdout] failures:
[INFO] [stdout] 
[INFO] [stdout] ---- src/lib.rs - (line 6) stdout ----
[INFO] [stdout] error[E0433]: failed to resolve: use of undeclared type `Rand`
[INFO] [stdout]  --> src/lib.rs:8:9
[INFO] [stdout]   |
[INFO] [stdout] 4 | let r = Rand::new(42);
[INFO] [stdout]   |         ^^^^ use of undeclared type `Rand`
[INFO] [stdout]   |
[INFO] [stdout] help: consider importing this struct
[INFO] [stdout]   |
[INFO] [stdout] 3 | use sol_prng::Rand;
[INFO] [stdout]   |
[INFO] [stdout] 
[INFO] [stdout] error: aborting due to previous error
[INFO] [stdout] 
[INFO] [stdout] For more information about this error, try `rustc --explain E0433`.
[INFO] [stdout] Couldn't compile the test.
[INFO] [stdout] ---- src/lib.rs - (line 34) stdout ----
[INFO] [stdout] error[E0433]: failed to resolve: use of undeclared type `Rand`
[INFO] [stdout]  --> src/lib.rs:38:9
[INFO] [stdout]   |
[INFO] [stdout] 6 | let r = Rand::new(42);
[INFO] [stdout]   |         ^^^^ use of undeclared type `Rand`
[INFO] [stdout]   |
[INFO] [stdout] help: consider importing this struct
[INFO] [stdout]   |
[INFO] [stdout] 5 | use sol_prng::Rand;
[INFO] [stdout]   |
[INFO] [stdout] 
[INFO] [stdout] error: aborting due to previous error
[INFO] [stdout] 
[INFO] [stdout] For more information about this error, try `rustc --explain E0433`.
[INFO] [stdout] Couldn't compile the test.
[INFO] [stdout] 
[INFO] [stdout] failures:
[INFO] [stdout]     src/lib.rs - (line 34)
[INFO] [stdout]     src/lib.rs - (line 6)
[INFO] [stdout] 
[INFO] [stdout] test result: FAILED. 0 passed; 2 failed; 0 ignored; 0 measured; 0 filtered out; finished in 0.04s
[INFO] [stdout] 
[INFO] [stderr] error: doctest failed, to rerun pass `--doc`
[INFO] running `Command { std: "docker" "inspect" "96ae4e201802b22e78f4aedb7f76882dc5749925a5b5e677069d269a4f1fd0d4", kill_on_drop: false }`
[INFO] running `Command { std: "docker" "rm" "-f" "96ae4e201802b22e78f4aedb7f76882dc5749925a5b5e677069d269a4f1fd0d4", kill_on_drop: false }`
[INFO] [stdout] 96ae4e201802b22e78f4aedb7f76882dc5749925a5b5e677069d269a4f1fd0d4
