[INFO] fetching crate sodiumoxide 0.2.7...
[INFO] testing sodiumoxide-0.2.7 against 1.69.0 for beta-1.70-1
[INFO] extracting crate sodiumoxide 0.2.7 into /workspace/builds/worker-7-tc1/source
[INFO] validating manifest of crates.io crate sodiumoxide 0.2.7 on toolchain 1.69.0
[INFO] running `Command { std: CARGO_HOME="/workspace/cargo-home" RUSTUP_HOME="/workspace/rustup-home" "/workspace/cargo-home/bin/cargo" "+1.69.0" "metadata" "--manifest-path" "Cargo.toml" "--no-deps", kill_on_drop: false }`
[INFO] started tweaking crates.io crate sodiumoxide 0.2.7
[INFO] finished tweaking crates.io crate sodiumoxide 0.2.7
[INFO] tweaked toml for crates.io crate sodiumoxide 0.2.7 written to /workspace/builds/worker-7-tc1/source/Cargo.toml
[INFO] running `Command { std: CARGO_HOME="/workspace/cargo-home" RUSTUP_HOME="/workspace/rustup-home" __CARGO_TEST_CHANNEL_OVERRIDE_DO_NOT_USE_THIS="nightly" "/workspace/cargo-home/bin/cargo" "+1.69.0" "generate-lockfile" "--manifest-path" "Cargo.toml" "-Zno-index-update", kill_on_drop: false }`
[INFO] running `Command { std: CARGO_HOME="/workspace/cargo-home" RUSTUP_HOME="/workspace/rustup-home" "/workspace/cargo-home/bin/cargo" "+1.69.0" "fetch" "--manifest-path" "Cargo.toml", kill_on_drop: false }`
[INFO] running `Command { std: "docker" "create" "-v" "/var/lib/crater-agent-workspace/builds/worker-7-tc1/target:/opt/rustwide/target:rw,Z" "-v" "/var/lib/crater-agent-workspace/builds/worker-7-tc1/source:/opt/rustwide/workdir:ro,Z" "-v" "/var/lib/crater-agent-workspace/cargo-home:/opt/rustwide/cargo-home:ro,Z" "-v" "/var/lib/crater-agent-workspace/rustup-home:/opt/rustwide/rustup-home:ro,Z" "-e" "SOURCE_DIR=/opt/rustwide/workdir" "-e" "CARGO_TARGET_DIR=/opt/rustwide/target" "-e" "CARGO_HOME=/opt/rustwide/cargo-home" "-e" "RUSTUP_HOME=/opt/rustwide/rustup-home" "-w" "/opt/rustwide/workdir" "-m" "1610612736" "--user" "0:0" "--network" "none" "ghcr.io/rust-lang/crates-build-env/linux@sha256:5ff2268d62e97bff2cde7d5815dd6ed5b47097566f13b8d0ca110b04b60e07ed" "/opt/rustwide/cargo-home/bin/cargo" "+1.69.0" "metadata" "--no-deps" "--format-version=1", kill_on_drop: false }`
[INFO] [stdout] ead767b0f95421c76854bc48773cad5d62f1a5995d004bed78f061e4ba669c29
[INFO] running `Command { std: "docker" "start" "-a" "ead767b0f95421c76854bc48773cad5d62f1a5995d004bed78f061e4ba669c29", kill_on_drop: false }`
[INFO] running `Command { std: "docker" "inspect" "ead767b0f95421c76854bc48773cad5d62f1a5995d004bed78f061e4ba669c29", kill_on_drop: false }`
[INFO] running `Command { std: "docker" "rm" "-f" "ead767b0f95421c76854bc48773cad5d62f1a5995d004bed78f061e4ba669c29", kill_on_drop: false }`
[INFO] [stdout] ead767b0f95421c76854bc48773cad5d62f1a5995d004bed78f061e4ba669c29
[INFO] running `Command { std: "docker" "create" "-v" "/var/lib/crater-agent-workspace/builds/worker-7-tc1/target:/opt/rustwide/target:rw,Z" "-v" "/var/lib/crater-agent-workspace/builds/worker-7-tc1/source:/opt/rustwide/workdir:ro,Z" "-v" "/var/lib/crater-agent-workspace/cargo-home:/opt/rustwide/cargo-home:ro,Z" "-v" "/var/lib/crater-agent-workspace/rustup-home:/opt/rustwide/rustup-home:ro,Z" "-e" "SOURCE_DIR=/opt/rustwide/workdir" "-e" "CARGO_TARGET_DIR=/opt/rustwide/target" "-e" "CARGO_INCREMENTAL=0" "-e" "RUST_BACKTRACE=full" "-e" "RUSTFLAGS=--cap-lints=warn" "-e" "RUSTDOCFLAGS=--cap-lints=warn" "-e" "CARGO_HOME=/opt/rustwide/cargo-home" "-e" "RUSTUP_HOME=/opt/rustwide/rustup-home" "-w" "/opt/rustwide/workdir" "-m" "1610612736" "--user" "0:0" "--network" "none" "ghcr.io/rust-lang/crates-build-env/linux@sha256:5ff2268d62e97bff2cde7d5815dd6ed5b47097566f13b8d0ca110b04b60e07ed" "/opt/rustwide/cargo-home/bin/cargo" "+1.69.0" "build" "--frozen" "--message-format=json", kill_on_drop: false }`
[INFO] [stdout] 27cda0aba7248e6a8372539f3fa7d7c7cdafb25f3a76aec4412d306055b88e29
[INFO] running `Command { std: "docker" "start" "-a" "27cda0aba7248e6a8372539f3fa7d7c7cdafb25f3a76aec4412d306055b88e29", kill_on_drop: false }`
[INFO] [stderr]    Compiling same-file v1.0.6
[INFO] [stderr]    Compiling cc v1.0.79
[INFO] [stderr]    Compiling libc v0.2.142
[INFO] [stderr]    Compiling serde v1.0.160
[INFO] [stderr]    Compiling signature v1.6.4
[INFO] [stderr]    Compiling ed25519 v1.5.3
[INFO] [stderr]    Compiling walkdir v2.3.3
[INFO] [stderr]    Compiling libsodium-sys v0.2.7
[INFO] [stderr]    Compiling sodiumoxide v0.2.7 (/opt/rustwide/workdir)
[INFO] [stdout] warning: anonymous parameters are deprecated and will be removed in the next edition
[INFO] [stdout]  --> src/crypto/nonce.rs:7:19
[INFO] [stdout]   |
[INFO] [stdout] 7 |     fn from_bytes(Self::Bytes) -> Self;
[INFO] [stdout]   |                   ^^^^^^^^^^^ help: try naming the parameter or explicitly ignoring it: `_: Self::Bytes`
[INFO] [stdout]   |
[INFO] [stdout]   = warning: this is accepted in the current edition (Rust 2015) but is a hard error in Rust 2018!
[INFO] [stdout]   = note: for more information, see issue #41686 <https://github.com/rust-lang/rust/issues/41686>
[INFO] [stdout]   = note: `#[warn(anonymous_parameters)]` on by default
[INFO] [stdout] 
[INFO] [stdout] 
[INFO] [stdout] warning: use of deprecated associated function `ed25519::Signature::new`: use ed25519::Signature::from_bytes instead
[INFO] [stdout]    --> src/crypto/sign/ed25519.rs:167:16
[INFO] [stdout]     |
[INFO] [stdout] 167 |     Signature::new(sig)
[INFO] [stdout]     |                ^^^
[INFO] [stdout]     |
[INFO] [stdout]     = note: `#[warn(deprecated)]` on by default
[INFO] [stdout] 
[INFO] [stdout] 
[INFO] [stdout] warning: use of deprecated associated function `ed25519::Signature::new`: use ed25519::Signature::from_bytes instead
[INFO] [stdout]    --> src/crypto/sign/ed25519.rs:223:20
[INFO] [stdout]     |
[INFO] [stdout] 223 |         Signature::new(sig)
[INFO] [stdout]     |                    ^^^
[INFO] [stdout] 
[INFO] [stdout] 
[INFO] [stdout] warning: 3 warnings emitted
[INFO] [stdout] 
[INFO] [stdout] 
[INFO] [stderr]     Finished dev [unoptimized + debuginfo] target(s) in 1m 03s
[INFO] running `Command { std: "docker" "inspect" "27cda0aba7248e6a8372539f3fa7d7c7cdafb25f3a76aec4412d306055b88e29", kill_on_drop: false }`
[INFO] running `Command { std: "docker" "rm" "-f" "27cda0aba7248e6a8372539f3fa7d7c7cdafb25f3a76aec4412d306055b88e29", kill_on_drop: false }`
[INFO] [stdout] 27cda0aba7248e6a8372539f3fa7d7c7cdafb25f3a76aec4412d306055b88e29
[INFO] running `Command { std: "docker" "create" "-v" "/var/lib/crater-agent-workspace/builds/worker-7-tc1/target:/opt/rustwide/target:rw,Z" "-v" "/var/lib/crater-agent-workspace/builds/worker-7-tc1/source:/opt/rustwide/workdir:ro,Z" "-v" "/var/lib/crater-agent-workspace/cargo-home:/opt/rustwide/cargo-home:ro,Z" "-v" "/var/lib/crater-agent-workspace/rustup-home:/opt/rustwide/rustup-home:ro,Z" "-e" "SOURCE_DIR=/opt/rustwide/workdir" "-e" "CARGO_TARGET_DIR=/opt/rustwide/target" "-e" "CARGO_INCREMENTAL=0" "-e" "RUST_BACKTRACE=full" "-e" "RUSTFLAGS=--cap-lints=warn" "-e" "RUSTDOCFLAGS=--cap-lints=warn" "-e" "CARGO_HOME=/opt/rustwide/cargo-home" "-e" "RUSTUP_HOME=/opt/rustwide/rustup-home" "-w" "/opt/rustwide/workdir" "-m" "1610612736" "--user" "0:0" "--network" "none" "ghcr.io/rust-lang/crates-build-env/linux@sha256:5ff2268d62e97bff2cde7d5815dd6ed5b47097566f13b8d0ca110b04b60e07ed" "/opt/rustwide/cargo-home/bin/cargo" "+1.69.0" "test" "--frozen" "--no-run" "--message-format=json", kill_on_drop: false }`
[INFO] [stdout] ee09bb1d7b3a7ca41c69cdbd248d7cd1eff38d7977df93427e9c8863796e3f01
[INFO] running `Command { std: "docker" "start" "-a" "ee09bb1d7b3a7ca41c69cdbd248d7cd1eff38d7977df93427e9c8863796e3f01", kill_on_drop: false }`
[INFO] [stderr]    Compiling num-traits v0.2.15
[INFO] [stderr]    Compiling serde_json v1.0.96
[INFO] [stdout] warning: anonymous parameters are deprecated and will be removed in the next edition
[INFO] [stdout]  --> src/crypto/nonce.rs:7:19
[INFO] [stdout]   |
[INFO] [stdout] 7 |     fn from_bytes(Self::Bytes) -> Self;
[INFO] [stdout]   |                   ^^^^^^^^^^^ help: try naming the parameter or explicitly ignoring it: `_: Self::Bytes`
[INFO] [stdout]   |
[INFO] [stdout]   = warning: this is accepted in the current edition (Rust 2015) but is a hard error in Rust 2018!
[INFO] [stdout]   = note: for more information, see issue #41686 <https://github.com/rust-lang/rust/issues/41686>
[INFO] [stdout]   = note: `#[warn(anonymous_parameters)]` on by default
[INFO] [stdout] 
[INFO] [stdout] 
[INFO] [stdout] warning: use of deprecated associated function `ed25519::Signature::new`: use ed25519::Signature::from_bytes instead
[INFO] [stdout]    --> src/crypto/sign/ed25519.rs:167:16
[INFO] [stdout]     |
[INFO] [stdout] 167 |     Signature::new(sig)
[INFO] [stdout]     |                ^^^
[INFO] [stdout]     |
[INFO] [stdout]     = note: `#[warn(deprecated)]` on by default
[INFO] [stdout] 
[INFO] [stdout] 
[INFO] [stdout] warning: use of deprecated associated function `ed25519::Signature::new`: use ed25519::Signature::from_bytes instead
[INFO] [stdout]    --> src/crypto/sign/ed25519.rs:223:20
[INFO] [stdout]     |
[INFO] [stdout] 223 |         Signature::new(sig)
[INFO] [stdout]     |                    ^^^
[INFO] [stdout] 
[INFO] [stdout] 
[INFO] [stdout] warning: 3 warnings emitted
[INFO] [stdout] 
[INFO] [stdout] 
[INFO] [stderr]    Compiling rmp v0.8.11
[INFO] [stderr]    Compiling rmp-serde v0.13.7
[INFO] [stderr]    Compiling sodiumoxide v0.2.7 (/opt/rustwide/workdir)
[INFO] [stdout] warning: anonymous parameters are deprecated and will be removed in the next edition
[INFO] [stdout]  --> src/crypto/nonce.rs:7:19
[INFO] [stdout]   |
[INFO] [stdout] 7 |     fn from_bytes(Self::Bytes) -> Self;
[INFO] [stdout]   |                   ^^^^^^^^^^^ help: try naming the parameter or explicitly ignoring it: `_: Self::Bytes`
[INFO] [stdout]   |
[INFO] [stdout]   = warning: this is accepted in the current edition (Rust 2015) but is a hard error in Rust 2018!
[INFO] [stdout]   = note: for more information, see issue #41686 <https://github.com/rust-lang/rust/issues/41686>
[INFO] [stdout]   = note: `#[warn(anonymous_parameters)]` on by default
[INFO] [stdout] 
[INFO] [stdout] 
[INFO] [stdout] warning: use of deprecated associated function `ed25519::Signature::new`: use ed25519::Signature::from_bytes instead
[INFO] [stdout]    --> src/crypto/sign/ed25519.rs:167:16
[INFO] [stdout]     |
[INFO] [stdout] 167 |     Signature::new(sig)
[INFO] [stdout]     |                ^^^
[INFO] [stdout]     |
[INFO] [stdout]     = note: `#[warn(deprecated)]` on by default
[INFO] [stdout] 
[INFO] [stdout] 
[INFO] [stdout] warning: use of deprecated associated function `ed25519::Signature::new`: use ed25519::Signature::from_bytes instead
[INFO] [stdout]    --> src/crypto/sign/ed25519.rs:223:20
[INFO] [stdout]     |
[INFO] [stdout] 223 |         Signature::new(sig)
[INFO] [stdout]     |                    ^^^
[INFO] [stdout] 
[INFO] [stdout] 
[INFO] [stdout] warning: use of deprecated associated function `ed25519::Signature::new`: use ed25519::Signature::from_bytes instead
[INFO] [stdout]    --> src/crypto/sign/ed25519.rs:339:54
[INFO] [stdout]     |
[INFO] [stdout] 339 |                 assert!(!verify_detached(&Signature::new(sig), &m, &pk));
[INFO] [stdout]     |                                                      ^^^
[INFO] [stdout] 
[INFO] [stdout] 
[INFO] [stdout] warning: 4 warnings emitted
[INFO] [stdout] 
[INFO] [stdout] 
[INFO] [stderr]     Finished test [unoptimized + debuginfo] target(s) in 9.83s
[INFO] running `Command { std: "docker" "inspect" "ee09bb1d7b3a7ca41c69cdbd248d7cd1eff38d7977df93427e9c8863796e3f01", kill_on_drop: false }`
[INFO] running `Command { std: "docker" "rm" "-f" "ee09bb1d7b3a7ca41c69cdbd248d7cd1eff38d7977df93427e9c8863796e3f01", kill_on_drop: false }`
[INFO] [stdout] ee09bb1d7b3a7ca41c69cdbd248d7cd1eff38d7977df93427e9c8863796e3f01
[INFO] running `Command { std: "docker" "create" "-v" "/var/lib/crater-agent-workspace/builds/worker-7-tc1/target:/opt/rustwide/target:rw,Z" "-v" "/var/lib/crater-agent-workspace/builds/worker-7-tc1/source:/opt/rustwide/workdir:ro,Z" "-v" "/var/lib/crater-agent-workspace/cargo-home:/opt/rustwide/cargo-home:ro,Z" "-v" "/var/lib/crater-agent-workspace/rustup-home:/opt/rustwide/rustup-home:ro,Z" "-e" "SOURCE_DIR=/opt/rustwide/workdir" "-e" "CARGO_TARGET_DIR=/opt/rustwide/target" "-e" "CARGO_INCREMENTAL=0" "-e" "RUST_BACKTRACE=full" "-e" "RUSTFLAGS=--cap-lints=warn" "-e" "RUSTDOCFLAGS=--cap-lints=warn" "-e" "CARGO_HOME=/opt/rustwide/cargo-home" "-e" "RUSTUP_HOME=/opt/rustwide/rustup-home" "-w" "/opt/rustwide/workdir" "-m" "1610612736" "--user" "0:0" "--network" "none" "ghcr.io/rust-lang/crates-build-env/linux@sha256:5ff2268d62e97bff2cde7d5815dd6ed5b47097566f13b8d0ca110b04b60e07ed" "/opt/rustwide/cargo-home/bin/cargo" "+1.69.0" "test" "--frozen", kill_on_drop: false }`
[INFO] [stdout] 277476d7c90ab0b192325eaf02d7b85a25c90a873b7ebad1ed22da03561b9881
[INFO] running `Command { std: "docker" "start" "-a" "277476d7c90ab0b192325eaf02d7b85a25c90a873b7ebad1ed22da03561b9881", kill_on_drop: false }`
[INFO] [stderr] warning: anonymous parameters are deprecated and will be removed in the next edition
[INFO] [stderr]  --> src/crypto/nonce.rs:7:19
[INFO] [stderr]   |
[INFO] [stderr] 7 |     fn from_bytes(Self::Bytes) -> Self;
[INFO] [stderr]   |                   ^^^^^^^^^^^ help: try naming the parameter or explicitly ignoring it: `_: Self::Bytes`
[INFO] [stderr]   |
[INFO] [stderr]   = warning: this is accepted in the current edition (Rust 2015) but is a hard error in Rust 2018!
[INFO] [stderr]   = note: for more information, see issue #41686 <https://github.com/rust-lang/rust/issues/41686>
[INFO] [stderr]   = note: `#[warn(anonymous_parameters)]` on by default
[INFO] [stderr] 
[INFO] [stderr] warning: use of deprecated associated function `ed25519::Signature::new`: use ed25519::Signature::from_bytes instead
[INFO] [stderr]    --> src/crypto/sign/ed25519.rs:167:16
[INFO] [stderr]     |
[INFO] [stderr] 167 |     Signature::new(sig)
[INFO] [stderr]     |                ^^^
[INFO] [stderr]     |
[INFO] [stderr]     = note: `#[warn(deprecated)]` on by default
[INFO] [stderr] 
[INFO] [stderr] warning: use of deprecated associated function `ed25519::Signature::new`: use ed25519::Signature::from_bytes instead
[INFO] [stderr]    --> src/crypto/sign/ed25519.rs:223:20
[INFO] [stderr]     |
[INFO] [stderr] 223 |         Signature::new(sig)
[INFO] [stderr]     |                    ^^^
[INFO] [stderr] 
[INFO] [stderr] warning: `sodiumoxide` (lib) generated 3 warnings (run `cargo fix --lib -p sodiumoxide` to apply 1 suggestion)
[INFO] [stderr] warning: use of deprecated associated function `ed25519::Signature::new`: use ed25519::Signature::from_bytes instead
[INFO] [stderr]    --> src/crypto/sign/ed25519.rs:339:54
[INFO] [stderr]     |
[INFO] [stderr] 339 |                 assert!(!verify_detached(&Signature::new(sig), &m, &pk));
[INFO] [stderr]     |                                                      ^^^
[INFO] [stderr] 
[INFO] [stderr] warning: `sodiumoxide` (lib test) generated 4 warnings (3 duplicates)
[INFO] [stderr]     Finished test [unoptimized + debuginfo] target(s) in 0.03s
[INFO] [stderr]      Running unittests src/lib.rs (/opt/rustwide/target/debug/deps/sodiumoxide-304e6878484da414)
[INFO] [stdout] 
[INFO] [stdout] running 253 tests
[INFO] [stdout] test crypto::aead::aes256gcm::aes_api::test::test_seal_open_detached ... ok
[INFO] [stdout] test base64::tests::test_encode ... ok
[INFO] [stdout] test base64::tests::test_decode ... ok
[INFO] [stdout] test crypto::aead::aes256gcm::aes_api::test::test_is_available ... ok
[INFO] [stdout] test crypto::aead::chacha20poly1305::test::test_vector_1 ... ok
[INFO] [stdout] test crypto::aead::aes256gcm::aes_impl::test::test_vector_1 ... ok
[INFO] [stdout] test crypto::aead::aes256gcm::aes_api::test::test_seal_open ... ok
[INFO] [stdout] test crypto::aead::aes256gcm::aes_impl::test_m::test_seal_open ... ok
[INFO] [stdout] test crypto::aead::aes256gcm::aes_impl::test_m::test_seal_open_detached ... ok
[INFO] [stdout] test crypto::aead::aes256gcm::aes_impl::test_m::test_seal_open_detached_tamper ... ok
[INFO] [stdout] test crypto::aead::chacha20poly1305::test_m::test_seal_open_detached ... ok
[INFO] [stdout] test crypto::aead::chacha20poly1305::test_m::test_seal_open_tamper ... ok
[INFO] [stdout] test crypto::aead::chacha20poly1305_ietf::test::test_vector_1 ... ok
[INFO] [stdout] test crypto::aead::chacha20poly1305::test_m::test_seal_open_detached_tamper ... ok
[INFO] [stdout] test crypto::aead::aes256gcm::aes_impl::test_m::test_seal_open_tamper ... ok
[INFO] [stdout] test crypto::aead::aes256gcm::aes_impl::test_m::test_seal_open_detached_same ... ok
[INFO] [stdout] test crypto::aead::chacha20poly1305_ietf::test::test_vector_3 ... ok
[INFO] [stdout] test crypto::aead::chacha20poly1305_ietf::test::test_vector_2 ... ok
[INFO] [stdout] test crypto::aead::chacha20poly1305_ietf::test_m::test_seal_open ... ok
[INFO] [stdout] test crypto::aead::chacha20poly1305_ietf::test::test_vector_4 ... ok
[INFO] [stdout] test crypto::aead::xchacha20poly1305_ietf::test::test_vector_1 ... ok
[INFO] [stdout] test crypto::aead::chacha20poly1305::test_m::test_seal_open ... ok
[INFO] [stdout] test crypto::aead::chacha20poly1305::test_m::test_seal_open_detached_same ... ok
[INFO] [stdout] test crypto::aead::chacha20poly1305_ietf::test_m::test_seal_open_tamper ... ok
[INFO] [stdout] test crypto::aead::xchacha20poly1305_ietf::test::test_nonce_length ... ok
[INFO] [stdout] test crypto::aead::chacha20poly1305_ietf::test_m::test_seal_open_detached ... ok
[INFO] [stdout] test crypto::aead::chacha20poly1305_ietf::test_m::test_seal_open_detached_same ... ok
[INFO] [stdout] test crypto::aead::xchacha20poly1305_ietf::test_m::test_seal_open_detached ... ok
[INFO] [stdout] test crypto::aead::chacha20poly1305_ietf::test_m::test_seal_open_detached_tamper ... ok
[INFO] [stdout] test crypto::aead::xchacha20poly1305_ietf::test_m::test_seal_open ... ok
[INFO] [stdout] test crypto::auth::hmacsha256::test::test_vector_state_1 ... ok
[INFO] [stdout] test crypto::auth::hmacsha256::test::test_vector_1 ... ok
[INFO] [stdout] test crypto::aead::xchacha20poly1305_ietf::test_m::test_seal_open_detached_same ... ok
[INFO] [stdout] test crypto::aead::xchacha20poly1305_ietf::test_m::test_seal_open_tamper ... ok
[INFO] [stdout] test crypto::aead::xchacha20poly1305_ietf::test_m::test_seal_open_detached_tamper ... ok
[INFO] [stdout] test crypto::auth::hmacsha256::test_m::test_auth_verify ... ok
[INFO] [stdout] test crypto::auth::hmacsha256::test_m::test_serialisation ... ok
[INFO] [stdout] test crypto::auth::hmacsha512256::test::test_vector_state_1 ... ok
[INFO] [stdout] test crypto::auth::hmacsha512256::test::test_vector_1 ... ok
[INFO] [stdout] test crypto::auth::hmacsha256::test_s::test_auth_eq_auth_state_chunked ... ok
[INFO] [stdout] test crypto::auth::hmacsha256::test_s::test_auth_eq_auth_state ... ok
[INFO] [stdout] test crypto::auth::hmacsha256::test_m::test_auth_verify_tamper ... ok
[INFO] [stdout] test crypto::auth::hmacsha512::test::test_vector_1 ... ok
[INFO] [stdout] test crypto::auth::hmacsha512256::test_s::test_auth_eq_auth_state ... ok
[INFO] [stdout] test crypto::auth::hmacsha512256::test_s::test_auth_eq_auth_state_chunked ... ok
[INFO] [stdout] test crypto::auth::hmacsha512256::test_m::test_serialisation ... ok
[INFO] [stdout] test crypto::auth::hmacsha512256::test_m::test_auth_verify ... ok
[INFO] [stdout] test crypto::auth::hmacsha512::test::test_vector_state_1 ... ok
[INFO] [stdout] test crypto::box_::curve25519xsalsa20poly1305::test::test_nonce_length ... ok
[INFO] [stdout] test crypto::box_::curve25519xsalsa20poly1305::test::test_open_detached_failure_does_not_modify ... ok
[INFO] [stdout] test crypto::auth::hmacsha512::test_m::test_auth_verify ... ok
[INFO] [stdout] test crypto::box_::curve25519xsalsa20poly1305::test::test_open_detached_precomputed_failure_does_not_modify ... ok
[INFO] [stdout] test crypto::auth::hmacsha512::test_s::test_auth_eq_auth_state ... ok
[INFO] [stdout] test crypto::auth::hmacsha512::test_s::test_auth_eq_auth_state_chunked ... ok
[INFO] [stdout] test crypto::auth::hmacsha512256::test_m::test_auth_verify_tamper ... ok
[INFO] [stdout] test crypto::auth::hmacsha512::test_m::test_serialisation ... ok
[INFO] [stdout] test crypto::auth::hmacsha512::test_m::test_auth_verify_tamper ... ok
[INFO] [stdout] test crypto::box_::curve25519xsalsa20poly1305::test::test_public_key ... ok
[INFO] [stdout] test crypto::box_::curve25519xsalsa20poly1305::test::test_seal_open_detached_precomputed_tamper ... ok
[INFO] [stdout] test crypto::box_::curve25519xsalsa20poly1305::test::test_seal_combined_then_open_detached ... ok
[INFO] [stdout] test crypto::box_::curve25519xsalsa20poly1305::test::test_seal_combined_then_open_detached_precomputed ... ok
[INFO] [stdout] test crypto::box_::curve25519xsalsa20poly1305::test::test_seal_open ... ok
[INFO] [stdout] test crypto::box_::curve25519xsalsa20poly1305::test::test_seal_open_precomputed_tamper ... ok
[INFO] [stdout] test crypto::box_::curve25519xsalsa20poly1305::test::test_seal_detached_precomputed_then_open_combined ... ok
[INFO] [stdout] test crypto::box_::curve25519xsalsa20poly1305::test::test_seal_open_detached ... ok
[INFO] [stdout] test crypto::box_::curve25519xsalsa20poly1305::test::test_seal_open_detached_precomputed ... ok
[INFO] [stdout] test crypto::box_::curve25519xsalsa20poly1305::test::test_vector_1 ... ok
[INFO] [stdout] test crypto::box_::curve25519xsalsa20poly1305::test::test_seal_detached_then_open_combined ... ok
[INFO] [stdout] test crypto::box_::curve25519xsalsa20poly1305::test::test_vector_2 ... ok
[INFO] [stdout] test crypto::generichash::test::test_digest_equal ... ok
[INFO] [stdout] test crypto::generichash::test::test_digest_not_equal ... ok
[INFO] [stdout] test crypto::generichash::test::test_blake2b_vectors ... ok
[INFO] [stdout] test crypto::generichash::test::test_vector_2 ... ok
[INFO] [stdout] test crypto::generichash::test::test_vector_1 ... ok
[INFO] [stdout] test crypto::hash::sha256::test::test_hash_state_empty ... ok
[INFO] [stdout] test crypto::hash::sha256::test::test_hash_state_multi_parts ... ok
[INFO] [stdout] test crypto::hash::sha256::test::test_vector_1 ... ok
[INFO] [stdout] test crypto::hash::sha256::test::test_vector_2 ... ok
[INFO] [stdout] test crypto::box_::curve25519xsalsa20poly1305::test::test_seal_open_seed_tamper ... ok
[INFO] [stdout] test crypto::box_::curve25519xsalsa20poly1305::test::test_seal_open_detached_tamper ... ok
[INFO] [stdout] test crypto::hash::sha256::test_encode::test_serialisation ... ok
[INFO] [stdout] test crypto::hash::sha256::test::test_vectors_nist_short ... ok
[INFO] [stdout] test crypto::hash::sha512::test::test_hash_state_multi_parts ... ok
[INFO] [stdout] test crypto::hash::sha512::test::test_vector_1 ... ok
[INFO] [stdout] test crypto::hash::sha512::test::test_vectors_nist_short ... ok
[INFO] [stdout] test crypto::hash::sha512::test_encode::test_serialisation ... ok
[INFO] [stdout] test crypto::hash::sha512::test_m::test_hash_multipart ... ok
[INFO] [stdout] test crypto::hash::sha256::test_m::test_hash_multipart ... ok
[INFO] [stdout] test crypto::kdf::blake2b::test::test_gen_key ... ok
[INFO] [stdout] test crypto::box_::curve25519xsalsa20poly1305::test::test_seal_open_tamper ... ok
[INFO] [stdout] test crypto::kdf::blake2b::test::test_keysize_out_of_bounds ... ok
[INFO] [stdout] test crypto::kx::x25519blake2b::test::test_kx ... ok
[INFO] [stdout] test crypto::kx::x25519blake2b::test::test_kx_non_acceptable_keys ... ok
[INFO] [stdout] test crypto::box_::curve25519xsalsa20poly1305::test::test_serialisation ... ok
[INFO] [stdout] test crypto::kdf::blake2b::test::test_vectors ... ok
[INFO] [stdout] test crypto::hash::sha256::test::test_vectors_nist_long ... ok
[INFO] [stdout] test crypto::kx::x25519blake2b::test::test_vectors ... ok
[INFO] [stdout] test crypto::onetimeauth::poly1305::test_m::test_auth_verify_tamper ... ok
[INFO] [stdout] test crypto::onetimeauth::poly1305::test::test_vector_1 ... ok
[INFO] [stdout] test crypto::onetimeauth::poly1305::test_m::test_auth_verify ... ok
[INFO] [stdout] test crypto::onetimeauth::poly1305::test_m::test_serialisation ... ok
[INFO] [stdout] test crypto::pwhash::argon2i13::test::test_derive_04 ... ok
[INFO] [stdout] test crypto::box_::curve25519xsalsa20poly1305::test::test_seal_open_seed ... ok
[INFO] [stdout] test crypto::pwhash::argon2i13::test::test_derive_07 ... ok
[INFO] [stdout] test crypto::hash::sha512::test::test_vectors_nist_long ... ok
[INFO] [stdout] test crypto::pwhash::argon2i13::test::test_derive_09 ... ok
[INFO] [stdout] test crypto::pwhash::argon2i13::test::test_derive_10 ... ok
[INFO] [stdout] test crypto::box_::curve25519xsalsa20poly1305::test::test_seal_open_precomputed ... ok
[INFO] [stdout] test crypto::pwhash::argon2i13::test::test_hash_2 ... ok
[INFO] [stdout] test crypto::pwhash::argon2i13::test::test_derive_05 ... ok
[INFO] [stdout] test crypto::pwhash::argon2i13::test::test_derive_08 ... ok
[INFO] [stdout] test crypto::pwhash::argon2i13::test::test_derive_06 ... ok
[INFO] [stdout] test crypto::pwhash::argon2i13::test::test_pwhash_verify ... ok
[INFO] [stdout] test crypto::pwhash::argon2i13::test::test_derive_03 ... ok
[INFO] [stdout] test crypto::pwhash::argon2i13::test::test_verify_1 ... ok
[INFO] [stdout] test crypto::pwhash::argon2i13::test::test_hash_3 ... ok
[INFO] [stdout] test crypto::pwhash::argon2i13::test::test_derive_02 ... ok
[INFO] [stdout] test crypto::pwhash::argon2i13::test::test_hash_1 ... ok
[INFO] [stdout] test crypto::pwhash::argon2i13::test::test_verify_2 ... ok
[INFO] [stdout] test crypto::pwhash::argon2i13::test::test_derive_01 ... ok
[INFO] [stdout] test crypto::pwhash::argon2id13::test::test_derive_04 ... ok
[INFO] [stdout] test crypto::pwhash::argon2id13::test::test_derive_05 ... ok
[INFO] [stdout] test crypto::pwhash::argon2i13::test::test_verify_3 ... ok
[INFO] [stdout] test crypto::pwhash::argon2i13::test::test_verify_4 ... ok
[INFO] [stdout] test crypto::pwhash::argon2id13::test::test_derive_07 ... ok
[INFO] [stdout] test crypto::pwhash::argon2id13::test::test_derive_09 ... ok
[INFO] [stdout] test crypto::pwhash::argon2id13::test::test_derive_10 ... ok
[INFO] [stdout] test crypto::pwhash::argon2id13::test::test_derive_08 ... ok
[INFO] [stdout] test crypto::pwhash::argon2i13::test::test_pwhash_verify_tamper ... ok
[INFO] [stdout] test crypto::pwhash::argon2id13::test::test_hash_2 ... ok
[INFO] [stdout] test crypto::pwhash::argon2id13::test::test_derive_06 ... ok
[INFO] [stdout] test crypto::pwhash::argon2id13::test::test_derive_03 ... ok
[INFO] [stdout] test crypto::pwhash::argon2id13::test::test_derive_02 ... ok
[INFO] [stdout] test crypto::pwhash::argon2id13::test::test_derive_01 ... ok
[INFO] [stdout] test crypto::pwhash::argon2id13::test::test_verify_1 ... ok
[INFO] [stdout] test crypto::pwhash::argon2id13::test::test_pwhash_verify ... ok
[INFO] [stdout] test crypto::pwhash::argon2id13::test::test_verify_4 ... ok
[INFO] [stdout] test crypto::pwhash::argon2id13::test::test_verify_2 ... ok
[INFO] [stdout] test crypto::pwhash::argon2id13::test::test_verify_3 ... ok
[INFO] [stdout] test crypto::pwhash::argon2id13::test::test_hash_1 ... ok
[INFO] [stdout] test crypto::pwhash::argon2id13::test::test_verify_6 ... ok
[INFO] [stdout] test crypto::pwhash::argon2id13::test::test_pwhash_verify_tamper ... ok
[INFO] [stdout] test crypto::pwhash::argon2id13::test::test_hash_3 ... ok
[INFO] [stdout] test crypto::scalarmult::curve25519::test::test_all_zero - should panic ... ok
[INFO] [stdout] test crypto::scalarmult::curve25519::test::test_vector_1 ... ok
[INFO] [stdout] test crypto::scalarmult::curve25519::test::test_vector_2 ... ok
[INFO] [stdout] test crypto::scalarmult::curve25519::test::test_vector_3 ... ok
[INFO] [stdout] test crypto::scalarmult::curve25519::test::test_vector_4 ... ok
[INFO] [stdout] test crypto::sealedbox::curve25519blake2bxsalsa20poly1305::test::test_seal_open ... ok
[INFO] [stdout] test crypto::sealedbox::curve25519blake2bxsalsa20poly1305::test::test_seal_open_tamper ... ok
[INFO] [stdout] test crypto::secretbox::xsalsa20poly1305::test::test_nonce_length ... ok
[INFO] [stdout] test crypto::secretbox::xsalsa20poly1305::test::test_open_detached_failure_does_not_modify ... ok
[INFO] [stdout] test crypto::secretbox::xsalsa20poly1305::test::test_seal_combined_then_open_detached ... ok
[INFO] [stdout] test crypto::secretbox::xsalsa20poly1305::test::test_seal_detached_then_open_combined ... ok
[INFO] [stdout] test crypto::secretbox::xsalsa20poly1305::test::test_seal_open ... ok
[INFO] [stdout] test crypto::secretbox::xsalsa20poly1305::test::test_seal_open_detached ... ok
[INFO] [stdout] test crypto::secretbox::xsalsa20poly1305::test::test_seal_open_detached_tamper ... ok
[INFO] [stdout] test crypto::pwhash::scryptsalsa208sha256::test::test_derive_key ... ok
[INFO] [stdout] test crypto::secretbox::xsalsa20poly1305::test::test_seal_open_tamper ... ok
[INFO] [stdout] test crypto::secretbox::xsalsa20poly1305::test::test_vector_1 ... ok
[INFO] [stdout] test crypto::secretbox::xsalsa20poly1305::test::test_serialisation ... ok
[INFO] [stdout] test crypto::secretstream::xchacha20poly1305::test::cannot_pull_after_finalization ... ok
[INFO] [stdout] test crypto::secretstream::xchacha20poly1305::test::cannot_rekey_after_finalization ... ok
[INFO] [stdout] test crypto::secretstream::xchacha20poly1305::test::cannot_push_after_finalization ... ok
[INFO] [stdout] test crypto::secretstream::xchacha20poly1305::test::decrypt_too_short_ciphertext ... ok
[INFO] [stdout] test crypto::secretstream::xchacha20poly1305::test::finalize_with_ad ... ok
[INFO] [stdout] test crypto::secretstream::xchacha20poly1305::test::push_pull ... ok
[INFO] [stdout] test crypto::secretstream::xchacha20poly1305::test::push_pull_with_ad ... ok
[INFO] [stdout] test crypto::secretstream::xchacha20poly1305::test::push_pull_with_explicit_rekey ... ok
[INFO] [stdout] test crypto::secretstream::xchacha20poly1305::test::push_pull_with_recycled_vec ... ok
[INFO] [stdout] test crypto::secretstream::xchacha20poly1305::test::push_pull_with_rekey ... ok
[INFO] [stdout] test crypto::secretstream::xchacha20poly1305::test::tag_from_u8 ... ok
[INFO] [stdout] test crypto::shorthash::siphash24::test::test_vectors ... ok
[INFO] [stdout] test crypto::shorthash::siphash24::test::test_serialisation ... ok
[INFO] [stdout] test crypto::sign::ed25519::test::test_chunks_sign ... ok
[INFO] [stdout] test crypto::sign::ed25519::test::test_convert_keys ... ok
[INFO] [stdout] test crypto::sign::ed25519::test::test_sign_verify_detached ... ok
[INFO] [stdout] test crypto::sign::ed25519::test::test_sign_verify_detached_tamper ... FAILED
[INFO] [stdout] test crypto::sign::ed25519::test::test_sign_verify_seed ... ok
[INFO] [stdout] test crypto::sign::ed25519::test::test_sign_verify ... ok
[INFO] [stdout] test crypto::pwhash::argon2id13::test::test_verify_5 ... ok
[INFO] [stdout] test crypto::sign::ed25519::test::test_sk_to_pk ... ok
[INFO] [stdout] test crypto::sign::ed25519::test::test_streaming_copy ... ok
[INFO] [stdout] test crypto::sign::ed25519::test::test_streaming_default ... ok
[INFO] [stdout] test crypto::sign::ed25519::test::test_streaming_empty_sign ... ok
[INFO] [stdout] test crypto::sign::ed25519::test::test_streaming_format ... ok
[INFO] [stdout] test crypto::sign::ed25519::test::test_streaming_sign ... ok
[INFO] [stdout] test crypto::sign::ed25519::test::test_sign_verify_tamper ... ok
[INFO] [stdout] test crypto::sign::ed25519::test::test_sign_verify_tamper_seed ... ok
[INFO] [stdout] test crypto::sign::ed25519::test::test_streaming_vectors ... ok
[INFO] [stdout] test crypto::stream::chacha20::test::test_vector_1 ... ok
[INFO] [stdout] test crypto::stream::chacha20::test_m::test_encrypt_decrypt ... ok
[INFO] [stdout] test crypto::stream::chacha20::test_m::test_serialisation ... ok
[INFO] [stdout] test crypto::stream::chacha20::test_m::test_stream_xor ... ok
[INFO] [stdout] test crypto::sign::ed25519::test::test_vectors ... ok
[INFO] [stdout] test crypto::stream::chacha20::test_m::test_stream_xor_ic_same ... ok
[INFO] [stdout] test crypto::stream::chacha20::test_m::test_stream_xor_inplace ... ok
[INFO] [stdout] test crypto::stream::chacha20::test_m::test_stream_xor_ic_inplace ... ok
[INFO] [stdout] test crypto::stream::salsa20::test_m::test_encrypt_decrypt ... ok
[INFO] [stdout] test crypto::stream::salsa20::test_m::test_serialisation ... ok
[INFO] [stdout] test crypto::stream::salsa20::test_m::test_stream_xor ... ok
[INFO] [stdout] test crypto::sign::ed25519::test::test_vectors_detached ... ok
[INFO] [stdout] test crypto::stream::salsa20::test_m::test_stream_xor_ic_same ... ok
[INFO] [stdout] test crypto::stream::salsa20::test_m::test_stream_xor_inplace ... ok
[INFO] [stdout] test crypto::stream::xchacha20::test::test_nonce_length ... ok
[INFO] [stdout] test crypto::stream::salsa20::test::test_vector_1 ... ok
[INFO] [stdout] test crypto::stream::xchacha20::test_m::test_encrypt_decrypt ... ok
[INFO] [stdout] test crypto::stream::xchacha20::test_m::test_stream_xor ... ok
[INFO] [stdout] test crypto::stream::xchacha20::test_m::test_serialisation ... ok
[INFO] [stdout] test crypto::stream::xchacha20::test_m::test_stream_xor_ic_same ... ok
[INFO] [stdout] test crypto::stream::xchacha20::test_m::test_stream_xor_inplace ... ok
[INFO] [stdout] test crypto::stream::xsalsa20::test::test_nonce_length ... ok
[INFO] [stdout] test crypto::stream::salsa20::test_m::test_stream_xor_ic_inplace ... ok
[INFO] [stdout] test crypto::stream::xsalsa20::test::test_vector_2 ... ok
[INFO] [stdout] test crypto::stream::xsalsa20::test::test_vector_3 ... ok
[INFO] [stdout] test crypto::stream::xsalsa20::test_m::test_encrypt_decrypt ... ok
[INFO] [stdout] test crypto::stream::xsalsa20::test_m::test_serialisation ... ok
[INFO] [stdout] test crypto::stream::xsalsa20::test_m::test_stream_xor ... ok
[INFO] [stdout] test crypto::stream::xsalsa20::test::test_vector_1 ... ok
[INFO] [stdout] test crypto::stream::xchacha20::test_m::test_stream_xor_ic_inplace ... ok
[INFO] [stdout] test crypto::stream::xsalsa20::test_m::test_stream_xor_ic_same ... ok
[INFO] [stdout] test crypto::verify::test::test_verify_16 ... ok
[INFO] [stdout] test crypto::verify::test::test_verify_32 ... ok
[INFO] [stdout] test crypto::verify::test::test_verify_64 ... ok
[INFO] [stdout] test hex::tests::test_decode ... ok
[INFO] [stdout] test hex::tests::test_encode ... ok
[INFO] [stdout] test padding::test::test_on_bad_length ... ok
[INFO] [stdout] test padding::test::test_on_block_boundary ... ok
[INFO] [stdout] test crypto::stream::xsalsa20::test_m::test_stream_xor_inplace ... ok
[INFO] [stdout] test randombytes::test::test_randombytes_buf_deterministic ... ok
[INFO] [stdout] test randombytes::test::test_randombytes_buf_deterministic_into ... ok
[INFO] [stdout] test padding::test::test_pad_and_unpad_with_good_length ... ok
[INFO] [stdout] test randombytes::test::test_randombytes_buf_deterministic_unique_given_seed ... ok
[INFO] [stdout] test randombytes::test::test_randombytes_uniform_0 ... ok
[INFO] [stdout] test randombytes::test::test_randombytes_uniform_1 ... ok
[INFO] [stdout] test utils::test::test_add_le_different_lengths ... ok
[INFO] [stdout] test randombytes::test::test_randombytes_uniform_7 ... ok
[INFO] [stdout] test utils::test::test_add_le_overflow ... ok
[INFO] [stdout] test utils::test::test_add_le_zero ... ok
[INFO] [stdout] test utils::test::test_increment_le_overflow ... ok
[INFO] [stdout] test utils::test::test_add_le_vectors ... ok
[INFO] [stdout] test utils::test::test_increment_le_zero ... ok
[INFO] [stdout] test utils::test::test_increment_le_vectors ... ok
[INFO] [stdout] test utils::test::test_mlock_fail ... ok
[INFO] [stdout] test utils::test::test_memcmp ... ok
[INFO] [stdout] test version::test::test_version_string ... ok
[INFO] [stdout] test utils::test::test_mlock_munlock ... ok
[INFO] [stdout] test crypto::stream::xsalsa20::test_m::test_stream_xor_ic_inplace ... ok
[INFO] [stdout] test crypto::pwhash::scryptsalsa208sha256::test::test_serialisation ... ok
[INFO] [stdout] test crypto::pwhash::argon2i13::test::test_serialisation has been running for over 60 seconds
[INFO] [stdout] test crypto::pwhash::argon2id13::test::test_serialisation has been running for over 60 seconds
[INFO] [stdout] test crypto::pwhash::scryptsalsa208sha256::test::test_pwhash_verify has been running for over 60 seconds
[INFO] [stdout] test crypto::pwhash::scryptsalsa208sha256::test::test_pwhash_verify_tamper has been running for over 60 seconds
[INFO] [stdout] test crypto::pwhash::scryptsalsa208sha256::test::test_pwhash_verify ... ok
[INFO] [stdout] test crypto::pwhash::argon2i13::test::test_serialisation ... ok
[INFO] [stdout] test crypto::pwhash::argon2id13::test::test_serialisation ... ok
[INFO] [stdout] test crypto::pwhash::scryptsalsa208sha256::test::test_pwhash_verify_tamper ... ok
[INFO] [stderr] error: test failed, to rerun pass `--lib`
[INFO] [stdout] 
[INFO] [stdout] failures:
[INFO] [stdout] 
[INFO] [stdout] ---- crypto::sign::ed25519::test::test_sign_verify_detached_tamper stdout ----
[INFO] [stdout] thread 'crypto::sign::ed25519::test::test_sign_verify_detached_tamper' panicked at 'invalid signature: signature::Error {}', /opt/rustwide/cargo-home/registry/src/github.com-1ecc6299db9ec823/ed25519-1.5.3/src/lib.rs:331:38
[INFO] [stdout] stack backtrace:
[INFO] [stdout]    0:     0x5624df07c17a - std::backtrace_rs::backtrace::libunwind::trace::ha9053a9a07ca49cb
[INFO] [stdout]                                at /rustc/84c898d65adf2f39a5a98507f1fe0ce10a2b8dbc/library/std/src/../../backtrace/src/backtrace/libunwind.rs:93:5
[INFO] [stdout]    1:     0x5624df07c17a - std::backtrace_rs::backtrace::trace_unsynchronized::h9c2852a457ad564e
[INFO] [stdout]                                at /rustc/84c898d65adf2f39a5a98507f1fe0ce10a2b8dbc/library/std/src/../../backtrace/src/backtrace/mod.rs:66:5
[INFO] [stdout]    2:     0x5624df07c17a - std::sys_common::backtrace::_print_fmt::h457936fbfaa0070f
[INFO] [stdout]                                at /rustc/84c898d65adf2f39a5a98507f1fe0ce10a2b8dbc/library/std/src/sys_common/backtrace.rs:65:5
[INFO] [stdout]    3:     0x5624df07c17a - <std::sys_common::backtrace::_print::DisplayBacktrace as core::fmt::Display>::fmt::h5779d7bf7f70cb0c
[INFO] [stdout]                                at /rustc/84c898d65adf2f39a5a98507f1fe0ce10a2b8dbc/library/std/src/sys_common/backtrace.rs:44:22
[INFO] [stdout]    4:     0x5624df09f84e - core::fmt::write::h5a4baaff1bcd3eb5
[INFO] [stdout]                                at /rustc/84c898d65adf2f39a5a98507f1fe0ce10a2b8dbc/library/core/src/fmt/mod.rs:1232:17
[INFO] [stdout]    5:     0x5624df0795f5 - std::io::Write::write_fmt::h478f79c628ef31d1
[INFO] [stdout]                                at /rustc/84c898d65adf2f39a5a98507f1fe0ce10a2b8dbc/library/std/src/io/mod.rs:1684:15
[INFO] [stdout]    6:     0x5624df07bf45 - std::sys_common::backtrace::_print::h5fcdc36060f177e8
[INFO] [stdout]                                at /rustc/84c898d65adf2f39a5a98507f1fe0ce10a2b8dbc/library/std/src/sys_common/backtrace.rs:47:5
[INFO] [stdout]    7:     0x5624df07bf45 - std::sys_common::backtrace::print::h54ca9458b876c8bf
[INFO] [stdout]                                at /rustc/84c898d65adf2f39a5a98507f1fe0ce10a2b8dbc/library/std/src/sys_common/backtrace.rs:34:9
[INFO] [stdout]    8:     0x5624df07dd0f - std::panicking::default_hook::{{closure}}::hbe471161c7664ed6
[INFO] [stdout]                                at /rustc/84c898d65adf2f39a5a98507f1fe0ce10a2b8dbc/library/std/src/panicking.rs:271:22
[INFO] [stdout]    9:     0x5624df07d9cf - std::panicking::default_hook::ha3500da57aa4ac4f
[INFO] [stdout]                                at /rustc/84c898d65adf2f39a5a98507f1fe0ce10a2b8dbc/library/std/src/panicking.rs:287:9
[INFO] [stdout]   10:     0x5624def606f7 - <alloc::boxed::Box<F,A> as core::ops::function::Fn<Args>>::call::hdf1b89dd137ece34
[INFO] [stdout]                                at /rustc/84c898d65adf2f39a5a98507f1fe0ce10a2b8dbc/library/alloc/src/boxed.rs:2001:9
[INFO] [stdout]   11:     0x5624def606f7 - test::test_main::{{closure}}::h9081a79f20e75698
[INFO] [stdout]                                at /rustc/84c898d65adf2f39a5a98507f1fe0ce10a2b8dbc/library/test/src/lib.rs:135:21
[INFO] [stdout]   12:     0x5624df07e43d - <alloc::boxed::Box<F,A> as core::ops::function::Fn<Args>>::call::h6507bddc3eebb4a5
[INFO] [stdout]                                at /rustc/84c898d65adf2f39a5a98507f1fe0ce10a2b8dbc/library/alloc/src/boxed.rs:2001:9
[INFO] [stdout]   13:     0x5624df07e43d - std::panicking::rust_panic_with_hook::h50c09d000dc561d2
[INFO] [stdout]                                at /rustc/84c898d65adf2f39a5a98507f1fe0ce10a2b8dbc/library/std/src/panicking.rs:696:13
[INFO] [stdout]   14:     0x5624df07e1b9 - std::panicking::begin_panic_handler::{{closure}}::h9e2b2176e00e0d9c
[INFO] [stdout]                                at /rustc/84c898d65adf2f39a5a98507f1fe0ce10a2b8dbc/library/std/src/panicking.rs:583:13
[INFO] [stdout]   15:     0x5624df07c5e6 - std::sys_common::backtrace::__rust_end_short_backtrace::h5739b8e512c09d02
[INFO] [stdout]                                at /rustc/84c898d65adf2f39a5a98507f1fe0ce10a2b8dbc/library/std/src/sys_common/backtrace.rs:150:18
[INFO] [stdout]   16:     0x5624df07dec2 - rust_begin_unwind
[INFO] [stdout]                                at /rustc/84c898d65adf2f39a5a98507f1fe0ce10a2b8dbc/library/std/src/panicking.rs:579:5
[INFO] [stdout]   17:     0x5624dee39103 - core::panicking::panic_fmt::hf33a1475b4dc5c3e
[INFO] [stdout]                                at /rustc/84c898d65adf2f39a5a98507f1fe0ce10a2b8dbc/library/core/src/panicking.rs:64:14
[INFO] [stdout]   18:     0x5624dee39553 - core::result::unwrap_failed::hdff5465d74574b44
[INFO] [stdout]                                at /rustc/84c898d65adf2f39a5a98507f1fe0ce10a2b8dbc/library/core/src/result.rs:1750:5
[INFO] [stdout]   19:     0x5624def7e38d - core::result::Result<T,E>::expect::h658264e47b228724
[INFO] [stdout]                                at /rustc/84c898d65adf2f39a5a98507f1fe0ce10a2b8dbc/library/core/src/result.rs:1047:23
[INFO] [stdout]   20:     0x5624def7e109 - ed25519::Signature::new::hd27a6be13f108970
[INFO] [stdout]                                at /opt/rustwide/cargo-home/registry/src/github.com-1ecc6299db9ec823/ed25519-1.5.3/src/lib.rs:331:9
[INFO] [stdout]   21:     0x5624deeeaf04 - sodiumoxide::crypto::sign::ed25519::test::test_sign_verify_detached_tamper::h212f8295f559aa11
[INFO] [stdout]                                at /opt/rustwide/workdir/src/crypto/sign/ed25519.rs:339:43
[INFO] [stdout]   22:     0x5624deeeac07 - sodiumoxide::crypto::sign::ed25519::test::test_sign_verify_detached_tamper::{{closure}}::h1ea605fd699a9800
[INFO] [stdout]                                at /opt/rustwide/workdir/src/crypto/sign/ed25519.rs:331:43
[INFO] [stdout]   23:     0x5624deef3275 - core::ops::function::FnOnce::call_once::hbe05b06581d107d0
[INFO] [stdout]                                at /rustc/84c898d65adf2f39a5a98507f1fe0ce10a2b8dbc/library/core/src/ops/function.rs:250:5
[INFO] [stdout]   24:     0x5624def65adf - core::ops::function::FnOnce::call_once::h7d969581be7d0075
[INFO] [stdout]                                at /rustc/84c898d65adf2f39a5a98507f1fe0ce10a2b8dbc/library/core/src/ops/function.rs:250:5
[INFO] [stdout]   25:     0x5624def65adf - test::__rust_begin_short_backtrace::hca25a52684e56655
[INFO] [stdout]                                at /rustc/84c898d65adf2f39a5a98507f1fe0ce10a2b8dbc/library/test/src/lib.rs:656:18
[INFO] [stdout]   26:     0x5624def370fc - test::run_test::{{closure}}::ha8ac744c4af1a4bb
[INFO] [stdout]                                at /rustc/84c898d65adf2f39a5a98507f1fe0ce10a2b8dbc/library/test/src/lib.rs:647:30
[INFO] [stdout]   27:     0x5624def370fc - core::ops::function::FnOnce::call_once{{vtable.shim}}::h7b411a9ed45bdecf
[INFO] [stdout]                                at /rustc/84c898d65adf2f39a5a98507f1fe0ce10a2b8dbc/library/core/src/ops/function.rs:250:5
[INFO] [stdout]   28:     0x5624def64aa6 - <alloc::boxed::Box<F,A> as core::ops::function::FnOnce<Args>>::call_once::hd05328869a8ed200
[INFO] [stdout]                                at /rustc/84c898d65adf2f39a5a98507f1fe0ce10a2b8dbc/library/alloc/src/boxed.rs:1987:9
[INFO] [stdout]   29:     0x5624def64aa6 - <core::panic::unwind_safe::AssertUnwindSafe<F> as core::ops::function::FnOnce<()>>::call_once::h0c601ce20bd5b2be
[INFO] [stdout]                                at /rustc/84c898d65adf2f39a5a98507f1fe0ce10a2b8dbc/library/core/src/panic/unwind_safe.rs:271:9
[INFO] [stdout]   30:     0x5624def64aa6 - std::panicking::try::do_call::ha4be5c164fe30854
[INFO] [stdout]                                at /rustc/84c898d65adf2f39a5a98507f1fe0ce10a2b8dbc/library/std/src/panicking.rs:487:40
[INFO] [stdout]   31:     0x5624def64aa6 - std::panicking::try::h604546f3609af05f
[INFO] [stdout]                                at /rustc/84c898d65adf2f39a5a98507f1fe0ce10a2b8dbc/library/std/src/panicking.rs:451:19
[INFO] [stdout]   32:     0x5624def64aa6 - std::panic::catch_unwind::h5bfa8afe44c9c2f9
[INFO] [stdout]                                at /rustc/84c898d65adf2f39a5a98507f1fe0ce10a2b8dbc/library/std/src/panic.rs:140:14
[INFO] [stdout]   33:     0x5624def64aa6 - test::run_test_in_process::hd50dee55dd63e6aa
[INFO] [stdout]                                at /rustc/84c898d65adf2f39a5a98507f1fe0ce10a2b8dbc/library/test/src/lib.rs:679:27
[INFO] [stdout]   34:     0x5624def64aa6 - test::run_test::run_test_inner::{{closure}}::h4aa0f433aa85cea8
[INFO] [stdout]                                at /rustc/84c898d65adf2f39a5a98507f1fe0ce10a2b8dbc/library/test/src/lib.rs:573:39
[INFO] [stdout]   35:     0x5624def31771 - test::run_test::run_test_inner::{{closure}}::had56431adf24b4d6
[INFO] [stdout]                                at /rustc/84c898d65adf2f39a5a98507f1fe0ce10a2b8dbc/library/test/src/lib.rs:600:37
[INFO] [stdout]   36:     0x5624def31771 - std::sys_common::backtrace::__rust_begin_short_backtrace::ha8d9890e0c73bf13
[INFO] [stdout]                                at /rustc/84c898d65adf2f39a5a98507f1fe0ce10a2b8dbc/library/std/src/sys_common/backtrace.rs:134:18
[INFO] [stdout]   37:     0x5624def3718b - std::thread::Builder::spawn_unchecked_::{{closure}}::{{closure}}::h251832bcb4a95327
[INFO] [stdout]                                at /rustc/84c898d65adf2f39a5a98507f1fe0ce10a2b8dbc/library/std/src/thread/mod.rs:560:17
[INFO] [stdout]   38:     0x5624def3718b - <core::panic::unwind_safe::AssertUnwindSafe<F> as core::ops::function::FnOnce<()>>::call_once::h8fdff598fa414831
[INFO] [stdout]                                at /rustc/84c898d65adf2f39a5a98507f1fe0ce10a2b8dbc/library/core/src/panic/unwind_safe.rs:271:9
[INFO] [stdout]   39:     0x5624def3718b - std::panicking::try::do_call::h455dd2f7764a950f
[INFO] [stdout]                                at /rustc/84c898d65adf2f39a5a98507f1fe0ce10a2b8dbc/library/std/src/panicking.rs:487:40
[INFO] [stdout]   40:     0x5624def3718b - std::panicking::try::had6f23b7b73ae72a
[INFO] [stdout]                                at /rustc/84c898d65adf2f39a5a98507f1fe0ce10a2b8dbc/library/std/src/panicking.rs:451:19
[INFO] [stdout]   41:     0x5624def3718b - std::panic::catch_unwind::ha6a5ca3915b4dad0
[INFO] [stdout]                                at /rustc/84c898d65adf2f39a5a98507f1fe0ce10a2b8dbc/library/std/src/panic.rs:140:14
[INFO] [stdout]   42:     0x5624def3718b - std::thread::Builder::spawn_unchecked_::{{closure}}::h883b72ef75da6231
[INFO] [stdout]                                at /rustc/84c898d65adf2f39a5a98507f1fe0ce10a2b8dbc/library/std/src/thread/mod.rs:559:30
[INFO] [stdout]   43:     0x5624def3718b - core::ops::function::FnOnce::call_once{{vtable.shim}}::hb7dff73dc8bd2ccb
[INFO] [stdout]                                at /rustc/84c898d65adf2f39a5a98507f1fe0ce10a2b8dbc/library/core/src/ops/function.rs:250:5
[INFO] [stdout]   44:     0x5624df0827d3 - <alloc::boxed::Box<F,A> as core::ops::function::FnOnce<Args>>::call_once::h39990b24eedef2ab
[INFO] [stdout]                                at /rustc/84c898d65adf2f39a5a98507f1fe0ce10a2b8dbc/library/alloc/src/boxed.rs:1987:9
[INFO] [stdout]   45:     0x5624df0827d3 - <alloc::boxed::Box<F,A> as core::ops::function::FnOnce<Args>>::call_once::h01a027258444143b
[INFO] [stdout]                                at /rustc/84c898d65adf2f39a5a98507f1fe0ce10a2b8dbc/library/alloc/src/boxed.rs:1987:9
[INFO] [stdout]   46:     0x5624df0827d3 - std::sys::unix::thread::Thread::new::thread_start::ha4f1cdd9c25884ba
[INFO] [stdout]                                at /rustc/84c898d65adf2f39a5a98507f1fe0ce10a2b8dbc/library/std/src/sys/unix/thread.rs:108:17
[INFO] [stdout]   47:     0x7f072a88bb43 - <unknown>
[INFO] [stdout]   48:     0x7f072a91cbb4 - __clone
[INFO] [stdout]   49:                0x0 - <unknown>
[INFO] [stdout] 
[INFO] [stdout] 
[INFO] [stdout] failures:
[INFO] [stdout]     crypto::sign::ed25519::test::test_sign_verify_detached_tamper
[INFO] [stdout] 
[INFO] [stdout] test result: FAILED. 252 passed; 1 failed; 0 ignored; 0 measured; 0 filtered out; finished in 124.31s
[INFO] [stdout] 
[INFO] running `Command { std: "docker" "inspect" "277476d7c90ab0b192325eaf02d7b85a25c90a873b7ebad1ed22da03561b9881", kill_on_drop: false }`
[INFO] running `Command { std: "docker" "rm" "-f" "277476d7c90ab0b192325eaf02d7b85a25c90a873b7ebad1ed22da03561b9881", kill_on_drop: false }`
[INFO] [stdout] 277476d7c90ab0b192325eaf02d7b85a25c90a873b7ebad1ed22da03561b9881
