[INFO] fetching crate snowflake_me 0.1.8...
[INFO] testing snowflake_me-0.1.8 against 1.69.0 for beta-1.70-1
[INFO] extracting crate snowflake_me 0.1.8 into /workspace/builds/worker-7-tc1/source
[INFO] validating manifest of crates.io crate snowflake_me 0.1.8 on toolchain 1.69.0
[INFO] running `Command { std: CARGO_HOME="/workspace/cargo-home" RUSTUP_HOME="/workspace/rustup-home" "/workspace/cargo-home/bin/cargo" "+1.69.0" "metadata" "--manifest-path" "Cargo.toml" "--no-deps", kill_on_drop: false }`
[INFO] removed /workspace/builds/worker-7-tc1/source/rust-toolchain
[INFO] started tweaking crates.io crate snowflake_me 0.1.8
[INFO] finished tweaking crates.io crate snowflake_me 0.1.8
[INFO] tweaked toml for crates.io crate snowflake_me 0.1.8 written to /workspace/builds/worker-7-tc1/source/Cargo.toml
[INFO] running `Command { std: CARGO_HOME="/workspace/cargo-home" RUSTUP_HOME="/workspace/rustup-home" __CARGO_TEST_CHANNEL_OVERRIDE_DO_NOT_USE_THIS="nightly" "/workspace/cargo-home/bin/cargo" "+1.69.0" "generate-lockfile" "--manifest-path" "Cargo.toml" "-Zno-index-update", kill_on_drop: false }`
[INFO] running `Command { std: CARGO_HOME="/workspace/cargo-home" RUSTUP_HOME="/workspace/rustup-home" "/workspace/cargo-home/bin/cargo" "+1.69.0" "fetch" "--manifest-path" "Cargo.toml", kill_on_drop: false }`
[INFO] [stderr]  Downloading crates ...
[INFO] [stderr]   Downloaded ipnetwork v0.19.0
[INFO] [stderr]   Downloaded pnet_datalink v0.31.0
[INFO] running `Command { std: "docker" "create" "-v" "/var/lib/crater-agent-workspace/builds/worker-7-tc1/target:/opt/rustwide/target:rw,Z" "-v" "/var/lib/crater-agent-workspace/builds/worker-7-tc1/source:/opt/rustwide/workdir:ro,Z" "-v" "/var/lib/crater-agent-workspace/cargo-home:/opt/rustwide/cargo-home:ro,Z" "-v" "/var/lib/crater-agent-workspace/rustup-home:/opt/rustwide/rustup-home:ro,Z" "-e" "SOURCE_DIR=/opt/rustwide/workdir" "-e" "CARGO_TARGET_DIR=/opt/rustwide/target" "-e" "CARGO_HOME=/opt/rustwide/cargo-home" "-e" "RUSTUP_HOME=/opt/rustwide/rustup-home" "-w" "/opt/rustwide/workdir" "-m" "1610612736" "--user" "0:0" "--network" "none" "ghcr.io/rust-lang/crates-build-env/linux@sha256:97d61d7686bf65f8ecb15491ab51835e82dc9176a96a831f143a431b191fc501" "/opt/rustwide/cargo-home/bin/cargo" "+1.69.0" "metadata" "--no-deps" "--format-version=1", kill_on_drop: false }`
[INFO] [stdout] fbe1ef43d6a7cd5b3105c44f69d77e3c8202911bdc9905db68016c00bc192991
[INFO] running `Command { std: "docker" "start" "-a" "fbe1ef43d6a7cd5b3105c44f69d77e3c8202911bdc9905db68016c00bc192991", kill_on_drop: false }`
[INFO] running `Command { std: "docker" "inspect" "fbe1ef43d6a7cd5b3105c44f69d77e3c8202911bdc9905db68016c00bc192991", kill_on_drop: false }`
[INFO] running `Command { std: "docker" "rm" "-f" "fbe1ef43d6a7cd5b3105c44f69d77e3c8202911bdc9905db68016c00bc192991", kill_on_drop: false }`
[INFO] [stdout] fbe1ef43d6a7cd5b3105c44f69d77e3c8202911bdc9905db68016c00bc192991
[INFO] running `Command { std: "docker" "create" "-v" "/var/lib/crater-agent-workspace/builds/worker-7-tc1/target:/opt/rustwide/target:rw,Z" "-v" "/var/lib/crater-agent-workspace/builds/worker-7-tc1/source:/opt/rustwide/workdir:ro,Z" "-v" "/var/lib/crater-agent-workspace/cargo-home:/opt/rustwide/cargo-home:ro,Z" "-v" "/var/lib/crater-agent-workspace/rustup-home:/opt/rustwide/rustup-home:ro,Z" "-e" "SOURCE_DIR=/opt/rustwide/workdir" "-e" "CARGO_TARGET_DIR=/opt/rustwide/target" "-e" "CARGO_INCREMENTAL=0" "-e" "RUST_BACKTRACE=full" "-e" "RUSTFLAGS=--cap-lints=warn" "-e" "RUSTDOCFLAGS=--cap-lints=warn" "-e" "CARGO_HOME=/opt/rustwide/cargo-home" "-e" "RUSTUP_HOME=/opt/rustwide/rustup-home" "-w" "/opt/rustwide/workdir" "-m" "1610612736" "--user" "0:0" "--network" "none" "ghcr.io/rust-lang/crates-build-env/linux@sha256:97d61d7686bf65f8ecb15491ab51835e82dc9176a96a831f143a431b191fc501" "/opt/rustwide/cargo-home/bin/cargo" "+1.69.0" "build" "--frozen" "--message-format=json", kill_on_drop: false }`
[INFO] [stdout] fd43d983704db671e0d7a606f12881921cbd553394bff24c955b4c7b78259b45
[INFO] running `Command { std: "docker" "start" "-a" "fd43d983704db671e0d7a606f12881921cbd553394bff24c955b4c7b78259b45", kill_on_drop: false }`
[INFO] [stderr]    Compiling num-traits v0.2.15
[INFO] [stderr]    Compiling serde v1.0.160
[INFO] [stderr]    Compiling num-integer v0.1.45
[INFO] [stderr]    Compiling no-std-net v0.6.0
[INFO] [stderr]    Compiling iana-time-zone v0.1.56
[INFO] [stderr]    Compiling time-core v0.1.0
[INFO] [stderr]    Compiling thiserror v1.0.40
[INFO] [stderr]    Compiling pnet_sys v0.31.0
[INFO] [stderr]    Compiling thiserror-impl v1.0.40
[INFO] [stderr]    Compiling pnet_base v0.31.0
[INFO] [stderr]    Compiling time v0.3.20
[INFO] [stderr]    Compiling chrono v0.4.24
[INFO] [stderr]    Compiling ipnetwork v0.19.0
[INFO] [stderr]    Compiling pnet_datalink v0.31.0
[INFO] [stderr]    Compiling snowflake_me v0.1.8 (/opt/rustwide/workdir)
[INFO] [stdout] warning: use of deprecated method `chrono::TimeZone::ymd`: use `with_ymd_and_hms()` instead
[INFO] [stdout]   --> src/builder.rs:70:35
[INFO] [stdout]    |
[INFO] [stdout] 70 |             to_snowflake_time(Utc.ymd(2014, 9, 1).and_hms(0, 0, 0))
[INFO] [stdout]    |                                   ^^^
[INFO] [stdout]    |
[INFO] [stdout]    = note: `#[warn(deprecated)]` on by default
[INFO] [stdout] 
[INFO] [stdout] 
[INFO] [stdout] warning: use of deprecated method `chrono::Date::<Tz>::and_hms`: Use and_hms_opt() instead
[INFO] [stdout]   --> src/builder.rs:70:51
[INFO] [stdout]    |
[INFO] [stdout] 70 |             to_snowflake_time(Utc.ymd(2014, 9, 1).and_hms(0, 0, 0))
[INFO] [stdout]    |                                                   ^^^^^^^
[INFO] [stdout] 
[INFO] [stdout] 
[INFO] [stdout] warning: 2 warnings emitted
[INFO] [stdout] 
[INFO] [stdout] 
[INFO] [stderr]     Finished dev [unoptimized + debuginfo] target(s) in 5.26s
[INFO] running `Command { std: "docker" "inspect" "fd43d983704db671e0d7a606f12881921cbd553394bff24c955b4c7b78259b45", kill_on_drop: false }`
[INFO] running `Command { std: "docker" "rm" "-f" "fd43d983704db671e0d7a606f12881921cbd553394bff24c955b4c7b78259b45", kill_on_drop: false }`
[INFO] [stdout] fd43d983704db671e0d7a606f12881921cbd553394bff24c955b4c7b78259b45
[INFO] running `Command { std: "docker" "create" "-v" "/var/lib/crater-agent-workspace/builds/worker-7-tc1/target:/opt/rustwide/target:rw,Z" "-v" "/var/lib/crater-agent-workspace/builds/worker-7-tc1/source:/opt/rustwide/workdir:ro,Z" "-v" "/var/lib/crater-agent-workspace/cargo-home:/opt/rustwide/cargo-home:ro,Z" "-v" "/var/lib/crater-agent-workspace/rustup-home:/opt/rustwide/rustup-home:ro,Z" "-e" "SOURCE_DIR=/opt/rustwide/workdir" "-e" "CARGO_TARGET_DIR=/opt/rustwide/target" "-e" "CARGO_INCREMENTAL=0" "-e" "RUST_BACKTRACE=full" "-e" "RUSTFLAGS=--cap-lints=warn" "-e" "RUSTDOCFLAGS=--cap-lints=warn" "-e" "CARGO_HOME=/opt/rustwide/cargo-home" "-e" "RUSTUP_HOME=/opt/rustwide/rustup-home" "-w" "/opt/rustwide/workdir" "-m" "1610612736" "--user" "0:0" "--network" "none" "ghcr.io/rust-lang/crates-build-env/linux@sha256:97d61d7686bf65f8ecb15491ab51835e82dc9176a96a831f143a431b191fc501" "/opt/rustwide/cargo-home/bin/cargo" "+1.69.0" "test" "--frozen" "--no-run" "--message-format=json", kill_on_drop: false }`
[INFO] [stdout] 244a4b213aa841d73cccc54eaaf41373e89c2244c8928cd1faebf23b070e4d2b
[INFO] running `Command { std: "docker" "start" "-a" "244a4b213aa841d73cccc54eaaf41373e89c2244c8928cd1faebf23b070e4d2b", kill_on_drop: false }`
[INFO] [stderr]    Compiling bencher v0.1.5
[INFO] [stdout] warning: use of deprecated method `chrono::TimeZone::ymd`: use `with_ymd_and_hms()` instead
[INFO] [stdout]   --> src/builder.rs:70:35
[INFO] [stdout]    |
[INFO] [stdout] 70 |             to_snowflake_time(Utc.ymd(2014, 9, 1).and_hms(0, 0, 0))
[INFO] [stdout]    |                                   ^^^
[INFO] [stdout]    |
[INFO] [stdout]    = note: `#[warn(deprecated)]` on by default
[INFO] [stdout] 
[INFO] [stdout] 
[INFO] [stdout] warning: use of deprecated method `chrono::Date::<Tz>::and_hms`: Use and_hms_opt() instead
[INFO] [stdout]   --> src/builder.rs:70:51
[INFO] [stdout]    |
[INFO] [stdout] 70 |             to_snowflake_time(Utc.ymd(2014, 9, 1).and_hms(0, 0, 0))
[INFO] [stdout]    |                                                   ^^^^^^^
[INFO] [stdout] 
[INFO] [stdout] 
[INFO] [stdout] warning: 2 warnings emitted
[INFO] [stdout] 
[INFO] [stdout] 
[INFO] [stderr]    Compiling snowflake_me v0.1.8 (/opt/rustwide/workdir)
[INFO] [stdout] warning: use of deprecated method `chrono::TimeZone::ymd`: use `with_ymd_and_hms()` instead
[INFO] [stdout]   --> src/builder.rs:70:35
[INFO] [stdout]    |
[INFO] [stdout] 70 |             to_snowflake_time(Utc.ymd(2014, 9, 1).and_hms(0, 0, 0))
[INFO] [stdout]    |                                   ^^^
[INFO] [stdout]    |
[INFO] [stdout]    = note: `#[warn(deprecated)]` on by default
[INFO] [stdout] 
[INFO] [stdout] 
[INFO] [stdout] warning: use of deprecated method `chrono::Date::<Tz>::and_hms`: Use and_hms_opt() instead
[INFO] [stdout]   --> src/builder.rs:70:51
[INFO] [stdout]    |
[INFO] [stdout] 70 |             to_snowflake_time(Utc.ymd(2014, 9, 1).and_hms(0, 0, 0))
[INFO] [stdout]    |                                                   ^^^^^^^
[INFO] [stdout] 
[INFO] [stdout] 
[INFO] [stdout] warning: 2 warnings emitted
[INFO] [stdout] 
[INFO] [stdout] 
[INFO] [stderr]     Finished test [unoptimized + debuginfo] target(s) in 1.60s
[INFO] running `Command { std: "docker" "inspect" "244a4b213aa841d73cccc54eaaf41373e89c2244c8928cd1faebf23b070e4d2b", kill_on_drop: false }`
[INFO] running `Command { std: "docker" "rm" "-f" "244a4b213aa841d73cccc54eaaf41373e89c2244c8928cd1faebf23b070e4d2b", kill_on_drop: false }`
[INFO] [stdout] 244a4b213aa841d73cccc54eaaf41373e89c2244c8928cd1faebf23b070e4d2b
[INFO] running `Command { std: "docker" "create" "-v" "/var/lib/crater-agent-workspace/builds/worker-7-tc1/target:/opt/rustwide/target:rw,Z" "-v" "/var/lib/crater-agent-workspace/builds/worker-7-tc1/source:/opt/rustwide/workdir:ro,Z" "-v" "/var/lib/crater-agent-workspace/cargo-home:/opt/rustwide/cargo-home:ro,Z" "-v" "/var/lib/crater-agent-workspace/rustup-home:/opt/rustwide/rustup-home:ro,Z" "-e" "SOURCE_DIR=/opt/rustwide/workdir" "-e" "CARGO_TARGET_DIR=/opt/rustwide/target" "-e" "CARGO_INCREMENTAL=0" "-e" "RUST_BACKTRACE=full" "-e" "RUSTFLAGS=--cap-lints=warn" "-e" "RUSTDOCFLAGS=--cap-lints=warn" "-e" "CARGO_HOME=/opt/rustwide/cargo-home" "-e" "RUSTUP_HOME=/opt/rustwide/rustup-home" "-w" "/opt/rustwide/workdir" "-m" "1610612736" "--user" "0:0" "--network" "none" "ghcr.io/rust-lang/crates-build-env/linux@sha256:97d61d7686bf65f8ecb15491ab51835e82dc9176a96a831f143a431b191fc501" "/opt/rustwide/cargo-home/bin/cargo" "+1.69.0" "test" "--frozen", kill_on_drop: false }`
[INFO] [stdout] 03ed41bb2daadf1a0bcce1848ee88690ec8543ed07da874cf6381a11d5a59372
[INFO] running `Command { std: "docker" "start" "-a" "03ed41bb2daadf1a0bcce1848ee88690ec8543ed07da874cf6381a11d5a59372", kill_on_drop: false }`
[INFO] [stderr] warning: use of deprecated method `chrono::TimeZone::ymd`: use `with_ymd_and_hms()` instead
[INFO] [stderr]   --> src/builder.rs:70:35
[INFO] [stderr]    |
[INFO] [stderr] 70 |             to_snowflake_time(Utc.ymd(2014, 9, 1).and_hms(0, 0, 0))
[INFO] [stderr]    |                                   ^^^
[INFO] [stderr]    |
[INFO] [stderr]    = note: `#[warn(deprecated)]` on by default
[INFO] [stderr] 
[INFO] [stderr] warning: use of deprecated method `chrono::Date::<Tz>::and_hms`: Use and_hms_opt() instead
[INFO] [stderr]   --> src/builder.rs:70:51
[INFO] [stderr]    |
[INFO] [stderr] 70 |             to_snowflake_time(Utc.ymd(2014, 9, 1).and_hms(0, 0, 0))
[INFO] [stderr]    |                                                   ^^^^^^^
[INFO] [stderr] 
[INFO] [stderr] warning: `snowflake_me` (lib) generated 2 warnings
[INFO] [stderr] warning: `snowflake_me` (lib test) generated 2 warnings (2 duplicates)
[INFO] [stderr]     Finished test [unoptimized + debuginfo] target(s) in 0.04s
[INFO] [stderr]      Running unittests src/lib.rs (/opt/rustwide/target/debug/deps/snowflake_me-db5a1feb79964ba2)
[INFO] [stdout] 
[INFO] [stdout] running 8 tests
[INFO] [stdout] test tests::test_generate_10_ids ... ok
[INFO] [stdout] test tests::test_once ... FAILED
[INFO] [stdout] test tests::test_run_for_10s ... FAILED
[INFO] [stdout] test tests::test_over_time_limit ... FAILED
[INFO] [stdout] test tests::test_threads ... FAILED
[INFO] [stdout] test tests::test_next_id ... FAILED
[INFO] [stdout] test tests::test_error_send_sync ... ok
[INFO] [stdout] test tests::test_builder_errors ... FAILED
[INFO] [stdout] 
[INFO] [stdout] failures:
[INFO] [stdout] 
[INFO] [stdout] ---- tests::test_once stdout ----
[INFO] [stdout] Error: NoPrivateIPv4
[INFO] [stdout] 
[INFO] [stdout] ---- tests::test_run_for_10s stdout ----
[INFO] [stdout] Error: NoPrivateIPv4
[INFO] [stdout] 
[INFO] [stdout] ---- tests::test_over_time_limit stdout ----
[INFO] [stdout] Error: NoPrivateIPv4
[INFO] [stdout] 
[INFO] [stdout] ---- tests::test_threads stdout ----
[INFO] [stdout] Error: NoPrivateIPv4
[INFO] [stdout] 
[INFO] [stdout] ---- tests::test_next_id stdout ----
[INFO] [stdout] Error: NoPrivateIPv4
[INFO] [stdout] 
[INFO] [stdout] ---- tests::test_builder_errors stdout ----
[INFO] [stdout] thread 'tests::test_builder_errors' panicked at 'Expected error on check_machine_id closure returning false', src/tests.rs:176:14
[INFO] [stdout] stack backtrace:
[INFO] [stdout]    0:     0x55b2ca0abb1a - std::backtrace_rs::backtrace::libunwind::trace::ha9053a9a07ca49cb
[INFO] [stdout]                                at /rustc/84c898d65adf2f39a5a98507f1fe0ce10a2b8dbc/library/std/src/../../backtrace/src/backtrace/libunwind.rs:93:5
[INFO] [stdout]    1:     0x55b2ca0abb1a - std::backtrace_rs::backtrace::trace_unsynchronized::h9c2852a457ad564e
[INFO] [stdout]                                at /rustc/84c898d65adf2f39a5a98507f1fe0ce10a2b8dbc/library/std/src/../../backtrace/src/backtrace/mod.rs:66:5
[INFO] [stdout]    2:     0x55b2ca0abb1a - std::sys_common::backtrace::_print_fmt::h457936fbfaa0070f
[INFO] [stdout]                                at /rustc/84c898d65adf2f39a5a98507f1fe0ce10a2b8dbc/library/std/src/sys_common/backtrace.rs:65:5
[INFO] [stdout]    3:     0x55b2ca0abb1a - <std::sys_common::backtrace::_print::DisplayBacktrace as core::fmt::Display>::fmt::h5779d7bf7f70cb0c
[INFO] [stdout]                                at /rustc/84c898d65adf2f39a5a98507f1fe0ce10a2b8dbc/library/std/src/sys_common/backtrace.rs:44:22
[INFO] [stdout]    4:     0x55b2ca0cf24e - core::fmt::write::h5a4baaff1bcd3eb5
[INFO] [stdout]                                at /rustc/84c898d65adf2f39a5a98507f1fe0ce10a2b8dbc/library/core/src/fmt/mod.rs:1232:17
[INFO] [stdout]    5:     0x55b2ca0a8f95 - std::io::Write::write_fmt::h478f79c628ef31d1
[INFO] [stdout]                                at /rustc/84c898d65adf2f39a5a98507f1fe0ce10a2b8dbc/library/std/src/io/mod.rs:1684:15
[INFO] [stdout]    6:     0x55b2ca0ab8e5 - std::sys_common::backtrace::_print::h5fcdc36060f177e8
[INFO] [stdout]                                at /rustc/84c898d65adf2f39a5a98507f1fe0ce10a2b8dbc/library/std/src/sys_common/backtrace.rs:47:5
[INFO] [stdout]    7:     0x55b2ca0ab8e5 - std::sys_common::backtrace::print::h54ca9458b876c8bf
[INFO] [stdout]                                at /rustc/84c898d65adf2f39a5a98507f1fe0ce10a2b8dbc/library/std/src/sys_common/backtrace.rs:34:9
[INFO] [stdout]    8:     0x55b2ca0ad6af - std::panicking::default_hook::{{closure}}::hbe471161c7664ed6
[INFO] [stdout]                                at /rustc/84c898d65adf2f39a5a98507f1fe0ce10a2b8dbc/library/std/src/panicking.rs:271:22
[INFO] [stdout]    9:     0x55b2ca0ad36f - std::panicking::default_hook::ha3500da57aa4ac4f
[INFO] [stdout]                                at /rustc/84c898d65adf2f39a5a98507f1fe0ce10a2b8dbc/library/std/src/panicking.rs:287:9
[INFO] [stdout]   10:     0x55b2ca074ac7 - <alloc::boxed::Box<F,A> as core::ops::function::Fn<Args>>::call::hdf1b89dd137ece34
[INFO] [stdout]                                at /rustc/84c898d65adf2f39a5a98507f1fe0ce10a2b8dbc/library/alloc/src/boxed.rs:2001:9
[INFO] [stdout]   11:     0x55b2ca074ac7 - test::test_main::{{closure}}::h9081a79f20e75698
[INFO] [stdout]                                at /rustc/84c898d65adf2f39a5a98507f1fe0ce10a2b8dbc/library/test/src/lib.rs:135:21
[INFO] [stdout]   12:     0x55b2ca0adddd - <alloc::boxed::Box<F,A> as core::ops::function::Fn<Args>>::call::h6507bddc3eebb4a5
[INFO] [stdout]                                at /rustc/84c898d65adf2f39a5a98507f1fe0ce10a2b8dbc/library/alloc/src/boxed.rs:2001:9
[INFO] [stdout]   13:     0x55b2ca0adddd - std::panicking::rust_panic_with_hook::h50c09d000dc561d2
[INFO] [stdout]                                at /rustc/84c898d65adf2f39a5a98507f1fe0ce10a2b8dbc/library/std/src/panicking.rs:696:13
[INFO] [stdout]   14:     0x55b2ca0adb12 - std::panicking::begin_panic_handler::{{closure}}::h9e2b2176e00e0d9c
[INFO] [stdout]                                at /rustc/84c898d65adf2f39a5a98507f1fe0ce10a2b8dbc/library/std/src/panicking.rs:581:13
[INFO] [stdout]   15:     0x55b2ca0abf86 - std::sys_common::backtrace::__rust_end_short_backtrace::h5739b8e512c09d02
[INFO] [stdout]                                at /rustc/84c898d65adf2f39a5a98507f1fe0ce10a2b8dbc/library/std/src/sys_common/backtrace.rs:150:18
[INFO] [stdout]   16:     0x55b2ca0ad862 - rust_begin_unwind
[INFO] [stdout]                                at /rustc/84c898d65adf2f39a5a98507f1fe0ce10a2b8dbc/library/std/src/panicking.rs:579:5
[INFO] [stdout]   17:     0x55b2ca00cb83 - core::panicking::panic_fmt::hf33a1475b4dc5c3e
[INFO] [stdout]                                at /rustc/84c898d65adf2f39a5a98507f1fe0ce10a2b8dbc/library/core/src/panicking.rs:64:14
[INFO] [stdout]   18:     0x55b2ca03264d - snowflake_me::tests::test_builder_errors::h62f59a3fec73e5ab
[INFO] [stdout]                                at /opt/rustwide/workdir/src/tests.rs:176:14
[INFO] [stdout]   19:     0x55b2ca032337 - snowflake_me::tests::test_builder_errors::{{closure}}::h67af3fee6a2745a4
[INFO] [stdout]                                at /opt/rustwide/workdir/src/tests.rs:159:26
[INFO] [stdout]   20:     0x55b2ca02bdf5 - core::ops::function::FnOnce::call_once::he2dbddd2320f25af
[INFO] [stdout]                                at /rustc/84c898d65adf2f39a5a98507f1fe0ce10a2b8dbc/library/core/src/ops/function.rs:250:5
[INFO] [stdout]   21:     0x55b2ca079eaf - core::ops::function::FnOnce::call_once::h7d969581be7d0075
[INFO] [stdout]                                at /rustc/84c898d65adf2f39a5a98507f1fe0ce10a2b8dbc/library/core/src/ops/function.rs:250:5
[INFO] [stdout]   22:     0x55b2ca079eaf - test::__rust_begin_short_backtrace::hca25a52684e56655
[INFO] [stdout]                                at /rustc/84c898d65adf2f39a5a98507f1fe0ce10a2b8dbc/library/test/src/lib.rs:656:18
[INFO] [stdout]   23:     0x55b2ca04b4cc - test::run_test::{{closure}}::ha8ac744c4af1a4bb
[INFO] [stdout]                                at /rustc/84c898d65adf2f39a5a98507f1fe0ce10a2b8dbc/library/test/src/lib.rs:647:30
[INFO] [stdout]   24:     0x55b2ca04b4cc - core::ops::function::FnOnce::call_once{{vtable.shim}}::h7b411a9ed45bdecf
[INFO] [stdout]                                at /rustc/84c898d65adf2f39a5a98507f1fe0ce10a2b8dbc/library/core/src/ops/function.rs:250:5
[INFO] [stdout]   25:     0x55b2ca078e76 - <alloc::boxed::Box<F,A> as core::ops::function::FnOnce<Args>>::call_once::hd05328869a8ed200
[INFO] [stdout]                                at /rustc/84c898d65adf2f39a5a98507f1fe0ce10a2b8dbc/library/alloc/src/boxed.rs:1987:9
[INFO] [stdout]   26:     0x55b2ca078e76 - <core::panic::unwind_safe::AssertUnwindSafe<F> as core::ops::function::FnOnce<()>>::call_once::h0c601ce20bd5b2be
[INFO] [stdout]                                at /rustc/84c898d65adf2f39a5a98507f1fe0ce10a2b8dbc/library/core/src/panic/unwind_safe.rs:271:9
[INFO] [stdout]   27:     0x55b2ca078e76 - std::panicking::try::do_call::ha4be5c164fe30854
[INFO] [stdout]                                at /rustc/84c898d65adf2f39a5a98507f1fe0ce10a2b8dbc/library/std/src/panicking.rs:487:40
[INFO] [stdout]   28:     0x55b2ca078e76 - std::panicking::try::h604546f3609af05f
[INFO] [stdout]                                at /rustc/84c898d65adf2f39a5a98507f1fe0ce10a2b8dbc/library/std/src/panicking.rs:451:19
[INFO] [stdout]   29:     0x55b2ca078e76 - std::panic::catch_unwind::h5bfa8afe44c9c2f9
[INFO] [stdout]                                at /rustc/84c898d65adf2f39a5a98507f1fe0ce10a2b8dbc/library/std/src/panic.rs:140:14
[INFO] [stdout]   30:     0x55b2ca078e76 - test::run_test_in_process::hd50dee55dd63e6aa
[INFO] [stdout]                                at /rustc/84c898d65adf2f39a5a98507f1fe0ce10a2b8dbc/library/test/src/lib.rs:679:27
[INFO] [stdout]   31:     0x55b2ca078e76 - test::run_test::run_test_inner::{{closure}}::h4aa0f433aa85cea8
[INFO] [stdout]                                at /rustc/84c898d65adf2f39a5a98507f1fe0ce10a2b8dbc/library/test/src/lib.rs:573:39
[INFO] [stdout]   32:     0x55b2ca045b41 - test::run_test::run_test_inner::{{closure}}::had56431adf24b4d6
[INFO] [stdout]                                at /rustc/84c898d65adf2f39a5a98507f1fe0ce10a2b8dbc/library/test/src/lib.rs:600:37
[INFO] [stdout]   33:     0x55b2ca045b41 - std::sys_common::backtrace::__rust_begin_short_backtrace::ha8d9890e0c73bf13
[INFO] [stdout]                                at /rustc/84c898d65adf2f39a5a98507f1fe0ce10a2b8dbc/library/std/src/sys_common/backtrace.rs:134:18
[INFO] [stdout]   34:     0x55b2ca04b55b - std::thread::Builder::spawn_unchecked_::{{closure}}::{{closure}}::h251832bcb4a95327
[INFO] [stdout]                                at /rustc/84c898d65adf2f39a5a98507f1fe0ce10a2b8dbc/library/std/src/thread/mod.rs:560:17
[INFO] [stdout]   35:     0x55b2ca04b55b - <core::panic::unwind_safe::AssertUnwindSafe<F> as core::ops::function::FnOnce<()>>::call_once::h8fdff598fa414831
[INFO] [stdout]                                at /rustc/84c898d65adf2f39a5a98507f1fe0ce10a2b8dbc/library/core/src/panic/unwind_safe.rs:271:9
[INFO] [stdout]   36:     0x55b2ca04b55b - std::panicking::try::do_call::h455dd2f7764a950f
[INFO] [stdout]                                at /rustc/84c898d65adf2f39a5a98507f1fe0ce10a2b8dbc/library/std/src/panicking.rs:487:40
[INFO] [stdout]   37:     0x55b2ca04b55b - std::panicking::try::had6f23b7b73ae72a
[INFO] [stdout]                                at /rustc/84c898d65adf2f39a5a98507f1fe0ce10a2b8dbc/library/std/src/panicking.rs:451:19
[INFO] [stdout]   38:     0x55b2ca04b55b - std::panic::catch_unwind::ha6a5ca3915b4dad0
[INFO] [stdout]                                at /rustc/84c898d65adf2f39a5a98507f1fe0ce10a2b8dbc/library/std/src/panic.rs:140:14
[INFO] [stdout]   39:     0x55b2ca04b55b - std::thread::Builder::spawn_unchecked_::{{closure}}::h883b72ef75da6231
[INFO] [stdout]                                at /rustc/84c898d65adf2f39a5a98507f1fe0ce10a2b8dbc/library/std/src/thread/mod.rs:559:30
[INFO] [stdout]   40:     0x55b2ca04b55b - core::ops::function::FnOnce::call_once{{vtable.shim}}::hb7dff73dc8bd2ccb
[INFO] [stdout]                                at /rustc/84c898d65adf2f39a5a98507f1fe0ce10a2b8dbc/library/core/src/ops/function.rs:250:5
[INFO] [stdout]   41:     0x55b2ca0b2143 - <alloc::boxed::Box<F,A> as core::ops::function::FnOnce<Args>>::call_once::h39990b24eedef2ab
[INFO] [stdout]                                at /rustc/84c898d65adf2f39a5a98507f1fe0ce10a2b8dbc/library/alloc/src/boxed.rs:1987:9
[INFO] [stdout]   42:     0x55b2ca0b2143 - <alloc::boxed::Box<F,A> as core::ops::function::FnOnce<Args>>::call_once::h01a027258444143b
[INFO] [stdout]                                at /rustc/84c898d65adf2f39a5a98507f1fe0ce10a2b8dbc/library/alloc/src/boxed.rs:1987:9
[INFO] [stdout]   43:     0x55b2ca0b2143 - std::sys::unix::thread::Thread::new::thread_start::ha4f1cdd9c25884ba
[INFO] [stdout]                                at /rustc/84c898d65adf2f39a5a98507f1fe0ce10a2b8dbc/library/std/src/sys/unix/thread.rs:108:17
[INFO] [stdout]   44:     0x7fc3ff8cfb43 - <unknown>
[INFO] [stdout]   45:     0x7fc3ff960bb4 - __clone
[INFO] [stdout]   46:                0x0 - <unknown>
[INFO] [stdout] 
[INFO] [stdout] 
[INFO] [stdout] failures:
[INFO] [stdout]     tests::test_builder_errors
[INFO] [stdout]     tests::test_next_id
[INFO] [stdout]     tests::test_once
[INFO] [stdout]     tests::test_over_time_limit
[INFO] [stdout]     tests::test_run_for_10s
[INFO] [stdout]     tests::test_threads
[INFO] [stdout] 
[INFO] [stdout] test result: FAILED. 2 passed; 6 failed; 0 ignored; 0 measured; 0 filtered out; finished in 0.02s
[INFO] [stdout] 
[INFO] [stderr] error: test failed, to rerun pass `--lib`
[INFO] running `Command { std: "docker" "inspect" "03ed41bb2daadf1a0bcce1848ee88690ec8543ed07da874cf6381a11d5a59372", kill_on_drop: false }`
[INFO] running `Command { std: "docker" "rm" "-f" "03ed41bb2daadf1a0bcce1848ee88690ec8543ed07da874cf6381a11d5a59372", kill_on_drop: false }`
[INFO] [stdout] 03ed41bb2daadf1a0bcce1848ee88690ec8543ed07da874cf6381a11d5a59372
