[INFO] fetching crate smartalloc 0.2.0...
[INFO] testing smartalloc-0.2.0 against 1.69.0 for beta-1.70-1
[INFO] extracting crate smartalloc 0.2.0 into /workspace/builds/worker-2-tc1/source
[INFO] validating manifest of crates.io crate smartalloc 0.2.0 on toolchain 1.69.0
[INFO] running `Command { std: CARGO_HOME="/workspace/cargo-home" RUSTUP_HOME="/workspace/rustup-home" "/workspace/cargo-home/bin/cargo" "+1.69.0" "metadata" "--manifest-path" "Cargo.toml" "--no-deps", kill_on_drop: false }`
[INFO] removed /workspace/builds/worker-2-tc1/source/.cargo/config.toml
[INFO] removed /workspace/builds/worker-2-tc1/source/rust-toolchain.toml
[INFO] started tweaking crates.io crate smartalloc 0.2.0
[INFO] finished tweaking crates.io crate smartalloc 0.2.0
[INFO] tweaked toml for crates.io crate smartalloc 0.2.0 written to /workspace/builds/worker-2-tc1/source/Cargo.toml
[INFO] crate crates.io crate smartalloc 0.2.0 already has a lockfile, it will not be regenerated
[INFO] running `Command { std: CARGO_HOME="/workspace/cargo-home" RUSTUP_HOME="/workspace/rustup-home" "/workspace/cargo-home/bin/cargo" "+1.69.0" "fetch" "--manifest-path" "Cargo.toml", kill_on_drop: false }`
[INFO] [stderr]  Downloading crates ...
[INFO] [stderr]   Downloaded smartalloc-sys v0.2.0
[INFO] running `Command { std: "docker" "create" "-v" "/var/lib/crater-agent-workspace/builds/worker-2-tc1/target:/opt/rustwide/target:rw,Z" "-v" "/var/lib/crater-agent-workspace/builds/worker-2-tc1/source:/opt/rustwide/workdir:ro,Z" "-v" "/var/lib/crater-agent-workspace/cargo-home:/opt/rustwide/cargo-home:ro,Z" "-v" "/var/lib/crater-agent-workspace/rustup-home:/opt/rustwide/rustup-home:ro,Z" "-e" "SOURCE_DIR=/opt/rustwide/workdir" "-e" "CARGO_TARGET_DIR=/opt/rustwide/target" "-e" "CARGO_HOME=/opt/rustwide/cargo-home" "-e" "RUSTUP_HOME=/opt/rustwide/rustup-home" "-w" "/opt/rustwide/workdir" "-m" "1610612736" "--user" "0:0" "--network" "none" "ghcr.io/rust-lang/crates-build-env/linux@sha256:5ff2268d62e97bff2cde7d5815dd6ed5b47097566f13b8d0ca110b04b60e07ed" "/opt/rustwide/cargo-home/bin/cargo" "+1.69.0" "metadata" "--no-deps" "--format-version=1", kill_on_drop: false }`
[INFO] [stdout] d8db543bf4060c152f3f9918b9e721150504a06785589c5780f2024910e5b4d7
[INFO] running `Command { std: "docker" "start" "-a" "d8db543bf4060c152f3f9918b9e721150504a06785589c5780f2024910e5b4d7", kill_on_drop: false }`
[INFO] running `Command { std: "docker" "inspect" "d8db543bf4060c152f3f9918b9e721150504a06785589c5780f2024910e5b4d7", kill_on_drop: false }`
[INFO] running `Command { std: "docker" "rm" "-f" "d8db543bf4060c152f3f9918b9e721150504a06785589c5780f2024910e5b4d7", kill_on_drop: false }`
[INFO] [stdout] d8db543bf4060c152f3f9918b9e721150504a06785589c5780f2024910e5b4d7
[INFO] running `Command { std: "docker" "create" "-v" "/var/lib/crater-agent-workspace/builds/worker-2-tc1/target:/opt/rustwide/target:rw,Z" "-v" "/var/lib/crater-agent-workspace/builds/worker-2-tc1/source:/opt/rustwide/workdir:ro,Z" "-v" "/var/lib/crater-agent-workspace/cargo-home:/opt/rustwide/cargo-home:ro,Z" "-v" "/var/lib/crater-agent-workspace/rustup-home:/opt/rustwide/rustup-home:ro,Z" "-e" "SOURCE_DIR=/opt/rustwide/workdir" "-e" "CARGO_TARGET_DIR=/opt/rustwide/target" "-e" "CARGO_INCREMENTAL=0" "-e" "RUST_BACKTRACE=full" "-e" "RUSTFLAGS=--cap-lints=warn" "-e" "RUSTDOCFLAGS=--cap-lints=warn" "-e" "CARGO_HOME=/opt/rustwide/cargo-home" "-e" "RUSTUP_HOME=/opt/rustwide/rustup-home" "-w" "/opt/rustwide/workdir" "-m" "1610612736" "--user" "0:0" "--network" "none" "ghcr.io/rust-lang/crates-build-env/linux@sha256:5ff2268d62e97bff2cde7d5815dd6ed5b47097566f13b8d0ca110b04b60e07ed" "/opt/rustwide/cargo-home/bin/cargo" "+1.69.0" "build" "--frozen" "--message-format=json", kill_on_drop: false }`
[INFO] [stdout] ef044d1ee52fed426e4e730bcf0b6806f7a14c3ecc521e7148c4d196e134edd3
[INFO] running `Command { std: "docker" "start" "-a" "ef044d1ee52fed426e4e730bcf0b6806f7a14c3ecc521e7148c4d196e134edd3", kill_on_drop: false }`
[INFO] [stderr]    Compiling cc v1.0.73
[INFO] [stderr]    Compiling smartalloc-sys v0.2.0
[INFO] [stderr]    Compiling smartalloc v0.2.0 (/opt/rustwide/workdir)
[INFO] [stderr]     Finished dev [unoptimized + debuginfo] target(s) in 1.57s
[INFO] running `Command { std: "docker" "inspect" "ef044d1ee52fed426e4e730bcf0b6806f7a14c3ecc521e7148c4d196e134edd3", kill_on_drop: false }`
[INFO] running `Command { std: "docker" "rm" "-f" "ef044d1ee52fed426e4e730bcf0b6806f7a14c3ecc521e7148c4d196e134edd3", kill_on_drop: false }`
[INFO] [stdout] ef044d1ee52fed426e4e730bcf0b6806f7a14c3ecc521e7148c4d196e134edd3
[INFO] running `Command { std: "docker" "create" "-v" "/var/lib/crater-agent-workspace/builds/worker-2-tc1/target:/opt/rustwide/target:rw,Z" "-v" "/var/lib/crater-agent-workspace/builds/worker-2-tc1/source:/opt/rustwide/workdir:ro,Z" "-v" "/var/lib/crater-agent-workspace/cargo-home:/opt/rustwide/cargo-home:ro,Z" "-v" "/var/lib/crater-agent-workspace/rustup-home:/opt/rustwide/rustup-home:ro,Z" "-e" "SOURCE_DIR=/opt/rustwide/workdir" "-e" "CARGO_TARGET_DIR=/opt/rustwide/target" "-e" "CARGO_INCREMENTAL=0" "-e" "RUST_BACKTRACE=full" "-e" "RUSTFLAGS=--cap-lints=warn" "-e" "RUSTDOCFLAGS=--cap-lints=warn" "-e" "CARGO_HOME=/opt/rustwide/cargo-home" "-e" "RUSTUP_HOME=/opt/rustwide/rustup-home" "-w" "/opt/rustwide/workdir" "-m" "1610612736" "--user" "0:0" "--network" "none" "ghcr.io/rust-lang/crates-build-env/linux@sha256:5ff2268d62e97bff2cde7d5815dd6ed5b47097566f13b8d0ca110b04b60e07ed" "/opt/rustwide/cargo-home/bin/cargo" "+1.69.0" "test" "--frozen" "--no-run" "--message-format=json", kill_on_drop: false }`
[INFO] [stdout] ba883e7f05a24c7f15a8f23e718a682bd5b20fa3a4d7c8700667b673ae25018c
[INFO] running `Command { std: "docker" "start" "-a" "ba883e7f05a24c7f15a8f23e718a682bd5b20fa3a4d7c8700667b673ae25018c", kill_on_drop: false }`
[INFO] [stderr]    Compiling smartalloc v0.2.0 (/opt/rustwide/workdir)
[INFO] [stderr]     Finished test [unoptimized + debuginfo] target(s) in 0.61s
[INFO] running `Command { std: "docker" "inspect" "ba883e7f05a24c7f15a8f23e718a682bd5b20fa3a4d7c8700667b673ae25018c", kill_on_drop: false }`
[INFO] running `Command { std: "docker" "rm" "-f" "ba883e7f05a24c7f15a8f23e718a682bd5b20fa3a4d7c8700667b673ae25018c", kill_on_drop: false }`
[INFO] [stdout] ba883e7f05a24c7f15a8f23e718a682bd5b20fa3a4d7c8700667b673ae25018c
[INFO] running `Command { std: "docker" "create" "-v" "/var/lib/crater-agent-workspace/builds/worker-2-tc1/target:/opt/rustwide/target:rw,Z" "-v" "/var/lib/crater-agent-workspace/builds/worker-2-tc1/source:/opt/rustwide/workdir:ro,Z" "-v" "/var/lib/crater-agent-workspace/cargo-home:/opt/rustwide/cargo-home:ro,Z" "-v" "/var/lib/crater-agent-workspace/rustup-home:/opt/rustwide/rustup-home:ro,Z" "-e" "SOURCE_DIR=/opt/rustwide/workdir" "-e" "CARGO_TARGET_DIR=/opt/rustwide/target" "-e" "CARGO_INCREMENTAL=0" "-e" "RUST_BACKTRACE=full" "-e" "RUSTFLAGS=--cap-lints=warn" "-e" "RUSTDOCFLAGS=--cap-lints=warn" "-e" "CARGO_HOME=/opt/rustwide/cargo-home" "-e" "RUSTUP_HOME=/opt/rustwide/rustup-home" "-w" "/opt/rustwide/workdir" "-m" "1610612736" "--user" "0:0" "--network" "none" "ghcr.io/rust-lang/crates-build-env/linux@sha256:5ff2268d62e97bff2cde7d5815dd6ed5b47097566f13b8d0ca110b04b60e07ed" "/opt/rustwide/cargo-home/bin/cargo" "+1.69.0" "test" "--frozen", kill_on_drop: false }`
[INFO] [stdout] c7eacb65f16edecdc87bd9a1df27b44a22d2d0d8b5abf4177040896eb7e58429
[INFO] running `Command { std: "docker" "start" "-a" "c7eacb65f16edecdc87bd9a1df27b44a22d2d0d8b5abf4177040896eb7e58429", kill_on_drop: false }`
[INFO] [stderr]     Blocking waiting for file lock on package cache
[INFO] [stderr]     Finished test [unoptimized + debuginfo] target(s) in 0.10s
[INFO] [stderr]      Running unittests src/lib.rs (/opt/rustwide/target/debug/deps/smartalloc-75f478696e4c4f05)
[INFO] [stdout] 
[INFO] [stdout] running 6 tests
[INFO] [stdout] test tests::free_alloc ... ok
[INFO] [stdout] test tests::free_big_alloc ... ok
[INFO] [stdout] test tests::free_realloc ... ok
[INFO] [stdout] test tests::free_big_realloc ... ok
[INFO] [stderr]    Doc-tests smartalloc
[INFO] [stdout] test tests::free_zero_big_alloc ... ok
[INFO] [stdout] test tests::free_zero_alloc ... ok
[INFO] [stdout] 
[INFO] [stdout] test result: ok. 6 passed; 0 failed; 0 ignored; 0 measured; 0 filtered out; finished in 0.01s
[INFO] [stdout] 
[INFO] [stdout] 
[INFO] [stdout] running 2 tests
[INFO] [stdout] test src/lib.rs - (line 89) - compile ... FAILED
[INFO] [stdout] test src/lib.rs - (line 34) - compile ... ok
[INFO] [stdout] 
[INFO] [stdout] failures:
[INFO] [stdout] 
[INFO] [stdout] ---- src/lib.rs - (line 89) stdout ----
[INFO] [stdout] error[E0425]: cannot find value `SmartAlloc` in this scope
[INFO] [stdout]  --> src/lib.rs:91:17
[INFO] [stdout]   |
[INFO] [stdout] 4 |     let alloc = SmartAlloc;
[INFO] [stdout]   |                 ^^^^^^^^^^ not found in this scope
[INFO] [stdout]   |
[INFO] [stdout] help: consider importing this unit struct
[INFO] [stdout]   |
[INFO] [stdout] 2 | use smartalloc::SmartAlloc;
[INFO] [stdout]   |
[INFO] [stdout] 
[INFO] [stdout] error[E0433]: failed to resolve: use of undeclared type `Layout`
[INFO] [stdout]  --> src/lib.rs:92:18
[INFO] [stdout]   |
[INFO] [stdout] 5 |     let layout = Layout::from_size_align(8, 8).unwrap();
[INFO] [stdout]   |                  ^^^^^^ use of undeclared type `Layout`
[INFO] [stdout]   |
[INFO] [stdout] help: consider importing one of these items
[INFO] [stdout]   |
[INFO] [stdout] 2 | use core::alloc::Layout;
[INFO] [stdout]   |
[INFO] [stdout] 2 | use std::alloc::Layout;
[INFO] [stdout]   |
[INFO] [stdout] 
[INFO] [stdout] error: aborting due to 2 previous errors
[INFO] [stdout] 
[INFO] [stdout] Some errors have detailed explanations: E0425, E0433.
[INFO] [stdout] For more information about an error, try `rustc --explain E0425`.
[INFO] [stdout] Couldn't compile the test.
[INFO] [stdout] 
[INFO] [stdout] failures:
[INFO] [stdout]     src/lib.rs - (line 89)
[INFO] [stdout] 
[INFO] [stdout] test result: FAILED. 1 passed; 1 failed; 0 ignored; 0 measured; 0 filtered out; finished in 0.06s
[INFO] [stdout] 
[INFO] [stderr] error: doctest failed, to rerun pass `--doc`
[INFO] running `Command { std: "docker" "inspect" "c7eacb65f16edecdc87bd9a1df27b44a22d2d0d8b5abf4177040896eb7e58429", kill_on_drop: false }`
[INFO] running `Command { std: "docker" "rm" "-f" "c7eacb65f16edecdc87bd9a1df27b44a22d2d0d8b5abf4177040896eb7e58429", kill_on_drop: false }`
[INFO] [stdout] c7eacb65f16edecdc87bd9a1df27b44a22d2d0d8b5abf4177040896eb7e58429
