[INFO] fetching crate smali 0.1.0...
[INFO] testing smali-0.1.0 against 1.69.0 for beta-1.70-1
[INFO] extracting crate smali 0.1.0 into /workspace/builds/worker-6-tc1/source
[INFO] validating manifest of crates.io crate smali 0.1.0 on toolchain 1.69.0
[INFO] running `Command { std: CARGO_HOME="/workspace/cargo-home" RUSTUP_HOME="/workspace/rustup-home" "/workspace/cargo-home/bin/cargo" "+1.69.0" "metadata" "--manifest-path" "Cargo.toml" "--no-deps", kill_on_drop: false }`
[INFO] started tweaking crates.io crate smali 0.1.0
[INFO] finished tweaking crates.io crate smali 0.1.0
[INFO] tweaked toml for crates.io crate smali 0.1.0 written to /workspace/builds/worker-6-tc1/source/Cargo.toml
[INFO] crate crates.io crate smali 0.1.0 already has a lockfile, it will not be regenerated
[INFO] running `Command { std: CARGO_HOME="/workspace/cargo-home" RUSTUP_HOME="/workspace/rustup-home" "/workspace/cargo-home/bin/cargo" "+1.69.0" "fetch" "--manifest-path" "Cargo.toml", kill_on_drop: false }`
[INFO] running `Command { std: "docker" "create" "-v" "/var/lib/crater-agent-workspace/builds/worker-6-tc1/target:/opt/rustwide/target:rw,Z" "-v" "/var/lib/crater-agent-workspace/builds/worker-6-tc1/source:/opt/rustwide/workdir:ro,Z" "-v" "/var/lib/crater-agent-workspace/cargo-home:/opt/rustwide/cargo-home:ro,Z" "-v" "/var/lib/crater-agent-workspace/rustup-home:/opt/rustwide/rustup-home:ro,Z" "-e" "SOURCE_DIR=/opt/rustwide/workdir" "-e" "CARGO_TARGET_DIR=/opt/rustwide/target" "-e" "CARGO_HOME=/opt/rustwide/cargo-home" "-e" "RUSTUP_HOME=/opt/rustwide/rustup-home" "-w" "/opt/rustwide/workdir" "-m" "1610612736" "--user" "0:0" "--network" "none" "ghcr.io/rust-lang/crates-build-env/linux@sha256:5ff2268d62e97bff2cde7d5815dd6ed5b47097566f13b8d0ca110b04b60e07ed" "/opt/rustwide/cargo-home/bin/cargo" "+1.69.0" "metadata" "--no-deps" "--format-version=1", kill_on_drop: false }`
[INFO] [stdout] 985834c41886bf6506561036c9f1bb5baa82eeabddbd032d19fb11a62a40beda
[INFO] running `Command { std: "docker" "start" "-a" "985834c41886bf6506561036c9f1bb5baa82eeabddbd032d19fb11a62a40beda", kill_on_drop: false }`
[INFO] running `Command { std: "docker" "inspect" "985834c41886bf6506561036c9f1bb5baa82eeabddbd032d19fb11a62a40beda", kill_on_drop: false }`
[INFO] running `Command { std: "docker" "rm" "-f" "985834c41886bf6506561036c9f1bb5baa82eeabddbd032d19fb11a62a40beda", kill_on_drop: false }`
[INFO] [stdout] 985834c41886bf6506561036c9f1bb5baa82eeabddbd032d19fb11a62a40beda
[INFO] running `Command { std: "docker" "create" "-v" "/var/lib/crater-agent-workspace/builds/worker-6-tc1/target:/opt/rustwide/target:rw,Z" "-v" "/var/lib/crater-agent-workspace/builds/worker-6-tc1/source:/opt/rustwide/workdir:ro,Z" "-v" "/var/lib/crater-agent-workspace/cargo-home:/opt/rustwide/cargo-home:ro,Z" "-v" "/var/lib/crater-agent-workspace/rustup-home:/opt/rustwide/rustup-home:ro,Z" "-e" "SOURCE_DIR=/opt/rustwide/workdir" "-e" "CARGO_TARGET_DIR=/opt/rustwide/target" "-e" "CARGO_INCREMENTAL=0" "-e" "RUST_BACKTRACE=full" "-e" "RUSTFLAGS=--cap-lints=warn" "-e" "RUSTDOCFLAGS=--cap-lints=warn" "-e" "CARGO_HOME=/opt/rustwide/cargo-home" "-e" "RUSTUP_HOME=/opt/rustwide/rustup-home" "-w" "/opt/rustwide/workdir" "-m" "1610612736" "--user" "0:0" "--network" "none" "ghcr.io/rust-lang/crates-build-env/linux@sha256:5ff2268d62e97bff2cde7d5815dd6ed5b47097566f13b8d0ca110b04b60e07ed" "/opt/rustwide/cargo-home/bin/cargo" "+1.69.0" "build" "--frozen" "--message-format=json", kill_on_drop: false }`
[INFO] [stdout] 6357f8b972892a7c4c8d9c28a834a91d85797ebfc9b732ef767a9c4868de9142
[INFO] running `Command { std: "docker" "start" "-a" "6357f8b972892a7c4c8d9c28a834a91d85797ebfc9b732ef767a9c4868de9142", kill_on_drop: false }`
[INFO] [stderr]    Compiling memchr v2.5.0
[INFO] [stderr]    Compiling minimal-lexical v0.2.1
[INFO] [stderr]    Compiling nom v7.1.1
[INFO] [stderr]    Compiling smali v0.1.0 (/opt/rustwide/workdir)
[INFO] [stdout] warning: unused import: `std::collections::HashSet`
[INFO] [stdout]  --> src/lib.rs:5:5
[INFO] [stdout]   |
[INFO] [stdout] 5 | use std::collections::HashSet;
[INFO] [stdout]   |     ^^^^^^^^^^^^^^^^^^^^^^^^^
[INFO] [stdout]   |
[INFO] [stdout]   = note: `#[warn(unused_imports)]` on by default
[INFO] [stdout] 
[INFO] [stdout] 
[INFO] [stdout] warning: unused import: `ParseError`
[INFO] [stdout]  --> src/smali_parse.rs:7:36
[INFO] [stdout]   |
[INFO] [stdout] 7 | use nom::error::{Error, ErrorKind, ParseError};
[INFO] [stdout]   |                                    ^^^^^^^^^^
[INFO] [stdout] 
[INFO] [stdout] 
[INFO] [stdout] warning: unused variable: `t`
[INFO] [stdout]    --> src/smali_parse.rs:103:28
[INFO] [stdout]     |
[INFO] [stdout] 103 |     if let IResult::Ok((o, t)) = b
[INFO] [stdout]     |                            ^ help: if this is intentional, prefix it with an underscore: `_t`
[INFO] [stdout]     |
[INFO] [stdout]     = note: `#[warn(unused_variables)]` on by default
[INFO] [stdout] 
[INFO] [stdout] 
[INFO] [stdout] warning: unused variable: `type_sig`
[INFO] [stdout]    --> src/smali_parse.rs:401:13
[INFO] [stdout]     |
[INFO] [stdout] 401 |     let (o, type_sig) = take_until_eol(o)?;
[INFO] [stdout]     |             ^^^^^^^^ help: if this is intentional, prefix it with an underscore: `_type_sig`
[INFO] [stdout] 
[INFO] [stdout] 
[INFO] [stdout] warning: variable does not need to be mutable
[INFO] [stdout]    --> src/types.rs:510:13
[INFO] [stdout]     |
[INFO] [stdout] 510 |         let mut package_dirs: Vec<&str> = class_name.split('.').collect();
[INFO] [stdout]     |             ----^^^^^^^^^^^^
[INFO] [stdout]     |             |
[INFO] [stdout]     |             help: remove this `mut`
[INFO] [stdout]     |
[INFO] [stdout]     = note: `#[warn(unused_mut)]` on by default
[INFO] [stdout] 
[INFO] [stdout] 
[INFO] [stdout] warning: 5 warnings emitted
[INFO] [stdout] 
[INFO] [stdout] 
[INFO] [stderr]     Finished dev [unoptimized + debuginfo] target(s) in 2.50s
[INFO] running `Command { std: "docker" "inspect" "6357f8b972892a7c4c8d9c28a834a91d85797ebfc9b732ef767a9c4868de9142", kill_on_drop: false }`
[INFO] running `Command { std: "docker" "rm" "-f" "6357f8b972892a7c4c8d9c28a834a91d85797ebfc9b732ef767a9c4868de9142", kill_on_drop: false }`
[INFO] [stdout] 6357f8b972892a7c4c8d9c28a834a91d85797ebfc9b732ef767a9c4868de9142
[INFO] running `Command { std: "docker" "create" "-v" "/var/lib/crater-agent-workspace/builds/worker-6-tc1/target:/opt/rustwide/target:rw,Z" "-v" "/var/lib/crater-agent-workspace/builds/worker-6-tc1/source:/opt/rustwide/workdir:ro,Z" "-v" "/var/lib/crater-agent-workspace/cargo-home:/opt/rustwide/cargo-home:ro,Z" "-v" "/var/lib/crater-agent-workspace/rustup-home:/opt/rustwide/rustup-home:ro,Z" "-e" "SOURCE_DIR=/opt/rustwide/workdir" "-e" "CARGO_TARGET_DIR=/opt/rustwide/target" "-e" "CARGO_INCREMENTAL=0" "-e" "RUST_BACKTRACE=full" "-e" "RUSTFLAGS=--cap-lints=warn" "-e" "RUSTDOCFLAGS=--cap-lints=warn" "-e" "CARGO_HOME=/opt/rustwide/cargo-home" "-e" "RUSTUP_HOME=/opt/rustwide/rustup-home" "-w" "/opt/rustwide/workdir" "-m" "1610612736" "--user" "0:0" "--network" "none" "ghcr.io/rust-lang/crates-build-env/linux@sha256:5ff2268d62e97bff2cde7d5815dd6ed5b47097566f13b8d0ca110b04b60e07ed" "/opt/rustwide/cargo-home/bin/cargo" "+1.69.0" "test" "--frozen" "--no-run" "--message-format=json", kill_on_drop: false }`
[INFO] [stdout] a2084a4a3c2a84dd3de880812dbabf749a7c223790885aad2e3e04af598da2e8
[INFO] running `Command { std: "docker" "start" "-a" "a2084a4a3c2a84dd3de880812dbabf749a7c223790885aad2e3e04af598da2e8", kill_on_drop: false }`
[INFO] [stdout] warning: unused import: `std::collections::HashSet`
[INFO] [stdout]  --> src/lib.rs:5:5
[INFO] [stdout]   |
[INFO] [stdout] 5 | use std::collections::HashSet;
[INFO] [stdout]   |     ^^^^^^^^^^^^^^^^^^^^^^^^^
[INFO] [stdout]   |
[INFO] [stdout]   = note: `#[warn(unused_imports)]` on by default
[INFO] [stdout] 
[INFO] [stdout] 
[INFO] [stdout] warning: unused import: `ParseError`
[INFO] [stdout]  --> src/smali_parse.rs:7:36
[INFO] [stdout]   |
[INFO] [stdout] 7 | use nom::error::{Error, ErrorKind, ParseError};
[INFO] [stdout]   |                                    ^^^^^^^^^^
[INFO] [stdout] 
[INFO] [stdout] 
[INFO] [stdout] warning: unused variable: `t`
[INFO] [stdout]    --> src/smali_parse.rs:103:28
[INFO] [stdout]     |
[INFO] [stdout] 103 |     if let IResult::Ok((o, t)) = b
[INFO] [stdout]     |                            ^ help: if this is intentional, prefix it with an underscore: `_t`
[INFO] [stdout]     |
[INFO] [stdout]     = note: `#[warn(unused_variables)]` on by default
[INFO] [stdout] 
[INFO] [stdout] 
[INFO] [stdout] warning: unused variable: `type_sig`
[INFO] [stdout]    --> src/smali_parse.rs:401:13
[INFO] [stdout]     |
[INFO] [stdout] 401 |     let (o, type_sig) = take_until_eol(o)?;
[INFO] [stdout]     |             ^^^^^^^^ help: if this is intentional, prefix it with an underscore: `_type_sig`
[INFO] [stdout] 
[INFO] [stdout] 
[INFO] [stdout] warning: variable does not need to be mutable
[INFO] [stdout]    --> src/types.rs:510:13
[INFO] [stdout]     |
[INFO] [stdout] 510 |         let mut package_dirs: Vec<&str> = class_name.split('.').collect();
[INFO] [stdout]     |             ----^^^^^^^^^^^^
[INFO] [stdout]     |             |
[INFO] [stdout]     |             help: remove this `mut`
[INFO] [stdout]     |
[INFO] [stdout]     = note: `#[warn(unused_mut)]` on by default
[INFO] [stdout] 
[INFO] [stdout] 
[INFO] [stderr]    Compiling smali v0.1.0 (/opt/rustwide/workdir)
[INFO] [stdout] warning: 5 warnings emitted
[INFO] [stdout] 
[INFO] [stdout] 
[INFO] [stdout] warning: unused import: `std::collections::HashSet`
[INFO] [stdout]  --> src/lib.rs:5:5
[INFO] [stdout]   |
[INFO] [stdout] 5 | use std::collections::HashSet;
[INFO] [stdout]   |     ^^^^^^^^^^^^^^^^^^^^^^^^^
[INFO] [stdout]   |
[INFO] [stdout]   = note: `#[warn(unused_imports)]` on by default
[INFO] [stdout] 
[INFO] [stdout] 
[INFO] [stdout] warning: unused import: `ParseError`
[INFO] [stdout]  --> src/smali_parse.rs:7:36
[INFO] [stdout]   |
[INFO] [stdout] 7 | use nom::error::{Error, ErrorKind, ParseError};
[INFO] [stdout]   |                                    ^^^^^^^^^^
[INFO] [stdout] 
[INFO] [stdout] 
[INFO] [stdout] warning: unused import: `std::fs`
[INFO] [stdout]   --> src/lib.rs:58:9
[INFO] [stdout]    |
[INFO] [stdout] 58 |     use std::fs;
[INFO] [stdout]    |         ^^^^^^^
[INFO] [stdout] 
[INFO] [stdout] 
[INFO] [stdout] warning: unused variable: `t`
[INFO] [stdout]    --> src/smali_parse.rs:103:28
[INFO] [stdout]     |
[INFO] [stdout] 103 |     if let IResult::Ok((o, t)) = b
[INFO] [stdout]     |                            ^ help: if this is intentional, prefix it with an underscore: `_t`
[INFO] [stdout]     |
[INFO] [stdout]     = note: `#[warn(unused_variables)]` on by default
[INFO] [stdout] 
[INFO] [stdout] 
[INFO] [stdout] warning: unused variable: `type_sig`
[INFO] [stdout]    --> src/smali_parse.rs:401:13
[INFO] [stdout]     |
[INFO] [stdout] 401 |     let (o, type_sig) = take_until_eol(o)?;
[INFO] [stdout]     |             ^^^^^^^^ help: if this is intentional, prefix it with an underscore: `_type_sig`
[INFO] [stdout] 
[INFO] [stdout] 
[INFO] [stdout] warning: variable does not need to be mutable
[INFO] [stdout]    --> src/types.rs:510:13
[INFO] [stdout]     |
[INFO] [stdout] 510 |         let mut package_dirs: Vec<&str> = class_name.split('.').collect();
[INFO] [stdout]     |             ----^^^^^^^^^^^^
[INFO] [stdout]     |             |
[INFO] [stdout]     |             help: remove this `mut`
[INFO] [stdout]     |
[INFO] [stdout]     = note: `#[warn(unused_mut)]` on by default
[INFO] [stdout] 
[INFO] [stdout] 
[INFO] [stdout] warning: 6 warnings emitted
[INFO] [stdout] 
[INFO] [stdout] 
[INFO] [stderr]     Finished test [unoptimized + debuginfo] target(s) in 0.62s
[INFO] running `Command { std: "docker" "inspect" "a2084a4a3c2a84dd3de880812dbabf749a7c223790885aad2e3e04af598da2e8", kill_on_drop: false }`
[INFO] running `Command { std: "docker" "rm" "-f" "a2084a4a3c2a84dd3de880812dbabf749a7c223790885aad2e3e04af598da2e8", kill_on_drop: false }`
[INFO] [stdout] a2084a4a3c2a84dd3de880812dbabf749a7c223790885aad2e3e04af598da2e8
[INFO] running `Command { std: "docker" "create" "-v" "/var/lib/crater-agent-workspace/builds/worker-6-tc1/target:/opt/rustwide/target:rw,Z" "-v" "/var/lib/crater-agent-workspace/builds/worker-6-tc1/source:/opt/rustwide/workdir:ro,Z" "-v" "/var/lib/crater-agent-workspace/cargo-home:/opt/rustwide/cargo-home:ro,Z" "-v" "/var/lib/crater-agent-workspace/rustup-home:/opt/rustwide/rustup-home:ro,Z" "-e" "SOURCE_DIR=/opt/rustwide/workdir" "-e" "CARGO_TARGET_DIR=/opt/rustwide/target" "-e" "CARGO_INCREMENTAL=0" "-e" "RUST_BACKTRACE=full" "-e" "RUSTFLAGS=--cap-lints=warn" "-e" "RUSTDOCFLAGS=--cap-lints=warn" "-e" "CARGO_HOME=/opt/rustwide/cargo-home" "-e" "RUSTUP_HOME=/opt/rustwide/rustup-home" "-w" "/opt/rustwide/workdir" "-m" "1610612736" "--user" "0:0" "--network" "none" "ghcr.io/rust-lang/crates-build-env/linux@sha256:5ff2268d62e97bff2cde7d5815dd6ed5b47097566f13b8d0ca110b04b60e07ed" "/opt/rustwide/cargo-home/bin/cargo" "+1.69.0" "test" "--frozen", kill_on_drop: false }`
[INFO] [stdout] 6608c1e115b51f93d01b57e252fb7405a99439ba0160fff15b93c9f4f2dee587
[INFO] running `Command { std: "docker" "start" "-a" "6608c1e115b51f93d01b57e252fb7405a99439ba0160fff15b93c9f4f2dee587", kill_on_drop: false }`
[INFO] [stderr] warning: unused import: `std::collections::HashSet`
[INFO] [stderr]  --> src/lib.rs:5:5
[INFO] [stderr]   |
[INFO] [stderr] 5 | use std::collections::HashSet;
[INFO] [stderr]   |     ^^^^^^^^^^^^^^^^^^^^^^^^^
[INFO] [stderr]   |
[INFO] [stderr]   = note: `#[warn(unused_imports)]` on by default
[INFO] [stderr] 
[INFO] [stderr] warning: unused import: `ParseError`
[INFO] [stderr]  --> src/smali_parse.rs:7:36
[INFO] [stderr]   |
[INFO] [stderr] 7 | use nom::error::{Error, ErrorKind, ParseError};
[INFO] [stderr]   |                                    ^^^^^^^^^^
[INFO] [stderr] 
[INFO] [stderr] warning: unused variable: `t`
[INFO] [stderr]    --> src/smali_parse.rs:103:28
[INFO] [stderr]     |
[INFO] [stderr] 103 |     if let IResult::Ok((o, t)) = b
[INFO] [stderr]     |                            ^ help: if this is intentional, prefix it with an underscore: `_t`
[INFO] [stderr]     |
[INFO] [stderr]     = note: `#[warn(unused_variables)]` on by default
[INFO] [stderr] 
[INFO] [stderr] warning: unused variable: `type_sig`
[INFO] [stderr]    --> src/smali_parse.rs:401:13
[INFO] [stderr]     |
[INFO] [stderr] 401 |     let (o, type_sig) = take_until_eol(o)?;
[INFO] [stderr]     |             ^^^^^^^^ help: if this is intentional, prefix it with an underscore: `_type_sig`
[INFO] [stderr] 
[INFO] [stderr] warning: variable does not need to be mutable
[INFO] [stderr]    --> src/types.rs:510:13
[INFO] [stderr]     |
[INFO] [stderr] 510 |         let mut package_dirs: Vec<&str> = class_name.split('.').collect();
[INFO] [stderr]     |             ----^^^^^^^^^^^^
[INFO] [stderr]     |             |
[INFO] [stderr]     |             help: remove this `mut`
[INFO] [stderr]     |
[INFO] [stderr]     = note: `#[warn(unused_mut)]` on by default
[INFO] [stderr] 
[INFO] [stderr] warning: unused import: `std::fs`
[INFO] [stderr]   --> src/lib.rs:58:9
[INFO] [stderr]    |
[INFO] [stderr] 58 |     use std::fs;
[INFO] [stderr]    |         ^^^^^^^
[INFO] [stderr] 
[INFO] [stderr] warning: `smali` (lib) generated 5 warnings (run `cargo fix --lib -p smali` to apply 5 suggestions)
[INFO] [stderr] warning: `smali` (lib test) generated 6 warnings (5 duplicates) (run `cargo fix --lib -p smali --tests` to apply 1 suggestion)
[INFO] [stderr]     Finished test [unoptimized + debuginfo] target(s) in 0.00s
[INFO] [stderr]      Running unittests src/lib.rs (/opt/rustwide/target/debug/deps/smali-1c9305c6f42773ea)
[INFO] [stdout] 
[INFO] [stdout] running 17 tests
[INFO] [stdout] test smali_parse::tests::test_parse_annotation_element_single ... ok
[INFO] [stdout] test smali_parse::tests::test_methodsignature ... ok
[INFO] [stdout] test smali_parse::tests::test_parse_annotation_element_array ... ok
[INFO] [stdout] test smali_parse::tests::test_parse_class_line ... ok
[INFO] [stdout] test smali_parse::tests::test_parse_enum ... ok
[INFO] [stdout] test smali_parse::tests::test_parse_field ... ok
[INFO] [stdout] test smali_parse::tests::test_parse_implements_line ... ok
[INFO] [stdout] test smali_parse::tests::test_parse_super_line ... ok
[INFO] [stdout] test smali_parse::tests::test_take_until_eol ... ok
[INFO] [stdout] test smali_parse::tests::test_quoted ... ok
[INFO] [stdout] test tests::object_identifier_to_java ... ok
[INFO] [stdout] test smali_parse::tests::test_typesignature ... ok
[INFO] [stdout] test tests::object_identifier_to_jni ... ok
[INFO] [stdout] test tests::signatures ... ok
[INFO] [stdout] test smali_parse::tests::test_parse_java_array ... ok
[INFO] [stdout] test smali_parse::tests::test_parse_class ... ok
[INFO] [stdout] test tests::parse_write ... ok
[INFO] [stdout] 
[INFO] [stdout] test result: ok. 17 passed; 0 failed; 0 ignored; 0 measured; 0 filtered out; finished in 0.02s
[INFO] [stdout] 
[INFO] [stderr]    Doc-tests smali
[INFO] [stdout] 
[INFO] [stdout] running 11 tests
[INFO] [stdout] test src/types.rs - types::SmaliClass (line 361) ... FAILED
[INFO] [stdout] test src/types.rs - types::SmaliClass::write_to_file (line 473) ... FAILED
[INFO] [stdout] test src/types.rs - types::SmaliClass::write_to_directory (line 495) ... FAILED
[INFO] [stdout] test src/types.rs - types::SmaliClass::from_smali (line 412) ... FAILED
[INFO] [stdout] test src/types.rs - types::ObjectIdentifier (line 44) ... FAILED
[INFO] [stdout] test src/lib.rs - find_smali_files (line 17) ... FAILED
[INFO] [stdout] test src/types.rs - types::SmaliClass::save (line 528) ... FAILED
[INFO] [stdout] test src/types.rs - types::TypeSignature (line 95) ... ok
[INFO] [stdout] test src/types.rs - types::MethodSignature (line 222) ... ok
[INFO] [stdout] test src/types.rs - types::SmaliClass::read_from_file (line 432) ... FAILED
[INFO] [stdout] test src/types.rs - types::SmaliClass::to_smali (line 456) ... FAILED
[INFO] [stdout] 
[INFO] [stdout] failures:
[INFO] [stdout] 
[INFO] [stdout] ---- src/types.rs - types::SmaliClass (line 361) stdout ----
[INFO] [stdout] error: expected `,`, found `c`
[INFO] [stdout]  --> src/types.rs:366:28
[INFO] [stdout]   |
[INFO] [stdout] 8 |  println!("Java class: {}" c.name.as_java_type());
[INFO] [stdout]   |                            ^ expected `,`
[INFO] [stdout] 
[INFO] [stdout] error: aborting due to previous error
[INFO] [stdout] 
[INFO] [stdout] Couldn't compile the test.
[INFO] [stdout] ---- src/types.rs - types::SmaliClass::write_to_file (line 473) stdout ----
[INFO] [stdout] error[E0277]: the `?` operator can only be used in a function that returns `Result` or `Option` (or another type that implements `FromResidual`)
[INFO] [stdout]  --> src/types.rs:478:67
[INFO] [stdout]   |
[INFO] [stdout] 3 | fn main() { #[allow(non_snake_case)] fn _doctest_main_src_types_rs_473_0() {
[INFO] [stdout]   |                                      ------------------------------------- this function should return `Result` or `Option` to accept `?`
[INFO] [stdout] ...
[INFO] [stdout] 8 |  c.write_to_file(Path::new("smali_classes2/com/cool/Class.smali"))?;
[INFO] [stdout]   |                                                                   ^ cannot use the `?` operator in a function that returns `()`
[INFO] [stdout]   |
[INFO] [stdout]   = help: the trait `FromResidual<Result<Infallible, SmaliError>>` is not implemented for `()`
[INFO] [stdout] 
[INFO] [stdout] error: aborting due to previous error
[INFO] [stdout] 
[INFO] [stdout] For more information about this error, try `rustc --explain E0277`.
[INFO] [stdout] Couldn't compile the test.
[INFO] [stdout] ---- src/types.rs - types::SmaliClass::write_to_directory (line 495) stdout ----
[INFO] [stdout] error[E0277]: the `?` operator can only be used in a function that returns `Result` or `Option` (or another type that implements `FromResidual`)
[INFO] [stdout]  --> src/types.rs:500:51
[INFO] [stdout]   |
[INFO] [stdout] 3 | fn main() { #[allow(non_snake_case)] fn _doctest_main_src_types_rs_495_0() {
[INFO] [stdout]   |                                      ------------------------------------- this function should return `Result` or `Option` to accept `?`
[INFO] [stdout] ...
[INFO] [stdout] 8 |  c.write_to_directory(Path::new("smali_classes2"))?;
[INFO] [stdout]   |                                                   ^ cannot use the `?` operator in a function that returns `()`
[INFO] [stdout]   |
[INFO] [stdout]   = help: the trait `FromResidual<Result<Infallible, SmaliError>>` is not implemented for `()`
[INFO] [stdout] 
[INFO] [stdout] error: aborting due to previous error
[INFO] [stdout] 
[INFO] [stdout] For more information about this error, try `rustc --explain E0277`.
[INFO] [stdout] Couldn't compile the test.
[INFO] [stdout] ---- src/types.rs - types::SmaliClass::from_smali (line 412) stdout ----
[INFO] [stdout] error[E0423]: expected value, found crate `smali`
[INFO] [stdout]  --> src/types.rs:415:33
[INFO] [stdout]   |
[INFO] [stdout] 6 |  let c = SmaliClass::from_smali(smali).expect("Parse error");
[INFO] [stdout]   |                                 ^^^^^ not a value
[INFO] [stdout] 
[INFO] [stdout] error: aborting due to previous error
[INFO] [stdout] 
[INFO] [stdout] For more information about this error, try `rustc --explain E0423`.
[INFO] [stdout] Couldn't compile the test.
[INFO] [stdout] ---- src/types.rs - types::ObjectIdentifier (line 44) stdout ----
[INFO] [stdout] error[E0433]: failed to resolve: use of undeclared type `ObjectIdentifier`
[INFO] [stdout]  --> src/types.rs:45:9
[INFO] [stdout]   |
[INFO] [stdout] 3 | let o = ObjectIdentifier::from_java_type("com.basic.Test");
[INFO] [stdout]   |         ^^^^^^^^^^^^^^^^ use of undeclared type `ObjectIdentifier`
[INFO] [stdout]   |
[INFO] [stdout] help: consider importing this struct
[INFO] [stdout]   |
[INFO] [stdout] 2 | use smali::types::ObjectIdentifier;
[INFO] [stdout]   |
[INFO] [stdout] 
[INFO] [stdout] error: aborting due to previous error
[INFO] [stdout] 
[INFO] [stdout] For more information about this error, try `rustc --explain E0433`.
[INFO] [stdout] Couldn't compile the test.
[INFO] [stdout] ---- src/lib.rs - find_smali_files (line 17) stdout ----
[INFO] [stdout] error[E0433]: failed to resolve: use of undeclared type `PathBuf`
[INFO] [stdout]  --> src/lib.rs:20:13
[INFO] [stdout]   |
[INFO] [stdout] 6 | let mut p = PathBuf::from_str("smali")?;
[INFO] [stdout]   |             ^^^^^^^ use of undeclared type `PathBuf`
[INFO] [stdout]   |
[INFO] [stdout] help: consider importing this struct
[INFO] [stdout]   |
[INFO] [stdout] 2 | use std::path::PathBuf;
[INFO] [stdout]   |
[INFO] [stdout] 
[INFO] [stdout] error[E0277]: the `?` operator can only be used in a function that returns `Result` or `Option` (or another type that implements `FromResidual`)
[INFO] [stdout]  --> src/lib.rs:21:40
[INFO] [stdout]   |
[INFO] [stdout] 3 | fn main() { #[allow(non_snake_case)] fn _doctest_main_src_lib_rs_17_0() {
[INFO] [stdout]   |                                      ---------------------------------- this function should return `Result` or `Option` to accept `?`
[INFO] [stdout] ...
[INFO] [stdout] 7 |  let mut classes = find_smali_files(&p)?;
[INFO] [stdout]   |                                        ^ cannot use the `?` operator in a function that returns `()`
[INFO] [stdout]   |
[INFO] [stdout]   = help: the trait `FromResidual<Result<Infallible, SmaliError>>` is not implemented for `()`
[INFO] [stdout] 
[INFO] [stdout] error: aborting due to 2 previous errors
[INFO] [stdout] 
[INFO] [stdout] Some errors have detailed explanations: E0277, E0433.
[INFO] [stdout] For more information about an error, try `rustc --explain E0277`.
[INFO] [stdout] Couldn't compile the test.
[INFO] [stdout] ---- src/types.rs - types::SmaliClass::save (line 528) stdout ----
[INFO] [stdout] error[E0433]: failed to resolve: use of undeclared type `Path`
[INFO] [stdout]  --> src/types.rs:531:41
[INFO] [stdout]   |
[INFO] [stdout] 6 |  let mut c = SmaliClass::read_from_file(Path::new("smali/com/cool/Class.smali")).expect("Uh oh, does the file exist?");
[INFO] [stdout]   |                                         ^^^^ use of undeclared type `Path`
[INFO] [stdout]   |
[INFO] [stdout] help: consider importing this struct
[INFO] [stdout]   |
[INFO] [stdout] 2 | use std::path::Path;
[INFO] [stdout]   |
[INFO] [stdout] 
[INFO] [stdout] error[E0277]: the `?` operator can only be used in a function that returns `Result` or `Option` (or another type that implements `FromResidual`)
[INFO] [stdout]  --> src/types.rs:533:10
[INFO] [stdout]   |
[INFO] [stdout] 3 | fn main() { #[allow(non_snake_case)] fn _doctest_main_src_types_rs_528_0() {
[INFO] [stdout]   |                                      ------------------------------------- this function should return `Result` or `Option` to accept `?`
[INFO] [stdout] ...
[INFO] [stdout] 8 |  c.save()?;
[INFO] [stdout]   |          ^ cannot use the `?` operator in a function that returns `()`
[INFO] [stdout]   |
[INFO] [stdout]   = help: the trait `FromResidual<Result<Infallible, SmaliError>>` is not implemented for `()`
[INFO] [stdout] 
[INFO] [stdout] error: aborting due to 2 previous errors
[INFO] [stdout] 
[INFO] [stdout] Some errors have detailed explanations: E0277, E0433.
[INFO] [stdout] For more information about an error, try `rustc --explain E0277`.
[INFO] [stdout] Couldn't compile the test.
[INFO] [stdout] ---- src/types.rs - types::SmaliClass::read_from_file (line 432) stdout ----
[INFO] [stdout] Test executable failed (exit status: 101).
[INFO] [stdout] 
[INFO] [stdout] stderr:
[INFO] [stdout] thread 'main' panicked at 'Uh oh, does the file exist?: SmaliError { details: "Error loading file smali/com/cool/Class.smali: No such file or directory (os error 2)" }', src/types.rs:7:78
[INFO] [stdout] stack backtrace:
[INFO] [stdout]    0:     0x560e75b4868a - std::backtrace_rs::backtrace::libunwind::trace::ha9053a9a07ca49cb
[INFO] [stdout]                                at /rustc/84c898d65adf2f39a5a98507f1fe0ce10a2b8dbc/library/std/src/../../backtrace/src/backtrace/libunwind.rs:93:5
[INFO] [stdout]    1:     0x560e75b4868a - std::backtrace_rs::backtrace::trace_unsynchronized::h9c2852a457ad564e
[INFO] [stdout]                                at /rustc/84c898d65adf2f39a5a98507f1fe0ce10a2b8dbc/library/std/src/../../backtrace/src/backtrace/mod.rs:66:5
[INFO] [stdout]    2:     0x560e75b4868a - std::sys_common::backtrace::_print_fmt::h457936fbfaa0070f
[INFO] [stdout]                                at /rustc/84c898d65adf2f39a5a98507f1fe0ce10a2b8dbc/library/std/src/sys_common/backtrace.rs:65:5
[INFO] [stdout]    3:     0x560e75b4868a - <std::sys_common::backtrace::_print::DisplayBacktrace as core::fmt::Display>::fmt::h5779d7bf7f70cb0c
[INFO] [stdout]                                at /rustc/84c898d65adf2f39a5a98507f1fe0ce10a2b8dbc/library/std/src/sys_common/backtrace.rs:44:22
[INFO] [stdout]    4:     0x560e75b627ae - core::fmt::write::h5a4baaff1bcd3eb5
[INFO] [stdout]                                at /rustc/84c898d65adf2f39a5a98507f1fe0ce10a2b8dbc/library/core/src/fmt/mod.rs:1232:17
[INFO] [stdout]    5:     0x560e75b46815 - std::io::Write::write_fmt::h4bc1f301cb9e9cce
[INFO] [stdout]                                at /rustc/84c898d65adf2f39a5a98507f1fe0ce10a2b8dbc/library/std/src/io/mod.rs:1684:15
[INFO] [stdout]    6:     0x560e75b48455 - std::sys_common::backtrace::_print::h5fcdc36060f177e8
[INFO] [stdout]                                at /rustc/84c898d65adf2f39a5a98507f1fe0ce10a2b8dbc/library/std/src/sys_common/backtrace.rs:47:5
[INFO] [stdout]    7:     0x560e75b48455 - std::sys_common::backtrace::print::h54ca9458b876c8bf
[INFO] [stdout]                                at /rustc/84c898d65adf2f39a5a98507f1fe0ce10a2b8dbc/library/std/src/sys_common/backtrace.rs:34:9
[INFO] [stdout]    8:     0x560e75b49aaf - std::panicking::default_hook::{{closure}}::hbe471161c7664ed6
[INFO] [stdout]                                at /rustc/84c898d65adf2f39a5a98507f1fe0ce10a2b8dbc/library/std/src/panicking.rs:271:22
[INFO] [stdout]    9:     0x560e75b497eb - std::panicking::default_hook::ha3500da57aa4ac4f
[INFO] [stdout]                                at /rustc/84c898d65adf2f39a5a98507f1fe0ce10a2b8dbc/library/std/src/panicking.rs:290:9
[INFO] [stdout]   10:     0x560e75b4a058 - std::panicking::rust_panic_with_hook::h50c09d000dc561d2
[INFO] [stdout]                                at /rustc/84c898d65adf2f39a5a98507f1fe0ce10a2b8dbc/library/std/src/panicking.rs:692:13
[INFO] [stdout]   11:     0x560e75b49f59 - std::panicking::begin_panic_handler::{{closure}}::h9e2b2176e00e0d9c
[INFO] [stdout]                                at /rustc/84c898d65adf2f39a5a98507f1fe0ce10a2b8dbc/library/std/src/panicking.rs:583:13
[INFO] [stdout]   12:     0x560e75b48af6 - std::sys_common::backtrace::__rust_end_short_backtrace::h5739b8e512c09d02
[INFO] [stdout]                                at /rustc/84c898d65adf2f39a5a98507f1fe0ce10a2b8dbc/library/std/src/sys_common/backtrace.rs:150:18
[INFO] [stdout]   13:     0x560e75b49c62 - rust_begin_unwind
[INFO] [stdout]                                at /rustc/84c898d65adf2f39a5a98507f1fe0ce10a2b8dbc/library/std/src/panicking.rs:579:5
[INFO] [stdout]   14:     0x560e75affef3 - core::panicking::panic_fmt::hf33a1475b4dc5c3e
[INFO] [stdout]                                at /rustc/84c898d65adf2f39a5a98507f1fe0ce10a2b8dbc/library/core/src/panicking.rs:64:14
[INFO] [stdout]   15:     0x560e75b002e3 - core::result::unwrap_failed::hdff5465d74574b44
[INFO] [stdout]                                at /rustc/84c898d65adf2f39a5a98507f1fe0ce10a2b8dbc/library/core/src/result.rs:1750:5
[INFO] [stdout]   16:     0x560e75b00671 - core::result::Result<T,E>::expect::h9a7c9a010a55af24
[INFO] [stdout]   17:     0x560e75b0071f - rust_out::main::_doctest_main_src_types_rs_432_0::h7177b5e7a3e1b378
[INFO] [stdout]   18:     0x560e75b006c6 - rust_out::main::h045d0fd74ed7290e
[INFO] [stdout]   19:     0x560e75b00573 - core::ops::function::FnOnce::call_once::h5b89dea722ea21ad
[INFO] [stdout]   20:     0x560e75b004f9 - std::sys_common::backtrace::__rust_begin_short_backtrace::hc178e4cfacf1803d
[INFO] [stdout]   21:     0x560e75b00549 - std::rt::lang_start::{{closure}}::he8c5d60628d06093
[INFO] [stdout]   22:     0x560e75b4455c - core::ops::function::impls::<impl core::ops::function::FnOnce<A> for &F>::call_once::hd6efcd3bec896f2c
[INFO] [stdout]                                at /rustc/84c898d65adf2f39a5a98507f1fe0ce10a2b8dbc/library/core/src/ops/function.rs:287:13
[INFO] [stdout]   23:     0x560e75b4455c - std::panicking::try::do_call::hce04e543bb1f4cbb
[INFO] [stdout]                                at /rustc/84c898d65adf2f39a5a98507f1fe0ce10a2b8dbc/library/std/src/panicking.rs:487:40
[INFO] [stdout]   24:     0x560e75b4455c - std::panicking::try::h3342dd4e1f680968
[INFO] [stdout]                                at /rustc/84c898d65adf2f39a5a98507f1fe0ce10a2b8dbc/library/std/src/panicking.rs:451:19
[INFO] [stdout]   25:     0x560e75b4455c - std::panic::catch_unwind::h148ce1e59ac0cee7
[INFO] [stdout]                                at /rustc/84c898d65adf2f39a5a98507f1fe0ce10a2b8dbc/library/std/src/panic.rs:140:14
[INFO] [stdout]   26:     0x560e75b4455c - std::rt::lang_start_internal::{{closure}}::h25f9dda2057a67fe
[INFO] [stdout]                                at /rustc/84c898d65adf2f39a5a98507f1fe0ce10a2b8dbc/library/std/src/rt.rs:148:48
[INFO] [stdout]   27:     0x560e75b4455c - std::panicking::try::do_call::h7caaaeaf9401650b
[INFO] [stdout]                                at /rustc/84c898d65adf2f39a5a98507f1fe0ce10a2b8dbc/library/std/src/panicking.rs:487:40
[INFO] [stdout]   28:     0x560e75b4455c - std::panicking::try::he7d15285746cbbc2
[INFO] [stdout]                                at /rustc/84c898d65adf2f39a5a98507f1fe0ce10a2b8dbc/library/std/src/panicking.rs:451:19
[INFO] [stdout]   29:     0x560e75b4455c - std::panic::catch_unwind::h89fb4f50c0301fe0
[INFO] [stdout]                                at /rustc/84c898d65adf2f39a5a98507f1fe0ce10a2b8dbc/library/std/src/panic.rs:140:14
[INFO] [stdout]   30:     0x560e75b4455c - std::rt::lang_start_internal::h078acd489417d3c1
[INFO] [stdout]                                at /rustc/84c898d65adf2f39a5a98507f1fe0ce10a2b8dbc/library/std/src/rt.rs:148:20
[INFO] [stdout]   31:     0x560e75b00527 - std::rt::lang_start::h335d6166ecad8ac7
[INFO] [stdout]   32:     0x560e75b00755 - main
[INFO] [stdout]   33:     0x7f0755381d90 - <unknown>
[INFO] [stdout]   34:     0x7f0755381e40 - __libc_start_main
[INFO] [stdout]   35:     0x560e75b00425 - _start
[INFO] [stdout]   36:                0x0 - <unknown>
[INFO] [stdout] 
[INFO] [stdout] 
[INFO] [stdout] ---- src/types.rs - types::SmaliClass::to_smali (line 456) stdout ----
[INFO] [stdout] Test executable failed (exit status: 101).
[INFO] [stdout] 
[INFO] [stdout] stderr:
[INFO] [stdout] thread 'main' panicked at 'Uh oh, does the file exist?: SmaliError { details: "Error loading file smali/com/cool/Class.smali: No such file or directory (os error 2)" }', src/types.rs:7:78
[INFO] [stdout] stack backtrace:
[INFO] [stdout]    0:     0x563ae3fe3bca - std::backtrace_rs::backtrace::libunwind::trace::ha9053a9a07ca49cb
[INFO] [stdout]                                at /rustc/84c898d65adf2f39a5a98507f1fe0ce10a2b8dbc/library/std/src/../../backtrace/src/backtrace/libunwind.rs:93:5
[INFO] [stdout]    1:     0x563ae3fe3bca - std::backtrace_rs::backtrace::trace_unsynchronized::h9c2852a457ad564e
[INFO] [stdout]                                at /rustc/84c898d65adf2f39a5a98507f1fe0ce10a2b8dbc/library/std/src/../../backtrace/src/backtrace/mod.rs:66:5
[INFO] [stdout]    2:     0x563ae3fe3bca - std::sys_common::backtrace::_print_fmt::h457936fbfaa0070f
[INFO] [stdout]                                at /rustc/84c898d65adf2f39a5a98507f1fe0ce10a2b8dbc/library/std/src/sys_common/backtrace.rs:65:5
[INFO] [stdout]    3:     0x563ae3fe3bca - <std::sys_common::backtrace::_print::DisplayBacktrace as core::fmt::Display>::fmt::h5779d7bf7f70cb0c
[INFO] [stdout]                                at /rustc/84c898d65adf2f39a5a98507f1fe0ce10a2b8dbc/library/std/src/sys_common/backtrace.rs:44:22
[INFO] [stdout]    4:     0x563ae3ffdd6e - core::fmt::write::h5a4baaff1bcd3eb5
[INFO] [stdout]                                at /rustc/84c898d65adf2f39a5a98507f1fe0ce10a2b8dbc/library/core/src/fmt/mod.rs:1232:17
[INFO] [stdout]    5:     0x563ae3fe1ca5 - std::io::Write::write_fmt::h4bc1f301cb9e9cce
[INFO] [stdout]                                at /rustc/84c898d65adf2f39a5a98507f1fe0ce10a2b8dbc/library/std/src/io/mod.rs:1684:15
[INFO] [stdout]    6:     0x563ae3fe3995 - std::sys_common::backtrace::_print::h5fcdc36060f177e8
[INFO] [stdout]                                at /rustc/84c898d65adf2f39a5a98507f1fe0ce10a2b8dbc/library/std/src/sys_common/backtrace.rs:47:5
[INFO] [stdout]    7:     0x563ae3fe3995 - std::sys_common::backtrace::print::h54ca9458b876c8bf
[INFO] [stdout]                                at /rustc/84c898d65adf2f39a5a98507f1fe0ce10a2b8dbc/library/std/src/sys_common/backtrace.rs:34:9
[INFO] [stdout]    8:     0x563ae3fe4fef - std::panicking::default_hook::{{closure}}::hbe471161c7664ed6
[INFO] [stdout]                                at /rustc/84c898d65adf2f39a5a98507f1fe0ce10a2b8dbc/library/std/src/panicking.rs:271:22
[INFO] [stdout]    9:     0x563ae3fe4d2b - std::panicking::default_hook::ha3500da57aa4ac4f
[INFO] [stdout]                                at /rustc/84c898d65adf2f39a5a98507f1fe0ce10a2b8dbc/library/std/src/panicking.rs:290:9
[INFO] [stdout]   10:     0x563ae3fe5598 - std::panicking::rust_panic_with_hook::h50c09d000dc561d2
[INFO] [stdout]                                at /rustc/84c898d65adf2f39a5a98507f1fe0ce10a2b8dbc/library/std/src/panicking.rs:692:13
[INFO] [stdout]   11:     0x563ae3fe5499 - std::panicking::begin_panic_handler::{{closure}}::h9e2b2176e00e0d9c
[INFO] [stdout]                                at /rustc/84c898d65adf2f39a5a98507f1fe0ce10a2b8dbc/library/std/src/panicking.rs:583:13
[INFO] [stdout]   12:     0x563ae3fe4036 - std::sys_common::backtrace::__rust_end_short_backtrace::h5739b8e512c09d02
[INFO] [stdout]                                at /rustc/84c898d65adf2f39a5a98507f1fe0ce10a2b8dbc/library/std/src/sys_common/backtrace.rs:150:18
[INFO] [stdout]   13:     0x563ae3fe51a2 - rust_begin_unwind
[INFO] [stdout]                                at /rustc/84c898d65adf2f39a5a98507f1fe0ce10a2b8dbc/library/std/src/panicking.rs:579:5
[INFO] [stdout]   14:     0x563ae3f952d3 - core::panicking::panic_fmt::hf33a1475b4dc5c3e
[INFO] [stdout]                                at /rustc/84c898d65adf2f39a5a98507f1fe0ce10a2b8dbc/library/core/src/panicking.rs:64:14
[INFO] [stdout]   15:     0x563ae3f956c3 - core::result::unwrap_failed::hdff5465d74574b44
[INFO] [stdout]                                at /rustc/84c898d65adf2f39a5a98507f1fe0ce10a2b8dbc/library/core/src/result.rs:1750:5
[INFO] [stdout]   16:     0x563ae3f95b41 - core::result::Result<T,E>::expect::h9a7c9a010a55af24
[INFO] [stdout]   17:     0x563ae3f95bfc - rust_out::main::_doctest_main_src_types_rs_456_0::he6ab17c3476544f1
[INFO] [stdout]   18:     0x563ae3f95b96 - rust_out::main::h045d0fd74ed7290e
[INFO] [stdout]   19:     0x563ae3f95a43 - core::ops::function::FnOnce::call_once::h5b89dea722ea21ad
[INFO] [stdout]   20:     0x563ae3f958d9 - std::sys_common::backtrace::__rust_begin_short_backtrace::hc178e4cfacf1803d
[INFO] [stdout]   21:     0x563ae3f95929 - std::rt::lang_start::{{closure}}::he8c5d60628d06093
[INFO] [stdout]   22:     0x563ae3fdf0fc - core::ops::function::impls::<impl core::ops::function::FnOnce<A> for &F>::call_once::hd6efcd3bec896f2c
[INFO] [stdout]                                at /rustc/84c898d65adf2f39a5a98507f1fe0ce10a2b8dbc/library/core/src/ops/function.rs:287:13
[INFO] [stdout]   23:     0x563ae3fdf0fc - std::panicking::try::do_call::hce04e543bb1f4cbb
[INFO] [stdout]                                at /rustc/84c898d65adf2f39a5a98507f1fe0ce10a2b8dbc/library/std/src/panicking.rs:487:40
[INFO] [stdout]   24:     0x563ae3fdf0fc - std::panicking::try::h3342dd4e1f680968
[INFO] [stdout]                                at /rustc/84c898d65adf2f39a5a98507f1fe0ce10a2b8dbc/library/std/src/panicking.rs:451:19
[INFO] [stdout]   25:     0x563ae3fdf0fc - std::panic::catch_unwind::h148ce1e59ac0cee7
[INFO] [stdout]                                at /rustc/84c898d65adf2f39a5a98507f1fe0ce10a2b8dbc/library/std/src/panic.rs:140:14
[INFO] [stdout]   26:     0x563ae3fdf0fc - std::rt::lang_start_internal::{{closure}}::h25f9dda2057a67fe
[INFO] [stdout]                                at /rustc/84c898d65adf2f39a5a98507f1fe0ce10a2b8dbc/library/std/src/rt.rs:148:48
[INFO] [stdout]   27:     0x563ae3fdf0fc - std::panicking::try::do_call::h7caaaeaf9401650b
[INFO] [stdout]                                at /rustc/84c898d65adf2f39a5a98507f1fe0ce10a2b8dbc/library/std/src/panicking.rs:487:40
[INFO] [stdout]   28:     0x563ae3fdf0fc - std::panicking::try::he7d15285746cbbc2
[INFO] [stdout]                                at /rustc/84c898d65adf2f39a5a98507f1fe0ce10a2b8dbc/library/std/src/panicking.rs:451:19
[INFO] [stdout]   29:     0x563ae3fdf0fc - std::panic::catch_unwind::h89fb4f50c0301fe0
[INFO] [stdout]                                at /rustc/84c898d65adf2f39a5a98507f1fe0ce10a2b8dbc/library/std/src/panic.rs:140:14
[INFO] [stdout]   30:     0x563ae3fdf0fc - std::rt::lang_start_internal::h078acd489417d3c1
[INFO] [stdout]                                at /rustc/84c898d65adf2f39a5a98507f1fe0ce10a2b8dbc/library/std/src/rt.rs:148:20
[INFO] [stdout]   31:     0x563ae3f95907 - std::rt::lang_start::h335d6166ecad8ac7
[INFO] [stdout]   32:     0x563ae3f95d35 - main
[INFO] [stdout]   33:     0x7f6aa7f28d90 - <unknown>
[INFO] [stdout]   34:     0x7f6aa7f28e40 - __libc_start_main
[INFO] [stdout]   35:     0x563ae3f95805 - _start
[INFO] [stdout]   36:                0x0 - <unknown>
[INFO] [stdout] 
[INFO] [stdout] 
[INFO] [stdout] 
[INFO] [stdout] failures:
[INFO] [stdout]     src/lib.rs - find_smali_files (line 17)
[INFO] [stdout]     src/types.rs - types::ObjectIdentifier (line 44)
[INFO] [stdout]     src/types.rs - types::SmaliClass (line 361)
[INFO] [stdout]     src/types.rs - types::SmaliClass::from_smali (line 412)
[INFO] [stdout]     src/types.rs - types::SmaliClass::read_from_file (line 432)
[INFO] [stdout]     src/types.rs - types::SmaliClass::save (line 528)
[INFO] [stdout]     src/types.rs - types::SmaliClass::to_smali (line 456)
[INFO] [stdout]     src/types.rs - types::SmaliClass::write_to_directory (line 495)
[INFO] [stdout]     src/types.rs - types::SmaliClass::write_to_file (line 473)
[INFO] [stdout] 
[INFO] [stdout] test result: FAILED. 2 passed; 9 failed; 0 ignored; 0 measured; 0 filtered out; finished in 0.20s
[INFO] [stdout] 
[INFO] [stderr] error: doctest failed, to rerun pass `--doc`
[INFO] running `Command { std: "docker" "inspect" "6608c1e115b51f93d01b57e252fb7405a99439ba0160fff15b93c9f4f2dee587", kill_on_drop: false }`
[INFO] running `Command { std: "docker" "rm" "-f" "6608c1e115b51f93d01b57e252fb7405a99439ba0160fff15b93c9f4f2dee587", kill_on_drop: false }`
[INFO] [stdout] 6608c1e115b51f93d01b57e252fb7405a99439ba0160fff15b93c9f4f2dee587
