[INFO] fetching crate sliding_features 2.5.3...
[INFO] testing sliding_features-2.5.3 against 1.69.0 for beta-1.70-1
[INFO] extracting crate sliding_features 2.5.3 into /workspace/builds/worker-2-tc1/source
[INFO] validating manifest of crates.io crate sliding_features 2.5.3 on toolchain 1.69.0
[INFO] running `Command { std: CARGO_HOME="/workspace/cargo-home" RUSTUP_HOME="/workspace/rustup-home" "/workspace/cargo-home/bin/cargo" "+1.69.0" "metadata" "--manifest-path" "Cargo.toml" "--no-deps", kill_on_drop: false }`
[INFO] started tweaking crates.io crate sliding_features 2.5.3
[INFO] finished tweaking crates.io crate sliding_features 2.5.3
[INFO] tweaked toml for crates.io crate sliding_features 2.5.3 written to /workspace/builds/worker-2-tc1/source/Cargo.toml
[INFO] crate crates.io crate sliding_features 2.5.3 already has a lockfile, it will not be regenerated
[INFO] running `Command { std: CARGO_HOME="/workspace/cargo-home" RUSTUP_HOME="/workspace/rustup-home" "/workspace/cargo-home/bin/cargo" "+1.69.0" "fetch" "--manifest-path" "Cargo.toml", kill_on_drop: false }`
[INFO] [stderr]  Downloading crates ...
[INFO] [stderr]   Downloaded round v0.1.2
[INFO] [stderr]   Downloaded time_series_generator v0.3.0
[INFO] running `Command { std: "docker" "create" "-v" "/var/lib/crater-agent-workspace/builds/worker-2-tc1/target:/opt/rustwide/target:rw,Z" "-v" "/var/lib/crater-agent-workspace/builds/worker-2-tc1/source:/opt/rustwide/workdir:ro,Z" "-v" "/var/lib/crater-agent-workspace/cargo-home:/opt/rustwide/cargo-home:ro,Z" "-v" "/var/lib/crater-agent-workspace/rustup-home:/opt/rustwide/rustup-home:ro,Z" "-e" "SOURCE_DIR=/opt/rustwide/workdir" "-e" "CARGO_TARGET_DIR=/opt/rustwide/target" "-e" "CARGO_HOME=/opt/rustwide/cargo-home" "-e" "RUSTUP_HOME=/opt/rustwide/rustup-home" "-w" "/opt/rustwide/workdir" "-m" "1610612736" "--user" "0:0" "--network" "none" "ghcr.io/rust-lang/crates-build-env/linux@sha256:5ff2268d62e97bff2cde7d5815dd6ed5b47097566f13b8d0ca110b04b60e07ed" "/opt/rustwide/cargo-home/bin/cargo" "+1.69.0" "metadata" "--no-deps" "--format-version=1", kill_on_drop: false }`
[INFO] [stdout] 9fdb5f73ff3278eeb3af46d67aecd605aec2e40fd0c1049172cfb8ef7fdf2c8c
[INFO] running `Command { std: "docker" "start" "-a" "9fdb5f73ff3278eeb3af46d67aecd605aec2e40fd0c1049172cfb8ef7fdf2c8c", kill_on_drop: false }`
[INFO] running `Command { std: "docker" "inspect" "9fdb5f73ff3278eeb3af46d67aecd605aec2e40fd0c1049172cfb8ef7fdf2c8c", kill_on_drop: false }`
[INFO] running `Command { std: "docker" "rm" "-f" "9fdb5f73ff3278eeb3af46d67aecd605aec2e40fd0c1049172cfb8ef7fdf2c8c", kill_on_drop: false }`
[INFO] [stdout] 9fdb5f73ff3278eeb3af46d67aecd605aec2e40fd0c1049172cfb8ef7fdf2c8c
[INFO] running `Command { std: "docker" "create" "-v" "/var/lib/crater-agent-workspace/builds/worker-2-tc1/target:/opt/rustwide/target:rw,Z" "-v" "/var/lib/crater-agent-workspace/builds/worker-2-tc1/source:/opt/rustwide/workdir:ro,Z" "-v" "/var/lib/crater-agent-workspace/cargo-home:/opt/rustwide/cargo-home:ro,Z" "-v" "/var/lib/crater-agent-workspace/rustup-home:/opt/rustwide/rustup-home:ro,Z" "-e" "SOURCE_DIR=/opt/rustwide/workdir" "-e" "CARGO_TARGET_DIR=/opt/rustwide/target" "-e" "CARGO_INCREMENTAL=0" "-e" "RUST_BACKTRACE=full" "-e" "RUSTFLAGS=--cap-lints=warn" "-e" "RUSTDOCFLAGS=--cap-lints=warn" "-e" "CARGO_HOME=/opt/rustwide/cargo-home" "-e" "RUSTUP_HOME=/opt/rustwide/rustup-home" "-w" "/opt/rustwide/workdir" "-m" "1610612736" "--user" "0:0" "--network" "none" "ghcr.io/rust-lang/crates-build-env/linux@sha256:5ff2268d62e97bff2cde7d5815dd6ed5b47097566f13b8d0ca110b04b60e07ed" "/opt/rustwide/cargo-home/bin/cargo" "+1.69.0" "build" "--frozen" "--message-format=json", kill_on_drop: false }`
[INFO] [stdout] 2dc117405a2ce995ab4ec8a77d9777000b1faa1d6b0ae9864dab94d24fe8d06c
[INFO] running `Command { std: "docker" "start" "-a" "2dc117405a2ce995ab4ec8a77d9777000b1faa1d6b0ae9864dab94d24fe8d06c", kill_on_drop: false }`
[INFO] [stderr]    Compiling sliding_features v2.5.3 (/opt/rustwide/workdir)
[INFO] [stderr]     Finished dev [unoptimized + debuginfo] target(s) in 0.24s
[INFO] running `Command { std: "docker" "inspect" "2dc117405a2ce995ab4ec8a77d9777000b1faa1d6b0ae9864dab94d24fe8d06c", kill_on_drop: false }`
[INFO] running `Command { std: "docker" "rm" "-f" "2dc117405a2ce995ab4ec8a77d9777000b1faa1d6b0ae9864dab94d24fe8d06c", kill_on_drop: false }`
[INFO] [stdout] 2dc117405a2ce995ab4ec8a77d9777000b1faa1d6b0ae9864dab94d24fe8d06c
[INFO] running `Command { std: "docker" "create" "-v" "/var/lib/crater-agent-workspace/builds/worker-2-tc1/target:/opt/rustwide/target:rw,Z" "-v" "/var/lib/crater-agent-workspace/builds/worker-2-tc1/source:/opt/rustwide/workdir:ro,Z" "-v" "/var/lib/crater-agent-workspace/cargo-home:/opt/rustwide/cargo-home:ro,Z" "-v" "/var/lib/crater-agent-workspace/rustup-home:/opt/rustwide/rustup-home:ro,Z" "-e" "SOURCE_DIR=/opt/rustwide/workdir" "-e" "CARGO_TARGET_DIR=/opt/rustwide/target" "-e" "CARGO_INCREMENTAL=0" "-e" "RUST_BACKTRACE=full" "-e" "RUSTFLAGS=--cap-lints=warn" "-e" "RUSTDOCFLAGS=--cap-lints=warn" "-e" "CARGO_HOME=/opt/rustwide/cargo-home" "-e" "RUSTUP_HOME=/opt/rustwide/rustup-home" "-w" "/opt/rustwide/workdir" "-m" "1610612736" "--user" "0:0" "--network" "none" "ghcr.io/rust-lang/crates-build-env/linux@sha256:5ff2268d62e97bff2cde7d5815dd6ed5b47097566f13b8d0ca110b04b60e07ed" "/opt/rustwide/cargo-home/bin/cargo" "+1.69.0" "test" "--frozen" "--no-run" "--message-format=json", kill_on_drop: false }`
[INFO] [stdout] eeac196057420168c7aed5e900271ca90bb196f6127bfe36ed821c98ba1b6033
[INFO] running `Command { std: "docker" "start" "-a" "eeac196057420168c7aed5e900271ca90bb196f6127bfe36ed821c98ba1b6033", kill_on_drop: false }`
[INFO] [stderr]     Blocking waiting for file lock on package cache
[INFO] [stderr]    Compiling libc v0.2.139
[INFO] [stderr]    Compiling proc-macro2 v1.0.49
[INFO] [stderr]    Compiling quote v1.0.23
[INFO] [stderr]    Compiling unicode-ident v1.0.6
[INFO] [stderr]    Compiling syn v1.0.107
[INFO] [stderr]    Compiling thiserror v1.0.38
[INFO] [stderr]    Compiling ucd-trie v0.1.5
[INFO] [stderr]    Compiling pkg-config v0.3.26
[INFO] [stderr]    Compiling cc v1.0.78
[INFO] [stderr]    Compiling libloading v0.7.4
[INFO] [stderr]    Compiling num-traits v0.2.15
[INFO] [stderr]    Compiling num-integer v0.1.45
[INFO] [stderr]    Compiling num-rational v0.4.1
[INFO] [stderr]    Compiling miniz_oxide v0.6.2
[INFO] [stderr]    Compiling color_quant v1.1.0
[INFO] [stderr]    Compiling byteorder v1.4.3
[INFO] [stderr]    Compiling bytemuck v1.12.3
[INFO] [stderr]    Compiling dlib v0.5.0
[INFO] [stderr]    Compiling once_cell v1.16.0
[INFO] [stderr]    Compiling jpeg-decoder v0.3.0
[INFO] [stderr]    Compiling weezl v0.1.7
[INFO] [stderr]    Compiling font-kit v0.11.0
[INFO] [stderr]    Compiling const-cstr v0.3.0
[INFO] [stderr]    Compiling walkdir v2.3.2
[INFO] [stderr]    Compiling float-ord v0.2.0
[INFO] [stderr]    Compiling iana-time-zone v0.1.53
[INFO] [stderr]    Compiling ttf-parser v0.15.2
[INFO] [stderr]    Compiling flate2 v1.0.25
[INFO] [stderr]    Compiling cmake v0.1.49
[INFO] [stderr]    Compiling round v0.1.2
[INFO] [stderr]    Compiling yeslogic-fontconfig-sys v3.2.0
[INFO] [stderr]    Compiling gif v0.11.4
[INFO] [stderr]    Compiling png v0.17.7
[INFO] [stderr]    Compiling freetype-sys v0.13.1
[INFO] [stderr]    Compiling getrandom v0.2.8
[INFO] [stderr]    Compiling dirs-sys-next v0.1.2
[INFO] [stderr]    Compiling time v0.1.45
[INFO] [stderr]    Compiling dirs-next v2.0.0
[INFO] [stderr]    Compiling rand_core v0.6.4
[INFO] [stderr]    Compiling rand_chacha v0.3.1
[INFO] [stderr]    Compiling freetype v0.7.0
[INFO] [stderr]    Compiling rand v0.8.5
[INFO] [stderr]    Compiling chrono v0.4.23
[INFO] [stderr]    Compiling image v0.24.5
[INFO] [stderr]    Compiling rand_distr v0.4.3
[INFO] [stderr]    Compiling time_series_generator v0.3.0
[INFO] [stderr]    Compiling plotters-bitmap v0.3.2
[INFO] [stderr]    Compiling thiserror-impl v1.0.38
[INFO] [stderr]    Compiling pest v2.5.2
[INFO] [stderr]    Compiling semver-parser v0.10.2
[INFO] [stderr]    Compiling semver v0.11.0
[INFO] [stderr]    Compiling rustc_version v0.3.3
[INFO] [stderr]    Compiling pathfinder_simd v0.5.1
[INFO] [stderr]    Compiling pathfinder_geometry v0.5.1
[INFO] [stderr]    Compiling plotters v0.3.4
[INFO] [stderr]    Compiling sliding_features v2.5.3 (/opt/rustwide/workdir)
[INFO] [stderr]     Finished test [unoptimized + debuginfo] target(s) in 13.18s
[INFO] running `Command { std: "docker" "inspect" "eeac196057420168c7aed5e900271ca90bb196f6127bfe36ed821c98ba1b6033", kill_on_drop: false }`
[INFO] running `Command { std: "docker" "rm" "-f" "eeac196057420168c7aed5e900271ca90bb196f6127bfe36ed821c98ba1b6033", kill_on_drop: false }`
[INFO] [stdout] eeac196057420168c7aed5e900271ca90bb196f6127bfe36ed821c98ba1b6033
[INFO] running `Command { std: "docker" "create" "-v" "/var/lib/crater-agent-workspace/builds/worker-2-tc1/target:/opt/rustwide/target:rw,Z" "-v" "/var/lib/crater-agent-workspace/builds/worker-2-tc1/source:/opt/rustwide/workdir:ro,Z" "-v" "/var/lib/crater-agent-workspace/cargo-home:/opt/rustwide/cargo-home:ro,Z" "-v" "/var/lib/crater-agent-workspace/rustup-home:/opt/rustwide/rustup-home:ro,Z" "-e" "SOURCE_DIR=/opt/rustwide/workdir" "-e" "CARGO_TARGET_DIR=/opt/rustwide/target" "-e" "CARGO_INCREMENTAL=0" "-e" "RUST_BACKTRACE=full" "-e" "RUSTFLAGS=--cap-lints=warn" "-e" "RUSTDOCFLAGS=--cap-lints=warn" "-e" "CARGO_HOME=/opt/rustwide/cargo-home" "-e" "RUSTUP_HOME=/opt/rustwide/rustup-home" "-w" "/opt/rustwide/workdir" "-m" "1610612736" "--user" "0:0" "--network" "none" "ghcr.io/rust-lang/crates-build-env/linux@sha256:5ff2268d62e97bff2cde7d5815dd6ed5b47097566f13b8d0ca110b04b60e07ed" "/opt/rustwide/cargo-home/bin/cargo" "+1.69.0" "test" "--frozen", kill_on_drop: false }`
[INFO] [stdout] da98c5385296dfba4ef9b62f2f1da018212337fc092c712166b6c9811e261249
[INFO] running `Command { std: "docker" "start" "-a" "da98c5385296dfba4ef9b62f2f1da018212337fc092c712166b6c9811e261249", kill_on_drop: false }`
[INFO] [stderr]     Finished test [unoptimized + debuginfo] target(s) in 0.06s
[INFO] [stderr]      Running unittests src/lib.rs (/opt/rustwide/target/debug/deps/sliding_features-d76f5d2f220507f8)
[INFO] [stdout] 
[INFO] [stdout] running 37 tests
[INFO] [stdout] test correlation_trend_indicator::tests::correlation_trend_indicator ... ok
[INFO] [stdout] test gte::tests::gte ... ok
[INFO] [stdout] test hl_normalizer::tests::normalizer ... ok
[INFO] [stdout] test my_rsi::tests::my_rsi ... ok
[INFO] [stdout] test laguerre_rsi::tests::laguerre_rsi ... ok
[INFO] [stdout] test lte::tests::lte ... ok
[INFO] [stdout] test binary_entropy::tests::binary_entropy ... ok
[INFO] [stdout] test polarized_fractal_efficiency::tests::polarized_fractal_efficiency ... ok
[INFO] [stdout] test laguerre_filter::tests::laguerre_filter ... ok
[INFO] [stdout] test alma::tests::alma_plot ... ok
[INFO] [stdout] test echo::tests::echo_plot ... ok
[INFO] [stdout] test noise_elimination_technology::tests::net_my_rsi_plot ... ok
[INFO] [stdout] test my_rsi::tests::my_rsi_plot ... ok
[INFO] [stdout] test laguerre_filter::tests::laguerre_filter_plot ... ok
[INFO] [stdout] test cyber_cycle::tests::cyber_cycle_plot ... ok
[INFO] [stdout] test ehlers_fisher_transform::tests::ehlers_fisher_transform_plot ... ok
[INFO] [stdout] test center_of_gravity::tests::center_of_gravity_plot ... ok
[INFO] [stdout] test rsi::tests::rsi_range ... ok
[INFO] [stdout] test polarized_fractal_efficiency::tests::polarized_fractal_efficiency_plot ... ok
[INFO] [stdout] test cumulative::tests::cumulative_plot ... ok
[INFO] [stdout] test laguerre_rsi::tests::laguerre_rsi_plot ... ok
[INFO] [stdout] test sma::tests::sma ... ok
[INFO] [stdout] test test_data::tests::generate_test_data ... ok
[INFO] [stdout] test welford_online::tests::welford_online ... ok
[INFO] [stdout] test correlation_trend_indicator::tests::correlation_trend_indicator_plot ... ok
[INFO] [stdout] test ema::tests::ema_plot ... ok
[INFO] [stdout] test roc::tests::roc_plot ... ok
[INFO] [stdout] test re_flex::tests::re_flex_plot ... ok
[INFO] [stdout] test variance_stabilizing_transformation::tests::variance_stabilizing_transform_plot ... ok
[INFO] [stdout] test rsi::tests::rsi_plot ... ok
[INFO] [stdout] test roofing_filter::tests::roofing_filter_plot ... ok
[INFO] [stdout] test trend_flex::tests::trend_flex_plot ... ok
[INFO] [stdout] test sma::tests::sma_plot ... ok
[INFO] [stdout] test super_smoother::tests::super_smoother_plot ... ok
[INFO] [stdout] test vsct::tests::vsct_plot ... ok
[INFO] [stdout] test welford_online::tests::welford_online_plot ... ok
[INFO] [stdout] test alma::tests::alma ... ok
[INFO] [stdout] 
[INFO] [stdout] test result: ok. 37 passed; 0 failed; 0 ignored; 0 measured; 0 filtered out; finished in 0.61s
[INFO] [stdout] 
[INFO] [stderr]    Doc-tests sliding_features
[INFO] [stdout] 
[INFO] [stdout] running 3 tests
[INFO] [stdout] test src/lib.rs - (line 19) ... FAILED
[INFO] [stdout] test src/lib.rs - (line 38) ... FAILED
[INFO] [stdout] test src/lib.rs - (line 32) ... FAILED
[INFO] [stdout] 
[INFO] [stdout] failures:
[INFO] [stdout] 
[INFO] [stdout] ---- src/lib.rs - (line 19) stdout ----
[INFO] [stdout] error: expected identifier, found `20`
[INFO] [stdout]  --> src/lib.rs:20:75
[INFO] [stdout]   |
[INFO] [stdout] 3 | let mut chain = HLNormalizer::new(ROC:new(EMA::new(Echo::new(), 10), 15), 20);
[INFO] [stdout]   |                 ----------------- while parsing this struct               ^^ expected identifier
[INFO] [stdout] 
[INFO] [stdout] error: expected type, found `10`
[INFO] [stdout]  --> src/lib.rs:20:65
[INFO] [stdout]   |
[INFO] [stdout] 3 | let mut chain = HLNormalizer::new(ROC:new(EMA::new(Echo::new(), 10), 15), 20);
[INFO] [stdout]   |                                      -                          ^^ expected type
[INFO] [stdout]   |                                      |
[INFO] [stdout]   |                                      help: maybe write a path separator here: `::`
[INFO] [stdout] 
[INFO] [stdout] error: expected one of `.`, `;`, `?`, `else`, or an operator, found `,`
[INFO] [stdout]  --> src/lib.rs:20:68
[INFO] [stdout]   |
[INFO] [stdout] 3 | let mut chain = HLNormalizer::new(ROC:new(EMA::new(Echo::new(), 10), 15), 20);
[INFO] [stdout]   |                                                                    ^ expected one of `.`, `;`, `?`, `else`, or an operator
[INFO] [stdout] 
[INFO] [stdout] error: aborting due to 3 previous errors
[INFO] [stdout] 
[INFO] [stdout] Couldn't compile the test.
[INFO] [stdout] ---- src/lib.rs - (line 38) stdout ----
[INFO] [stdout] error[E0425]: cannot find value `test_values` in this scope
[INFO] [stdout]  --> src/lib.rs:39:11
[INFO] [stdout]   |
[INFO] [stdout] 3 | for v in &test_values {
[INFO] [stdout]   |           ^^^^^^^^^^^ not found in this scope
[INFO] [stdout] 
[INFO] [stdout] error[E0425]: cannot find value `rsi` in this scope
[INFO] [stdout]  --> src/lib.rs:40:5
[INFO] [stdout]   |
[INFO] [stdout] 4 |     rsi.update(v);
[INFO] [stdout]   |     ^^^ not found in this scope
[INFO] [stdout] 
[INFO] [stdout] error[E0425]: cannot find value `rsi` in this scope
[INFO] [stdout]  --> src/lib.rs:41:16
[INFO] [stdout]   |
[INFO] [stdout] 5 |     let last = rsi.last();
[INFO] [stdout]   |                ^^^ not found in this scope
[INFO] [stdout] 
[INFO] [stdout] error: aborting due to 3 previous errors
[INFO] [stdout] 
[INFO] [stdout] For more information about this error, try `rustc --explain E0425`.
[INFO] [stdout] Couldn't compile the test.
[INFO] [stdout] ---- src/lib.rs - (line 32) stdout ----
[INFO] [stdout] error[E0433]: failed to resolve: use of undeclared type `RSI`
[INFO] [stdout]  --> src/lib.rs:33:15
[INFO] [stdout]   |
[INFO] [stdout] 3 | let mut rsi = RSI::new(Echo::new(), 16);
[INFO] [stdout]   |               ^^^ use of undeclared type `RSI`
[INFO] [stdout]   |
[INFO] [stdout] help: consider importing this struct
[INFO] [stdout]   |
[INFO] [stdout] 2 | use sliding_features::RSI;
[INFO] [stdout]   |
[INFO] [stdout] 
[INFO] [stdout] error[E0433]: failed to resolve: use of undeclared type `Echo`
[INFO] [stdout]  --> src/lib.rs:33:24
[INFO] [stdout]   |
[INFO] [stdout] 3 | let mut rsi = RSI::new(Echo::new(), 16);
[INFO] [stdout]   |                        ^^^^ use of undeclared type `Echo`
[INFO] [stdout]   |
[INFO] [stdout] help: consider importing this struct
[INFO] [stdout]   |
[INFO] [stdout] 2 | use sliding_features::Echo;
[INFO] [stdout]   |
[INFO] [stdout] 
[INFO] [stdout] error: aborting due to 2 previous errors
[INFO] [stdout] 
[INFO] [stdout] For more information about this error, try `rustc --explain E0433`.
[INFO] [stdout] Couldn't compile the test.
[INFO] [stdout] 
[INFO] [stdout] failures:
[INFO] [stdout]     src/lib.rs - (line 19)
[INFO] [stdout]     src/lib.rs - (line 32)
[INFO] [stdout]     src/lib.rs - (line 38)
[INFO] [stdout] 
[INFO] [stdout] test result: FAILED. 0 passed; 3 failed; 0 ignored; 0 measured; 0 filtered out; finished in 0.05s
[INFO] [stdout] 
[INFO] [stderr] error: doctest failed, to rerun pass `--doc`
[INFO] running `Command { std: "docker" "inspect" "da98c5385296dfba4ef9b62f2f1da018212337fc092c712166b6c9811e261249", kill_on_drop: false }`
[INFO] running `Command { std: "docker" "rm" "-f" "da98c5385296dfba4ef9b62f2f1da018212337fc092c712166b6c9811e261249", kill_on_drop: false }`
[INFO] [stdout] da98c5385296dfba4ef9b62f2f1da018212337fc092c712166b6c9811e261249
