[INFO] fetching crate simpleshell 0.1.0...
[INFO] testing simpleshell-0.1.0 against beta-2023-04-20 for beta-1.70-1
[INFO] extracting crate simpleshell 0.1.0 into /workspace/builds/worker-5-tc2/source
[INFO] validating manifest of crates.io crate simpleshell 0.1.0 on toolchain beta-2023-04-20
[INFO] running `Command { std: CARGO_HOME="/workspace/cargo-home" RUSTUP_HOME="/workspace/rustup-home" "/workspace/cargo-home/bin/cargo" "+beta-2023-04-20" "metadata" "--manifest-path" "Cargo.toml" "--no-deps", kill_on_drop: false }`
[INFO] started tweaking crates.io crate simpleshell 0.1.0
[INFO] finished tweaking crates.io crate simpleshell 0.1.0
[INFO] tweaked toml for crates.io crate simpleshell 0.1.0 written to /workspace/builds/worker-5-tc2/source/Cargo.toml
[INFO] running `Command { std: CARGO_HOME="/workspace/cargo-home" RUSTUP_HOME="/workspace/rustup-home" __CARGO_TEST_CHANNEL_OVERRIDE_DO_NOT_USE_THIS="nightly" "/workspace/cargo-home/bin/cargo" "+beta-2023-04-20" "generate-lockfile" "--manifest-path" "Cargo.toml" "-Zno-index-update", kill_on_drop: false }`
[INFO] running `Command { std: CARGO_HOME="/workspace/cargo-home" RUSTUP_HOME="/workspace/rustup-home" "/workspace/cargo-home/bin/cargo" "+beta-2023-04-20" "fetch" "--manifest-path" "Cargo.toml", kill_on_drop: false }`
[INFO] running `Command { std: "docker" "create" "-v" "/var/lib/crater-agent-workspace/builds/worker-5-tc2/target:/opt/rustwide/target:rw,Z" "-v" "/var/lib/crater-agent-workspace/builds/worker-5-tc2/source:/opt/rustwide/workdir:ro,Z" "-v" "/var/lib/crater-agent-workspace/cargo-home:/opt/rustwide/cargo-home:ro,Z" "-v" "/var/lib/crater-agent-workspace/rustup-home:/opt/rustwide/rustup-home:ro,Z" "-e" "SOURCE_DIR=/opt/rustwide/workdir" "-e" "CARGO_TARGET_DIR=/opt/rustwide/target" "-e" "CARGO_HOME=/opt/rustwide/cargo-home" "-e" "RUSTUP_HOME=/opt/rustwide/rustup-home" "-w" "/opt/rustwide/workdir" "-m" "1610612736" "--user" "0:0" "--network" "none" "ghcr.io/rust-lang/crates-build-env/linux@sha256:5ff2268d62e97bff2cde7d5815dd6ed5b47097566f13b8d0ca110b04b60e07ed" "/opt/rustwide/cargo-home/bin/cargo" "+beta-2023-04-20" "metadata" "--no-deps" "--format-version=1", kill_on_drop: false }`
[INFO] [stdout] 26464273b2b219aba7ae546e6256dc391eeb7b942a25d30d72a16646e289ec9e
[INFO] running `Command { std: "docker" "start" "-a" "26464273b2b219aba7ae546e6256dc391eeb7b942a25d30d72a16646e289ec9e", kill_on_drop: false }`
[INFO] running `Command { std: "docker" "inspect" "26464273b2b219aba7ae546e6256dc391eeb7b942a25d30d72a16646e289ec9e", kill_on_drop: false }`
[INFO] running `Command { std: "docker" "rm" "-f" "26464273b2b219aba7ae546e6256dc391eeb7b942a25d30d72a16646e289ec9e", kill_on_drop: false }`
[INFO] [stdout] 26464273b2b219aba7ae546e6256dc391eeb7b942a25d30d72a16646e289ec9e
[INFO] running `Command { std: "docker" "create" "-v" "/var/lib/crater-agent-workspace/builds/worker-5-tc2/target:/opt/rustwide/target:rw,Z" "-v" "/var/lib/crater-agent-workspace/builds/worker-5-tc2/source:/opt/rustwide/workdir:ro,Z" "-v" "/var/lib/crater-agent-workspace/cargo-home:/opt/rustwide/cargo-home:ro,Z" "-v" "/var/lib/crater-agent-workspace/rustup-home:/opt/rustwide/rustup-home:ro,Z" "-e" "SOURCE_DIR=/opt/rustwide/workdir" "-e" "CARGO_TARGET_DIR=/opt/rustwide/target" "-e" "CARGO_INCREMENTAL=0" "-e" "RUST_BACKTRACE=full" "-e" "RUSTFLAGS=--cap-lints=warn" "-e" "RUSTDOCFLAGS=--cap-lints=warn" "-e" "CARGO_HOME=/opt/rustwide/cargo-home" "-e" "RUSTUP_HOME=/opt/rustwide/rustup-home" "-w" "/opt/rustwide/workdir" "-m" "1610612736" "--user" "0:0" "--network" "none" "ghcr.io/rust-lang/crates-build-env/linux@sha256:5ff2268d62e97bff2cde7d5815dd6ed5b47097566f13b8d0ca110b04b60e07ed" "/opt/rustwide/cargo-home/bin/cargo" "+beta-2023-04-20" "build" "--frozen" "--message-format=json", kill_on_drop: false }`
[INFO] [stdout] 76a1af24db281e8e315f47c10d0fca85d882d53a6239fccdfc17f0b6b9bdc82e
[INFO] running `Command { std: "docker" "start" "-a" "76a1af24db281e8e315f47c10d0fca85d882d53a6239fccdfc17f0b6b9bdc82e", kill_on_drop: false }`
[INFO] [stderr]    Compiling simpleshell v0.1.0 (/opt/rustwide/workdir)
[INFO] [stderr]     Finished dev [unoptimized + debuginfo] target(s) in 0.38s
[INFO] running `Command { std: "docker" "inspect" "76a1af24db281e8e315f47c10d0fca85d882d53a6239fccdfc17f0b6b9bdc82e", kill_on_drop: false }`
[INFO] running `Command { std: "docker" "rm" "-f" "76a1af24db281e8e315f47c10d0fca85d882d53a6239fccdfc17f0b6b9bdc82e", kill_on_drop: false }`
[INFO] [stdout] 76a1af24db281e8e315f47c10d0fca85d882d53a6239fccdfc17f0b6b9bdc82e
[INFO] running `Command { std: "docker" "create" "-v" "/var/lib/crater-agent-workspace/builds/worker-5-tc2/target:/opt/rustwide/target:rw,Z" "-v" "/var/lib/crater-agent-workspace/builds/worker-5-tc2/source:/opt/rustwide/workdir:ro,Z" "-v" "/var/lib/crater-agent-workspace/cargo-home:/opt/rustwide/cargo-home:ro,Z" "-v" "/var/lib/crater-agent-workspace/rustup-home:/opt/rustwide/rustup-home:ro,Z" "-e" "SOURCE_DIR=/opt/rustwide/workdir" "-e" "CARGO_TARGET_DIR=/opt/rustwide/target" "-e" "CARGO_INCREMENTAL=0" "-e" "RUST_BACKTRACE=full" "-e" "RUSTFLAGS=--cap-lints=warn" "-e" "RUSTDOCFLAGS=--cap-lints=warn" "-e" "CARGO_HOME=/opt/rustwide/cargo-home" "-e" "RUSTUP_HOME=/opt/rustwide/rustup-home" "-w" "/opt/rustwide/workdir" "-m" "1610612736" "--user" "0:0" "--network" "none" "ghcr.io/rust-lang/crates-build-env/linux@sha256:5ff2268d62e97bff2cde7d5815dd6ed5b47097566f13b8d0ca110b04b60e07ed" "/opt/rustwide/cargo-home/bin/cargo" "+beta-2023-04-20" "test" "--frozen" "--no-run" "--message-format=json", kill_on_drop: false }`
[INFO] [stdout] 272b2376f5047499a10667e05f3526b44ed550c19f3104ef1676a4ca4af52d45
[INFO] running `Command { std: "docker" "start" "-a" "272b2376f5047499a10667e05f3526b44ed550c19f3104ef1676a4ca4af52d45", kill_on_drop: false }`
[INFO] [stderr]    Compiling simpleshell v0.1.0 (/opt/rustwide/workdir)
[INFO] [stderr]     Finished test [unoptimized + debuginfo] target(s) in 0.47s
[INFO] running `Command { std: "docker" "inspect" "272b2376f5047499a10667e05f3526b44ed550c19f3104ef1676a4ca4af52d45", kill_on_drop: false }`
[INFO] running `Command { std: "docker" "rm" "-f" "272b2376f5047499a10667e05f3526b44ed550c19f3104ef1676a4ca4af52d45", kill_on_drop: false }`
[INFO] [stdout] 272b2376f5047499a10667e05f3526b44ed550c19f3104ef1676a4ca4af52d45
[INFO] running `Command { std: "docker" "create" "-v" "/var/lib/crater-agent-workspace/builds/worker-5-tc2/target:/opt/rustwide/target:rw,Z" "-v" "/var/lib/crater-agent-workspace/builds/worker-5-tc2/source:/opt/rustwide/workdir:ro,Z" "-v" "/var/lib/crater-agent-workspace/cargo-home:/opt/rustwide/cargo-home:ro,Z" "-v" "/var/lib/crater-agent-workspace/rustup-home:/opt/rustwide/rustup-home:ro,Z" "-e" "SOURCE_DIR=/opt/rustwide/workdir" "-e" "CARGO_TARGET_DIR=/opt/rustwide/target" "-e" "CARGO_INCREMENTAL=0" "-e" "RUST_BACKTRACE=full" "-e" "RUSTFLAGS=--cap-lints=warn" "-e" "RUSTDOCFLAGS=--cap-lints=warn" "-e" "CARGO_HOME=/opt/rustwide/cargo-home" "-e" "RUSTUP_HOME=/opt/rustwide/rustup-home" "-w" "/opt/rustwide/workdir" "-m" "1610612736" "--user" "0:0" "--network" "none" "ghcr.io/rust-lang/crates-build-env/linux@sha256:5ff2268d62e97bff2cde7d5815dd6ed5b47097566f13b8d0ca110b04b60e07ed" "/opt/rustwide/cargo-home/bin/cargo" "+beta-2023-04-20" "test" "--frozen", kill_on_drop: false }`
[INFO] [stdout] b5c72a3d039a8cc4bc685e423ebb1ddd9219ff4b07fb0297f080a1008e9df4a7
[INFO] running `Command { std: "docker" "start" "-a" "b5c72a3d039a8cc4bc685e423ebb1ddd9219ff4b07fb0297f080a1008e9df4a7", kill_on_drop: false }`
[INFO] [stderr]     Finished test [unoptimized + debuginfo] target(s) in 0.00s
[INFO] [stderr]      Running unittests src/lib.rs (/opt/rustwide/target/debug/deps/simpleshell-d9c218b2910a1443)
[INFO] [stdout] 
[INFO] [stdout] running 0 tests
[INFO] [stdout] 
[INFO] [stdout] test result: ok. 0 passed; 0 failed; 0 ignored; 0 measured; 0 filtered out; finished in 0.00s
[INFO] [stdout] 
[INFO] [stderr]    Doc-tests simpleshell
[INFO] [stdout] 
[INFO] [stdout] running 1 test
[INFO] [stdout] test src/lib.rs - (line 4) ... FAILED
[INFO] [stdout] 
[INFO] [stdout] failures:
[INFO] [stdout] 
[INFO] [stdout] ---- src/lib.rs - (line 4) stdout ----
[INFO] [stdout] error[E0433]: failed to resolve: use of undeclared type `Color`
[INFO] [stdout]  --> src/lib.rs:11:20
[INFO] [stdout]   |
[INFO] [stdout] 9 |     println!("{}", Color::Blue.paint("HELP"));
[INFO] [stdout]   |                    ^^^^^ use of undeclared type `Color`
[INFO] [stdout] 
[INFO] [stdout] error[E0412]: cannot find type `Command` in this scope
[INFO] [stdout]  --> src/lib.rs:5:31
[INFO] [stdout]   |
[INFO] [stdout] 3 | fn version(_: &[String], _: &[Command]) -> Result<(), CommandError> {
[INFO] [stdout]   |                               ^^^^^^^ not found in this scope
[INFO] [stdout]   |
[INFO] [stdout] help: consider importing one of these items
[INFO] [stdout]   |
[INFO] [stdout] 2 + use simpleshell::Command;
[INFO] [stdout]   |
[INFO] [stdout] 2 + use std::process::Command;
[INFO] [stdout]   |
[INFO] [stdout] 
[INFO] [stdout] error[E0412]: cannot find type `CommandError` in this scope
[INFO] [stdout]  --> src/lib.rs:5:55
[INFO] [stdout]   |
[INFO] [stdout] 3 | fn version(_: &[String], _: &[Command]) -> Result<(), CommandError> {
[INFO] [stdout]   |                                                       ^^^^^^^^^^^^ not found in this scope
[INFO] [stdout]   |
[INFO] [stdout] help: consider importing this enum
[INFO] [stdout]   |
[INFO] [stdout] 2 + use simpleshell::CommandError;
[INFO] [stdout]   |
[INFO] [stdout] 
[INFO] [stdout] error[E0412]: cannot find type `Command` in this scope
[INFO] [stdout]  --> src/lib.rs:10:35
[INFO] [stdout]   |
[INFO] [stdout] 8 | fn help(_: &[String], commands: &[Command]) -> Result<(), CommandError> {
[INFO] [stdout]   |                                   ^^^^^^^ not found in this scope
[INFO] [stdout]   |
[INFO] [stdout] help: consider importing one of these items
[INFO] [stdout]   |
[INFO] [stdout] 2 + use simpleshell::Command;
[INFO] [stdout]   |
[INFO] [stdout] 2 + use std::process::Command;
[INFO] [stdout]   |
[INFO] [stdout] 
[INFO] [stdout] error[E0412]: cannot find type `CommandError` in this scope
[INFO] [stdout]  --> src/lib.rs:10:59
[INFO] [stdout]   |
[INFO] [stdout] 8 | fn help(_: &[String], commands: &[Command]) -> Result<(), CommandError> {
[INFO] [stdout]   |                                                           ^^^^^^^^^^^^ not found in this scope
[INFO] [stdout]   |
[INFO] [stdout] help: consider importing this enum
[INFO] [stdout]   |
[INFO] [stdout] 2 + use simpleshell::CommandError;
[INFO] [stdout]   |
[INFO] [stdout] 
[INFO] [stdout] error[E0422]: cannot find struct, variant or union type `Command` in this scope
[INFO] [stdout]   --> src/lib.rs:17:5
[INFO] [stdout]    |
[INFO] [stdout] 15 |     Command {
[INFO] [stdout]    |     ^^^^^^^ not found in this scope
[INFO] [stdout]    |
[INFO] [stdout] help: consider importing one of these items
[INFO] [stdout]    |
[INFO] [stdout] 2  + use simpleshell::Command;
[INFO] [stdout]    |
[INFO] [stdout] 2  + use std::process::Command;
[INFO] [stdout]    |
[INFO] [stdout] 
[INFO] [stdout] error[E0422]: cannot find struct, variant or union type `Command` in this scope
[INFO] [stdout]   --> src/lib.rs:22:5
[INFO] [stdout]    |
[INFO] [stdout] 20 |     Command {
[INFO] [stdout]    |     ^^^^^^^ not found in this scope
[INFO] [stdout]    |
[INFO] [stdout] help: consider importing one of these items
[INFO] [stdout]    |
[INFO] [stdout] 2  + use simpleshell::Command;
[INFO] [stdout]    |
[INFO] [stdout] 2  + use std::process::Command;
[INFO] [stdout]    |
[INFO] [stdout] 
[INFO] [stdout] error[E0433]: failed to resolve: use of undeclared type `Shell`
[INFO] [stdout]   --> src/lib.rs:29:13
[INFO] [stdout]    |
[INFO] [stdout] 27 | let shell = Shell::new(None, commands);
[INFO] [stdout]    |             ^^^^^ use of undeclared type `Shell`
[INFO] [stdout]    |
[INFO] [stdout] help: consider importing this struct
[INFO] [stdout]    |
[INFO] [stdout] 2  + use simpleshell::Shell;
[INFO] [stdout]    |
[INFO] [stdout] 
[INFO] [stdout] error[E0433]: failed to resolve: use of undeclared type `Style`
[INFO] [stdout]   --> src/lib.rs:12:53
[INFO] [stdout]    |
[INFO] [stdout] 10 |     commands.iter().for_each(|c| println!("{}: {}", Style::new().bold().paint(&c.name), c.description));
[INFO] [stdout]    |                                                     ^^^^^ use of undeclared type `Style`
[INFO] [stdout] 
[INFO] [stdout] error: aborting due to 9 previous errors
[INFO] [stdout] 
[INFO] [stdout] Some errors have detailed explanations: E0412, E0422, E0433.
[INFO] [stdout] For more information about an error, try `rustc --explain E0412`.
[INFO] [stdout] Couldn't compile the test.
[INFO] [stdout] 
[INFO] [stdout] failures:
[INFO] [stdout]     src/lib.rs - (line 4)
[INFO] [stdout] 
[INFO] [stdout] test result: FAILED. 0 passed; 1 failed; 0 ignored; 0 measured; 0 filtered out; finished in 0.09s
[INFO] [stdout] 
[INFO] [stderr] error: doctest failed, to rerun pass `--doc`
[INFO] running `Command { std: "docker" "inspect" "b5c72a3d039a8cc4bc685e423ebb1ddd9219ff4b07fb0297f080a1008e9df4a7", kill_on_drop: false }`
[INFO] running `Command { std: "docker" "rm" "-f" "b5c72a3d039a8cc4bc685e423ebb1ddd9219ff4b07fb0297f080a1008e9df4a7", kill_on_drop: false }`
[INFO] [stdout] b5c72a3d039a8cc4bc685e423ebb1ddd9219ff4b07fb0297f080a1008e9df4a7
