[INFO] fetching crate simple_url_parser 0.0.3...
[INFO] testing simple_url_parser-0.0.3 against 1.69.0 for beta-1.70-1
[INFO] extracting crate simple_url_parser 0.0.3 into /workspace/builds/worker-3-tc1/source
[INFO] validating manifest of crates.io crate simple_url_parser 0.0.3 on toolchain 1.69.0
[INFO] running `Command { std: CARGO_HOME="/workspace/cargo-home" RUSTUP_HOME="/workspace/rustup-home" "/workspace/cargo-home/bin/cargo" "+1.69.0" "metadata" "--manifest-path" "Cargo.toml" "--no-deps", kill_on_drop: false }`
[INFO] started tweaking crates.io crate simple_url_parser 0.0.3
[INFO] finished tweaking crates.io crate simple_url_parser 0.0.3
[INFO] tweaked toml for crates.io crate simple_url_parser 0.0.3 written to /workspace/builds/worker-3-tc1/source/Cargo.toml
[INFO] crate crates.io crate simple_url_parser 0.0.3 already has a lockfile, it will not be regenerated
[INFO] running `Command { std: CARGO_HOME="/workspace/cargo-home" RUSTUP_HOME="/workspace/rustup-home" "/workspace/cargo-home/bin/cargo" "+1.69.0" "fetch" "--manifest-path" "Cargo.toml", kill_on_drop: false }`
[INFO] running `Command { std: "docker" "create" "-v" "/var/lib/crater-agent-workspace/builds/worker-3-tc1/target:/opt/rustwide/target:rw,Z" "-v" "/var/lib/crater-agent-workspace/builds/worker-3-tc1/source:/opt/rustwide/workdir:ro,Z" "-v" "/var/lib/crater-agent-workspace/cargo-home:/opt/rustwide/cargo-home:ro,Z" "-v" "/var/lib/crater-agent-workspace/rustup-home:/opt/rustwide/rustup-home:ro,Z" "-e" "SOURCE_DIR=/opt/rustwide/workdir" "-e" "CARGO_TARGET_DIR=/opt/rustwide/target" "-e" "CARGO_HOME=/opt/rustwide/cargo-home" "-e" "RUSTUP_HOME=/opt/rustwide/rustup-home" "-w" "/opt/rustwide/workdir" "-m" "1610612736" "--user" "0:0" "--network" "none" "ghcr.io/rust-lang/crates-build-env/linux@sha256:5ff2268d62e97bff2cde7d5815dd6ed5b47097566f13b8d0ca110b04b60e07ed" "/opt/rustwide/cargo-home/bin/cargo" "+1.69.0" "metadata" "--no-deps" "--format-version=1", kill_on_drop: false }`
[INFO] [stdout] 6445d6c693761aef51a35896fe085256d7e1cc00f5b937df70b4b1ffd1b2b2a3
[INFO] running `Command { std: "docker" "start" "-a" "6445d6c693761aef51a35896fe085256d7e1cc00f5b937df70b4b1ffd1b2b2a3", kill_on_drop: false }`
[INFO] running `Command { std: "docker" "inspect" "6445d6c693761aef51a35896fe085256d7e1cc00f5b937df70b4b1ffd1b2b2a3", kill_on_drop: false }`
[INFO] running `Command { std: "docker" "rm" "-f" "6445d6c693761aef51a35896fe085256d7e1cc00f5b937df70b4b1ffd1b2b2a3", kill_on_drop: false }`
[INFO] [stdout] 6445d6c693761aef51a35896fe085256d7e1cc00f5b937df70b4b1ffd1b2b2a3
[INFO] running `Command { std: "docker" "create" "-v" "/var/lib/crater-agent-workspace/builds/worker-3-tc1/target:/opt/rustwide/target:rw,Z" "-v" "/var/lib/crater-agent-workspace/builds/worker-3-tc1/source:/opt/rustwide/workdir:ro,Z" "-v" "/var/lib/crater-agent-workspace/cargo-home:/opt/rustwide/cargo-home:ro,Z" "-v" "/var/lib/crater-agent-workspace/rustup-home:/opt/rustwide/rustup-home:ro,Z" "-e" "SOURCE_DIR=/opt/rustwide/workdir" "-e" "CARGO_TARGET_DIR=/opt/rustwide/target" "-e" "CARGO_INCREMENTAL=0" "-e" "RUST_BACKTRACE=full" "-e" "RUSTFLAGS=--cap-lints=warn" "-e" "RUSTDOCFLAGS=--cap-lints=warn" "-e" "CARGO_HOME=/opt/rustwide/cargo-home" "-e" "RUSTUP_HOME=/opt/rustwide/rustup-home" "-w" "/opt/rustwide/workdir" "-m" "1610612736" "--user" "0:0" "--network" "none" "ghcr.io/rust-lang/crates-build-env/linux@sha256:5ff2268d62e97bff2cde7d5815dd6ed5b47097566f13b8d0ca110b04b60e07ed" "/opt/rustwide/cargo-home/bin/cargo" "+1.69.0" "build" "--frozen" "--message-format=json", kill_on_drop: false }`
[INFO] [stdout] e4c943961760ffb39e4423f26d41f87338776119d16380aea0deb8f239427675
[INFO] running `Command { std: "docker" "start" "-a" "e4c943961760ffb39e4423f26d41f87338776119d16380aea0deb8f239427675", kill_on_drop: false }`
[INFO] [stderr]    Compiling radium v0.5.3
[INFO] [stderr]    Compiling ryu v1.0.5
[INFO] [stderr]    Compiling memchr v2.3.4
[INFO] [stderr]    Compiling version_check v0.9.3
[INFO] [stderr]    Compiling lexical-core v0.7.6
[INFO] [stderr]    Compiling tap v1.0.1
[INFO] [stderr]    Compiling static_assertions v1.1.0
[INFO] [stderr]    Compiling arrayvec v0.5.2
[INFO] [stderr]    Compiling funty v1.1.0
[INFO] [stderr]    Compiling wyz v0.2.0
[INFO] [stderr]    Compiling nom v6.2.1
[INFO] [stderr]    Compiling bitvec v0.19.5
[INFO] [stderr]    Compiling simple_url_parser v0.0.3 (/opt/rustwide/workdir)
[INFO] [stderr]     Finished dev [unoptimized + debuginfo] target(s) in 4.42s
[INFO] [stderr] warning: the following packages contain code that will be rejected by a future version of Rust: nom v6.2.1
[INFO] [stderr] note: to see what the problems were, use the option `--future-incompat-report`, or run `cargo report future-incompatibilities --id 1`
[INFO] running `Command { std: "docker" "inspect" "e4c943961760ffb39e4423f26d41f87338776119d16380aea0deb8f239427675", kill_on_drop: false }`
[INFO] running `Command { std: "docker" "rm" "-f" "e4c943961760ffb39e4423f26d41f87338776119d16380aea0deb8f239427675", kill_on_drop: false }`
[INFO] [stdout] e4c943961760ffb39e4423f26d41f87338776119d16380aea0deb8f239427675
[INFO] running `Command { std: "docker" "create" "-v" "/var/lib/crater-agent-workspace/builds/worker-3-tc1/target:/opt/rustwide/target:rw,Z" "-v" "/var/lib/crater-agent-workspace/builds/worker-3-tc1/source:/opt/rustwide/workdir:ro,Z" "-v" "/var/lib/crater-agent-workspace/cargo-home:/opt/rustwide/cargo-home:ro,Z" "-v" "/var/lib/crater-agent-workspace/rustup-home:/opt/rustwide/rustup-home:ro,Z" "-e" "SOURCE_DIR=/opt/rustwide/workdir" "-e" "CARGO_TARGET_DIR=/opt/rustwide/target" "-e" "CARGO_INCREMENTAL=0" "-e" "RUST_BACKTRACE=full" "-e" "RUSTFLAGS=--cap-lints=warn" "-e" "RUSTDOCFLAGS=--cap-lints=warn" "-e" "CARGO_HOME=/opt/rustwide/cargo-home" "-e" "RUSTUP_HOME=/opt/rustwide/rustup-home" "-w" "/opt/rustwide/workdir" "-m" "1610612736" "--user" "0:0" "--network" "none" "ghcr.io/rust-lang/crates-build-env/linux@sha256:5ff2268d62e97bff2cde7d5815dd6ed5b47097566f13b8d0ca110b04b60e07ed" "/opt/rustwide/cargo-home/bin/cargo" "+1.69.0" "test" "--frozen" "--no-run" "--message-format=json", kill_on_drop: false }`
[INFO] [stdout] b612375fba409194f9bf451eb43c696558fa119e2c99dd192848de99be0369e0
[INFO] running `Command { std: "docker" "start" "-a" "b612375fba409194f9bf451eb43c696558fa119e2c99dd192848de99be0369e0", kill_on_drop: false }`
[INFO] [stderr]    Compiling simple_url_parser v0.0.3 (/opt/rustwide/workdir)
[INFO] [stderr]     Finished test [unoptimized + debuginfo] target(s) in 0.33s
[INFO] [stderr] warning: the following packages contain code that will be rejected by a future version of Rust: nom v6.2.1
[INFO] [stderr] note: to see what the problems were, use the option `--future-incompat-report`, or run `cargo report future-incompatibilities --id 1`
[INFO] running `Command { std: "docker" "inspect" "b612375fba409194f9bf451eb43c696558fa119e2c99dd192848de99be0369e0", kill_on_drop: false }`
[INFO] running `Command { std: "docker" "rm" "-f" "b612375fba409194f9bf451eb43c696558fa119e2c99dd192848de99be0369e0", kill_on_drop: false }`
[INFO] [stdout] b612375fba409194f9bf451eb43c696558fa119e2c99dd192848de99be0369e0
[INFO] running `Command { std: "docker" "create" "-v" "/var/lib/crater-agent-workspace/builds/worker-3-tc1/target:/opt/rustwide/target:rw,Z" "-v" "/var/lib/crater-agent-workspace/builds/worker-3-tc1/source:/opt/rustwide/workdir:ro,Z" "-v" "/var/lib/crater-agent-workspace/cargo-home:/opt/rustwide/cargo-home:ro,Z" "-v" "/var/lib/crater-agent-workspace/rustup-home:/opt/rustwide/rustup-home:ro,Z" "-e" "SOURCE_DIR=/opt/rustwide/workdir" "-e" "CARGO_TARGET_DIR=/opt/rustwide/target" "-e" "CARGO_INCREMENTAL=0" "-e" "RUST_BACKTRACE=full" "-e" "RUSTFLAGS=--cap-lints=warn" "-e" "RUSTDOCFLAGS=--cap-lints=warn" "-e" "CARGO_HOME=/opt/rustwide/cargo-home" "-e" "RUSTUP_HOME=/opt/rustwide/rustup-home" "-w" "/opt/rustwide/workdir" "-m" "1610612736" "--user" "0:0" "--network" "none" "ghcr.io/rust-lang/crates-build-env/linux@sha256:5ff2268d62e97bff2cde7d5815dd6ed5b47097566f13b8d0ca110b04b60e07ed" "/opt/rustwide/cargo-home/bin/cargo" "+1.69.0" "test" "--frozen", kill_on_drop: false }`
[INFO] [stdout] 6b3d3c8cba28798f6abbfcdb040272f66d7882c9312e500feb4b3d083bef4851
[INFO] running `Command { std: "docker" "start" "-a" "6b3d3c8cba28798f6abbfcdb040272f66d7882c9312e500feb4b3d083bef4851", kill_on_drop: false }`
[INFO] [stderr]     Finished test [unoptimized + debuginfo] target(s) in 0.01s
[INFO] [stderr] warning: the following packages contain code that will be rejected by a future version of Rust: nom v6.2.1
[INFO] [stderr] note: to see what the problems were, use the option `--future-incompat-report`, or run `cargo report future-incompatibilities --id 1`
[INFO] [stderr]      Running unittests src/lib.rs (/opt/rustwide/target/debug/deps/simple_url_parser-7a774adcfa3690cf)
[INFO] [stdout] 
[INFO] [stdout] running 0 tests
[INFO] [stdout] 
[INFO] [stdout] test result: ok. 0 passed; 0 failed; 0 ignored; 0 measured; 0 filtered out; finished in 0.00s
[INFO] [stdout] 
[INFO] [stderr]      Running tests/mod.rs (/opt/rustwide/target/debug/deps/mod-f75278c68345d56f)
[INFO] [stdout] 
[INFO] [stdout] running 1 test
[INFO] [stdout] test test_url_parser ... ok
[INFO] [stdout] 
[INFO] [stdout] test result: ok. 1 passed; 0 failed; 0 ignored; 0 measured; 0 filtered out; finished in 0.00s
[INFO] [stdout] 
[INFO] [stderr]    Doc-tests simple_url_parser
[INFO] [stdout] 
[INFO] [stdout] running 3 tests
[INFO] [stdout] test src/lib.rs - URL::stringify (line 97) ... FAILED
[INFO] [stdout] test src/lib.rs - URL::parse (line 70) ... FAILED
[INFO] [stdout] test src/lib.rs - (line 5) ... FAILED
[INFO] [stdout] 
[INFO] [stdout] failures:
[INFO] [stdout] 
[INFO] [stdout] ---- src/lib.rs - URL::stringify (line 97) stdout ----
[INFO] [stdout] error[E0433]: failed to resolve: use of undeclared type `URL`
[INFO] [stdout]  --> src/lib.rs:98:1
[INFO] [stdout]   |
[INFO] [stdout] 3 | URL::stringify(&url_obj);
[INFO] [stdout]   | ^^^ use of undeclared type `URL`
[INFO] [stdout]   |
[INFO] [stdout] help: consider importing this struct
[INFO] [stdout]   |
[INFO] [stdout] 2 | use simple_url_parser::URL;
[INFO] [stdout]   |
[INFO] [stdout] 
[INFO] [stdout] error[E0425]: cannot find value `url_obj` in this scope
[INFO] [stdout]  --> src/lib.rs:98:17
[INFO] [stdout]   |
[INFO] [stdout] 3 | URL::stringify(&url_obj);
[INFO] [stdout]   |                 ^^^^^^^ not found in this scope
[INFO] [stdout] 
[INFO] [stdout] error: aborting due to 2 previous errors
[INFO] [stdout] 
[INFO] [stdout] Some errors have detailed explanations: E0425, E0433.
[INFO] [stdout] For more information about an error, try `rustc --explain E0425`.
[INFO] [stdout] Couldn't compile the test.
[INFO] [stdout] ---- src/lib.rs - URL::parse (line 70) stdout ----
[INFO] [stdout] error[E0433]: failed to resolve: use of undeclared type `URL`
[INFO] [stdout]  --> src/lib.rs:71:1
[INFO] [stdout]   |
[INFO] [stdout] 3 | URL::parse("https://lb:123456@www.google.com:123/blog/01?a=1&b=2#132456").unwrap();
[INFO] [stdout]   | ^^^ use of undeclared type `URL`
[INFO] [stdout]   |
[INFO] [stdout] help: consider importing this struct
[INFO] [stdout]   |
[INFO] [stdout] 2 | use simple_url_parser::URL;
[INFO] [stdout]   |
[INFO] [stdout] 
[INFO] [stdout] error: aborting due to previous error
[INFO] [stdout] 
[INFO] [stdout] For more information about this error, try `rustc --explain E0433`.
[INFO] [stdout] Couldn't compile the test.
[INFO] [stdout] ---- src/lib.rs - (line 5) stdout ----
[INFO] [stdout] error[E0433]: failed to resolve: use of undeclared type `URL`
[INFO] [stdout]  --> src/lib.rs:8:19
[INFO] [stdout]   |
[INFO] [stdout] 4 |     let url_obj = URL::parse(mock_url).unwrap();
[INFO] [stdout]   |                   ^^^ use of undeclared type `URL`
[INFO] [stdout]   |
[INFO] [stdout] help: consider importing this struct
[INFO] [stdout]   |
[INFO] [stdout] 2 | use simple_url_parser::URL;
[INFO] [stdout]   |
[INFO] [stdout] 
[INFO] [stdout] error[E0433]: failed to resolve: use of undeclared type `URL`
[INFO] [stdout]   --> src/lib.rs:19:19
[INFO] [stdout]    |
[INFO] [stdout] 15 |     let url_str = URL::stringify(&url_obj);
[INFO] [stdout]    |                   ^^^ use of undeclared type `URL`
[INFO] [stdout]    |
[INFO] [stdout] help: consider importing this struct
[INFO] [stdout]    |
[INFO] [stdout] 2  | use simple_url_parser::URL;
[INFO] [stdout]    |
[INFO] [stdout] 
[INFO] [stdout] error: aborting due to 2 previous errors
[INFO] [stdout] 
[INFO] [stdout] For more information about this error, try `rustc --explain E0433`.
[INFO] [stdout] Couldn't compile the test.
[INFO] [stdout] 
[INFO] [stdout] failures:
[INFO] [stdout]     src/lib.rs - (line 5)
[INFO] [stdout]     src/lib.rs - URL::parse (line 70)
[INFO] [stdout]     src/lib.rs - URL::stringify (line 97)
[INFO] [stdout] 
[INFO] [stdout] test result: FAILED. 0 passed; 3 failed; 0 ignored; 0 measured; 0 filtered out; finished in 0.04s
[INFO] [stdout] 
[INFO] [stderr] error: doctest failed, to rerun pass `--doc`
[INFO] running `Command { std: "docker" "inspect" "6b3d3c8cba28798f6abbfcdb040272f66d7882c9312e500feb4b3d083bef4851", kill_on_drop: false }`
[INFO] running `Command { std: "docker" "rm" "-f" "6b3d3c8cba28798f6abbfcdb040272f66d7882c9312e500feb4b3d083bef4851", kill_on_drop: false }`
[INFO] [stdout] 6b3d3c8cba28798f6abbfcdb040272f66d7882c9312e500feb4b3d083bef4851
