[INFO] fetching crate sim-rust 0.9.0...
[INFO] testing sim-rust-0.9.0 against 1.69.0 for beta-1.70-1
[INFO] extracting crate sim-rust 0.9.0 into /workspace/builds/worker-2-tc1/source
[INFO] validating manifest of crates.io crate sim-rust 0.9.0 on toolchain 1.69.0
[INFO] running `Command { std: CARGO_HOME="/workspace/cargo-home" RUSTUP_HOME="/workspace/rustup-home" "/workspace/cargo-home/bin/cargo" "+1.69.0" "metadata" "--manifest-path" "Cargo.toml" "--no-deps", kill_on_drop: false }`
[INFO] started tweaking crates.io crate sim-rust 0.9.0
[INFO] finished tweaking crates.io crate sim-rust 0.9.0
[INFO] tweaked toml for crates.io crate sim-rust 0.9.0 written to /workspace/builds/worker-2-tc1/source/Cargo.toml
[INFO] running `Command { std: CARGO_HOME="/workspace/cargo-home" RUSTUP_HOME="/workspace/rustup-home" __CARGO_TEST_CHANNEL_OVERRIDE_DO_NOT_USE_THIS="nightly" "/workspace/cargo-home/bin/cargo" "+1.69.0" "generate-lockfile" "--manifest-path" "Cargo.toml" "-Zno-index-update", kill_on_drop: false }`
[INFO] running `Command { std: CARGO_HOME="/workspace/cargo-home" RUSTUP_HOME="/workspace/rustup-home" "/workspace/cargo-home/bin/cargo" "+1.69.0" "fetch" "--manifest-path" "Cargo.toml", kill_on_drop: false }`
[INFO] running `Command { std: "docker" "create" "-v" "/var/lib/crater-agent-workspace/builds/worker-2-tc1/target:/opt/rustwide/target:rw,Z" "-v" "/var/lib/crater-agent-workspace/builds/worker-2-tc1/source:/opt/rustwide/workdir:ro,Z" "-v" "/var/lib/crater-agent-workspace/cargo-home:/opt/rustwide/cargo-home:ro,Z" "-v" "/var/lib/crater-agent-workspace/rustup-home:/opt/rustwide/rustup-home:ro,Z" "-e" "SOURCE_DIR=/opt/rustwide/workdir" "-e" "CARGO_TARGET_DIR=/opt/rustwide/target" "-e" "CARGO_HOME=/opt/rustwide/cargo-home" "-e" "RUSTUP_HOME=/opt/rustwide/rustup-home" "-w" "/opt/rustwide/workdir" "-m" "1610612736" "--user" "0:0" "--network" "none" "ghcr.io/rust-lang/crates-build-env/linux@sha256:5ff2268d62e97bff2cde7d5815dd6ed5b47097566f13b8d0ca110b04b60e07ed" "/opt/rustwide/cargo-home/bin/cargo" "+1.69.0" "metadata" "--no-deps" "--format-version=1", kill_on_drop: false }`
[INFO] [stdout] ccadb311545721cc9633a5cde1e6a9cc349a994cb050d77726f69ccc85a92ce9
[INFO] running `Command { std: "docker" "start" "-a" "ccadb311545721cc9633a5cde1e6a9cc349a994cb050d77726f69ccc85a92ce9", kill_on_drop: false }`
[INFO] running `Command { std: "docker" "inspect" "ccadb311545721cc9633a5cde1e6a9cc349a994cb050d77726f69ccc85a92ce9", kill_on_drop: false }`
[INFO] running `Command { std: "docker" "rm" "-f" "ccadb311545721cc9633a5cde1e6a9cc349a994cb050d77726f69ccc85a92ce9", kill_on_drop: false }`
[INFO] [stdout] ccadb311545721cc9633a5cde1e6a9cc349a994cb050d77726f69ccc85a92ce9
[INFO] running `Command { std: "docker" "create" "-v" "/var/lib/crater-agent-workspace/builds/worker-2-tc1/target:/opt/rustwide/target:rw,Z" "-v" "/var/lib/crater-agent-workspace/builds/worker-2-tc1/source:/opt/rustwide/workdir:ro,Z" "-v" "/var/lib/crater-agent-workspace/cargo-home:/opt/rustwide/cargo-home:ro,Z" "-v" "/var/lib/crater-agent-workspace/rustup-home:/opt/rustwide/rustup-home:ro,Z" "-e" "SOURCE_DIR=/opt/rustwide/workdir" "-e" "CARGO_TARGET_DIR=/opt/rustwide/target" "-e" "CARGO_INCREMENTAL=0" "-e" "RUST_BACKTRACE=full" "-e" "RUSTFLAGS=--cap-lints=warn" "-e" "RUSTDOCFLAGS=--cap-lints=warn" "-e" "CARGO_HOME=/opt/rustwide/cargo-home" "-e" "RUSTUP_HOME=/opt/rustwide/rustup-home" "-w" "/opt/rustwide/workdir" "-m" "1610612736" "--user" "0:0" "--network" "none" "ghcr.io/rust-lang/crates-build-env/linux@sha256:5ff2268d62e97bff2cde7d5815dd6ed5b47097566f13b8d0ca110b04b60e07ed" "/opt/rustwide/cargo-home/bin/cargo" "+1.69.0" "build" "--frozen" "--message-format=json", kill_on_drop: false }`
[INFO] [stdout] 53f284db866cc4e574653ef62a5c90792f022f7e3415da2f3012a9ecbfaed76d
[INFO] running `Command { std: "docker" "start" "-a" "53f284db866cc4e574653ef62a5c90792f022f7e3415da2f3012a9ecbfaed76d", kill_on_drop: false }`
[INFO] [stderr]    Compiling sim-rust v0.9.0 (/opt/rustwide/workdir)
[INFO] [stderr]     Finished dev [unoptimized + debuginfo] target(s) in 0.12s
[INFO] running `Command { std: "docker" "inspect" "53f284db866cc4e574653ef62a5c90792f022f7e3415da2f3012a9ecbfaed76d", kill_on_drop: false }`
[INFO] running `Command { std: "docker" "rm" "-f" "53f284db866cc4e574653ef62a5c90792f022f7e3415da2f3012a9ecbfaed76d", kill_on_drop: false }`
[INFO] [stdout] 53f284db866cc4e574653ef62a5c90792f022f7e3415da2f3012a9ecbfaed76d
[INFO] running `Command { std: "docker" "create" "-v" "/var/lib/crater-agent-workspace/builds/worker-2-tc1/target:/opt/rustwide/target:rw,Z" "-v" "/var/lib/crater-agent-workspace/builds/worker-2-tc1/source:/opt/rustwide/workdir:ro,Z" "-v" "/var/lib/crater-agent-workspace/cargo-home:/opt/rustwide/cargo-home:ro,Z" "-v" "/var/lib/crater-agent-workspace/rustup-home:/opt/rustwide/rustup-home:ro,Z" "-e" "SOURCE_DIR=/opt/rustwide/workdir" "-e" "CARGO_TARGET_DIR=/opt/rustwide/target" "-e" "CARGO_INCREMENTAL=0" "-e" "RUST_BACKTRACE=full" "-e" "RUSTFLAGS=--cap-lints=warn" "-e" "RUSTDOCFLAGS=--cap-lints=warn" "-e" "CARGO_HOME=/opt/rustwide/cargo-home" "-e" "RUSTUP_HOME=/opt/rustwide/rustup-home" "-w" "/opt/rustwide/workdir" "-m" "1610612736" "--user" "0:0" "--network" "none" "ghcr.io/rust-lang/crates-build-env/linux@sha256:5ff2268d62e97bff2cde7d5815dd6ed5b47097566f13b8d0ca110b04b60e07ed" "/opt/rustwide/cargo-home/bin/cargo" "+1.69.0" "test" "--frozen" "--no-run" "--message-format=json", kill_on_drop: false }`
[INFO] [stdout] 758f1ed06b2210701f28b78707b0161f834ce646fc63841de179a92ee2b97c93
[INFO] running `Command { std: "docker" "start" "-a" "758f1ed06b2210701f28b78707b0161f834ce646fc63841de179a92ee2b97c93", kill_on_drop: false }`
[INFO] [stderr]    Compiling sim-rust v0.9.0 (/opt/rustwide/workdir)
[INFO] [stderr]     Finished test [unoptimized + debuginfo] target(s) in 0.30s
[INFO] running `Command { std: "docker" "inspect" "758f1ed06b2210701f28b78707b0161f834ce646fc63841de179a92ee2b97c93", kill_on_drop: false }`
[INFO] running `Command { std: "docker" "rm" "-f" "758f1ed06b2210701f28b78707b0161f834ce646fc63841de179a92ee2b97c93", kill_on_drop: false }`
[INFO] [stdout] 758f1ed06b2210701f28b78707b0161f834ce646fc63841de179a92ee2b97c93
[INFO] running `Command { std: "docker" "create" "-v" "/var/lib/crater-agent-workspace/builds/worker-2-tc1/target:/opt/rustwide/target:rw,Z" "-v" "/var/lib/crater-agent-workspace/builds/worker-2-tc1/source:/opt/rustwide/workdir:ro,Z" "-v" "/var/lib/crater-agent-workspace/cargo-home:/opt/rustwide/cargo-home:ro,Z" "-v" "/var/lib/crater-agent-workspace/rustup-home:/opt/rustwide/rustup-home:ro,Z" "-e" "SOURCE_DIR=/opt/rustwide/workdir" "-e" "CARGO_TARGET_DIR=/opt/rustwide/target" "-e" "CARGO_INCREMENTAL=0" "-e" "RUST_BACKTRACE=full" "-e" "RUSTFLAGS=--cap-lints=warn" "-e" "RUSTDOCFLAGS=--cap-lints=warn" "-e" "CARGO_HOME=/opt/rustwide/cargo-home" "-e" "RUSTUP_HOME=/opt/rustwide/rustup-home" "-w" "/opt/rustwide/workdir" "-m" "1610612736" "--user" "0:0" "--network" "none" "ghcr.io/rust-lang/crates-build-env/linux@sha256:5ff2268d62e97bff2cde7d5815dd6ed5b47097566f13b8d0ca110b04b60e07ed" "/opt/rustwide/cargo-home/bin/cargo" "+1.69.0" "test" "--frozen", kill_on_drop: false }`
[INFO] [stdout] f78297c7635f9d95a1e2d5e74860c0d715e9b4cb995b0dd4f763c775baab4928
[INFO] running `Command { std: "docker" "start" "-a" "f78297c7635f9d95a1e2d5e74860c0d715e9b4cb995b0dd4f763c775baab4928", kill_on_drop: false }`
[INFO] [stderr]     Blocking waiting for file lock on package cache
[INFO] [stderr]     Finished test [unoptimized + debuginfo] target(s) in 0.13s
[INFO] [stderr]      Running unittests src/lib.rs (/opt/rustwide/target/debug/deps/sim_rust-ddb74d3f10f8c1d8)
[INFO] [stdout] 
[INFO] [stdout] running 0 tests
[INFO] [stdout] 
[INFO] [stdout] test result: ok. 0 passed; 0 failed; 0 ignored; 0 measured; 0 filtered out; finished in 0.00s
[INFO] [stdout] 
[INFO] [stderr]      Running tests/test.rs (/opt/rustwide/target/debug/deps/test-3c62aa82d8ccea51)
[INFO] [stdout] 
[INFO] [stdout] running 3 tests
[INFO] [stdout] test test_tick ... ok
[INFO] [stdout] test test_tick_collect_once ... ok
[INFO] [stdout] test test_multithread_tick_collect_once has been running for over 60 seconds
[INFO] [stdout] test test_multithread_tick_collect_once ... ok
[INFO] [stdout] 
[INFO] [stdout] test result: ok. 3 passed; 0 failed; 0 ignored; 0 measured; 0 filtered out; finished in 61.00s
[INFO] [stdout] 
[INFO] [stderr]    Doc-tests sim-rust
[INFO] [stdout] 
[INFO] [stdout] running 1 test
[INFO] [stdout] test src/functions.rs - functions (line 7) ... FAILED
[INFO] [stdout] 
[INFO] [stdout] failures:
[INFO] [stdout] 
[INFO] [stdout] ---- src/functions.rs - functions (line 7) stdout ----
[INFO] [stdout] error[E0053]: method `collect` has an incompatible type for trait
[INFO] [stdout]   --> src/functions.rs:60:27
[INFO] [stdout]    |
[INFO] [stdout] 56 |     fn collect(&self)  -> Result<(), &'static str> {
[INFO] [stdout]    |                           ^^^^^^^^^^^^^^^^^^^^^^^^
[INFO] [stdout]    |                           |
[INFO] [stdout]    |                           expected `String`, found `()`
[INFO] [stdout]    |                           help: change the output type to match the trait: `Result<String, &'static str>`
[INFO] [stdout]    |
[INFO] [stdout]    = note: expected signature `fn(&ExampleAgent1) -> Result<String, _>`
[INFO] [stdout]               found signature `fn(&ExampleAgent1) -> Result<(), _>`
[INFO] [stdout] 
[INFO] [stdout] error[E0053]: method `collect` has an incompatible type for trait
[INFO] [stdout]   --> src/functions.rs:77:27
[INFO] [stdout]    |
[INFO] [stdout] 73 |     fn collect(&self)  -> Result<(), &'static str> {
[INFO] [stdout]    |                           ^^^^^^^^^^^^^^^^^^^^^^^^
[INFO] [stdout]    |                           |
[INFO] [stdout]    |                           expected `String`, found `()`
[INFO] [stdout]    |                           help: change the output type to match the trait: `Result<String, &'static str>`
[INFO] [stdout]    |
[INFO] [stdout]    = note: expected signature `fn(&ExampleAgent2) -> Result<String, _>`
[INFO] [stdout]               found signature `fn(&ExampleAgent2) -> Result<(), _>`
[INFO] [stdout] 
[INFO] [stdout] error: aborting due to 2 previous errors
[INFO] [stdout] 
[INFO] [stdout] For more information about this error, try `rustc --explain E0053`.
[INFO] [stdout] Couldn't compile the test.
[INFO] [stdout] 
[INFO] [stdout] failures:
[INFO] [stdout]     src/functions.rs - functions (line 7)
[INFO] [stdout] 
[INFO] [stdout] test result: FAILED. 0 passed; 1 failed; 0 ignored; 0 measured; 0 filtered out; finished in 0.04s
[INFO] [stdout] 
[INFO] [stderr] error: doctest failed, to rerun pass `--doc`
[INFO] running `Command { std: "docker" "inspect" "f78297c7635f9d95a1e2d5e74860c0d715e9b4cb995b0dd4f763c775baab4928", kill_on_drop: false }`
[INFO] running `Command { std: "docker" "rm" "-f" "f78297c7635f9d95a1e2d5e74860c0d715e9b4cb995b0dd4f763c775baab4928", kill_on_drop: false }`
[INFO] [stdout] f78297c7635f9d95a1e2d5e74860c0d715e9b4cb995b0dd4f763c775baab4928
