[INFO] fetching crate silk-router 0.1.1...
[INFO] testing silk-router-0.1.1 against 1.69.0 for beta-1.70-1
[INFO] extracting crate silk-router 0.1.1 into /workspace/builds/worker-4-tc1/source
[INFO] validating manifest of crates.io crate silk-router 0.1.1 on toolchain 1.69.0
[INFO] running `Command { std: CARGO_HOME="/workspace/cargo-home" RUSTUP_HOME="/workspace/rustup-home" "/workspace/cargo-home/bin/cargo" "+1.69.0" "metadata" "--manifest-path" "Cargo.toml" "--no-deps", kill_on_drop: false }`
[INFO] started tweaking crates.io crate silk-router 0.1.1
[INFO] finished tweaking crates.io crate silk-router 0.1.1
[INFO] tweaked toml for crates.io crate silk-router 0.1.1 written to /workspace/builds/worker-4-tc1/source/Cargo.toml
[INFO] running `Command { std: CARGO_HOME="/workspace/cargo-home" RUSTUP_HOME="/workspace/rustup-home" __CARGO_TEST_CHANNEL_OVERRIDE_DO_NOT_USE_THIS="nightly" "/workspace/cargo-home/bin/cargo" "+1.69.0" "generate-lockfile" "--manifest-path" "Cargo.toml" "-Zno-index-update", kill_on_drop: false }`
[INFO] running `Command { std: CARGO_HOME="/workspace/cargo-home" RUSTUP_HOME="/workspace/rustup-home" "/workspace/cargo-home/bin/cargo" "+1.69.0" "fetch" "--manifest-path" "Cargo.toml", kill_on_drop: false }`
[INFO] running `Command { std: "docker" "create" "-v" "/var/lib/crater-agent-workspace/builds/worker-4-tc1/target:/opt/rustwide/target:rw,Z" "-v" "/var/lib/crater-agent-workspace/builds/worker-4-tc1/source:/opt/rustwide/workdir:ro,Z" "-v" "/var/lib/crater-agent-workspace/cargo-home:/opt/rustwide/cargo-home:ro,Z" "-v" "/var/lib/crater-agent-workspace/rustup-home:/opt/rustwide/rustup-home:ro,Z" "-e" "SOURCE_DIR=/opt/rustwide/workdir" "-e" "CARGO_TARGET_DIR=/opt/rustwide/target" "-e" "CARGO_HOME=/opt/rustwide/cargo-home" "-e" "RUSTUP_HOME=/opt/rustwide/rustup-home" "-w" "/opt/rustwide/workdir" "-m" "1610612736" "--user" "0:0" "--network" "none" "ghcr.io/rust-lang/crates-build-env/linux@sha256:5ff2268d62e97bff2cde7d5815dd6ed5b47097566f13b8d0ca110b04b60e07ed" "/opt/rustwide/cargo-home/bin/cargo" "+1.69.0" "metadata" "--no-deps" "--format-version=1", kill_on_drop: false }`
[INFO] [stdout] 00e0f86e76df0580c108fb8d7eeb6f575c7cdd64216205b8715dbbaf9d1906e2
[INFO] running `Command { std: "docker" "start" "-a" "00e0f86e76df0580c108fb8d7eeb6f575c7cdd64216205b8715dbbaf9d1906e2", kill_on_drop: false }`
[INFO] running `Command { std: "docker" "inspect" "00e0f86e76df0580c108fb8d7eeb6f575c7cdd64216205b8715dbbaf9d1906e2", kill_on_drop: false }`
[INFO] running `Command { std: "docker" "rm" "-f" "00e0f86e76df0580c108fb8d7eeb6f575c7cdd64216205b8715dbbaf9d1906e2", kill_on_drop: false }`
[INFO] [stdout] 00e0f86e76df0580c108fb8d7eeb6f575c7cdd64216205b8715dbbaf9d1906e2
[INFO] running `Command { std: "docker" "create" "-v" "/var/lib/crater-agent-workspace/builds/worker-4-tc1/target:/opt/rustwide/target:rw,Z" "-v" "/var/lib/crater-agent-workspace/builds/worker-4-tc1/source:/opt/rustwide/workdir:ro,Z" "-v" "/var/lib/crater-agent-workspace/cargo-home:/opt/rustwide/cargo-home:ro,Z" "-v" "/var/lib/crater-agent-workspace/rustup-home:/opt/rustwide/rustup-home:ro,Z" "-e" "SOURCE_DIR=/opt/rustwide/workdir" "-e" "CARGO_TARGET_DIR=/opt/rustwide/target" "-e" "CARGO_INCREMENTAL=0" "-e" "RUST_BACKTRACE=full" "-e" "RUSTFLAGS=--cap-lints=warn" "-e" "RUSTDOCFLAGS=--cap-lints=warn" "-e" "CARGO_HOME=/opt/rustwide/cargo-home" "-e" "RUSTUP_HOME=/opt/rustwide/rustup-home" "-w" "/opt/rustwide/workdir" "-m" "1610612736" "--user" "0:0" "--network" "none" "ghcr.io/rust-lang/crates-build-env/linux@sha256:5ff2268d62e97bff2cde7d5815dd6ed5b47097566f13b8d0ca110b04b60e07ed" "/opt/rustwide/cargo-home/bin/cargo" "+1.69.0" "build" "--frozen" "--message-format=json", kill_on_drop: false }`
[INFO] [stdout] 298eb7a982343d8f19706d1f63be60a7b736fc6d3f2844272ef5b5affe1ca395
[INFO] running `Command { std: "docker" "start" "-a" "298eb7a982343d8f19706d1f63be60a7b736fc6d3f2844272ef5b5affe1ca395", kill_on_drop: false }`
[INFO] [stderr]    Compiling num-traits v0.2.15
[INFO] [stderr]    Compiling num-integer v0.1.45
[INFO] [stderr]    Compiling rustc-serialize v0.3.24
[INFO] [stderr]    Compiling num-iter v0.1.43
[INFO] [stderr]    Compiling rand v0.4.6
[INFO] [stderr]    Compiling num-complex v0.1.43
[INFO] [stderr]    Compiling num-bigint v0.1.44
[INFO] [stderr]    Compiling num-rational v0.1.42
[INFO] [stderr]    Compiling num v0.1.42
[INFO] [stderr]    Compiling silk-router v0.1.1 (/opt/rustwide/workdir)
[INFO] [stderr]     Finished dev [unoptimized + debuginfo] target(s) in 7.06s
[INFO] [stderr] warning: the following packages contain code that will be rejected by a future version of Rust: rustc-serialize v0.3.24
[INFO] [stderr] note: to see what the problems were, use the option `--future-incompat-report`, or run `cargo report future-incompatibilities --id 1`
[INFO] running `Command { std: "docker" "inspect" "298eb7a982343d8f19706d1f63be60a7b736fc6d3f2844272ef5b5affe1ca395", kill_on_drop: false }`
[INFO] running `Command { std: "docker" "rm" "-f" "298eb7a982343d8f19706d1f63be60a7b736fc6d3f2844272ef5b5affe1ca395", kill_on_drop: false }`
[INFO] [stdout] 298eb7a982343d8f19706d1f63be60a7b736fc6d3f2844272ef5b5affe1ca395
[INFO] running `Command { std: "docker" "create" "-v" "/var/lib/crater-agent-workspace/builds/worker-4-tc1/target:/opt/rustwide/target:rw,Z" "-v" "/var/lib/crater-agent-workspace/builds/worker-4-tc1/source:/opt/rustwide/workdir:ro,Z" "-v" "/var/lib/crater-agent-workspace/cargo-home:/opt/rustwide/cargo-home:ro,Z" "-v" "/var/lib/crater-agent-workspace/rustup-home:/opt/rustwide/rustup-home:ro,Z" "-e" "SOURCE_DIR=/opt/rustwide/workdir" "-e" "CARGO_TARGET_DIR=/opt/rustwide/target" "-e" "CARGO_INCREMENTAL=0" "-e" "RUST_BACKTRACE=full" "-e" "RUSTFLAGS=--cap-lints=warn" "-e" "RUSTDOCFLAGS=--cap-lints=warn" "-e" "CARGO_HOME=/opt/rustwide/cargo-home" "-e" "RUSTUP_HOME=/opt/rustwide/rustup-home" "-w" "/opt/rustwide/workdir" "-m" "1610612736" "--user" "0:0" "--network" "none" "ghcr.io/rust-lang/crates-build-env/linux@sha256:5ff2268d62e97bff2cde7d5815dd6ed5b47097566f13b8d0ca110b04b60e07ed" "/opt/rustwide/cargo-home/bin/cargo" "+1.69.0" "test" "--frozen" "--no-run" "--message-format=json", kill_on_drop: false }`
[INFO] [stdout] 97623c8443f1415208c0499e145a8d84e79cb63adb5123f3f83d92ac1a849a43
[INFO] running `Command { std: "docker" "start" "-a" "97623c8443f1415208c0499e145a8d84e79cb63adb5123f3f83d92ac1a849a43", kill_on_drop: false }`
[INFO] [stderr]    Compiling silk-router v0.1.1 (/opt/rustwide/workdir)
[INFO] [stderr]     Finished test [unoptimized + debuginfo] target(s) in 0.60s
[INFO] [stderr] warning: the following packages contain code that will be rejected by a future version of Rust: rustc-serialize v0.3.24
[INFO] [stderr] note: to see what the problems were, use the option `--future-incompat-report`, or run `cargo report future-incompatibilities --id 1`
[INFO] running `Command { std: "docker" "inspect" "97623c8443f1415208c0499e145a8d84e79cb63adb5123f3f83d92ac1a849a43", kill_on_drop: false }`
[INFO] running `Command { std: "docker" "rm" "-f" "97623c8443f1415208c0499e145a8d84e79cb63adb5123f3f83d92ac1a849a43", kill_on_drop: false }`
[INFO] [stdout] 97623c8443f1415208c0499e145a8d84e79cb63adb5123f3f83d92ac1a849a43
[INFO] running `Command { std: "docker" "create" "-v" "/var/lib/crater-agent-workspace/builds/worker-4-tc1/target:/opt/rustwide/target:rw,Z" "-v" "/var/lib/crater-agent-workspace/builds/worker-4-tc1/source:/opt/rustwide/workdir:ro,Z" "-v" "/var/lib/crater-agent-workspace/cargo-home:/opt/rustwide/cargo-home:ro,Z" "-v" "/var/lib/crater-agent-workspace/rustup-home:/opt/rustwide/rustup-home:ro,Z" "-e" "SOURCE_DIR=/opt/rustwide/workdir" "-e" "CARGO_TARGET_DIR=/opt/rustwide/target" "-e" "CARGO_INCREMENTAL=0" "-e" "RUST_BACKTRACE=full" "-e" "RUSTFLAGS=--cap-lints=warn" "-e" "RUSTDOCFLAGS=--cap-lints=warn" "-e" "CARGO_HOME=/opt/rustwide/cargo-home" "-e" "RUSTUP_HOME=/opt/rustwide/rustup-home" "-w" "/opt/rustwide/workdir" "-m" "1610612736" "--user" "0:0" "--network" "none" "ghcr.io/rust-lang/crates-build-env/linux@sha256:5ff2268d62e97bff2cde7d5815dd6ed5b47097566f13b8d0ca110b04b60e07ed" "/opt/rustwide/cargo-home/bin/cargo" "+1.69.0" "test" "--frozen", kill_on_drop: false }`
[INFO] [stdout] a5ebdc2b3c477fde59692f709b2a746c9aaa964c416f752a34505de93e4103de
[INFO] running `Command { std: "docker" "start" "-a" "a5ebdc2b3c477fde59692f709b2a746c9aaa964c416f752a34505de93e4103de", kill_on_drop: false }`
[INFO] [stderr]     Finished test [unoptimized + debuginfo] target(s) in 0.02s
[INFO] [stderr] warning: the following packages contain code that will be rejected by a future version of Rust: rustc-serialize v0.3.24
[INFO] [stderr] note: to see what the problems were, use the option `--future-incompat-report`, or run `cargo report future-incompatibilities --id 1`
[INFO] [stderr]      Running unittests src/lib.rs (/opt/rustwide/target/debug/deps/silk_router-397016bbb43e5b36)
[INFO] [stdout] 
[INFO] [stdout] running 9 tests
[INFO] [stdout] test tests::match_fun ... ok
[INFO] [stdout] test tests::match_success ... ok
[INFO] [stdout] test tests::match_failure ... ok
[INFO] [stdout] test tests::multiarm_success ... ok
[INFO] [stdout] test tests::match_full ... ok
[INFO] [stdout] test tests::match_verb ... ok
[INFO] [stdout] test tests::first_match ... ok
[INFO] [stdout] test tests::parser_failure ... ok
[INFO] [stdout] test tests::parser_success ... ok
[INFO] [stdout] 
[INFO] [stdout] test result: ok. 9 passed; 0 failed; 0 ignored; 0 measured; 0 filtered out; finished in 0.00s
[INFO] [stdout] 
[INFO] [stderr]    Doc-tests silk-router
[INFO] [stdout] 
[INFO] [stdout] running 2 tests
[INFO] [stdout] test src/lib.rs - (line 19) ... FAILED
[INFO] [stderr] error: doctest failed, to rerun pass `--doc`
[INFO] [stdout] test src/lib.rs - (line 4) ... FAILED
[INFO] [stdout] 
[INFO] [stdout] failures:
[INFO] [stdout] 
[INFO] [stdout] ---- src/lib.rs - (line 19) stdout ----
[INFO] [stdout] error: cannot find macro `route_match` in this scope
[INFO] [stdout]  --> src/lib.rs:20:1
[INFO] [stdout]   |
[INFO] [stdout] 3 | route_match!(request.verb, request.url,
[INFO] [stdout]   | ^^^^^^^^^^^
[INFO] [stdout] 
[INFO] [stdout] error: aborting due to previous error
[INFO] [stdout] 
[INFO] [stdout] Couldn't compile the test.
[INFO] [stdout] ---- src/lib.rs - (line 4) stdout ----
[INFO] [stdout] error: cannot find macro `route_match` in this scope
[INFO] [stdout]  --> src/lib.rs:5:1
[INFO] [stdout]   |
[INFO] [stdout] 3 | route_match!(request.verb, request.url,
[INFO] [stdout]   | ^^^^^^^^^^^
[INFO] [stdout] 
[INFO] [stdout] error: aborting due to previous error
[INFO] [stdout] 
[INFO] [stdout] Couldn't compile the test.
[INFO] [stdout] 
[INFO] [stdout] failures:
[INFO] [stdout]     src/lib.rs - (line 19)
[INFO] [stdout]     src/lib.rs - (line 4)
[INFO] [stdout] 
[INFO] [stdout] test result: FAILED. 0 passed; 2 failed; 0 ignored; 0 measured; 0 filtered out; finished in 0.10s
[INFO] [stdout] 
[INFO] running `Command { std: "docker" "inspect" "a5ebdc2b3c477fde59692f709b2a746c9aaa964c416f752a34505de93e4103de", kill_on_drop: false }`
[INFO] running `Command { std: "docker" "rm" "-f" "a5ebdc2b3c477fde59692f709b2a746c9aaa964c416f752a34505de93e4103de", kill_on_drop: false }`
[INFO] [stdout] a5ebdc2b3c477fde59692f709b2a746c9aaa964c416f752a34505de93e4103de
