[INFO] fetching crate sifive-core 0.1.0...
[INFO] testing sifive-core-0.1.0 against beta-2023-04-20 for beta-1.70-1
[INFO] extracting crate sifive-core 0.1.0 into /workspace/builds/worker-1-tc2/source
[INFO] validating manifest of crates.io crate sifive-core 0.1.0 on toolchain beta-2023-04-20
[INFO] running `Command { std: CARGO_HOME="/workspace/cargo-home" RUSTUP_HOME="/workspace/rustup-home" "/workspace/cargo-home/bin/cargo" "+beta-2023-04-20" "metadata" "--manifest-path" "Cargo.toml" "--no-deps", kill_on_drop: false }`
[INFO] removed /workspace/builds/worker-1-tc2/source/.cargo/config.toml
[INFO] started tweaking crates.io crate sifive-core 0.1.0
[INFO] finished tweaking crates.io crate sifive-core 0.1.0
[INFO] tweaked toml for crates.io crate sifive-core 0.1.0 written to /workspace/builds/worker-1-tc2/source/Cargo.toml
[INFO] running `Command { std: CARGO_HOME="/workspace/cargo-home" RUSTUP_HOME="/workspace/rustup-home" __CARGO_TEST_CHANNEL_OVERRIDE_DO_NOT_USE_THIS="nightly" "/workspace/cargo-home/bin/cargo" "+beta-2023-04-20" "generate-lockfile" "--manifest-path" "Cargo.toml" "-Zno-index-update", kill_on_drop: false }`
[INFO] running `Command { std: CARGO_HOME="/workspace/cargo-home" RUSTUP_HOME="/workspace/rustup-home" "/workspace/cargo-home/bin/cargo" "+beta-2023-04-20" "fetch" "--manifest-path" "Cargo.toml", kill_on_drop: false }`
[INFO] running `Command { std: "docker" "create" "-v" "/var/lib/crater-agent-workspace/builds/worker-1-tc2/target:/opt/rustwide/target:rw,Z" "-v" "/var/lib/crater-agent-workspace/builds/worker-1-tc2/source:/opt/rustwide/workdir:ro,Z" "-v" "/var/lib/crater-agent-workspace/cargo-home:/opt/rustwide/cargo-home:ro,Z" "-v" "/var/lib/crater-agent-workspace/rustup-home:/opt/rustwide/rustup-home:ro,Z" "-e" "SOURCE_DIR=/opt/rustwide/workdir" "-e" "CARGO_TARGET_DIR=/opt/rustwide/target" "-e" "CARGO_HOME=/opt/rustwide/cargo-home" "-e" "RUSTUP_HOME=/opt/rustwide/rustup-home" "-w" "/opt/rustwide/workdir" "-m" "1610612736" "--user" "0:0" "--network" "none" "ghcr.io/rust-lang/crates-build-env/linux@sha256:5ff2268d62e97bff2cde7d5815dd6ed5b47097566f13b8d0ca110b04b60e07ed" "/opt/rustwide/cargo-home/bin/cargo" "+beta-2023-04-20" "metadata" "--no-deps" "--format-version=1", kill_on_drop: false }`
[INFO] [stdout] e3d5a86633adc6743282b91ffc965ce3dad134627324e2a9e711788c4c342881
[INFO] running `Command { std: "docker" "start" "-a" "e3d5a86633adc6743282b91ffc965ce3dad134627324e2a9e711788c4c342881", kill_on_drop: false }`
[INFO] running `Command { std: "docker" "inspect" "e3d5a86633adc6743282b91ffc965ce3dad134627324e2a9e711788c4c342881", kill_on_drop: false }`
[INFO] running `Command { std: "docker" "rm" "-f" "e3d5a86633adc6743282b91ffc965ce3dad134627324e2a9e711788c4c342881", kill_on_drop: false }`
[INFO] [stdout] e3d5a86633adc6743282b91ffc965ce3dad134627324e2a9e711788c4c342881
[INFO] running `Command { std: "docker" "create" "-v" "/var/lib/crater-agent-workspace/builds/worker-1-tc2/target:/opt/rustwide/target:rw,Z" "-v" "/var/lib/crater-agent-workspace/builds/worker-1-tc2/source:/opt/rustwide/workdir:ro,Z" "-v" "/var/lib/crater-agent-workspace/cargo-home:/opt/rustwide/cargo-home:ro,Z" "-v" "/var/lib/crater-agent-workspace/rustup-home:/opt/rustwide/rustup-home:ro,Z" "-e" "SOURCE_DIR=/opt/rustwide/workdir" "-e" "CARGO_TARGET_DIR=/opt/rustwide/target" "-e" "CARGO_INCREMENTAL=0" "-e" "RUST_BACKTRACE=full" "-e" "RUSTFLAGS=--cap-lints=warn" "-e" "RUSTDOCFLAGS=--cap-lints=warn" "-e" "CARGO_HOME=/opt/rustwide/cargo-home" "-e" "RUSTUP_HOME=/opt/rustwide/rustup-home" "-w" "/opt/rustwide/workdir" "-m" "1610612736" "--user" "0:0" "--network" "none" "ghcr.io/rust-lang/crates-build-env/linux@sha256:5ff2268d62e97bff2cde7d5815dd6ed5b47097566f13b8d0ca110b04b60e07ed" "/opt/rustwide/cargo-home/bin/cargo" "+beta-2023-04-20" "build" "--frozen" "--message-format=json", kill_on_drop: false }`
[INFO] [stdout] 081f6784b71ec61ce1a71af9516e112224473d00ea88cbc1855f6d86a51103bb
[INFO] running `Command { std: "docker" "start" "-a" "081f6784b71ec61ce1a71af9516e112224473d00ea88cbc1855f6d86a51103bb", kill_on_drop: false }`
[INFO] [stderr]    Compiling bit_field v0.10.2
[INFO] [stderr]    Compiling sifive-core v0.1.0 (/opt/rustwide/workdir)
[INFO] [stderr]     Finished dev [unoptimized + debuginfo] target(s) in 0.39s
[INFO] running `Command { std: "docker" "inspect" "081f6784b71ec61ce1a71af9516e112224473d00ea88cbc1855f6d86a51103bb", kill_on_drop: false }`
[INFO] running `Command { std: "docker" "rm" "-f" "081f6784b71ec61ce1a71af9516e112224473d00ea88cbc1855f6d86a51103bb", kill_on_drop: false }`
[INFO] [stdout] 081f6784b71ec61ce1a71af9516e112224473d00ea88cbc1855f6d86a51103bb
[INFO] running `Command { std: "docker" "create" "-v" "/var/lib/crater-agent-workspace/builds/worker-1-tc2/target:/opt/rustwide/target:rw,Z" "-v" "/var/lib/crater-agent-workspace/builds/worker-1-tc2/source:/opt/rustwide/workdir:ro,Z" "-v" "/var/lib/crater-agent-workspace/cargo-home:/opt/rustwide/cargo-home:ro,Z" "-v" "/var/lib/crater-agent-workspace/rustup-home:/opt/rustwide/rustup-home:ro,Z" "-e" "SOURCE_DIR=/opt/rustwide/workdir" "-e" "CARGO_TARGET_DIR=/opt/rustwide/target" "-e" "CARGO_INCREMENTAL=0" "-e" "RUST_BACKTRACE=full" "-e" "RUSTFLAGS=--cap-lints=warn" "-e" "RUSTDOCFLAGS=--cap-lints=warn" "-e" "CARGO_HOME=/opt/rustwide/cargo-home" "-e" "RUSTUP_HOME=/opt/rustwide/rustup-home" "-w" "/opt/rustwide/workdir" "-m" "1610612736" "--user" "0:0" "--network" "none" "ghcr.io/rust-lang/crates-build-env/linux@sha256:5ff2268d62e97bff2cde7d5815dd6ed5b47097566f13b8d0ca110b04b60e07ed" "/opt/rustwide/cargo-home/bin/cargo" "+beta-2023-04-20" "test" "--frozen" "--no-run" "--message-format=json", kill_on_drop: false }`
[INFO] [stdout] 38c44e902277d0ecb27af2ea218f5fd05934ac3a4a82f6de1470c17aceaba307
[INFO] running `Command { std: "docker" "start" "-a" "38c44e902277d0ecb27af2ea218f5fd05934ac3a4a82f6de1470c17aceaba307", kill_on_drop: false }`
[INFO] [stderr]    Compiling sifive-core v0.1.0 (/opt/rustwide/workdir)
[INFO] [stderr]     Finished test [unoptimized + debuginfo] target(s) in 0.56s
[INFO] running `Command { std: "docker" "inspect" "38c44e902277d0ecb27af2ea218f5fd05934ac3a4a82f6de1470c17aceaba307", kill_on_drop: false }`
[INFO] running `Command { std: "docker" "rm" "-f" "38c44e902277d0ecb27af2ea218f5fd05934ac3a4a82f6de1470c17aceaba307", kill_on_drop: false }`
[INFO] [stdout] 38c44e902277d0ecb27af2ea218f5fd05934ac3a4a82f6de1470c17aceaba307
[INFO] running `Command { std: "docker" "create" "-v" "/var/lib/crater-agent-workspace/builds/worker-1-tc2/target:/opt/rustwide/target:rw,Z" "-v" "/var/lib/crater-agent-workspace/builds/worker-1-tc2/source:/opt/rustwide/workdir:ro,Z" "-v" "/var/lib/crater-agent-workspace/cargo-home:/opt/rustwide/cargo-home:ro,Z" "-v" "/var/lib/crater-agent-workspace/rustup-home:/opt/rustwide/rustup-home:ro,Z" "-e" "SOURCE_DIR=/opt/rustwide/workdir" "-e" "CARGO_TARGET_DIR=/opt/rustwide/target" "-e" "CARGO_INCREMENTAL=0" "-e" "RUST_BACKTRACE=full" "-e" "RUSTFLAGS=--cap-lints=warn" "-e" "RUSTDOCFLAGS=--cap-lints=warn" "-e" "CARGO_HOME=/opt/rustwide/cargo-home" "-e" "RUSTUP_HOME=/opt/rustwide/rustup-home" "-w" "/opt/rustwide/workdir" "-m" "1610612736" "--user" "0:0" "--network" "none" "ghcr.io/rust-lang/crates-build-env/linux@sha256:5ff2268d62e97bff2cde7d5815dd6ed5b47097566f13b8d0ca110b04b60e07ed" "/opt/rustwide/cargo-home/bin/cargo" "+beta-2023-04-20" "test" "--frozen", kill_on_drop: false }`
[INFO] [stdout] 99762b9c63953b8928535376865a25cf90fd34bae33b743ce807f49c1fa94692
[INFO] running `Command { std: "docker" "start" "-a" "99762b9c63953b8928535376865a25cf90fd34bae33b743ce807f49c1fa94692", kill_on_drop: false }`
[INFO] [stderr]     Finished test [unoptimized + debuginfo] target(s) in 0.00s
[INFO] [stderr]      Running unittests src/lib.rs (/opt/rustwide/target/debug/deps/sifive_core-e82cc4e1be2246a3)
[INFO] [stdout] 
[INFO] [stdout] running 0 tests
[INFO] [stdout] 
[INFO] [stdout] test result: ok. 0 passed; 0 failed; 0 ignored; 0 measured; 0 filtered out; finished in 0.00s
[INFO] [stdout] 
[INFO] [stderr]    Doc-tests sifive-core
[INFO] [stdout] 
[INFO] [stdout] running 1 test
[INFO] [stdout] test src/asm.rs - asm::cease (line 31) - compile ... FAILED
[INFO] [stdout] 
[INFO] [stdout] failures:
[INFO] [stdout] 
[INFO] [stdout] ---- src/asm.rs - asm::cease (line 31) stdout ----
[INFO] [stdout] error[E0412]: cannot find type `PanicInfo` in this scope
[INFO] [stdout]  --> src/asm.rs:33:25
[INFO] [stdout]   |
[INFO] [stdout] 5 | fn machine_panic(info: &PanicInfo) -> ! {
[INFO] [stdout]   |                         ^^^^^^^^^ not found in this scope
[INFO] [stdout]   |
[INFO] [stdout] help: consider importing one of these items
[INFO] [stdout]   |
[INFO] [stdout] 2 + use core::panic::PanicInfo;
[INFO] [stdout]   |
[INFO] [stdout] 2 + use std::panic::PanicInfo;
[INFO] [stdout]   |
[INFO] [stdout] 
[INFO] [stdout] error[E0152]: found duplicate lang item `panic_impl`
[INFO] [stdout]  --> src/asm.rs:33:1
[INFO] [stdout]   |
[INFO] [stdout] 5 | fn machine_panic(info: &PanicInfo) -> ! {
[INFO] [stdout]   | ^^^^^^^^^^^^^^^^^^^^^^^^^^^^^^^^^^^^^^^
[INFO] [stdout]   |
[INFO] [stdout]   = note: the lang item is first defined in crate `std` (which `rust_out` depends on)
[INFO] [stdout]   = note: first definition in `std` loaded from /opt/rustwide/rustup-home/toolchains/beta-2023-04-20-x86_64-unknown-linux-gnu/lib/rustlib/x86_64-unknown-linux-gnu/lib/libstd-0e29cc23c5e02021.rlib
[INFO] [stdout]   = note: second definition in the local crate (`rust_out`)
[INFO] [stdout] 
[INFO] [stdout] error[E0425]: cannot find function `print_stack_trace_and_information` in this scope
[INFO] [stdout]  --> src/asm.rs:34:5
[INFO] [stdout]   |
[INFO] [stdout] 6 |     print_stack_trace_and_information(info);
[INFO] [stdout]   |     ^^^^^^^^^^^^^^^^^^^^^^^^^^^^^^^^^ not found in this scope
[INFO] [stdout] 
[INFO] [stdout] error: aborting due to 3 previous errors
[INFO] [stdout] 
[INFO] [stdout] Some errors have detailed explanations: E0152, E0412, E0425.
[INFO] [stdout] For more information about an error, try `rustc --explain E0152`.
[INFO] [stdout] Couldn't compile the test.
[INFO] [stdout] 
[INFO] [stdout] failures:
[INFO] [stdout]     src/asm.rs - asm::cease (line 31)
[INFO] [stdout] 
[INFO] [stdout] test result: FAILED. 0 passed; 1 failed; 0 ignored; 0 measured; 0 filtered out; finished in 0.07s
[INFO] [stdout] 
[INFO] [stderr] error: doctest failed, to rerun pass `--doc`
[INFO] running `Command { std: "docker" "inspect" "99762b9c63953b8928535376865a25cf90fd34bae33b743ce807f49c1fa94692", kill_on_drop: false }`
[INFO] running `Command { std: "docker" "rm" "-f" "99762b9c63953b8928535376865a25cf90fd34bae33b743ce807f49c1fa94692", kill_on_drop: false }`
[INFO] [stdout] 99762b9c63953b8928535376865a25cf90fd34bae33b743ce807f49c1fa94692
