[INFO] fetching crate sia-macro 0.0.2...
[INFO] testing sia-macro-0.0.2 against beta-2023-04-20 for beta-1.70-1
[INFO] extracting crate sia-macro 0.0.2 into /workspace/builds/worker-4-tc2/source
[INFO] validating manifest of crates.io crate sia-macro 0.0.2 on toolchain beta-2023-04-20
[INFO] running `Command { std: CARGO_HOME="/workspace/cargo-home" RUSTUP_HOME="/workspace/rustup-home" "/workspace/cargo-home/bin/cargo" "+beta-2023-04-20" "metadata" "--manifest-path" "Cargo.toml" "--no-deps", kill_on_drop: false }`
[INFO] started tweaking crates.io crate sia-macro 0.0.2
[INFO] finished tweaking crates.io crate sia-macro 0.0.2
[INFO] tweaked toml for crates.io crate sia-macro 0.0.2 written to /workspace/builds/worker-4-tc2/source/Cargo.toml
[INFO] running `Command { std: CARGO_HOME="/workspace/cargo-home" RUSTUP_HOME="/workspace/rustup-home" __CARGO_TEST_CHANNEL_OVERRIDE_DO_NOT_USE_THIS="nightly" "/workspace/cargo-home/bin/cargo" "+beta-2023-04-20" "generate-lockfile" "--manifest-path" "Cargo.toml" "-Zno-index-update", kill_on_drop: false }`
[INFO] running `Command { std: CARGO_HOME="/workspace/cargo-home" RUSTUP_HOME="/workspace/rustup-home" "/workspace/cargo-home/bin/cargo" "+beta-2023-04-20" "fetch" "--manifest-path" "Cargo.toml", kill_on_drop: false }`
[INFO] running `Command { std: "docker" "create" "-v" "/var/lib/crater-agent-workspace/builds/worker-4-tc2/target:/opt/rustwide/target:rw,Z" "-v" "/var/lib/crater-agent-workspace/builds/worker-4-tc2/source:/opt/rustwide/workdir:ro,Z" "-v" "/var/lib/crater-agent-workspace/cargo-home:/opt/rustwide/cargo-home:ro,Z" "-v" "/var/lib/crater-agent-workspace/rustup-home:/opt/rustwide/rustup-home:ro,Z" "-e" "SOURCE_DIR=/opt/rustwide/workdir" "-e" "CARGO_TARGET_DIR=/opt/rustwide/target" "-e" "CARGO_HOME=/opt/rustwide/cargo-home" "-e" "RUSTUP_HOME=/opt/rustwide/rustup-home" "-w" "/opt/rustwide/workdir" "-m" "1610612736" "--user" "0:0" "--network" "none" "ghcr.io/rust-lang/crates-build-env/linux@sha256:5ff2268d62e97bff2cde7d5815dd6ed5b47097566f13b8d0ca110b04b60e07ed" "/opt/rustwide/cargo-home/bin/cargo" "+beta-2023-04-20" "metadata" "--no-deps" "--format-version=1", kill_on_drop: false }`
[INFO] [stdout] b36363ff2cfc9cb73500cb88eddbd2fe5fb498f08e2140d66c76fd7dd332464e
[INFO] running `Command { std: "docker" "start" "-a" "b36363ff2cfc9cb73500cb88eddbd2fe5fb498f08e2140d66c76fd7dd332464e", kill_on_drop: false }`
[INFO] running `Command { std: "docker" "inspect" "b36363ff2cfc9cb73500cb88eddbd2fe5fb498f08e2140d66c76fd7dd332464e", kill_on_drop: false }`
[INFO] running `Command { std: "docker" "rm" "-f" "b36363ff2cfc9cb73500cb88eddbd2fe5fb498f08e2140d66c76fd7dd332464e", kill_on_drop: false }`
[INFO] [stdout] b36363ff2cfc9cb73500cb88eddbd2fe5fb498f08e2140d66c76fd7dd332464e
[INFO] running `Command { std: "docker" "create" "-v" "/var/lib/crater-agent-workspace/builds/worker-4-tc2/target:/opt/rustwide/target:rw,Z" "-v" "/var/lib/crater-agent-workspace/builds/worker-4-tc2/source:/opt/rustwide/workdir:ro,Z" "-v" "/var/lib/crater-agent-workspace/cargo-home:/opt/rustwide/cargo-home:ro,Z" "-v" "/var/lib/crater-agent-workspace/rustup-home:/opt/rustwide/rustup-home:ro,Z" "-e" "SOURCE_DIR=/opt/rustwide/workdir" "-e" "CARGO_TARGET_DIR=/opt/rustwide/target" "-e" "CARGO_INCREMENTAL=0" "-e" "RUST_BACKTRACE=full" "-e" "RUSTFLAGS=--cap-lints=warn" "-e" "RUSTDOCFLAGS=--cap-lints=warn" "-e" "CARGO_HOME=/opt/rustwide/cargo-home" "-e" "RUSTUP_HOME=/opt/rustwide/rustup-home" "-w" "/opt/rustwide/workdir" "-m" "1610612736" "--user" "0:0" "--network" "none" "ghcr.io/rust-lang/crates-build-env/linux@sha256:5ff2268d62e97bff2cde7d5815dd6ed5b47097566f13b8d0ca110b04b60e07ed" "/opt/rustwide/cargo-home/bin/cargo" "+beta-2023-04-20" "build" "--frozen" "--message-format=json", kill_on_drop: false }`
[INFO] [stdout] 7866dbfd73aa6356dd22ed301fbae7ba5f508c135d21b8cd23559524ad707625
[INFO] running `Command { std: "docker" "start" "-a" "7866dbfd73aa6356dd22ed301fbae7ba5f508c135d21b8cd23559524ad707625", kill_on_drop: false }`
[INFO] [stderr]    Compiling indexmap v1.9.3
[INFO] [stderr]    Compiling proc-macro2 v1.0.56
[INFO] [stderr]    Compiling hashbrown v0.12.3
[INFO] [stderr]    Compiling toml_datetime v0.6.1
[INFO] [stderr]    Compiling syn v1.0.109
[INFO] [stderr]    Compiling winnow v0.4.4
[INFO] [stderr]    Compiling once_cell v1.17.1
[INFO] [stderr]    Compiling quote v1.0.26
[INFO] [stderr]    Compiling toml_edit v0.19.8
[INFO] [stderr]    Compiling proc-macro-crate v1.3.1
[INFO] [stderr]    Compiling sia-macro v0.0.2 (/opt/rustwide/workdir)
[INFO] [stderr]     Finished dev [unoptimized + debuginfo] target(s) in 9.32s
[INFO] running `Command { std: "docker" "inspect" "7866dbfd73aa6356dd22ed301fbae7ba5f508c135d21b8cd23559524ad707625", kill_on_drop: false }`
[INFO] running `Command { std: "docker" "rm" "-f" "7866dbfd73aa6356dd22ed301fbae7ba5f508c135d21b8cd23559524ad707625", kill_on_drop: false }`
[INFO] [stdout] 7866dbfd73aa6356dd22ed301fbae7ba5f508c135d21b8cd23559524ad707625
[INFO] running `Command { std: "docker" "create" "-v" "/var/lib/crater-agent-workspace/builds/worker-4-tc2/target:/opt/rustwide/target:rw,Z" "-v" "/var/lib/crater-agent-workspace/builds/worker-4-tc2/source:/opt/rustwide/workdir:ro,Z" "-v" "/var/lib/crater-agent-workspace/cargo-home:/opt/rustwide/cargo-home:ro,Z" "-v" "/var/lib/crater-agent-workspace/rustup-home:/opt/rustwide/rustup-home:ro,Z" "-e" "SOURCE_DIR=/opt/rustwide/workdir" "-e" "CARGO_TARGET_DIR=/opt/rustwide/target" "-e" "CARGO_INCREMENTAL=0" "-e" "RUST_BACKTRACE=full" "-e" "RUSTFLAGS=--cap-lints=warn" "-e" "RUSTDOCFLAGS=--cap-lints=warn" "-e" "CARGO_HOME=/opt/rustwide/cargo-home" "-e" "RUSTUP_HOME=/opt/rustwide/rustup-home" "-w" "/opt/rustwide/workdir" "-m" "1610612736" "--user" "0:0" "--network" "none" "ghcr.io/rust-lang/crates-build-env/linux@sha256:5ff2268d62e97bff2cde7d5815dd6ed5b47097566f13b8d0ca110b04b60e07ed" "/opt/rustwide/cargo-home/bin/cargo" "+beta-2023-04-20" "test" "--frozen" "--no-run" "--message-format=json", kill_on_drop: false }`
[INFO] [stdout] db95d79b2eedb127854edd8bb98713db5e974883a1f309a99c981904309584f5
[INFO] running `Command { std: "docker" "start" "-a" "db95d79b2eedb127854edd8bb98713db5e974883a1f309a99c981904309584f5", kill_on_drop: false }`
[INFO] [stderr]    Compiling sia-macro v0.0.2 (/opt/rustwide/workdir)
[INFO] [stderr]     Finished test [unoptimized + debuginfo] target(s) in 1.11s
[INFO] running `Command { std: "docker" "inspect" "db95d79b2eedb127854edd8bb98713db5e974883a1f309a99c981904309584f5", kill_on_drop: false }`
[INFO] running `Command { std: "docker" "rm" "-f" "db95d79b2eedb127854edd8bb98713db5e974883a1f309a99c981904309584f5", kill_on_drop: false }`
[INFO] [stdout] db95d79b2eedb127854edd8bb98713db5e974883a1f309a99c981904309584f5
[INFO] running `Command { std: "docker" "create" "-v" "/var/lib/crater-agent-workspace/builds/worker-4-tc2/target:/opt/rustwide/target:rw,Z" "-v" "/var/lib/crater-agent-workspace/builds/worker-4-tc2/source:/opt/rustwide/workdir:ro,Z" "-v" "/var/lib/crater-agent-workspace/cargo-home:/opt/rustwide/cargo-home:ro,Z" "-v" "/var/lib/crater-agent-workspace/rustup-home:/opt/rustwide/rustup-home:ro,Z" "-e" "SOURCE_DIR=/opt/rustwide/workdir" "-e" "CARGO_TARGET_DIR=/opt/rustwide/target" "-e" "CARGO_INCREMENTAL=0" "-e" "RUST_BACKTRACE=full" "-e" "RUSTFLAGS=--cap-lints=warn" "-e" "RUSTDOCFLAGS=--cap-lints=warn" "-e" "CARGO_HOME=/opt/rustwide/cargo-home" "-e" "RUSTUP_HOME=/opt/rustwide/rustup-home" "-w" "/opt/rustwide/workdir" "-m" "1610612736" "--user" "0:0" "--network" "none" "ghcr.io/rust-lang/crates-build-env/linux@sha256:5ff2268d62e97bff2cde7d5815dd6ed5b47097566f13b8d0ca110b04b60e07ed" "/opt/rustwide/cargo-home/bin/cargo" "+beta-2023-04-20" "test" "--frozen", kill_on_drop: false }`
[INFO] [stdout] 64ef8bd807df31681f4d6a7dcc4b95d459949312fac8f120f79adc02ce32c28d
[INFO] running `Command { std: "docker" "start" "-a" "64ef8bd807df31681f4d6a7dcc4b95d459949312fac8f120f79adc02ce32c28d", kill_on_drop: false }`
[INFO] [stderr]     Finished test [unoptimized + debuginfo] target(s) in 0.02s
[INFO] [stderr]      Running unittests src/lib.rs (/opt/rustwide/target/debug/deps/sia_macro-5879b9ca719b9983)
[INFO] [stdout] 
[INFO] [stdout] running 0 tests
[INFO] [stdout] 
[INFO] [stdout] test result: ok. 0 passed; 0 failed; 0 ignored; 0 measured; 0 filtered out; finished in 0.00s
[INFO] [stdout] 
[INFO] [stderr]    Doc-tests sia-macro
[INFO] [stdout] 
[INFO] [stdout] running 2 tests
[INFO] [stdout] test src/lib.rs - service (line 27) ... FAILED
[INFO] [stdout] test src/lib.rs - service (line 38) ... FAILED
[INFO] [stdout] 
[INFO] [stdout] failures:
[INFO] [stdout] 
[INFO] [stdout] ---- src/lib.rs - service (line 27) stdout ----
[INFO] [stdout] error: cannot find attribute `service` in this scope
[INFO] [stdout]  --> src/lib.rs:28:3
[INFO] [stdout]   |
[INFO] [stdout] 3 | #[service] // if no pipeline is indicated, the type of the channel must be specified
[INFO] [stdout]   |   ^^^^^^^
[INFO] [stdout]   |
[INFO] [stdout]   = help: consider importing this attribute macro:
[INFO] [stdout]           sia_macro::service
[INFO] [stdout] 
[INFO] [stdout] error: cannot find macro `tx` in this scope
[INFO] [stdout]  --> src/lib.rs:30:5
[INFO] [stdout]   |
[INFO] [stdout] 5 |     tx!(chan, 8); // send number
[INFO] [stdout]   |     ^^
[INFO] [stdout] 
[INFO] [stdout] error: cannot find macro `rx` in this scope
[INFO] [stdout]  --> src/lib.rs:31:5
[INFO] [stdout]   |
[INFO] [stdout] 6 |     rx!(number, chan); // receive number
[INFO] [stdout]   |     ^^
[INFO] [stdout] 
[INFO] [stdout] error[E0412]: cannot find type `Channel` in this scope
[INFO] [stdout]  --> src/lib.rs:29:27
[INFO] [stdout]   |
[INFO] [stdout] 4 | async fn my_service(chan: Channel) -> Result<()> {
[INFO] [stdout]   |                           ^^^^^^^ not found in this scope
[INFO] [stdout] 
[INFO] [stdout] error[E0425]: cannot find value `number` in this scope
[INFO] [stdout]  --> src/lib.rs:32:36
[INFO] [stdout]   |
[INFO] [stdout] 7 |     println!("received number {}", number);
[INFO] [stdout]   |                                    ^^^^^^ not found in this scope
[INFO] [stdout] 
[INFO] [stdout] error[E0107]: enum takes 2 generic arguments but 1 generic argument was supplied
[INFO] [stdout]  --> src/lib.rs:29:39
[INFO] [stdout]   |
[INFO] [stdout] 4 | async fn my_service(chan: Channel) -> Result<()> {
[INFO] [stdout]   |                                       ^^^^^^ -- supplied 1 generic argument
[INFO] [stdout]   |                                       |
[INFO] [stdout]   |                                       expected 2 generic arguments
[INFO] [stdout]   |
[INFO] [stdout] help: add missing generic argument
[INFO] [stdout]   |
[INFO] [stdout] 4 | async fn my_service(chan: Channel) -> Result<(), E> {
[INFO] [stdout]   |                                                +++
[INFO] [stdout] 
[INFO] [stdout] error: aborting due to 6 previous errors
[INFO] [stdout] 
[INFO] [stdout] Some errors have detailed explanations: E0107, E0412, E0425.
[INFO] [stdout] For more information about an error, try `rustc --explain E0107`.
[INFO] [stdout] Couldn't compile the test.
[INFO] [stdout] ---- src/lib.rs - service (line 38) stdout ----
[INFO] [stdout] error: cannot find attribute `service` in this scope
[INFO] [stdout]  --> src/lib.rs:39:3
[INFO] [stdout]   |
[INFO] [stdout] 3 | #[service] // if no pipeline is indicated, the type of the channel must be specified
[INFO] [stdout]   |   ^^^^^^^
[INFO] [stdout]   |
[INFO] [stdout]   = help: consider importing this attribute macro:
[INFO] [stdout]           sia_macro::service
[INFO] [stdout] 
[INFO] [stdout] error[E0433]: failed to resolve: use of undeclared type `Ordering`
[INFO] [stdout]  --> src/lib.rs:41:36
[INFO] [stdout]   |
[INFO] [stdout] 5 |     let val = counter.fetch_add(1, Ordering::Relaxed);
[INFO] [stdout]   |                                    ^^^^^^^^ use of undeclared type `Ordering`
[INFO] [stdout] 
[INFO] [stdout] error[E0412]: cannot find type `Arc` in this scope
[INFO] [stdout]  --> src/lib.rs:40:30
[INFO] [stdout]   |
[INFO] [stdout] 4 | async fn my_counter(counter: Arc<AtomicU64>, mut chan: Channel) -> Result<()> {
[INFO] [stdout]   |                              ^^^ not found in this scope
[INFO] [stdout]   |
[INFO] [stdout] help: consider importing this struct
[INFO] [stdout]   |
[INFO] [stdout] 2 + use std::sync::Arc;
[INFO] [stdout]   |
[INFO] [stdout] 
[INFO] [stdout] error[E0412]: cannot find type `AtomicU64` in this scope
[INFO] [stdout]  --> src/lib.rs:40:34
[INFO] [stdout]   |
[INFO] [stdout] 4 | async fn my_counter(counter: Arc<AtomicU64>, mut chan: Channel) -> Result<()> {
[INFO] [stdout]   |                                  ^^^^^^^^^ not found in this scope
[INFO] [stdout]   |
[INFO] [stdout] help: consider importing one of these items
[INFO] [stdout]   |
[INFO] [stdout] 2 + use core::sync::atomic::AtomicU64;
[INFO] [stdout]   |
[INFO] [stdout] 2 + use std::sync::atomic::AtomicU64;
[INFO] [stdout]   |
[INFO] [stdout] 
[INFO] [stdout] error[E0412]: cannot find type `Channel` in this scope
[INFO] [stdout]  --> src/lib.rs:40:56
[INFO] [stdout]   |
[INFO] [stdout] 4 | async fn my_counter(counter: Arc<AtomicU64>, mut chan: Channel) -> Result<()> {
[INFO] [stdout]   |                                                        ^^^^^^^ not found in this scope
[INFO] [stdout] 
[INFO] [stdout] error[E0107]: enum takes 2 generic arguments but 1 generic argument was supplied
[INFO] [stdout]  --> src/lib.rs:40:68
[INFO] [stdout]   |
[INFO] [stdout] 4 | async fn my_counter(counter: Arc<AtomicU64>, mut chan: Channel) -> Result<()> {
[INFO] [stdout]   |                                                                    ^^^^^^ -- supplied 1 generic argument
[INFO] [stdout]   |                                                                    |
[INFO] [stdout]   |                                                                    expected 2 generic arguments
[INFO] [stdout]   |
[INFO] [stdout] help: add missing generic argument
[INFO] [stdout]   |
[INFO] [stdout] 4 | async fn my_counter(counter: Arc<AtomicU64>, mut chan: Channel) -> Result<(), E> {
[INFO] [stdout]   |                                                                             +++
[INFO] [stdout] 
[INFO] [stdout] error: aborting due to 6 previous errors
[INFO] [stdout] 
[INFO] [stdout] Some errors have detailed explanations: E0107, E0412, E0433.
[INFO] [stdout] For more information about an error, try `rustc --explain E0107`.
[INFO] [stdout] Couldn't compile the test.
[INFO] [stdout] 
[INFO] [stdout] failures:
[INFO] [stdout]     src/lib.rs - service (line 27)
[INFO] [stdout]     src/lib.rs - service (line 38)
[INFO] [stdout] 
[INFO] [stdout] test result: FAILED. 0 passed; 2 failed; 0 ignored; 0 measured; 0 filtered out; finished in 0.13s
[INFO] [stdout] 
[INFO] [stderr] error: doctest failed, to rerun pass `--doc`
[INFO] running `Command { std: "docker" "inspect" "64ef8bd807df31681f4d6a7dcc4b95d459949312fac8f120f79adc02ce32c28d", kill_on_drop: false }`
[INFO] running `Command { std: "docker" "rm" "-f" "64ef8bd807df31681f4d6a7dcc4b95d459949312fac8f120f79adc02ce32c28d", kill_on_drop: false }`
[INFO] [stdout] 64ef8bd807df31681f4d6a7dcc4b95d459949312fac8f120f79adc02ce32c28d
