[INFO] fetching crate shopify_api 0.3.4...
[INFO] testing shopify_api-0.3.4 against 1.69.0 for beta-1.70-1
[INFO] extracting crate shopify_api 0.3.4 into /workspace/builds/worker-4-tc1/source
[INFO] validating manifest of crates.io crate shopify_api 0.3.4 on toolchain 1.69.0
[INFO] running `Command { std: CARGO_HOME="/workspace/cargo-home" RUSTUP_HOME="/workspace/rustup-home" "/workspace/cargo-home/bin/cargo" "+1.69.0" "metadata" "--manifest-path" "Cargo.toml" "--no-deps", kill_on_drop: false }`
[INFO] started tweaking crates.io crate shopify_api 0.3.4
[INFO] finished tweaking crates.io crate shopify_api 0.3.4
[INFO] tweaked toml for crates.io crate shopify_api 0.3.4 written to /workspace/builds/worker-4-tc1/source/Cargo.toml
[INFO] running `Command { std: CARGO_HOME="/workspace/cargo-home" RUSTUP_HOME="/workspace/rustup-home" __CARGO_TEST_CHANNEL_OVERRIDE_DO_NOT_USE_THIS="nightly" "/workspace/cargo-home/bin/cargo" "+1.69.0" "generate-lockfile" "--manifest-path" "Cargo.toml" "-Zno-index-update", kill_on_drop: false }`
[INFO] running `Command { std: CARGO_HOME="/workspace/cargo-home" RUSTUP_HOME="/workspace/rustup-home" "/workspace/cargo-home/bin/cargo" "+1.69.0" "fetch" "--manifest-path" "Cargo.toml", kill_on_drop: false }`
[INFO] running `Command { std: "docker" "create" "-v" "/var/lib/crater-agent-workspace/builds/worker-4-tc1/target:/opt/rustwide/target:rw,Z" "-v" "/var/lib/crater-agent-workspace/builds/worker-4-tc1/source:/opt/rustwide/workdir:ro,Z" "-v" "/var/lib/crater-agent-workspace/cargo-home:/opt/rustwide/cargo-home:ro,Z" "-v" "/var/lib/crater-agent-workspace/rustup-home:/opt/rustwide/rustup-home:ro,Z" "-e" "SOURCE_DIR=/opt/rustwide/workdir" "-e" "CARGO_TARGET_DIR=/opt/rustwide/target" "-e" "CARGO_HOME=/opt/rustwide/cargo-home" "-e" "RUSTUP_HOME=/opt/rustwide/rustup-home" "-w" "/opt/rustwide/workdir" "-m" "1610612736" "--user" "0:0" "--network" "none" "ghcr.io/rust-lang/crates-build-env/linux@sha256:5ff2268d62e97bff2cde7d5815dd6ed5b47097566f13b8d0ca110b04b60e07ed" "/opt/rustwide/cargo-home/bin/cargo" "+1.69.0" "metadata" "--no-deps" "--format-version=1", kill_on_drop: false }`
[INFO] [stdout] fb264e610bc9e7eca463cc2b9ed737b6b4445d7357a7503da62a134495064765
[INFO] running `Command { std: "docker" "start" "-a" "fb264e610bc9e7eca463cc2b9ed737b6b4445d7357a7503da62a134495064765", kill_on_drop: false }`
[INFO] running `Command { std: "docker" "inspect" "fb264e610bc9e7eca463cc2b9ed737b6b4445d7357a7503da62a134495064765", kill_on_drop: false }`
[INFO] running `Command { std: "docker" "rm" "-f" "fb264e610bc9e7eca463cc2b9ed737b6b4445d7357a7503da62a134495064765", kill_on_drop: false }`
[INFO] [stdout] fb264e610bc9e7eca463cc2b9ed737b6b4445d7357a7503da62a134495064765
[INFO] running `Command { std: "docker" "create" "-v" "/var/lib/crater-agent-workspace/builds/worker-4-tc1/target:/opt/rustwide/target:rw,Z" "-v" "/var/lib/crater-agent-workspace/builds/worker-4-tc1/source:/opt/rustwide/workdir:ro,Z" "-v" "/var/lib/crater-agent-workspace/cargo-home:/opt/rustwide/cargo-home:ro,Z" "-v" "/var/lib/crater-agent-workspace/rustup-home:/opt/rustwide/rustup-home:ro,Z" "-e" "SOURCE_DIR=/opt/rustwide/workdir" "-e" "CARGO_TARGET_DIR=/opt/rustwide/target" "-e" "CARGO_INCREMENTAL=0" "-e" "RUST_BACKTRACE=full" "-e" "RUSTFLAGS=--cap-lints=warn" "-e" "RUSTDOCFLAGS=--cap-lints=warn" "-e" "CARGO_HOME=/opt/rustwide/cargo-home" "-e" "RUSTUP_HOME=/opt/rustwide/rustup-home" "-w" "/opt/rustwide/workdir" "-m" "1610612736" "--user" "0:0" "--network" "none" "ghcr.io/rust-lang/crates-build-env/linux@sha256:5ff2268d62e97bff2cde7d5815dd6ed5b47097566f13b8d0ca110b04b60e07ed" "/opt/rustwide/cargo-home/bin/cargo" "+1.69.0" "build" "--frozen" "--message-format=json", kill_on_drop: false }`
[INFO] [stdout] af5fef1c222f10566e8a9388bac0b47b8ec7c4008e079b3dec0cd82f5d5839ff
[INFO] running `Command { std: "docker" "start" "-a" "af5fef1c222f10566e8a9388bac0b47b8ec7c4008e079b3dec0cd82f5d5839ff", kill_on_drop: false }`
[INFO] [stderr]    Compiling cc v1.0.79
[INFO] [stderr]    Compiling tokio v1.28.0
[INFO] [stderr]    Compiling futures-task v0.3.28
[INFO] [stderr]    Compiling futures-util v0.3.28
[INFO] [stderr]    Compiling tinyvec_macros v0.1.1
[INFO] [stderr]    Compiling tracing v0.1.37
[INFO] [stderr]    Compiling rustls v0.20.8
[INFO] [stderr]    Compiling serde v1.0.160
[INFO] [stderr]    Compiling num-traits v0.2.15
[INFO] [stderr]    Compiling num-integer v0.1.45
[INFO] [stderr]    Compiling serde_derive v1.0.160
[INFO] [stderr]    Compiling serde_json v1.0.96
[INFO] [stderr]    Compiling unicode-bidi v0.3.13
[INFO] [stderr]    Compiling base64 v0.21.0
[INFO] [stderr]    Compiling encoding_rs v0.8.32
[INFO] [stderr]    Compiling iana-time-zone v0.1.56
[INFO] [stderr]    Compiling tinyvec v1.6.0
[INFO] [stderr]    Compiling ipnet v2.7.2
[INFO] [stderr]    Compiling rustls-pemfile v1.0.2
[INFO] [stderr]    Compiling ring v0.16.20
[INFO] [stderr]    Compiling unicode-normalization v0.1.22
[INFO] [stderr]    Compiling idna v0.3.0
[INFO] [stderr]    Compiling chrono v0.4.24
[INFO] [stderr]    Compiling url v2.3.1
[INFO] [stderr]    Compiling webpki v0.22.0
[INFO] [stderr]    Compiling sct v0.7.0
[INFO] [stderr]    Compiling webpki-roots v0.22.6
[INFO] [stderr]    Compiling tokio-util v0.7.8
[INFO] [stderr]    Compiling h2 v0.3.18
[INFO] [stderr]    Compiling tokio-rustls v0.23.4
[INFO] [stderr]    Compiling serde_urlencoded v0.7.1
[INFO] [stderr]    Compiling hyper v0.14.26
[INFO] [stderr]    Compiling hyper-rustls v0.23.2
[INFO] [stderr]    Compiling reqwest v0.11.17
[INFO] [stderr]    Compiling shopify_api v0.3.4 (/opt/rustwide/workdir)
[INFO] [stdout] warning: use of deprecated method `chrono::TimeZone::ymd`: use `with_ymd_and_hms()` instead
[INFO] [stdout]   --> src/lib.rs:59:52
[INFO] [stdout]    |
[INFO] [stdout] 59 |         ShopifyAPIVersion::V2021_10 => chrono::Utc.ymd(2021, 10, 31).and_hms(23, 59, 59),
[INFO] [stdout]    |                                                    ^^^
[INFO] [stdout]    |
[INFO] [stdout]    = note: `#[warn(deprecated)]` on by default
[INFO] [stdout] 
[INFO] [stdout] 
[INFO] [stdout] warning: use of deprecated method `chrono::Date::<Tz>::and_hms`: Use and_hms_opt() instead
[INFO] [stdout]   --> src/lib.rs:59:70
[INFO] [stdout]    |
[INFO] [stdout] 59 |         ShopifyAPIVersion::V2021_10 => chrono::Utc.ymd(2021, 10, 31).and_hms(23, 59, 59),
[INFO] [stdout]    |                                                                      ^^^^^^^
[INFO] [stdout] 
[INFO] [stdout] 
[INFO] [stdout] warning: use of deprecated method `chrono::TimeZone::ymd`: use `with_ymd_and_hms()` instead
[INFO] [stdout]   --> src/lib.rs:60:52
[INFO] [stdout]    |
[INFO] [stdout] 60 |         ShopifyAPIVersion::V2022_01 => chrono::Utc.ymd(2022, 1, 31).and_hms(23, 59, 59),
[INFO] [stdout]    |                                                    ^^^
[INFO] [stdout] 
[INFO] [stdout] 
[INFO] [stdout] warning: use of deprecated method `chrono::Date::<Tz>::and_hms`: Use and_hms_opt() instead
[INFO] [stdout]   --> src/lib.rs:60:69
[INFO] [stdout]    |
[INFO] [stdout] 60 |         ShopifyAPIVersion::V2022_01 => chrono::Utc.ymd(2022, 1, 31).and_hms(23, 59, 59),
[INFO] [stdout]    |                                                                     ^^^^^^^
[INFO] [stdout] 
[INFO] [stdout] 
[INFO] [stdout] warning: use of deprecated method `chrono::TimeZone::ymd`: use `with_ymd_and_hms()` instead
[INFO] [stdout]   --> src/lib.rs:61:52
[INFO] [stdout]    |
[INFO] [stdout] 61 |         ShopifyAPIVersion::V2022_04 => chrono::Utc.ymd(2022, 4, 30).and_hms(23, 59, 59),
[INFO] [stdout]    |                                                    ^^^
[INFO] [stdout] 
[INFO] [stdout] 
[INFO] [stdout] warning: use of deprecated method `chrono::Date::<Tz>::and_hms`: Use and_hms_opt() instead
[INFO] [stdout]   --> src/lib.rs:61:69
[INFO] [stdout]    |
[INFO] [stdout] 61 |         ShopifyAPIVersion::V2022_04 => chrono::Utc.ymd(2022, 4, 30).and_hms(23, 59, 59),
[INFO] [stdout]    |                                                                     ^^^^^^^
[INFO] [stdout] 
[INFO] [stdout] 
[INFO] [stdout] warning: use of deprecated method `chrono::TimeZone::ymd`: use `with_ymd_and_hms()` instead
[INFO] [stdout]   --> src/lib.rs:62:52
[INFO] [stdout]    |
[INFO] [stdout] 62 |         ShopifyAPIVersion::V2022_07 => chrono::Utc.ymd(2022, 7, 31).and_hms(23, 59, 59),
[INFO] [stdout]    |                                                    ^^^
[INFO] [stdout] 
[INFO] [stdout] 
[INFO] [stdout] warning: use of deprecated method `chrono::Date::<Tz>::and_hms`: Use and_hms_opt() instead
[INFO] [stdout]   --> src/lib.rs:62:69
[INFO] [stdout]    |
[INFO] [stdout] 62 |         ShopifyAPIVersion::V2022_07 => chrono::Utc.ymd(2022, 7, 31).and_hms(23, 59, 59),
[INFO] [stdout]    |                                                                     ^^^^^^^
[INFO] [stdout] 
[INFO] [stdout] 
[INFO] [stdout] warning: use of deprecated method `chrono::TimeZone::ymd`: use `with_ymd_and_hms()` instead
[INFO] [stdout]   --> src/lib.rs:63:52
[INFO] [stdout]    |
[INFO] [stdout] 63 |         ShopifyAPIVersion::V2022_10 => chrono::Utc.ymd(2022, 10, 31).and_hms(23, 59, 59),
[INFO] [stdout]    |                                                    ^^^
[INFO] [stdout] 
[INFO] [stdout] 
[INFO] [stdout] warning: use of deprecated method `chrono::Date::<Tz>::and_hms`: Use and_hms_opt() instead
[INFO] [stdout]   --> src/lib.rs:63:70
[INFO] [stdout]    |
[INFO] [stdout] 63 |         ShopifyAPIVersion::V2022_10 => chrono::Utc.ymd(2022, 10, 31).and_hms(23, 59, 59),
[INFO] [stdout]    |                                                                      ^^^^^^^
[INFO] [stdout] 
[INFO] [stdout] 
[INFO] [stdout] warning: use of deprecated method `chrono::TimeZone::ymd`: use `with_ymd_and_hms()` instead
[INFO] [stdout]   --> src/lib.rs:64:52
[INFO] [stdout]    |
[INFO] [stdout] 64 |         ShopifyAPIVersion::V2023_01 => chrono::Utc.ymd(2023, 1, 31).and_hms(23, 59, 59),
[INFO] [stdout]    |                                                    ^^^
[INFO] [stdout] 
[INFO] [stdout] 
[INFO] [stdout] warning: use of deprecated method `chrono::Date::<Tz>::and_hms`: Use and_hms_opt() instead
[INFO] [stdout]   --> src/lib.rs:64:69
[INFO] [stdout]    |
[INFO] [stdout] 64 |         ShopifyAPIVersion::V2023_01 => chrono::Utc.ymd(2023, 1, 31).and_hms(23, 59, 59),
[INFO] [stdout]    |                                                                     ^^^^^^^
[INFO] [stdout] 
[INFO] [stdout] 
[INFO] [stdout] warning: use of deprecated method `chrono::TimeZone::ymd`: use `with_ymd_and_hms()` instead
[INFO] [stdout]   --> src/lib.rs:65:52
[INFO] [stdout]    |
[INFO] [stdout] 65 |         ShopifyAPIVersion::Unstable => chrono::Utc.ymd(9999, 12, 31).and_hms(23, 59, 59),
[INFO] [stdout]    |                                                    ^^^
[INFO] [stdout] 
[INFO] [stdout] 
[INFO] [stdout] warning: use of deprecated method `chrono::Date::<Tz>::and_hms`: Use and_hms_opt() instead
[INFO] [stdout]   --> src/lib.rs:65:70
[INFO] [stdout]    |
[INFO] [stdout] 65 |         ShopifyAPIVersion::Unstable => chrono::Utc.ymd(9999, 12, 31).and_hms(23, 59, 59),
[INFO] [stdout]    |                                                                      ^^^^^^^
[INFO] [stdout] 
[INFO] [stdout] 
[INFO] [stdout] warning: fields `api_version` and `shared_secret` are never read
[INFO] [stdout]   --> src/lib.rs:9:5
[INFO] [stdout]    |
[INFO] [stdout] 8  | pub struct Shopify {
[INFO] [stdout]    |            ------- fields in this struct
[INFO] [stdout] 9  |     api_version: ShopifyAPIVersion,
[INFO] [stdout]    |     ^^^^^^^^^^^
[INFO] [stdout] 10 |     shared_secret: Option<String>,
[INFO] [stdout]    |     ^^^^^^^^^^^^^
[INFO] [stdout]    |
[INFO] [stdout]    = note: `Shopify` has derived impls for the traits `Debug` and `Clone`, but these are intentionally ignored during dead code analysis
[INFO] [stdout]    = note: `#[warn(dead_code)]` on by default
[INFO] [stdout] 
[INFO] [stdout] 
[INFO] [stdout] warning: 15 warnings emitted
[INFO] [stdout] 
[INFO] [stdout] 
[INFO] [stderr]     Finished dev [unoptimized + debuginfo] target(s) in 11.16s
[INFO] running `Command { std: "docker" "inspect" "af5fef1c222f10566e8a9388bac0b47b8ec7c4008e079b3dec0cd82f5d5839ff", kill_on_drop: false }`
[INFO] running `Command { std: "docker" "rm" "-f" "af5fef1c222f10566e8a9388bac0b47b8ec7c4008e079b3dec0cd82f5d5839ff", kill_on_drop: false }`
[INFO] [stdout] af5fef1c222f10566e8a9388bac0b47b8ec7c4008e079b3dec0cd82f5d5839ff
[INFO] running `Command { std: "docker" "create" "-v" "/var/lib/crater-agent-workspace/builds/worker-4-tc1/target:/opt/rustwide/target:rw,Z" "-v" "/var/lib/crater-agent-workspace/builds/worker-4-tc1/source:/opt/rustwide/workdir:ro,Z" "-v" "/var/lib/crater-agent-workspace/cargo-home:/opt/rustwide/cargo-home:ro,Z" "-v" "/var/lib/crater-agent-workspace/rustup-home:/opt/rustwide/rustup-home:ro,Z" "-e" "SOURCE_DIR=/opt/rustwide/workdir" "-e" "CARGO_TARGET_DIR=/opt/rustwide/target" "-e" "CARGO_INCREMENTAL=0" "-e" "RUST_BACKTRACE=full" "-e" "RUSTFLAGS=--cap-lints=warn" "-e" "RUSTDOCFLAGS=--cap-lints=warn" "-e" "CARGO_HOME=/opt/rustwide/cargo-home" "-e" "RUSTUP_HOME=/opt/rustwide/rustup-home" "-w" "/opt/rustwide/workdir" "-m" "1610612736" "--user" "0:0" "--network" "none" "ghcr.io/rust-lang/crates-build-env/linux@sha256:5ff2268d62e97bff2cde7d5815dd6ed5b47097566f13b8d0ca110b04b60e07ed" "/opt/rustwide/cargo-home/bin/cargo" "+1.69.0" "test" "--frozen" "--no-run" "--message-format=json", kill_on_drop: false }`
[INFO] [stdout] 1f661aba81f325ced15cacca63824da086a8046756a20015a4b98f5d58ce1ad2
[INFO] running `Command { std: "docker" "start" "-a" "1f661aba81f325ced15cacca63824da086a8046756a20015a4b98f5d58ce1ad2", kill_on_drop: false }`
[INFO] [stderr]    Compiling tokio v1.28.0
[INFO] [stderr]    Compiling signal-hook-registry v1.4.1
[INFO] [stderr]    Compiling syn v2.0.15
[INFO] [stderr]    Compiling tokio-macros v2.1.0
[INFO] [stderr]    Compiling serde_derive v1.0.160
[INFO] [stderr]    Compiling serde v1.0.160
[INFO] [stderr]    Compiling tokio-util v0.7.8
[INFO] [stderr]    Compiling tokio-rustls v0.23.4
[INFO] [stderr]    Compiling h2 v0.3.18
[INFO] [stderr]    Compiling serde_urlencoded v0.7.1
[INFO] [stderr]    Compiling serde_json v1.0.96
[INFO] [stderr]    Compiling hyper v0.14.26
[INFO] [stderr]    Compiling hyper-rustls v0.23.2
[INFO] [stderr]    Compiling reqwest v0.11.17
[INFO] [stderr]    Compiling shopify_api v0.3.4 (/opt/rustwide/workdir)
[INFO] [stdout] warning: use of deprecated method `chrono::TimeZone::ymd`: use `with_ymd_and_hms()` instead
[INFO] [stdout]   --> src/lib.rs:59:52
[INFO] [stdout]    |
[INFO] [stdout] 59 |         ShopifyAPIVersion::V2021_10 => chrono::Utc.ymd(2021, 10, 31).and_hms(23, 59, 59),
[INFO] [stdout]    |                                                    ^^^
[INFO] [stdout]    |
[INFO] [stdout]    = note: `#[warn(deprecated)]` on by default
[INFO] [stdout] 
[INFO] [stdout] 
[INFO] [stdout] warning: use of deprecated method `chrono::Date::<Tz>::and_hms`: Use and_hms_opt() instead
[INFO] [stdout]   --> src/lib.rs:59:70
[INFO] [stdout]    |
[INFO] [stdout] 59 |         ShopifyAPIVersion::V2021_10 => chrono::Utc.ymd(2021, 10, 31).and_hms(23, 59, 59),
[INFO] [stdout]    |                                                                      ^^^^^^^
[INFO] [stdout] 
[INFO] [stdout] 
[INFO] [stdout] warning: use of deprecated method `chrono::TimeZone::ymd`: use `with_ymd_and_hms()` instead
[INFO] [stdout]   --> src/lib.rs:60:52
[INFO] [stdout]    |
[INFO] [stdout] 60 |         ShopifyAPIVersion::V2022_01 => chrono::Utc.ymd(2022, 1, 31).and_hms(23, 59, 59),
[INFO] [stdout]    |                                                    ^^^
[INFO] [stdout] 
[INFO] [stdout] 
[INFO] [stdout] warning: use of deprecated method `chrono::Date::<Tz>::and_hms`: Use and_hms_opt() instead
[INFO] [stdout]   --> src/lib.rs:60:69
[INFO] [stdout]    |
[INFO] [stdout] 60 |         ShopifyAPIVersion::V2022_01 => chrono::Utc.ymd(2022, 1, 31).and_hms(23, 59, 59),
[INFO] [stdout]    |                                                                     ^^^^^^^
[INFO] [stdout] 
[INFO] [stdout] 
[INFO] [stdout] warning: use of deprecated method `chrono::TimeZone::ymd`: use `with_ymd_and_hms()` instead
[INFO] [stdout]   --> src/lib.rs:61:52
[INFO] [stdout]    |
[INFO] [stdout] 61 |         ShopifyAPIVersion::V2022_04 => chrono::Utc.ymd(2022, 4, 30).and_hms(23, 59, 59),
[INFO] [stdout]    |                                                    ^^^
[INFO] [stdout] 
[INFO] [stdout] 
[INFO] [stdout] warning: use of deprecated method `chrono::Date::<Tz>::and_hms`: Use and_hms_opt() instead
[INFO] [stdout]   --> src/lib.rs:61:69
[INFO] [stdout]    |
[INFO] [stdout] 61 |         ShopifyAPIVersion::V2022_04 => chrono::Utc.ymd(2022, 4, 30).and_hms(23, 59, 59),
[INFO] [stdout]    |                                                                     ^^^^^^^
[INFO] [stdout] 
[INFO] [stdout] 
[INFO] [stdout] warning: use of deprecated method `chrono::TimeZone::ymd`: use `with_ymd_and_hms()` instead
[INFO] [stdout]   --> src/lib.rs:62:52
[INFO] [stdout]    |
[INFO] [stdout] 62 |         ShopifyAPIVersion::V2022_07 => chrono::Utc.ymd(2022, 7, 31).and_hms(23, 59, 59),
[INFO] [stdout]    |                                                    ^^^
[INFO] [stdout] 
[INFO] [stdout] 
[INFO] [stdout] warning: use of deprecated method `chrono::Date::<Tz>::and_hms`: Use and_hms_opt() instead
[INFO] [stdout]   --> src/lib.rs:62:69
[INFO] [stdout]    |
[INFO] [stdout] 62 |         ShopifyAPIVersion::V2022_07 => chrono::Utc.ymd(2022, 7, 31).and_hms(23, 59, 59),
[INFO] [stdout]    |                                                                     ^^^^^^^
[INFO] [stdout] 
[INFO] [stdout] 
[INFO] [stdout] warning: use of deprecated method `chrono::TimeZone::ymd`: use `with_ymd_and_hms()` instead
[INFO] [stdout]   --> src/lib.rs:63:52
[INFO] [stdout]    |
[INFO] [stdout] 63 |         ShopifyAPIVersion::V2022_10 => chrono::Utc.ymd(2022, 10, 31).and_hms(23, 59, 59),
[INFO] [stdout]    |                                                    ^^^
[INFO] [stdout] 
[INFO] [stdout] 
[INFO] [stdout] warning: use of deprecated method `chrono::Date::<Tz>::and_hms`: Use and_hms_opt() instead
[INFO] [stdout]   --> src/lib.rs:63:70
[INFO] [stdout]    |
[INFO] [stdout] 63 |         ShopifyAPIVersion::V2022_10 => chrono::Utc.ymd(2022, 10, 31).and_hms(23, 59, 59),
[INFO] [stdout]    |                                                                      ^^^^^^^
[INFO] [stdout] 
[INFO] [stdout] 
[INFO] [stdout] warning: use of deprecated method `chrono::TimeZone::ymd`: use `with_ymd_and_hms()` instead
[INFO] [stdout]   --> src/lib.rs:64:52
[INFO] [stdout]    |
[INFO] [stdout] 64 |         ShopifyAPIVersion::V2023_01 => chrono::Utc.ymd(2023, 1, 31).and_hms(23, 59, 59),
[INFO] [stdout]    |                                                    ^^^
[INFO] [stdout] 
[INFO] [stdout] 
[INFO] [stdout] warning: use of deprecated method `chrono::Date::<Tz>::and_hms`: Use and_hms_opt() instead
[INFO] [stdout]   --> src/lib.rs:64:69
[INFO] [stdout]    |
[INFO] [stdout] 64 |         ShopifyAPIVersion::V2023_01 => chrono::Utc.ymd(2023, 1, 31).and_hms(23, 59, 59),
[INFO] [stdout]    |                                                                     ^^^^^^^
[INFO] [stdout] 
[INFO] [stdout] 
[INFO] [stdout] warning: use of deprecated method `chrono::TimeZone::ymd`: use `with_ymd_and_hms()` instead
[INFO] [stdout]   --> src/lib.rs:65:52
[INFO] [stdout]    |
[INFO] [stdout] 65 |         ShopifyAPIVersion::Unstable => chrono::Utc.ymd(9999, 12, 31).and_hms(23, 59, 59),
[INFO] [stdout]    |                                                    ^^^
[INFO] [stdout] 
[INFO] [stdout] 
[INFO] [stdout] warning: use of deprecated method `chrono::Date::<Tz>::and_hms`: Use and_hms_opt() instead
[INFO] [stdout]   --> src/lib.rs:65:70
[INFO] [stdout]    |
[INFO] [stdout] 65 |         ShopifyAPIVersion::Unstable => chrono::Utc.ymd(9999, 12, 31).and_hms(23, 59, 59),
[INFO] [stdout]    |                                                                      ^^^^^^^
[INFO] [stdout] 
[INFO] [stdout] 
[INFO] [stdout] warning: fields `api_version` and `shared_secret` are never read
[INFO] [stdout]   --> src/lib.rs:9:5
[INFO] [stdout]    |
[INFO] [stdout] 8  | pub struct Shopify {
[INFO] [stdout]    |            ------- fields in this struct
[INFO] [stdout] 9  |     api_version: ShopifyAPIVersion,
[INFO] [stdout]    |     ^^^^^^^^^^^
[INFO] [stdout] 10 |     shared_secret: Option<String>,
[INFO] [stdout]    |     ^^^^^^^^^^^^^
[INFO] [stdout]    |
[INFO] [stdout]    = note: `Shopify` has derived impls for the traits `Debug` and `Clone`, but these are intentionally ignored during dead code analysis
[INFO] [stdout]    = note: `#[warn(dead_code)]` on by default
[INFO] [stdout] 
[INFO] [stdout] 
[INFO] [stdout] warning: 15 warnings emitted
[INFO] [stdout] 
[INFO] [stdout] 
[INFO] [stdout] warning: use of deprecated method `chrono::TimeZone::ymd`: use `with_ymd_and_hms()` instead
[INFO] [stdout]   --> src/lib.rs:59:52
[INFO] [stdout]    |
[INFO] [stdout] 59 |         ShopifyAPIVersion::V2021_10 => chrono::Utc.ymd(2021, 10, 31).and_hms(23, 59, 59),
[INFO] [stdout]    |                                                    ^^^
[INFO] [stdout]    |
[INFO] [stdout]    = note: `#[warn(deprecated)]` on by default
[INFO] [stdout] 
[INFO] [stdout] 
[INFO] [stdout] warning: use of deprecated method `chrono::Date::<Tz>::and_hms`: Use and_hms_opt() instead
[INFO] [stdout]   --> src/lib.rs:59:70
[INFO] [stdout]    |
[INFO] [stdout] 59 |         ShopifyAPIVersion::V2021_10 => chrono::Utc.ymd(2021, 10, 31).and_hms(23, 59, 59),
[INFO] [stdout]    |                                                                      ^^^^^^^
[INFO] [stdout] 
[INFO] [stdout] 
[INFO] [stdout] warning: use of deprecated method `chrono::TimeZone::ymd`: use `with_ymd_and_hms()` instead
[INFO] [stdout]   --> src/lib.rs:60:52
[INFO] [stdout]    |
[INFO] [stdout] 60 |         ShopifyAPIVersion::V2022_01 => chrono::Utc.ymd(2022, 1, 31).and_hms(23, 59, 59),
[INFO] [stdout]    |                                                    ^^^
[INFO] [stdout] 
[INFO] [stdout] 
[INFO] [stdout] warning: use of deprecated method `chrono::Date::<Tz>::and_hms`: Use and_hms_opt() instead
[INFO] [stdout]   --> src/lib.rs:60:69
[INFO] [stdout]    |
[INFO] [stdout] 60 |         ShopifyAPIVersion::V2022_01 => chrono::Utc.ymd(2022, 1, 31).and_hms(23, 59, 59),
[INFO] [stdout]    |                                                                     ^^^^^^^
[INFO] [stdout] 
[INFO] [stdout] 
[INFO] [stdout] warning: use of deprecated method `chrono::TimeZone::ymd`: use `with_ymd_and_hms()` instead
[INFO] [stdout]   --> src/lib.rs:61:52
[INFO] [stdout]    |
[INFO] [stdout] 61 |         ShopifyAPIVersion::V2022_04 => chrono::Utc.ymd(2022, 4, 30).and_hms(23, 59, 59),
[INFO] [stdout]    |                                                    ^^^
[INFO] [stdout] 
[INFO] [stdout] 
[INFO] [stdout] warning: use of deprecated method `chrono::Date::<Tz>::and_hms`: Use and_hms_opt() instead
[INFO] [stdout]   --> src/lib.rs:61:69
[INFO] [stdout]    |
[INFO] [stdout] 61 |         ShopifyAPIVersion::V2022_04 => chrono::Utc.ymd(2022, 4, 30).and_hms(23, 59, 59),
[INFO] [stdout]    |                                                                     ^^^^^^^
[INFO] [stdout] 
[INFO] [stdout] 
[INFO] [stdout] warning: use of deprecated method `chrono::TimeZone::ymd`: use `with_ymd_and_hms()` instead
[INFO] [stdout]   --> src/lib.rs:62:52
[INFO] [stdout]    |
[INFO] [stdout] 62 |         ShopifyAPIVersion::V2022_07 => chrono::Utc.ymd(2022, 7, 31).and_hms(23, 59, 59),
[INFO] [stdout]    |                                                    ^^^
[INFO] [stdout] 
[INFO] [stdout] 
[INFO] [stdout] warning: use of deprecated method `chrono::Date::<Tz>::and_hms`: Use and_hms_opt() instead
[INFO] [stdout]   --> src/lib.rs:62:69
[INFO] [stdout]    |
[INFO] [stdout] 62 |         ShopifyAPIVersion::V2022_07 => chrono::Utc.ymd(2022, 7, 31).and_hms(23, 59, 59),
[INFO] [stdout]    |                                                                     ^^^^^^^
[INFO] [stdout] 
[INFO] [stdout] 
[INFO] [stdout] warning: use of deprecated method `chrono::TimeZone::ymd`: use `with_ymd_and_hms()` instead
[INFO] [stdout]   --> src/lib.rs:63:52
[INFO] [stdout]    |
[INFO] [stdout] 63 |         ShopifyAPIVersion::V2022_10 => chrono::Utc.ymd(2022, 10, 31).and_hms(23, 59, 59),
[INFO] [stdout]    |                                                    ^^^
[INFO] [stdout] 
[INFO] [stdout] 
[INFO] [stdout] warning: use of deprecated method `chrono::Date::<Tz>::and_hms`: Use and_hms_opt() instead
[INFO] [stdout]   --> src/lib.rs:63:70
[INFO] [stdout]    |
[INFO] [stdout] 63 |         ShopifyAPIVersion::V2022_10 => chrono::Utc.ymd(2022, 10, 31).and_hms(23, 59, 59),
[INFO] [stdout]    |                                                                      ^^^^^^^
[INFO] [stdout] 
[INFO] [stdout] 
[INFO] [stdout] warning: use of deprecated method `chrono::TimeZone::ymd`: use `with_ymd_and_hms()` instead
[INFO] [stdout]   --> src/lib.rs:64:52
[INFO] [stdout]    |
[INFO] [stdout] 64 |         ShopifyAPIVersion::V2023_01 => chrono::Utc.ymd(2023, 1, 31).and_hms(23, 59, 59),
[INFO] [stdout]    |                                                    ^^^
[INFO] [stdout] 
[INFO] [stdout] 
[INFO] [stdout] warning: use of deprecated method `chrono::Date::<Tz>::and_hms`: Use and_hms_opt() instead
[INFO] [stdout]   --> src/lib.rs:64:69
[INFO] [stdout]    |
[INFO] [stdout] 64 |         ShopifyAPIVersion::V2023_01 => chrono::Utc.ymd(2023, 1, 31).and_hms(23, 59, 59),
[INFO] [stdout]    |                                                                     ^^^^^^^
[INFO] [stdout] 
[INFO] [stdout] 
[INFO] [stdout] warning: use of deprecated method `chrono::TimeZone::ymd`: use `with_ymd_and_hms()` instead
[INFO] [stdout]   --> src/lib.rs:65:52
[INFO] [stdout]    |
[INFO] [stdout] 65 |         ShopifyAPIVersion::Unstable => chrono::Utc.ymd(9999, 12, 31).and_hms(23, 59, 59),
[INFO] [stdout]    |                                                    ^^^
[INFO] [stdout] 
[INFO] [stdout] 
[INFO] [stdout] warning: use of deprecated method `chrono::Date::<Tz>::and_hms`: Use and_hms_opt() instead
[INFO] [stdout]   --> src/lib.rs:65:70
[INFO] [stdout]    |
[INFO] [stdout] 65 |         ShopifyAPIVersion::Unstable => chrono::Utc.ymd(9999, 12, 31).and_hms(23, 59, 59),
[INFO] [stdout]    |                                                                      ^^^^^^^
[INFO] [stdout] 
[INFO] [stdout] 
[INFO] [stdout] warning: fields `api_version` and `shared_secret` are never read
[INFO] [stdout]   --> src/lib.rs:9:5
[INFO] [stdout]    |
[INFO] [stdout] 8  | pub struct Shopify {
[INFO] [stdout]    |            ------- fields in this struct
[INFO] [stdout] 9  |     api_version: ShopifyAPIVersion,
[INFO] [stdout]    |     ^^^^^^^^^^^
[INFO] [stdout] 10 |     shared_secret: Option<String>,
[INFO] [stdout]    |     ^^^^^^^^^^^^^
[INFO] [stdout]    |
[INFO] [stdout]    = note: `Shopify` has derived impls for the traits `Debug` and `Clone`, but these are intentionally ignored during dead code analysis
[INFO] [stdout]    = note: `#[warn(dead_code)]` on by default
[INFO] [stdout] 
[INFO] [stdout] 
[INFO] [stdout] warning: 15 warnings emitted
[INFO] [stdout] 
[INFO] [stdout] 
[INFO] [stderr]     Finished test [unoptimized + debuginfo] target(s) in 17.36s
[INFO] running `Command { std: "docker" "inspect" "1f661aba81f325ced15cacca63824da086a8046756a20015a4b98f5d58ce1ad2", kill_on_drop: false }`
[INFO] running `Command { std: "docker" "rm" "-f" "1f661aba81f325ced15cacca63824da086a8046756a20015a4b98f5d58ce1ad2", kill_on_drop: false }`
[INFO] [stdout] 1f661aba81f325ced15cacca63824da086a8046756a20015a4b98f5d58ce1ad2
[INFO] running `Command { std: "docker" "create" "-v" "/var/lib/crater-agent-workspace/builds/worker-4-tc1/target:/opt/rustwide/target:rw,Z" "-v" "/var/lib/crater-agent-workspace/builds/worker-4-tc1/source:/opt/rustwide/workdir:ro,Z" "-v" "/var/lib/crater-agent-workspace/cargo-home:/opt/rustwide/cargo-home:ro,Z" "-v" "/var/lib/crater-agent-workspace/rustup-home:/opt/rustwide/rustup-home:ro,Z" "-e" "SOURCE_DIR=/opt/rustwide/workdir" "-e" "CARGO_TARGET_DIR=/opt/rustwide/target" "-e" "CARGO_INCREMENTAL=0" "-e" "RUST_BACKTRACE=full" "-e" "RUSTFLAGS=--cap-lints=warn" "-e" "RUSTDOCFLAGS=--cap-lints=warn" "-e" "CARGO_HOME=/opt/rustwide/cargo-home" "-e" "RUSTUP_HOME=/opt/rustwide/rustup-home" "-w" "/opt/rustwide/workdir" "-m" "1610612736" "--user" "0:0" "--network" "none" "ghcr.io/rust-lang/crates-build-env/linux@sha256:5ff2268d62e97bff2cde7d5815dd6ed5b47097566f13b8d0ca110b04b60e07ed" "/opt/rustwide/cargo-home/bin/cargo" "+1.69.0" "test" "--frozen", kill_on_drop: false }`
[INFO] [stdout] b95f984ca692bde279f16c276a7cc5f0afae646416c3b441f842d5db2d6d7c3f
[INFO] running `Command { std: "docker" "start" "-a" "b95f984ca692bde279f16c276a7cc5f0afae646416c3b441f842d5db2d6d7c3f", kill_on_drop: false }`
[INFO] [stderr] warning: use of deprecated method `chrono::TimeZone::ymd`: use `with_ymd_and_hms()` instead
[INFO] [stderr]   --> src/lib.rs:59:52
[INFO] [stderr]    |
[INFO] [stderr] 59 |         ShopifyAPIVersion::V2021_10 => chrono::Utc.ymd(2021, 10, 31).and_hms(23, 59, 59),
[INFO] [stderr]    |                                                    ^^^
[INFO] [stderr]    |
[INFO] [stderr]    = note: `#[warn(deprecated)]` on by default
[INFO] [stderr] 
[INFO] [stderr] warning: use of deprecated method `chrono::Date::<Tz>::and_hms`: Use and_hms_opt() instead
[INFO] [stderr]   --> src/lib.rs:59:70
[INFO] [stderr]    |
[INFO] [stderr] 59 |         ShopifyAPIVersion::V2021_10 => chrono::Utc.ymd(2021, 10, 31).and_hms(23, 59, 59),
[INFO] [stderr]    |                                                                      ^^^^^^^
[INFO] [stderr] 
[INFO] [stderr] warning: use of deprecated method `chrono::TimeZone::ymd`: use `with_ymd_and_hms()` instead
[INFO] [stderr]   --> src/lib.rs:60:52
[INFO] [stderr]    |
[INFO] [stderr] 60 |         ShopifyAPIVersion::V2022_01 => chrono::Utc.ymd(2022, 1, 31).and_hms(23, 59, 59),
[INFO] [stderr]    |                                                    ^^^
[INFO] [stderr] 
[INFO] [stderr] warning: use of deprecated method `chrono::Date::<Tz>::and_hms`: Use and_hms_opt() instead
[INFO] [stderr]   --> src/lib.rs:60:69
[INFO] [stderr]    |
[INFO] [stderr] 60 |         ShopifyAPIVersion::V2022_01 => chrono::Utc.ymd(2022, 1, 31).and_hms(23, 59, 59),
[INFO] [stderr]    |                                                                     ^^^^^^^
[INFO] [stderr] 
[INFO] [stderr] warning: use of deprecated method `chrono::TimeZone::ymd`: use `with_ymd_and_hms()` instead
[INFO] [stderr]   --> src/lib.rs:61:52
[INFO] [stderr]    |
[INFO] [stderr] 61 |         ShopifyAPIVersion::V2022_04 => chrono::Utc.ymd(2022, 4, 30).and_hms(23, 59, 59),
[INFO] [stderr]    |                                                    ^^^
[INFO] [stderr] 
[INFO] [stderr] warning: use of deprecated method `chrono::Date::<Tz>::and_hms`: Use and_hms_opt() instead
[INFO] [stderr]   --> src/lib.rs:61:69
[INFO] [stderr]    |
[INFO] [stderr] 61 |         ShopifyAPIVersion::V2022_04 => chrono::Utc.ymd(2022, 4, 30).and_hms(23, 59, 59),
[INFO] [stderr]    |                                                                     ^^^^^^^
[INFO] [stderr] 
[INFO] [stderr] warning: use of deprecated method `chrono::TimeZone::ymd`: use `with_ymd_and_hms()` instead
[INFO] [stderr]   --> src/lib.rs:62:52
[INFO] [stderr]    |
[INFO] [stderr] 62 |         ShopifyAPIVersion::V2022_07 => chrono::Utc.ymd(2022, 7, 31).and_hms(23, 59, 59),
[INFO] [stderr]    |                                                    ^^^
[INFO] [stderr] 
[INFO] [stderr] warning: use of deprecated method `chrono::Date::<Tz>::and_hms`: Use and_hms_opt() instead
[INFO] [stderr]   --> src/lib.rs:62:69
[INFO] [stderr]    |
[INFO] [stderr] 62 |         ShopifyAPIVersion::V2022_07 => chrono::Utc.ymd(2022, 7, 31).and_hms(23, 59, 59),
[INFO] [stderr]    |                                                                     ^^^^^^^
[INFO] [stderr] 
[INFO] [stderr] warning: use of deprecated method `chrono::TimeZone::ymd`: use `with_ymd_and_hms()` instead
[INFO] [stderr]   --> src/lib.rs:63:52
[INFO] [stderr]    |
[INFO] [stderr] 63 |         ShopifyAPIVersion::V2022_10 => chrono::Utc.ymd(2022, 10, 31).and_hms(23, 59, 59),
[INFO] [stderr]    |                                                    ^^^
[INFO] [stderr] 
[INFO] [stderr] warning: use of deprecated method `chrono::Date::<Tz>::and_hms`: Use and_hms_opt() instead
[INFO] [stderr]   --> src/lib.rs:63:70
[INFO] [stderr]    |
[INFO] [stderr] 63 |         ShopifyAPIVersion::V2022_10 => chrono::Utc.ymd(2022, 10, 31).and_hms(23, 59, 59),
[INFO] [stderr]    |                                                                      ^^^^^^^
[INFO] [stderr] 
[INFO] [stderr] warning: use of deprecated method `chrono::TimeZone::ymd`: use `with_ymd_and_hms()` instead
[INFO] [stderr]   --> src/lib.rs:64:52
[INFO] [stderr]    |
[INFO] [stderr] 64 |         ShopifyAPIVersion::V2023_01 => chrono::Utc.ymd(2023, 1, 31).and_hms(23, 59, 59),
[INFO] [stderr]    |                                                    ^^^
[INFO] [stderr] 
[INFO] [stderr] warning: use of deprecated method `chrono::Date::<Tz>::and_hms`: Use and_hms_opt() instead
[INFO] [stderr]   --> src/lib.rs:64:69
[INFO] [stderr]    |
[INFO] [stderr] 64 |         ShopifyAPIVersion::V2023_01 => chrono::Utc.ymd(2023, 1, 31).and_hms(23, 59, 59),
[INFO] [stderr]    |                                                                     ^^^^^^^
[INFO] [stderr] 
[INFO] [stderr] warning: use of deprecated method `chrono::TimeZone::ymd`: use `with_ymd_and_hms()` instead
[INFO] [stderr]   --> src/lib.rs:65:52
[INFO] [stderr]    |
[INFO] [stderr] 65 |         ShopifyAPIVersion::Unstable => chrono::Utc.ymd(9999, 12, 31).and_hms(23, 59, 59),
[INFO] [stderr]    |                                                    ^^^
[INFO] [stderr] 
[INFO] [stderr] warning: use of deprecated method `chrono::Date::<Tz>::and_hms`: Use and_hms_opt() instead
[INFO] [stderr]   --> src/lib.rs:65:70
[INFO] [stderr]    |
[INFO] [stderr] 65 |         ShopifyAPIVersion::Unstable => chrono::Utc.ymd(9999, 12, 31).and_hms(23, 59, 59),
[INFO] [stderr]    |                                                                      ^^^^^^^
[INFO] [stderr] 
[INFO] [stderr] warning: fields `api_version` and `shared_secret` are never read
[INFO] [stderr]   --> src/lib.rs:9:5
[INFO] [stderr]    |
[INFO] [stderr] 8  | pub struct Shopify {
[INFO] [stderr]    |            ------- fields in this struct
[INFO] [stderr] 9  |     api_version: ShopifyAPIVersion,
[INFO] [stderr]    |     ^^^^^^^^^^^
[INFO] [stderr] 10 |     shared_secret: Option<String>,
[INFO] [stderr]    |     ^^^^^^^^^^^^^
[INFO] [stderr]    |
[INFO] [stderr]    = note: `Shopify` has derived impls for the traits `Debug` and `Clone`, but these are intentionally ignored during dead code analysis
[INFO] [stderr]    = note: `#[warn(dead_code)]` on by default
[INFO] [stderr] 
[INFO] [stderr] warning: `shopify_api` (lib) generated 15 warnings
[INFO] [stderr] warning: `shopify_api` (lib test) generated 15 warnings (15 duplicates)
[INFO] [stderr]     Finished test [unoptimized + debuginfo] target(s) in 0.10s
[INFO] [stdout] 
[INFO] [stderr]      Running unittests src/lib.rs (/opt/rustwide/target/debug/deps/shopify_api-4932506eb3d522fa)
[INFO] [stdout] running 0 tests
[INFO] [stderr]    Doc-tests shopify_api
[INFO] [stdout] 
[INFO] [stdout] test result: ok. 0 passed; 0 failed; 0 ignored; 0 measured; 0 filtered out; finished in 0.00s
[INFO] [stdout] 
[INFO] [stdout] 
[INFO] [stdout] running 12 tests
[INFO] [stdout] test src/graphql/mod.rs - graphql::Shopify::graphql_query (line 89) ... FAILED
[INFO] [stdout] test src/rest/mod.rs - rest::Shopify::rest_query (line 119) ... FAILED
[INFO] [stdout] test src/utils.rs - utils::read_json_tree (line 116) ... FAILED
[INFO] [stdout] test src/utils.rs - utils::retry_sync (line 56) ... ok
[INFO] [stdout] test src/utils.rs - utils::retry_async (line 5) ... ok
[INFO] [stdout] test src/lib.rs - Shopify::get_api_endpoint (line 192) ... FAILED
[INFO] [stdout] test src/lib.rs - api_version_to_string (line 84) ... FAILED
[INFO] [stdout] test src/lib.rs - is_deprecated (line 71) ... FAILED
[INFO] [stdout] test src/lib.rs - Shopify::set_api_key (line 164) ... ok
[INFO] [stdout] test src/lib.rs - get_end_of_support_date (line 48) ... ok
[INFO] [stdout] test src/lib.rs - Shopify::get_shop (line 153) ... ok
[INFO] [stdout] test src/lib.rs - Shopify::new (line 110) ... ok
[INFO] [stdout] 
[INFO] [stdout] failures:
[INFO] [stdout] 
[INFO] [stdout] ---- src/graphql/mod.rs - graphql::Shopify::graphql_query (line 89) stdout ----
[INFO] [stdout] error: environment variable `TEST_SHOP_NAME` not defined at compile time
[INFO] [stdout]   --> src/graphql/mod.rs:101:30
[INFO] [stdout]    |
[INFO] [stdout] 14 |   let shopify = Shopify::new(env!("TEST_SHOP_NAME"), env!("TEST_KEY"), ShopifyAPIVersion::V2023_01, None);
[INFO] [stdout]    |                              ^^^^^^^^^^^^^^^^^^^^^^
[INFO] [stdout]    |
[INFO] [stdout]    = help: Use `std::env::var("TEST_SHOP_NAME")` to read the variable at run time
[INFO] [stdout]    = note: this error originates in the macro `env` (in Nightly builds, run with -Z macro-backtrace for more info)
[INFO] [stdout] 
[INFO] [stdout] error: environment variable `TEST_KEY` not defined at compile time
[INFO] [stdout]   --> src/graphql/mod.rs:101:54
[INFO] [stdout]    |
[INFO] [stdout] 14 |   let shopify = Shopify::new(env!("TEST_SHOP_NAME"), env!("TEST_KEY"), ShopifyAPIVersion::V2023_01, None);
[INFO] [stdout]    |                                                      ^^^^^^^^^^^^^^^^
[INFO] [stdout]    |
[INFO] [stdout]    = help: Use `std::env::var("TEST_KEY")` to read the variable at run time
[INFO] [stdout]    = note: this error originates in the macro `env` (in Nightly builds, run with -Z macro-backtrace for more info)
[INFO] [stdout] 
[INFO] [stdout] error: aborting due to 2 previous errors
[INFO] [stdout] 
[INFO] [stdout] Couldn't compile the test.
[INFO] [stdout] ---- src/rest/mod.rs - rest::Shopify::rest_query (line 119) stdout ----
[INFO] [stdout] error: environment variable `TEST_SHOP_NAME` not defined at compile time
[INFO] [stdout]   --> src/rest/mod.rs:135:31
[INFO] [stdout]    |
[INFO] [stdout] 18 |    let shopify = Shopify::new(env!("TEST_SHOP_NAME"), env!("TEST_KEY"), ShopifyAPIVersion::V2023_01, None);
[INFO] [stdout]    |                               ^^^^^^^^^^^^^^^^^^^^^^
[INFO] [stdout]    |
[INFO] [stdout]    = help: Use `std::env::var("TEST_SHOP_NAME")` to read the variable at run time
[INFO] [stdout]    = note: this error originates in the macro `env` (in Nightly builds, run with -Z macro-backtrace for more info)
[INFO] [stdout] 
[INFO] [stdout] error: environment variable `TEST_KEY` not defined at compile time
[INFO] [stdout]   --> src/rest/mod.rs:135:55
[INFO] [stdout]    |
[INFO] [stdout] 18 |    let shopify = Shopify::new(env!("TEST_SHOP_NAME"), env!("TEST_KEY"), ShopifyAPIVersion::V2023_01, None);
[INFO] [stdout]    |                                                       ^^^^^^^^^^^^^^^^
[INFO] [stdout]    |
[INFO] [stdout]    = help: Use `std::env::var("TEST_KEY")` to read the variable at run time
[INFO] [stdout]    = note: this error originates in the macro `env` (in Nightly builds, run with -Z macro-backtrace for more info)
[INFO] [stdout] 
[INFO] [stdout] error: aborting due to 2 previous errors
[INFO] [stdout] 
[INFO] [stdout] Couldn't compile the test.
[INFO] [stdout] ---- src/utils.rs - utils::read_json_tree (line 116) stdout ----
[INFO] [stdout] error: linking with `cc` failed: exit status: 1
[INFO] [stdout]   |
[INFO] [stdout]   = note: LC_ALL="C" PATH="/opt/rustwide/rustup-home/toolchains/1.69.0-x86_64-unknown-linux-gnu/lib/rustlib/x86_64-unknown-linux-gnu/bin:/opt/rustwide/cargo-home/bin:/usr/local/sbin:/usr/local/bin:/usr/sbin:/usr/bin:/sbin:/bin" VSLANG="1033" "cc" "-m64" "/tmp/rustcqK5bAT/symbols.o" "/tmp/rustdoctestNguoVZ/rust_out.rust_out.5bfee551-cgu.0.rcgu.o" "/tmp/rustdoctestNguoVZ/rust_out.j00p4ncf7xg64kg.rcgu.o" "-Wl,--as-needed" "-L" "/opt/rustwide/target/debug/deps" "-L" "/opt/rustwide/target/debug/deps" "-L" "/opt/rustwide/target/debug/build/ring-3d31b0bbaa3a7a2d/out" "-L" "/opt/rustwide/rustup-home/toolchains/1.69.0-x86_64-unknown-linux-gnu/lib/rustlib/x86_64-unknown-linux-gnu/lib" "-Wl,-Bstatic" "/opt/rustwide/target/debug/deps/libshopify_api-1b858923a7cadc9b.rlib" "/opt/rustwide/target/debug/deps/libreqwest-b4d7991c1be3a73e.rlib" "/opt/rustwide/target/debug/deps/librustls_pemfile-b8d8488d078135e6.rlib" "/opt/rustwide/target/debug/deps/libhyper_rustls-cd0a68e6fc0c20ba.rlib" "/opt/rustwide/target/debug/deps/libserde_urlencoded-ada74fe79d4b8642.rlib" "/opt/rustwide/target/debug/deps/libwebpki_roots-0fd5e53082733afe.rlib" "/opt/rustwide/target/debug/deps/libbase64-8062ff4772a66de9.rlib" "/opt/rustwide/target/debug/deps/libipnet-c7c4785b48ce73f5.rlib" "/opt/rustwide/target/debug/deps/libtokio_rustls-b80d0109bea6c137.rlib" "/opt/rustwide/target/debug/deps/libmime-a79fe19129dcd0fb.rlib" "/opt/rustwide/target/debug/deps/libencoding_rs-73122f64baa7d749.rlib" "/opt/rustwide/target/debug/deps/libserde_json-b65abace08404fb6.rlib" "/opt/rustwide/target/debug/deps/libryu-87a43729435ac998.rlib" "/opt/rustwide/target/debug/deps/libserde-7d241694a79c201b.rlib" "/opt/rustwide/target/debug/deps/librustls-65929bb056442283.rlib" "/opt/rustwide/target/debug/deps/libsct-9b2c1c8e1dae6788.rlib" "/opt/rustwide/target/debug/deps/libwebpki-358b4846c5047348.rlib" "/opt/rustwide/target/debug/deps/libring-b8198050cf4afdad.rlib" "/opt/rustwide/target/debug/deps/libspin-ba7f384cfb4b159f.rlib" "/opt/rustwide/target/debug/deps/libuntrusted-ec41ab00ed225515.rlib" "/opt/rustwide/target/debug/deps/libhyper-48f632ce6cc983e0.rlib" "/opt/rustwide/target/debug/deps/libwant-ac7922456ffd1225.rlib" "/opt/rustwide/target/debug/deps/libtry_lock-ec51eacf97b087e9.rlib" "/opt/rustwide/target/debug/deps/libhttparse-30fefae29fd53c2e.rlib" "/opt/rustwide/target/debug/deps/libh2-f31fe4a45d41b851.rlib" "/opt/rustwide/target/debug/deps/libindexmap-4a7e2da62b4b6cd1.rlib" "/opt/rustwide/target/debug/deps/libhashbrown-f669da50cece7aa5.rlib" "/opt/rustwide/target/debug/deps/libslab-8bb798f134a0a9e7.rlib" "/opt/rustwide/target/debug/deps/libtokio_util-2e2ee03be3478c9f.rlib" "/opt/rustwide/target/debug/deps/libfutures_sink-0848eae0e91803d6.rlib" "/opt/rustwide/target/debug/deps/libtower_service-a82a463fea06a00e.rlib" "/opt/rustwide/target/debug/deps/libtracing-5e45c18f98c454bb.rlib" "/opt/rustwide/target/debug/deps/libtracing_core-259db95f475fb2a8.rlib" "/opt/rustwide/target/debug/deps/libonce_cell-7d2ec3fb6b6c5a4d.rlib" "/opt/rustwide/target/debug/deps/libfutures_channel-9c01e1ce72b61406.rlib" "/opt/rustwide/target/debug/deps/libfutures_util-8718168df7472c19.rlib" "/opt/rustwide/target/debug/deps/libfutures_task-1b3d583a0689aac4.rlib" "/opt/rustwide/target/debug/deps/libpin_utils-0d8eaf4ac0fcb221.rlib" "/opt/rustwide/target/debug/deps/libtokio-008c5e7302a50b78.rlib" "/opt/rustwide/target/debug/deps/libsignal_hook_registry-0519d59f93b4969e.rlib" "/opt/rustwide/target/debug/deps/libnum_cpus-955db27608b22469.rlib" "/opt/rustwide/target/debug/deps/libsocket2-809776a880009f42.rlib" "/opt/rustwide/target/debug/deps/libmio-a2d88e767ecbe46c.rlib" "/opt/rustwide/target/debug/deps/libparking_lot-0c8f9524b562c19b.rlib" "/opt/rustwide/target/debug/deps/libparking_lot_core-4c61bf1d0fb1d4ae.rlib" "/opt/rustwide/target/debug/deps/libsmallvec-22f2447eab0ca59b.rlib" "/opt/rustwide/target/debug/deps/liblock_api-68f9f4627da435ce.rlib" "/opt/rustwide/target/debug/deps/libscopeguard-f471875f675163b5.rlib" "/opt/rustwide/target/debug/deps/libhttp_body-1af96f59fded0cc1.rlib" "/opt/rustwide/target/debug/deps/libpin_project_lite-e66e1bab7310d569.rlib" "/opt/rustwide/target/debug/deps/liblog-b7002f1ab15c8d8b.rlib" "/opt/rustwide/target/debug/deps/libcfg_if-e5e118dd7d121aaa.rlib" "/opt/rustwide/target/debug/deps/libfutures_core-6002dc2ff0ad2c7a.rlib" "/opt/rustwide/target/debug/deps/liburl-25a81f6654f7c1c7.rlib" "/opt/rustwide/target/debug/deps/libidna-b865ee86652f4dd4.rlib" "/opt/rustwide/target/debug/deps/libunicode_normalization-65834209e2c3efa0.rlib" "/opt/rustwide/target/debug/deps/libtinyvec-4aa74f8a972e3d9d.rlib" "/opt/rustwide/target/debug/deps/libtinyvec_macros-8eb663675e81bb18.rlib" "/opt/rustwide/target/debug/deps/libunicode_bidi-df88d89b87cd1c3f.rlib" "/opt/rustwide/target/debug/deps/libform_urlencoded-4406ed733a551179.rlib" "/opt/rustwide/target/debug/deps/libpercent_encoding-5b4f3c280783d946.rlib" "/opt/rustwide/target/debug/deps/libhttp-1912e0b438bd2fae.rlib" "/opt/rustwide/target/debug/deps/libitoa-12e0c769e046c1b6.rlib" "/opt/rustwide/target/debug/deps/libbytes-e760d6ac9a2f6963.rlib" "/opt/rustwide/target/debug/deps/libfnv-41a559218f992797.rlib" "/opt/rustwide/target/debug/deps/libchrono-9f418e06a2a8da48.rlib" "/opt/rustwide/target/debug/deps/libiana_time_zone-bf2c4c30343f4ef7.rlib" "/opt/rustwide/target/debug/deps/libnum_integer-8056a34aec203bba.rlib" "/opt/rustwide/target/debug/deps/libnum_traits-11c9b029deaf19dd.rlib" "/opt/rustwide/target/debug/deps/libtime-ea810185b4b5b814.rlib" "/opt/rustwide/target/debug/deps/liblibc-b7b14a0fe316ec96.rlib" "/opt/rustwide/rustup-home/toolchains/1.69.0-x86_64-unknown-linux-gnu/lib/rustlib/x86_64-unknown-linux-gnu/lib/libstd-89bc084783fdc439.rlib" "/opt/rustwide/rustup-home/toolchains/1.69.0-x86_64-unknown-linux-gnu/lib/rustlib/x86_64-unknown-linux-gnu/lib/libpanic_unwind-8bee4b287d4367c1.rlib" "/opt/rustwide/rustup-home/toolchains/1.69.0-x86_64-unknown-linux-gnu/lib/rustlib/x86_64-unknown-linux-gnu/lib/libobject-d61707aed80694c0.rlib" "/opt/rustwide/rustup-home/toolchains/1.69.0-x86_64-unknown-linux-gnu/lib/rustlib/x86_64-unknown-linux-gnu/lib/libmemchr-d85366256f22345b.rlib" "/opt/rustwide/rustup-home/toolchains/1.69.0-x86_64-unknown-linux-gnu/lib/rustlib/x86_64-unknown-linux-gnu/lib/libaddr2line-96069b86b8a8cae9.rlib" "/opt/rustwide/rustup-home/toolchains/1.69.0-x86_64-unknown-linux-gnu/lib/rustlib/x86_64-unknown-linux-gnu/lib/libgimli-d19d53abf68dfa6c.rlib" "/opt/rustwide/rustup-home/toolchains/1.69.0-x86_64-unknown-linux-gnu/lib/rustlib/x86_64-unknown-linux-gnu/lib/librustc_demangle-787cbccd19d64ac6.rlib" "/opt/rustwide/rustup-home/toolchains/1.69.0-x86_64-unknown-linux-gnu/lib/rustlib/x86_64-unknown-linux-gnu/lib/libstd_detect-b3837a36b830e0d0.rlib" "/opt/rustwide/rustup-home/toolchains/1.69.0-x86_64-unknown-linux-gnu/lib/rustlib/x86_64-unknown-linux-gnu/lib/libhashbrown-e3deb0e7e3f04966.rlib" "/opt/rustwide/rustup-home/toolchains/1.69.0-x86_64-unknown-linux-gnu/lib/rustlib/x86_64-unknown-linux-gnu/lib/libminiz_oxide-dabbb79c9815def4.rlib" "/opt/rustwide/rustup-home/toolchains/1.69.0-x86_64-unknown-linux-gnu/lib/rustlib/x86_64-unknown-linux-gnu/lib/libadler-305b01f34c9409f2.rlib" "/opt/rustwide/rustup-home/toolchains/1.69.0-x86_64-unknown-linux-gnu/lib/rustlib/x86_64-unknown-linux-gnu/lib/librustc_std_workspace_alloc-f833521df6074e73.rlib" "/opt/rustwide/rustup-home/toolchains/1.69.0-x86_64-unknown-linux-gnu/lib/rustlib/x86_64-unknown-linux-gnu/lib/libunwind-9ac333113350d171.rlib" "/opt/rustwide/rustup-home/toolchains/1.69.0-x86_64-unknown-linux-gnu/lib/rustlib/x86_64-unknown-linux-gnu/lib/libcfg_if-1c126114322d0eee.rlib" "/opt/rustwide/rustup-home/toolchains/1.69.0-x86_64-unknown-linux-gnu/lib/rustlib/x86_64-unknown-linux-gnu/lib/liblibc-bad9164fdeeecf92.rlib" "/opt/rustwide/rustup-home/toolchains/1.69.0-x86_64-unknown-linux-gnu/lib/rustlib/x86_64-unknown-linux-gnu/lib/liballoc-f9374b1e480fa681.rlib" "/opt/rustwide/rustup-home/toolchains/1.69.0-x86_64-unknown-linux-gnu/lib/rustlib/x86_64-unknown-linux-gnu/lib/librustc_std_workspace_core-207f06e41d9603af.rlib" "/opt/rustwide/rustup-home/toolchains/1.69.0-x86_64-unknown-linux-gnu/lib/rustlib/x86_64-unknown-linux-gnu/lib/libcore-7e2768e66e984e85.rlib" "/opt/rustwide/rustup-home/toolchains/1.69.0-x86_64-unknown-linux-gnu/lib/rustlib/x86_64-unknown-linux-gnu/lib/libcompiler_builtins-957b4aff41f8cd46.rlib" "-Wl,-Bdynamic" "-lgcc_s" "-lutil" "-lrt" "-lpthread" "-lm" "-ldl" "-lc" "-Wl,--eh-frame-hdr" "-Wl,-z,noexecstack" "-L" "/opt/rustwide/rustup-home/toolchains/1.69.0-x86_64-unknown-linux-gnu/lib/rustlib/x86_64-unknown-linux-gnu/lib" "-o" "/tmp/rustdoctestNguoVZ/rust_out" "-Wl,--gc-sections" "-pie" "-Wl,-z,relro,-z,now" "-nodefaultlibs"
[INFO] [stdout]   = note: collect2: fatal error: ld terminated with signal 9 [Killed]
[INFO] [stdout]           compilation terminated.
[INFO] [stdout]           
[INFO] [stdout] 
[INFO] [stdout] error: aborting due to previous error
[INFO] [stdout] 
[INFO] [stdout] Couldn't compile the test.
[INFO] [stdout] ---- src/lib.rs - Shopify::get_api_endpoint (line 192) stdout ----
[INFO] [stdout] Test executable failed (exit status: 101).
[INFO] [stdout] 
[INFO] [stdout] stdout:
[INFO] [stdout] Warning: You are using a deprecated API version
[INFO] [stdout] Warning: unstable API version will be used
[INFO] [stdout] Warning: You are using a deprecated API version
[INFO] [stdout] Warning: unstable API version will be used
[INFO] [stdout] 
[INFO] [stdout] stderr:
[INFO] [stdout] thread 'main' panicked at 'assertion failed: `(left == right)`
[INFO] [stdout]   left: `"https://myshop.myshopify.com/admin/api/unstable/products.json"`,
[INFO] [stdout]  right: `"https://myshop.myshopify.com/admin/api/2023-01/products.json"`', src/lib.rs:7:1
[INFO] [stdout] stack backtrace:
[INFO] [stdout]    0:     0x55ba54e0bf8a - std::backtrace_rs::backtrace::libunwind::trace::ha9053a9a07ca49cb
[INFO] [stdout]                                at /rustc/84c898d65adf2f39a5a98507f1fe0ce10a2b8dbc/library/std/src/../../backtrace/src/backtrace/libunwind.rs:93:5
[INFO] [stdout]    1:     0x55ba54e0bf8a - std::backtrace_rs::backtrace::trace_unsynchronized::h9c2852a457ad564e
[INFO] [stdout]                                at /rustc/84c898d65adf2f39a5a98507f1fe0ce10a2b8dbc/library/std/src/../../backtrace/src/backtrace/mod.rs:66:5
[INFO] [stdout]    2:     0x55ba54e0bf8a - std::sys_common::backtrace::_print_fmt::h457936fbfaa0070f
[INFO] [stdout]                                at /rustc/84c898d65adf2f39a5a98507f1fe0ce10a2b8dbc/library/std/src/sys_common/backtrace.rs:65:5
[INFO] [stdout]    3:     0x55ba54e0bf8a - <std::sys_common::backtrace::_print::DisplayBacktrace as core::fmt::Display>::fmt::h5779d7bf7f70cb0c
[INFO] [stdout]                                at /rustc/84c898d65adf2f39a5a98507f1fe0ce10a2b8dbc/library/std/src/sys_common/backtrace.rs:44:22
[INFO] [stdout]    4:     0x55ba54e2626e - core::fmt::write::h5a4baaff1bcd3eb5
[INFO] [stdout]                                at /rustc/84c898d65adf2f39a5a98507f1fe0ce10a2b8dbc/library/core/src/fmt/mod.rs:1232:17
[INFO] [stdout]    5:     0x55ba54e09ff5 - std::io::Write::write_fmt::h4bc1f301cb9e9cce
[INFO] [stdout]                                at /rustc/84c898d65adf2f39a5a98507f1fe0ce10a2b8dbc/library/std/src/io/mod.rs:1684:15
[INFO] [stdout]    6:     0x55ba54e0bd55 - std::sys_common::backtrace::_print::h5fcdc36060f177e8
[INFO] [stdout]                                at /rustc/84c898d65adf2f39a5a98507f1fe0ce10a2b8dbc/library/std/src/sys_common/backtrace.rs:47:5
[INFO] [stdout]    7:     0x55ba54e0bd55 - std::sys_common::backtrace::print::h54ca9458b876c8bf
[INFO] [stdout]                                at /rustc/84c898d65adf2f39a5a98507f1fe0ce10a2b8dbc/library/std/src/sys_common/backtrace.rs:34:9
[INFO] [stdout]    8:     0x55ba54e0d3af - std::panicking::default_hook::{{closure}}::hbe471161c7664ed6
[INFO] [stdout]                                at /rustc/84c898d65adf2f39a5a98507f1fe0ce10a2b8dbc/library/std/src/panicking.rs:271:22
[INFO] [stdout]    9:     0x55ba54e0d0eb - std::panicking::default_hook::ha3500da57aa4ac4f
[INFO] [stdout]                                at /rustc/84c898d65adf2f39a5a98507f1fe0ce10a2b8dbc/library/std/src/panicking.rs:290:9
[INFO] [stdout]   10:     0x55ba54e0d958 - std::panicking::rust_panic_with_hook::h50c09d000dc561d2
[INFO] [stdout]                                at /rustc/84c898d65adf2f39a5a98507f1fe0ce10a2b8dbc/library/std/src/panicking.rs:692:13
[INFO] [stdout]   11:     0x55ba54e0d859 - std::panicking::begin_panic_handler::{{closure}}::h9e2b2176e00e0d9c
[INFO] [stdout]                                at /rustc/84c898d65adf2f39a5a98507f1fe0ce10a2b8dbc/library/std/src/panicking.rs:583:13
[INFO] [stdout]   12:     0x55ba54e0c3f6 - std::sys_common::backtrace::__rust_end_short_backtrace::h5739b8e512c09d02
[INFO] [stdout]                                at /rustc/84c898d65adf2f39a5a98507f1fe0ce10a2b8dbc/library/std/src/sys_common/backtrace.rs:150:18
[INFO] [stdout]   13:     0x55ba54e0d562 - rust_begin_unwind
[INFO] [stdout]                                at /rustc/84c898d65adf2f39a5a98507f1fe0ce10a2b8dbc/library/std/src/panicking.rs:579:5
[INFO] [stdout]   14:     0x55ba54de72d3 - core::panicking::panic_fmt::hf33a1475b4dc5c3e
[INFO] [stdout]                                at /rustc/84c898d65adf2f39a5a98507f1fe0ce10a2b8dbc/library/core/src/panicking.rs:64:14
[INFO] [stdout]   15:     0x55ba54de754f - core::panicking::assert_failed_inner::haf9816227b20b6f2
[INFO] [stdout]   16:     0x55ba54de7b3a - core::panicking::assert_failed::h84795d13a59c3177
[INFO] [stdout]   17:     0x55ba54de7d3d - rust_out::main::_doctest_main_src_lib_rs_192_0::h9590580fbc1eda83
[INFO] [stdout]   18:     0x55ba54de7bc6 - rust_out::main::h045d0fd74ed7290e
[INFO] [stdout]   19:     0x55ba54de7953 - core::ops::function::FnOnce::call_once::h5b89dea722ea21ad
[INFO] [stdout]   20:     0x55ba54de78d9 - std::sys_common::backtrace::__rust_begin_short_backtrace::hc178e4cfacf1803d
[INFO] [stdout]   21:     0x55ba54de7929 - std::rt::lang_start::{{closure}}::he8c5d60628d06093
[INFO] [stdout]   22:     0x55ba54e0773c - core::ops::function::impls::<impl core::ops::function::FnOnce<A> for &F>::call_once::hd6efcd3bec896f2c
[INFO] [stdout]                                at /rustc/84c898d65adf2f39a5a98507f1fe0ce10a2b8dbc/library/core/src/ops/function.rs:287:13
[INFO] [stdout]   23:     0x55ba54e0773c - std::panicking::try::do_call::hce04e543bb1f4cbb
[INFO] [stdout]                                at /rustc/84c898d65adf2f39a5a98507f1fe0ce10a2b8dbc/library/std/src/panicking.rs:487:40
[INFO] [stdout]   24:     0x55ba54e0773c - std::panicking::try::h3342dd4e1f680968
[INFO] [stdout]                                at /rustc/84c898d65adf2f39a5a98507f1fe0ce10a2b8dbc/library/std/src/panicking.rs:451:19
[INFO] [stdout]   25:     0x55ba54e0773c - std::panic::catch_unwind::h148ce1e59ac0cee7
[INFO] [stdout]                                at /rustc/84c898d65adf2f39a5a98507f1fe0ce10a2b8dbc/library/std/src/panic.rs:140:14
[INFO] [stdout]   26:     0x55ba54e0773c - std::rt::lang_start_internal::{{closure}}::h25f9dda2057a67fe
[INFO] [stdout]                                at /rustc/84c898d65adf2f39a5a98507f1fe0ce10a2b8dbc/library/std/src/rt.rs:148:48
[INFO] [stdout]   27:     0x55ba54e0773c - std::panicking::try::do_call::h7caaaeaf9401650b
[INFO] [stdout]                                at /rustc/84c898d65adf2f39a5a98507f1fe0ce10a2b8dbc/library/std/src/panicking.rs:487:40
[INFO] [stdout]   28:     0x55ba54e0773c - std::panicking::try::he7d15285746cbbc2
[INFO] [stdout]                                at /rustc/84c898d65adf2f39a5a98507f1fe0ce10a2b8dbc/library/std/src/panicking.rs:451:19
[INFO] [stdout]   29:     0x55ba54e0773c - std::panic::catch_unwind::h89fb4f50c0301fe0
[INFO] [stdout]                                at /rustc/84c898d65adf2f39a5a98507f1fe0ce10a2b8dbc/library/std/src/panic.rs:140:14
[INFO] [stdout]   30:     0x55ba54e0773c - std::rt::lang_start_internal::h078acd489417d3c1
[INFO] [stdout]                                at /rustc/84c898d65adf2f39a5a98507f1fe0ce10a2b8dbc/library/std/src/rt.rs:148:20
[INFO] [stdout]   31:     0x55ba54de7907 - std::rt::lang_start::h335d6166ecad8ac7
[INFO] [stdout]   32:     0x55ba54de7d85 - main
[INFO] [stdout]   33:     0x7f8364d05d90 - <unknown>
[INFO] [stdout]   34:     0x7f8364d05e40 - __libc_start_main
[INFO] [stdout]   35:     0x55ba54de7805 - _start
[INFO] [stdout]   36:                0x0 - <unknown>
[INFO] [stdout] 
[INFO] [stdout] 
[INFO] [stdout] ---- src/lib.rs - api_version_to_string (line 84) stdout ----
[INFO] [stdout] Test executable failed (exit status: 101).
[INFO] [stdout] 
[INFO] [stdout] stdout:
[INFO] [stdout] Warning: You are using a deprecated API version
[INFO] [stdout] Warning: unstable API version will be used
[INFO] [stdout] Warning: You are using a deprecated API version
[INFO] [stdout] Warning: unstable API version will be used
[INFO] [stdout] 
[INFO] [stdout] stderr:
[INFO] [stdout] thread 'main' panicked at 'assertion failed: `(left == right)`
[INFO] [stdout]   left: `"unstable"`,
[INFO] [stdout]  right: `"2023-01"`', src/lib.rs:6:1
[INFO] [stdout] stack backtrace:
[INFO] [stdout]    0:     0x5577ad71fbba - std::backtrace_rs::backtrace::libunwind::trace::ha9053a9a07ca49cb
[INFO] [stdout]                                at /rustc/84c898d65adf2f39a5a98507f1fe0ce10a2b8dbc/library/std/src/../../backtrace/src/backtrace/libunwind.rs:93:5
[INFO] [stdout]    1:     0x5577ad71fbba - std::backtrace_rs::backtrace::trace_unsynchronized::h9c2852a457ad564e
[INFO] [stdout]                                at /rustc/84c898d65adf2f39a5a98507f1fe0ce10a2b8dbc/library/std/src/../../backtrace/src/backtrace/mod.rs:66:5
[INFO] [stdout]    2:     0x5577ad71fbba - std::sys_common::backtrace::_print_fmt::h457936fbfaa0070f
[INFO] [stdout]                                at /rustc/84c898d65adf2f39a5a98507f1fe0ce10a2b8dbc/library/std/src/sys_common/backtrace.rs:65:5
[INFO] [stdout]    3:     0x5577ad71fbba - <std::sys_common::backtrace::_print::DisplayBacktrace as core::fmt::Display>::fmt::h5779d7bf7f70cb0c
[INFO] [stdout]                                at /rustc/84c898d65adf2f39a5a98507f1fe0ce10a2b8dbc/library/std/src/sys_common/backtrace.rs:44:22
[INFO] [stdout]    4:     0x5577ad739abe - core::fmt::write::h5a4baaff1bcd3eb5
[INFO] [stdout]                                at /rustc/84c898d65adf2f39a5a98507f1fe0ce10a2b8dbc/library/core/src/fmt/mod.rs:1232:17
[INFO] [stdout]    5:     0x5577ad71dc25 - std::io::Write::write_fmt::h4bc1f301cb9e9cce
[INFO] [stdout]                                at /rustc/84c898d65adf2f39a5a98507f1fe0ce10a2b8dbc/library/std/src/io/mod.rs:1684:15
[INFO] [stdout]    6:     0x5577ad71f985 - std::sys_common::backtrace::_print::h5fcdc36060f177e8
[INFO] [stdout]                                at /rustc/84c898d65adf2f39a5a98507f1fe0ce10a2b8dbc/library/std/src/sys_common/backtrace.rs:47:5
[INFO] [stdout]    7:     0x5577ad71f985 - std::sys_common::backtrace::print::h54ca9458b876c8bf
[INFO] [stdout]                                at /rustc/84c898d65adf2f39a5a98507f1fe0ce10a2b8dbc/library/std/src/sys_common/backtrace.rs:34:9
[INFO] [stdout]    8:     0x5577ad720fdf - std::panicking::default_hook::{{closure}}::hbe471161c7664ed6
[INFO] [stdout]                                at /rustc/84c898d65adf2f39a5a98507f1fe0ce10a2b8dbc/library/std/src/panicking.rs:271:22
[INFO] [stdout]    9:     0x5577ad720d1b - std::panicking::default_hook::ha3500da57aa4ac4f
[INFO] [stdout]                                at /rustc/84c898d65adf2f39a5a98507f1fe0ce10a2b8dbc/library/std/src/panicking.rs:290:9
[INFO] [stdout]   10:     0x5577ad721588 - std::panicking::rust_panic_with_hook::h50c09d000dc561d2
[INFO] [stdout]                                at /rustc/84c898d65adf2f39a5a98507f1fe0ce10a2b8dbc/library/std/src/panicking.rs:692:13
[INFO] [stdout]   11:     0x5577ad721489 - std::panicking::begin_panic_handler::{{closure}}::h9e2b2176e00e0d9c
[INFO] [stdout]                                at /rustc/84c898d65adf2f39a5a98507f1fe0ce10a2b8dbc/library/std/src/panicking.rs:583:13
[INFO] [stdout]   12:     0x5577ad720026 - std::sys_common::backtrace::__rust_end_short_backtrace::h5739b8e512c09d02
[INFO] [stdout]                                at /rustc/84c898d65adf2f39a5a98507f1fe0ce10a2b8dbc/library/std/src/sys_common/backtrace.rs:150:18
[INFO] [stdout]   13:     0x5577ad721192 - rust_begin_unwind
[INFO] [stdout]                                at /rustc/84c898d65adf2f39a5a98507f1fe0ce10a2b8dbc/library/std/src/panicking.rs:579:5
[INFO] [stdout]   14:     0x5577ad6fe2c3 - core::panicking::panic_fmt::hf33a1475b4dc5c3e
[INFO] [stdout]                                at /rustc/84c898d65adf2f39a5a98507f1fe0ce10a2b8dbc/library/core/src/panicking.rs:64:14
[INFO] [stdout]   15:     0x5577ad6fe53f - core::panicking::assert_failed_inner::haf9816227b20b6f2
[INFO] [stdout]   16:     0x5577ad6fea1a - core::panicking::assert_failed::h84795d13a59c3177
[INFO] [stdout]   17:     0x5577ad6fec61 - rust_out::main::_doctest_main_src_lib_rs_84_0::he3fbde8b77aae1cc
[INFO] [stdout]   18:     0x5577ad6feaa6 - rust_out::main::h045d0fd74ed7290e
[INFO] [stdout]   19:     0x5577ad6fe943 - core::ops::function::FnOnce::call_once::h5b89dea722ea21ad
[INFO] [stdout]   20:     0x5577ad6fe8c9 - std::sys_common::backtrace::__rust_begin_short_backtrace::hc178e4cfacf1803d
[INFO] [stdout]   21:     0x5577ad6fe919 - std::rt::lang_start::{{closure}}::he8c5d60628d06093
[INFO] [stdout]   22:     0x5577ad71b36c - core::ops::function::impls::<impl core::ops::function::FnOnce<A> for &F>::call_once::hd6efcd3bec896f2c
[INFO] [stdout]                                at /rustc/84c898d65adf2f39a5a98507f1fe0ce10a2b8dbc/library/core/src/ops/function.rs:287:13
[INFO] [stdout]   23:     0x5577ad71b36c - std::panicking::try::do_call::hce04e543bb1f4cbb
[INFO] [stdout]                                at /rustc/84c898d65adf2f39a5a98507f1fe0ce10a2b8dbc/library/std/src/panicking.rs:487:40
[INFO] [stdout]   24:     0x5577ad71b36c - std::panicking::try::h3342dd4e1f680968
[INFO] [stdout]                                at /rustc/84c898d65adf2f39a5a98507f1fe0ce10a2b8dbc/library/std/src/panicking.rs:451:19
[INFO] [stdout]   25:     0x5577ad71b36c - std::panic::catch_unwind::h148ce1e59ac0cee7
[INFO] [stdout]                                at /rustc/84c898d65adf2f39a5a98507f1fe0ce10a2b8dbc/library/std/src/panic.rs:140:14
[INFO] [stdout]   26:     0x5577ad71b36c - std::rt::lang_start_internal::{{closure}}::h25f9dda2057a67fe
[INFO] [stdout]                                at /rustc/84c898d65adf2f39a5a98507f1fe0ce10a2b8dbc/library/std/src/rt.rs:148:48
[INFO] [stdout]   27:     0x5577ad71b36c - std::panicking::try::do_call::h7caaaeaf9401650b
[INFO] [stdout]                                at /rustc/84c898d65adf2f39a5a98507f1fe0ce10a2b8dbc/library/std/src/panicking.rs:487:40
[INFO] [stdout]   28:     0x5577ad71b36c - std::panicking::try::he7d15285746cbbc2
[INFO] [stdout]                                at /rustc/84c898d65adf2f39a5a98507f1fe0ce10a2b8dbc/library/std/src/panicking.rs:451:19
[INFO] [stdout]   29:     0x5577ad71b36c - std::panic::catch_unwind::h89fb4f50c0301fe0
[INFO] [stdout]                                at /rustc/84c898d65adf2f39a5a98507f1fe0ce10a2b8dbc/library/std/src/panic.rs:140:14
[INFO] [stdout]   30:     0x5577ad71b36c - std::rt::lang_start_internal::h078acd489417d3c1
[INFO] [stdout]                                at /rustc/84c898d65adf2f39a5a98507f1fe0ce10a2b8dbc/library/std/src/rt.rs:148:20
[INFO] [stdout]   31:     0x5577ad6fe8f7 - std::rt::lang_start::h335d6166ecad8ac7
[INFO] [stdout]   32:     0x5577ad6fec85 - main
[INFO] [stdout]   33:     0x7fdc5902dd90 - <unknown>
[INFO] [stdout]   34:     0x7fdc5902de40 - __libc_start_main
[INFO] [stdout]   35:     0x5577ad6fe7f5 - _start
[INFO] [stdout]   36:                0x0 - <unknown>
[INFO] [stdout] 
[INFO] [stdout] 
[INFO] [stdout] ---- src/lib.rs - is_deprecated (line 71) stdout ----
[INFO] [stdout] Test executable failed (exit status: 101).
[INFO] [stdout] 
[INFO] [stdout] stderr:
[INFO] [stdout] thread 'main' panicked at 'assertion failed: `(left == right)`
[INFO] [stdout]   left: `true`,
[INFO] [stdout]  right: `false`', src/lib.rs:6:1
[INFO] [stdout] stack backtrace:
[INFO] [stdout]    0:     0x564bb8ac189a - std::backtrace_rs::backtrace::libunwind::trace::ha9053a9a07ca49cb
[INFO] [stdout]                                at /rustc/84c898d65adf2f39a5a98507f1fe0ce10a2b8dbc/library/std/src/../../backtrace/src/backtrace/libunwind.rs:93:5
[INFO] [stdout]    1:     0x564bb8ac189a - std::backtrace_rs::backtrace::trace_unsynchronized::h9c2852a457ad564e
[INFO] [stdout]                                at /rustc/84c898d65adf2f39a5a98507f1fe0ce10a2b8dbc/library/std/src/../../backtrace/src/backtrace/mod.rs:66:5
[INFO] [stdout]    2:     0x564bb8ac189a - std::sys_common::backtrace::_print_fmt::h457936fbfaa0070f
[INFO] [stdout]                                at /rustc/84c898d65adf2f39a5a98507f1fe0ce10a2b8dbc/library/std/src/sys_common/backtrace.rs:65:5
[INFO] [stdout]    3:     0x564bb8ac189a - <std::sys_common::backtrace::_print::DisplayBacktrace as core::fmt::Display>::fmt::h5779d7bf7f70cb0c
[INFO] [stdout]                                at /rustc/84c898d65adf2f39a5a98507f1fe0ce10a2b8dbc/library/std/src/sys_common/backtrace.rs:44:22
[INFO] [stdout]    4:     0x564bb8adb79e - core::fmt::write::h5a4baaff1bcd3eb5
[INFO] [stdout]                                at /rustc/84c898d65adf2f39a5a98507f1fe0ce10a2b8dbc/library/core/src/fmt/mod.rs:1232:17
[INFO] [stdout]    5:     0x564bb8abf9b5 - std::io::Write::write_fmt::h4bc1f301cb9e9cce
[INFO] [stdout]                                at /rustc/84c898d65adf2f39a5a98507f1fe0ce10a2b8dbc/library/std/src/io/mod.rs:1684:15
[INFO] [stdout]    6:     0x564bb8ac1665 - std::sys_common::backtrace::_print::h5fcdc36060f177e8
[INFO] [stdout]                                at /rustc/84c898d65adf2f39a5a98507f1fe0ce10a2b8dbc/library/std/src/sys_common/backtrace.rs:47:5
[INFO] [stdout]    7:     0x564bb8ac1665 - std::sys_common::backtrace::print::h54ca9458b876c8bf
[INFO] [stdout]                                at /rustc/84c898d65adf2f39a5a98507f1fe0ce10a2b8dbc/library/std/src/sys_common/backtrace.rs:34:9
[INFO] [stdout]    8:     0x564bb8ac2cbf - std::panicking::default_hook::{{closure}}::hbe471161c7664ed6
[INFO] [stdout]                                at /rustc/84c898d65adf2f39a5a98507f1fe0ce10a2b8dbc/library/std/src/panicking.rs:271:22
[INFO] [stdout]    9:     0x564bb8ac29fb - std::panicking::default_hook::ha3500da57aa4ac4f
[INFO] [stdout]                                at /rustc/84c898d65adf2f39a5a98507f1fe0ce10a2b8dbc/library/std/src/panicking.rs:290:9
[INFO] [stdout]   10:     0x564bb8ac3268 - std::panicking::rust_panic_with_hook::h50c09d000dc561d2
[INFO] [stdout]                                at /rustc/84c898d65adf2f39a5a98507f1fe0ce10a2b8dbc/library/std/src/panicking.rs:692:13
[INFO] [stdout]   11:     0x564bb8ac3169 - std::panicking::begin_panic_handler::{{closure}}::h9e2b2176e00e0d9c
[INFO] [stdout]                                at /rustc/84c898d65adf2f39a5a98507f1fe0ce10a2b8dbc/library/std/src/panicking.rs:583:13
[INFO] [stdout]   12:     0x564bb8ac1d06 - std::sys_common::backtrace::__rust_end_short_backtrace::h5739b8e512c09d02
[INFO] [stdout]                                at /rustc/84c898d65adf2f39a5a98507f1fe0ce10a2b8dbc/library/std/src/sys_common/backtrace.rs:150:18
[INFO] [stdout]   13:     0x564bb8ac2e72 - rust_begin_unwind
[INFO] [stdout]                                at /rustc/84c898d65adf2f39a5a98507f1fe0ce10a2b8dbc/library/std/src/panicking.rs:579:5
[INFO] [stdout]   14:     0x564bb8aa1ee3 - core::panicking::panic_fmt::hf33a1475b4dc5c3e
[INFO] [stdout]                                at /rustc/84c898d65adf2f39a5a98507f1fe0ce10a2b8dbc/library/core/src/panicking.rs:64:14
[INFO] [stdout]   15:     0x564bb8aa215f - core::panicking::assert_failed_inner::haf9816227b20b6f2
[INFO] [stdout]   16:     0x564bb8aa3aaa - core::panicking::assert_failed::hf7b31705df6778d1
[INFO] [stdout]                                at /rustc/84c898d65adf2f39a5a98507f1fe0ce10a2b8dbc/library/core/src/panicking.rs:211:5
[INFO] [stdout]   17:     0x564bb8aa26e1 - rust_out::main::_doctest_main_src_lib_rs_71_0::he10d4c76e8e7bdab
[INFO] [stdout]   18:     0x564bb8aa25d6 - rust_out::main::h045d0fd74ed7290e
[INFO] [stdout]   19:     0x564bb8aa2563 - core::ops::function::FnOnce::call_once::h5b89dea722ea21ad
[INFO] [stdout]   20:     0x564bb8aa24e9 - std::sys_common::backtrace::__rust_begin_short_backtrace::hc178e4cfacf1803d
[INFO] [stdout]   21:     0x564bb8aa2539 - std::rt::lang_start::{{closure}}::he8c5d60628d06093
[INFO] [stdout]   22:     0x564bb8abd9ec - core::ops::function::impls::<impl core::ops::function::FnOnce<A> for &F>::call_once::hd6efcd3bec896f2c
[INFO] [stdout]                                at /rustc/84c898d65adf2f39a5a98507f1fe0ce10a2b8dbc/library/core/src/ops/function.rs:287:13
[INFO] [stdout]   23:     0x564bb8abd9ec - std::panicking::try::do_call::hce04e543bb1f4cbb
[INFO] [stdout]                                at /rustc/84c898d65adf2f39a5a98507f1fe0ce10a2b8dbc/library/std/src/panicking.rs:487:40
[INFO] [stdout]   24:     0x564bb8abd9ec - std::panicking::try::h3342dd4e1f680968
[INFO] [stdout]                                at /rustc/84c898d65adf2f39a5a98507f1fe0ce10a2b8dbc/library/std/src/panicking.rs:451:19
[INFO] [stdout]   25:     0x564bb8abd9ec - std::panic::catch_unwind::h148ce1e59ac0cee7
[INFO] [stdout]                                at /rustc/84c898d65adf2f39a5a98507f1fe0ce10a2b8dbc/library/std/src/panic.rs:140:14
[INFO] [stdout]   26:     0x564bb8abd9ec - std::rt::lang_start_internal::{{closure}}::h25f9dda2057a67fe
[INFO] [stdout]                                at /rustc/84c898d65adf2f39a5a98507f1fe0ce10a2b8dbc/library/std/src/rt.rs:148:48
[INFO] [stdout]   27:     0x564bb8abd9ec - std::panicking::try::do_call::h7caaaeaf9401650b
[INFO] [stdout]                                at /rustc/84c898d65adf2f39a5a98507f1fe0ce10a2b8dbc/library/std/src/panicking.rs:487:40
[INFO] [stdout]   28:     0x564bb8abd9ec - std::panicking::try::he7d15285746cbbc2
[INFO] [stdout]                                at /rustc/84c898d65adf2f39a5a98507f1fe0ce10a2b8dbc/library/std/src/panicking.rs:451:19
[INFO] [stdout]   29:     0x564bb8abd9ec - std::panic::catch_unwind::h89fb4f50c0301fe0
[INFO] [stdout]                                at /rustc/84c898d65adf2f39a5a98507f1fe0ce10a2b8dbc/library/std/src/panic.rs:140:14
[INFO] [stdout]   30:     0x564bb8abd9ec - std::rt::lang_start_internal::h078acd489417d3c1
[INFO] [stdout]                                at /rustc/84c898d65adf2f39a5a98507f1fe0ce10a2b8dbc/library/std/src/rt.rs:148:20
[INFO] [stdout]   31:     0x564bb8aa2517 - std::rt::lang_start::h335d6166ecad8ac7
[INFO] [stdout]   32:     0x564bb8aa2705 - main
[INFO] [stdout]   33:     0x7f2067d99d90 - <unknown>
[INFO] [stdout]   34:     0x7f2067d99e40 - __libc_start_main
[INFO] [stdout]   35:     0x564bb8aa2415 - _start
[INFO] [stdout]   36:                0x0 - <unknown>
[INFO] [stdout] 
[INFO] [stdout] 
[INFO] [stdout] 
[INFO] [stdout] failures:
[INFO] [stdout]     src/graphql/mod.rs - graphql::Shopify::graphql_query (line 89)
[INFO] [stdout]     src/lib.rs - Shopify::get_api_endpoint (line 192)
[INFO] [stdout]     src/lib.rs - api_version_to_string (line 84)
[INFO] [stdout]     src/lib.rs - is_deprecated (line 71)
[INFO] [stdout]     src/rest/mod.rs - rest::Shopify::rest_query (line 119)
[INFO] [stdout]     src/utils.rs - utils::read_json_tree (line 116)
[INFO] [stdout] 
[INFO] [stdout] test result: FAILED. 6 passed; 6 failed; 0 ignored; 0 measured; 0 filtered out; finished in 5.66s
[INFO] [stdout] 
[INFO] [stderr] error: doctest failed, to rerun pass `--doc`
[INFO] running `Command { std: "docker" "inspect" "b95f984ca692bde279f16c276a7cc5f0afae646416c3b441f842d5db2d6d7c3f", kill_on_drop: false }`
[INFO] running `Command { std: "docker" "rm" "-f" "b95f984ca692bde279f16c276a7cc5f0afae646416c3b441f842d5db2d6d7c3f", kill_on_drop: false }`
[INFO] [stdout] b95f984ca692bde279f16c276a7cc5f0afae646416c3b441f842d5db2d6d7c3f
