[INFO] fetching crate shed 1.0.0...
[INFO] testing shed-1.0.0 against beta-2023-04-20 for beta-1.70-1
[INFO] extracting crate shed 1.0.0 into /workspace/builds/worker-3-tc2/source
[INFO] validating manifest of crates.io crate shed 1.0.0 on toolchain beta-2023-04-20
[INFO] running `Command { std: CARGO_HOME="/workspace/cargo-home" RUSTUP_HOME="/workspace/rustup-home" "/workspace/cargo-home/bin/cargo" "+beta-2023-04-20" "metadata" "--manifest-path" "Cargo.toml" "--no-deps", kill_on_drop: false }`
[INFO] started tweaking crates.io crate shed 1.0.0
[INFO] finished tweaking crates.io crate shed 1.0.0
[INFO] tweaked toml for crates.io crate shed 1.0.0 written to /workspace/builds/worker-3-tc2/source/Cargo.toml
[INFO] running `Command { std: CARGO_HOME="/workspace/cargo-home" RUSTUP_HOME="/workspace/rustup-home" __CARGO_TEST_CHANNEL_OVERRIDE_DO_NOT_USE_THIS="nightly" "/workspace/cargo-home/bin/cargo" "+beta-2023-04-20" "generate-lockfile" "--manifest-path" "Cargo.toml" "-Zno-index-update", kill_on_drop: false }`
[INFO] running `Command { std: CARGO_HOME="/workspace/cargo-home" RUSTUP_HOME="/workspace/rustup-home" "/workspace/cargo-home/bin/cargo" "+beta-2023-04-20" "fetch" "--manifest-path" "Cargo.toml", kill_on_drop: false }`
[INFO] running `Command { std: "docker" "create" "-v" "/var/lib/crater-agent-workspace/builds/worker-3-tc2/target:/opt/rustwide/target:rw,Z" "-v" "/var/lib/crater-agent-workspace/builds/worker-3-tc2/source:/opt/rustwide/workdir:ro,Z" "-v" "/var/lib/crater-agent-workspace/cargo-home:/opt/rustwide/cargo-home:ro,Z" "-v" "/var/lib/crater-agent-workspace/rustup-home:/opt/rustwide/rustup-home:ro,Z" "-e" "SOURCE_DIR=/opt/rustwide/workdir" "-e" "CARGO_TARGET_DIR=/opt/rustwide/target" "-e" "CARGO_HOME=/opt/rustwide/cargo-home" "-e" "RUSTUP_HOME=/opt/rustwide/rustup-home" "-w" "/opt/rustwide/workdir" "-m" "1610612736" "--user" "0:0" "--network" "none" "ghcr.io/rust-lang/crates-build-env/linux@sha256:5ff2268d62e97bff2cde7d5815dd6ed5b47097566f13b8d0ca110b04b60e07ed" "/opt/rustwide/cargo-home/bin/cargo" "+beta-2023-04-20" "metadata" "--no-deps" "--format-version=1", kill_on_drop: false }`
[INFO] [stdout] 7bf418e7dd382de624293e9c81b0d4c5715666370945f6c1ba20385dcf8c5b1d
[INFO] running `Command { std: "docker" "start" "-a" "7bf418e7dd382de624293e9c81b0d4c5715666370945f6c1ba20385dcf8c5b1d", kill_on_drop: false }`
[INFO] running `Command { std: "docker" "inspect" "7bf418e7dd382de624293e9c81b0d4c5715666370945f6c1ba20385dcf8c5b1d", kill_on_drop: false }`
[INFO] running `Command { std: "docker" "rm" "-f" "7bf418e7dd382de624293e9c81b0d4c5715666370945f6c1ba20385dcf8c5b1d", kill_on_drop: false }`
[INFO] [stdout] 7bf418e7dd382de624293e9c81b0d4c5715666370945f6c1ba20385dcf8c5b1d
[INFO] running `Command { std: "docker" "create" "-v" "/var/lib/crater-agent-workspace/builds/worker-3-tc2/target:/opt/rustwide/target:rw,Z" "-v" "/var/lib/crater-agent-workspace/builds/worker-3-tc2/source:/opt/rustwide/workdir:ro,Z" "-v" "/var/lib/crater-agent-workspace/cargo-home:/opt/rustwide/cargo-home:ro,Z" "-v" "/var/lib/crater-agent-workspace/rustup-home:/opt/rustwide/rustup-home:ro,Z" "-e" "SOURCE_DIR=/opt/rustwide/workdir" "-e" "CARGO_TARGET_DIR=/opt/rustwide/target" "-e" "CARGO_INCREMENTAL=0" "-e" "RUST_BACKTRACE=full" "-e" "RUSTFLAGS=--cap-lints=warn" "-e" "RUSTDOCFLAGS=--cap-lints=warn" "-e" "CARGO_HOME=/opt/rustwide/cargo-home" "-e" "RUSTUP_HOME=/opt/rustwide/rustup-home" "-w" "/opt/rustwide/workdir" "-m" "1610612736" "--user" "0:0" "--network" "none" "ghcr.io/rust-lang/crates-build-env/linux@sha256:5ff2268d62e97bff2cde7d5815dd6ed5b47097566f13b8d0ca110b04b60e07ed" "/opt/rustwide/cargo-home/bin/cargo" "+beta-2023-04-20" "build" "--frozen" "--message-format=json", kill_on_drop: false }`
[INFO] [stdout] c13f5ba1a34aa194afd6f9a403ce03bc833b0279585504b6406bfdd1bd2109eb
[INFO] running `Command { std: "docker" "start" "-a" "c13f5ba1a34aa194afd6f9a403ce03bc833b0279585504b6406bfdd1bd2109eb", kill_on_drop: false }`
[INFO] [stderr]    Compiling paste v1.0.12
[INFO] [stderr]    Compiling byteorder v1.4.3
[INFO] [stderr]    Compiling num-traits v0.2.15
[INFO] [stderr]    Compiling rmp v0.8.11
[INFO] [stderr]    Compiling rmp-serde v0.15.5
[INFO] [stderr]    Compiling shed v1.0.0 (/opt/rustwide/workdir)
[INFO] [stderr]     Finished dev [unoptimized + debuginfo] target(s) in 4.00s
[INFO] running `Command { std: "docker" "inspect" "c13f5ba1a34aa194afd6f9a403ce03bc833b0279585504b6406bfdd1bd2109eb", kill_on_drop: false }`
[INFO] running `Command { std: "docker" "rm" "-f" "c13f5ba1a34aa194afd6f9a403ce03bc833b0279585504b6406bfdd1bd2109eb", kill_on_drop: false }`
[INFO] [stdout] c13f5ba1a34aa194afd6f9a403ce03bc833b0279585504b6406bfdd1bd2109eb
[INFO] running `Command { std: "docker" "create" "-v" "/var/lib/crater-agent-workspace/builds/worker-3-tc2/target:/opt/rustwide/target:rw,Z" "-v" "/var/lib/crater-agent-workspace/builds/worker-3-tc2/source:/opt/rustwide/workdir:ro,Z" "-v" "/var/lib/crater-agent-workspace/cargo-home:/opt/rustwide/cargo-home:ro,Z" "-v" "/var/lib/crater-agent-workspace/rustup-home:/opt/rustwide/rustup-home:ro,Z" "-e" "SOURCE_DIR=/opt/rustwide/workdir" "-e" "CARGO_TARGET_DIR=/opt/rustwide/target" "-e" "CARGO_INCREMENTAL=0" "-e" "RUST_BACKTRACE=full" "-e" "RUSTFLAGS=--cap-lints=warn" "-e" "RUSTDOCFLAGS=--cap-lints=warn" "-e" "CARGO_HOME=/opt/rustwide/cargo-home" "-e" "RUSTUP_HOME=/opt/rustwide/rustup-home" "-w" "/opt/rustwide/workdir" "-m" "1610612736" "--user" "0:0" "--network" "none" "ghcr.io/rust-lang/crates-build-env/linux@sha256:5ff2268d62e97bff2cde7d5815dd6ed5b47097566f13b8d0ca110b04b60e07ed" "/opt/rustwide/cargo-home/bin/cargo" "+beta-2023-04-20" "test" "--frozen" "--no-run" "--message-format=json", kill_on_drop: false }`
[INFO] [stdout] 7de8a91229ab13fe53078847d513940bdae89c448688dce15e147eff32006d6a
[INFO] running `Command { std: "docker" "start" "-a" "7de8a91229ab13fe53078847d513940bdae89c448688dce15e147eff32006d6a", kill_on_drop: false }`
[INFO] [stderr]     Blocking waiting for file lock on package cache
[INFO] [stderr]    Compiling shed v1.0.0 (/opt/rustwide/workdir)
[INFO] [stderr]     Finished test [unoptimized + debuginfo] target(s) in 0.51s
[INFO] running `Command { std: "docker" "inspect" "7de8a91229ab13fe53078847d513940bdae89c448688dce15e147eff32006d6a", kill_on_drop: false }`
[INFO] running `Command { std: "docker" "rm" "-f" "7de8a91229ab13fe53078847d513940bdae89c448688dce15e147eff32006d6a", kill_on_drop: false }`
[INFO] [stdout] 7de8a91229ab13fe53078847d513940bdae89c448688dce15e147eff32006d6a
[INFO] running `Command { std: "docker" "create" "-v" "/var/lib/crater-agent-workspace/builds/worker-3-tc2/target:/opt/rustwide/target:rw,Z" "-v" "/var/lib/crater-agent-workspace/builds/worker-3-tc2/source:/opt/rustwide/workdir:ro,Z" "-v" "/var/lib/crater-agent-workspace/cargo-home:/opt/rustwide/cargo-home:ro,Z" "-v" "/var/lib/crater-agent-workspace/rustup-home:/opt/rustwide/rustup-home:ro,Z" "-e" "SOURCE_DIR=/opt/rustwide/workdir" "-e" "CARGO_TARGET_DIR=/opt/rustwide/target" "-e" "CARGO_INCREMENTAL=0" "-e" "RUST_BACKTRACE=full" "-e" "RUSTFLAGS=--cap-lints=warn" "-e" "RUSTDOCFLAGS=--cap-lints=warn" "-e" "CARGO_HOME=/opt/rustwide/cargo-home" "-e" "RUSTUP_HOME=/opt/rustwide/rustup-home" "-w" "/opt/rustwide/workdir" "-m" "1610612736" "--user" "0:0" "--network" "none" "ghcr.io/rust-lang/crates-build-env/linux@sha256:5ff2268d62e97bff2cde7d5815dd6ed5b47097566f13b8d0ca110b04b60e07ed" "/opt/rustwide/cargo-home/bin/cargo" "+beta-2023-04-20" "test" "--frozen", kill_on_drop: false }`
[INFO] [stdout] b03ca3ab697f5fc70c2320ad65af96e6903d1b222d4f3f5e06261f8a2ed1a786
[INFO] running `Command { std: "docker" "start" "-a" "b03ca3ab697f5fc70c2320ad65af96e6903d1b222d4f3f5e06261f8a2ed1a786", kill_on_drop: false }`
[INFO] [stderr]     Finished test [unoptimized + debuginfo] target(s) in 0.02s
[INFO] [stderr]      Running unittests src/lib.rs (/opt/rustwide/target/debug/deps/shed-d498330d9ada6e50)
[INFO] [stdout] 
[INFO] [stdout] running 0 tests
[INFO] [stderr]    Doc-tests shed
[INFO] [stdout] 
[INFO] [stdout] test result: ok. 0 passed; 0 failed; 0 ignored; 0 measured; 0 filtered out; finished in 0.00s
[INFO] [stdout] 
[INFO] [stdout] 
[INFO] [stdout] running 1 test
[INFO] [stdout] test src/lib.rs - (line 6) ... FAILED
[INFO] [stdout] 
[INFO] [stdout] failures:
[INFO] [stdout] 
[INFO] [stdout] ---- src/lib.rs - (line 6) stdout ----
[INFO] [stdout] Test executable failed (exit status: 101).
[INFO] [stdout] 
[INFO] [stdout] stderr:
[INFO] [stdout] thread 'main' panicked at 'called `Result::unwrap()` on an `Err` value: Os { code: 18, kind: CrossesDevices, message: "Invalid cross-device link" }', src/shed.rs:172:69
[INFO] [stdout] stack backtrace:
[INFO] [stdout]    0:     0x5618d8e040ca - <unknown>
[INFO] [stdout]    1:     0x5618d8e22c9f - <unknown>
[INFO] [stdout]    2:     0x5618d8e01c55 - <unknown>
[INFO] [stdout]    3:     0x5618d8e03e95 - <unknown>
[INFO] [stdout]    4:     0x5618d8e0541e - <unknown>
[INFO] [stdout]    5:     0x5618d8e051c5 - <unknown>
[INFO] [stdout]    6:     0x5618d8e0597e - <unknown>
[INFO] [stdout]    7:     0x5618d8e05879 - <unknown>
[INFO] [stdout]    8:     0x5618d8e04536 - <unknown>
[INFO] [stdout]    9:     0x5618d8e055d2 - <unknown>
[INFO] [stdout]   10:     0x5618d8dc65f3 - <unknown>
[INFO] [stdout]   11:     0x5618d8dc6a43 - <unknown>
[INFO] [stdout]   12:     0x5618d8de6b3d - <unknown>
[INFO] [stdout]   13:     0x5618d8de5d61 - <unknown>
[INFO] [stdout]   14:     0x5618d8de500b - <unknown>
[INFO] [stdout]   15:     0x5618d8de3b17 - <unknown>
[INFO] [stdout]   16:     0x5618d8de3a86 - <unknown>
[INFO] [stdout]   17:     0x5618d8dd4513 - <unknown>
[INFO] [stdout]   18:     0x5618d8dd2906 - <unknown>
[INFO] [stdout]   19:     0x5618d8dd30c9 - <unknown>
[INFO] [stdout]   20:     0x5618d8dfefee - <unknown>
[INFO] [stdout]   21:     0x5618d8dd30a7 - <unknown>
[INFO] [stdout]   22:     0x5618d8de3df5 - <unknown>
[INFO] [stdout]   23:     0x7f52faef8d90 - <unknown>
[INFO] [stdout]   24:     0x7f52faef8e40 - __libc_start_main
[INFO] [stdout]   25:     0x5618d8dc6b85 - <unknown>
[INFO] [stdout]   26:                0x0 - <unknown>
[INFO] [stdout] 
[INFO] [stdout] 
[INFO] [stdout] 
[INFO] [stdout] failures:
[INFO] [stdout]     src/lib.rs - (line 6)
[INFO] [stdout] 
[INFO] [stdout] test result: FAILED. 0 passed; 1 failed; 0 ignored; 0 measured; 0 filtered out; finished in 0.89s
[INFO] [stdout] 
[INFO] [stderr] error: doctest failed, to rerun pass `--doc`
[INFO] running `Command { std: "docker" "inspect" "b03ca3ab697f5fc70c2320ad65af96e6903d1b222d4f3f5e06261f8a2ed1a786", kill_on_drop: false }`
[INFO] running `Command { std: "docker" "rm" "-f" "b03ca3ab697f5fc70c2320ad65af96e6903d1b222d4f3f5e06261f8a2ed1a786", kill_on_drop: false }`
[INFO] [stdout] b03ca3ab697f5fc70c2320ad65af96e6903d1b222d4f3f5e06261f8a2ed1a786
