[INFO] fetching crate shard-csv 0.1.0...
[INFO] testing shard-csv-0.1.0 against 1.69.0 for beta-1.70-1
[INFO] extracting crate shard-csv 0.1.0 into /workspace/builds/worker-2-tc1/source
[INFO] validating manifest of crates.io crate shard-csv 0.1.0 on toolchain 1.69.0
[INFO] running `Command { std: CARGO_HOME="/workspace/cargo-home" RUSTUP_HOME="/workspace/rustup-home" "/workspace/cargo-home/bin/cargo" "+1.69.0" "metadata" "--manifest-path" "Cargo.toml" "--no-deps", kill_on_drop: false }`
[INFO] started tweaking crates.io crate shard-csv 0.1.0
[INFO] finished tweaking crates.io crate shard-csv 0.1.0
[INFO] tweaked toml for crates.io crate shard-csv 0.1.0 written to /workspace/builds/worker-2-tc1/source/Cargo.toml
[INFO] running `Command { std: CARGO_HOME="/workspace/cargo-home" RUSTUP_HOME="/workspace/rustup-home" __CARGO_TEST_CHANNEL_OVERRIDE_DO_NOT_USE_THIS="nightly" "/workspace/cargo-home/bin/cargo" "+1.69.0" "generate-lockfile" "--manifest-path" "Cargo.toml" "-Zno-index-update", kill_on_drop: false }`
[INFO] running `Command { std: CARGO_HOME="/workspace/cargo-home" RUSTUP_HOME="/workspace/rustup-home" "/workspace/cargo-home/bin/cargo" "+1.69.0" "fetch" "--manifest-path" "Cargo.toml", kill_on_drop: false }`
[INFO] running `Command { std: "docker" "create" "-v" "/var/lib/crater-agent-workspace/builds/worker-2-tc1/target:/opt/rustwide/target:rw,Z" "-v" "/var/lib/crater-agent-workspace/builds/worker-2-tc1/source:/opt/rustwide/workdir:ro,Z" "-v" "/var/lib/crater-agent-workspace/cargo-home:/opt/rustwide/cargo-home:ro,Z" "-v" "/var/lib/crater-agent-workspace/rustup-home:/opt/rustwide/rustup-home:ro,Z" "-e" "SOURCE_DIR=/opt/rustwide/workdir" "-e" "CARGO_TARGET_DIR=/opt/rustwide/target" "-e" "CARGO_HOME=/opt/rustwide/cargo-home" "-e" "RUSTUP_HOME=/opt/rustwide/rustup-home" "-w" "/opt/rustwide/workdir" "-m" "1610612736" "--user" "0:0" "--network" "none" "ghcr.io/rust-lang/crates-build-env/linux@sha256:5ff2268d62e97bff2cde7d5815dd6ed5b47097566f13b8d0ca110b04b60e07ed" "/opt/rustwide/cargo-home/bin/cargo" "+1.69.0" "metadata" "--no-deps" "--format-version=1", kill_on_drop: false }`
[INFO] [stdout] 2d6345af947a6dcbfe6914e82e243f6a1d463d4cc82333a60a6f57b279dfc473
[INFO] running `Command { std: "docker" "start" "-a" "2d6345af947a6dcbfe6914e82e243f6a1d463d4cc82333a60a6f57b279dfc473", kill_on_drop: false }`
[INFO] running `Command { std: "docker" "inspect" "2d6345af947a6dcbfe6914e82e243f6a1d463d4cc82333a60a6f57b279dfc473", kill_on_drop: false }`
[INFO] running `Command { std: "docker" "rm" "-f" "2d6345af947a6dcbfe6914e82e243f6a1d463d4cc82333a60a6f57b279dfc473", kill_on_drop: false }`
[INFO] [stdout] 2d6345af947a6dcbfe6914e82e243f6a1d463d4cc82333a60a6f57b279dfc473
[INFO] running `Command { std: "docker" "create" "-v" "/var/lib/crater-agent-workspace/builds/worker-2-tc1/target:/opt/rustwide/target:rw,Z" "-v" "/var/lib/crater-agent-workspace/builds/worker-2-tc1/source:/opt/rustwide/workdir:ro,Z" "-v" "/var/lib/crater-agent-workspace/cargo-home:/opt/rustwide/cargo-home:ro,Z" "-v" "/var/lib/crater-agent-workspace/rustup-home:/opt/rustwide/rustup-home:ro,Z" "-e" "SOURCE_DIR=/opt/rustwide/workdir" "-e" "CARGO_TARGET_DIR=/opt/rustwide/target" "-e" "CARGO_INCREMENTAL=0" "-e" "RUST_BACKTRACE=full" "-e" "RUSTFLAGS=--cap-lints=warn" "-e" "RUSTDOCFLAGS=--cap-lints=warn" "-e" "CARGO_HOME=/opt/rustwide/cargo-home" "-e" "RUSTUP_HOME=/opt/rustwide/rustup-home" "-w" "/opt/rustwide/workdir" "-m" "1610612736" "--user" "0:0" "--network" "none" "ghcr.io/rust-lang/crates-build-env/linux@sha256:5ff2268d62e97bff2cde7d5815dd6ed5b47097566f13b8d0ca110b04b60e07ed" "/opt/rustwide/cargo-home/bin/cargo" "+1.69.0" "build" "--frozen" "--message-format=json", kill_on_drop: false }`
[INFO] [stdout] d6401cee97f9bba72a078d3e4adff1a4ddf0f529600f7f7727ac0eeb6150bf80
[INFO] running `Command { std: "docker" "start" "-a" "d6401cee97f9bba72a078d3e4adff1a4ddf0f529600f7f7727ac0eeb6150bf80", kill_on_drop: false }`
[INFO] [stderr]    Compiling memchr v2.5.0
[INFO] [stderr]    Compiling serde v1.0.160
[INFO] [stderr]    Compiling ryu v1.0.13
[INFO] [stderr]    Compiling itoa v1.0.6
[INFO] [stderr]    Compiling csv-core v0.1.10
[INFO] [stderr]    Compiling csv v1.2.1
[INFO] [stderr]    Compiling shard-csv v0.1.0 (/opt/rustwide/workdir)
[INFO] [stderr]     Finished dev [unoptimized + debuginfo] target(s) in 4.69s
[INFO] running `Command { std: "docker" "inspect" "d6401cee97f9bba72a078d3e4adff1a4ddf0f529600f7f7727ac0eeb6150bf80", kill_on_drop: false }`
[INFO] running `Command { std: "docker" "rm" "-f" "d6401cee97f9bba72a078d3e4adff1a4ddf0f529600f7f7727ac0eeb6150bf80", kill_on_drop: false }`
[INFO] [stdout] d6401cee97f9bba72a078d3e4adff1a4ddf0f529600f7f7727ac0eeb6150bf80
[INFO] running `Command { std: "docker" "create" "-v" "/var/lib/crater-agent-workspace/builds/worker-2-tc1/target:/opt/rustwide/target:rw,Z" "-v" "/var/lib/crater-agent-workspace/builds/worker-2-tc1/source:/opt/rustwide/workdir:ro,Z" "-v" "/var/lib/crater-agent-workspace/cargo-home:/opt/rustwide/cargo-home:ro,Z" "-v" "/var/lib/crater-agent-workspace/rustup-home:/opt/rustwide/rustup-home:ro,Z" "-e" "SOURCE_DIR=/opt/rustwide/workdir" "-e" "CARGO_TARGET_DIR=/opt/rustwide/target" "-e" "CARGO_INCREMENTAL=0" "-e" "RUST_BACKTRACE=full" "-e" "RUSTFLAGS=--cap-lints=warn" "-e" "RUSTDOCFLAGS=--cap-lints=warn" "-e" "CARGO_HOME=/opt/rustwide/cargo-home" "-e" "RUSTUP_HOME=/opt/rustwide/rustup-home" "-w" "/opt/rustwide/workdir" "-m" "1610612736" "--user" "0:0" "--network" "none" "ghcr.io/rust-lang/crates-build-env/linux@sha256:5ff2268d62e97bff2cde7d5815dd6ed5b47097566f13b8d0ca110b04b60e07ed" "/opt/rustwide/cargo-home/bin/cargo" "+1.69.0" "test" "--frozen" "--no-run" "--message-format=json", kill_on_drop: false }`
[INFO] [stdout] 903d4a5048ff8b972271331bdc391e5f43e56b1263d5b36f42ad4b6c0f6418f1
[INFO] running `Command { std: "docker" "start" "-a" "903d4a5048ff8b972271331bdc391e5f43e56b1263d5b36f42ad4b6c0f6418f1", kill_on_drop: false }`
[INFO] [stderr]    Compiling shard-csv v0.1.0 (/opt/rustwide/workdir)
[INFO] [stderr]     Finished test [unoptimized + debuginfo] target(s) in 0.29s
[INFO] running `Command { std: "docker" "inspect" "903d4a5048ff8b972271331bdc391e5f43e56b1263d5b36f42ad4b6c0f6418f1", kill_on_drop: false }`
[INFO] running `Command { std: "docker" "rm" "-f" "903d4a5048ff8b972271331bdc391e5f43e56b1263d5b36f42ad4b6c0f6418f1", kill_on_drop: false }`
[INFO] [stdout] 903d4a5048ff8b972271331bdc391e5f43e56b1263d5b36f42ad4b6c0f6418f1
[INFO] running `Command { std: "docker" "create" "-v" "/var/lib/crater-agent-workspace/builds/worker-2-tc1/target:/opt/rustwide/target:rw,Z" "-v" "/var/lib/crater-agent-workspace/builds/worker-2-tc1/source:/opt/rustwide/workdir:ro,Z" "-v" "/var/lib/crater-agent-workspace/cargo-home:/opt/rustwide/cargo-home:ro,Z" "-v" "/var/lib/crater-agent-workspace/rustup-home:/opt/rustwide/rustup-home:ro,Z" "-e" "SOURCE_DIR=/opt/rustwide/workdir" "-e" "CARGO_TARGET_DIR=/opt/rustwide/target" "-e" "CARGO_INCREMENTAL=0" "-e" "RUST_BACKTRACE=full" "-e" "RUSTFLAGS=--cap-lints=warn" "-e" "RUSTDOCFLAGS=--cap-lints=warn" "-e" "CARGO_HOME=/opt/rustwide/cargo-home" "-e" "RUSTUP_HOME=/opt/rustwide/rustup-home" "-w" "/opt/rustwide/workdir" "-m" "1610612736" "--user" "0:0" "--network" "none" "ghcr.io/rust-lang/crates-build-env/linux@sha256:5ff2268d62e97bff2cde7d5815dd6ed5b47097566f13b8d0ca110b04b60e07ed" "/opt/rustwide/cargo-home/bin/cargo" "+1.69.0" "test" "--frozen", kill_on_drop: false }`
[INFO] [stdout] 9654e6970f05698e623f447d44a1f8b664865fc4853ae77a9d53820e35dfe4af
[INFO] running `Command { std: "docker" "start" "-a" "9654e6970f05698e623f447d44a1f8b664865fc4853ae77a9d53820e35dfe4af", kill_on_drop: false }`
[INFO] [stderr]     Finished test [unoptimized + debuginfo] target(s) in 0.01s
[INFO] [stderr]      Running unittests src/lib.rs (/opt/rustwide/target/debug/deps/shard_csv-8fca260e775b0be4)
[INFO] [stdout] 
[INFO] [stdout] running 0 tests
[INFO] [stdout] 
[INFO] [stdout] test result: ok. 0 passed; 0 failed; 0 ignored; 0 measured; 0 filtered out; finished in 0.00s
[INFO] [stdout] 
[INFO] [stderr]    Doc-tests shard-csv
[INFO] [stdout] 
[INFO] [stdout] running 11 tests
[INFO] [stdout] test src/lib.rs - (line 46) ... FAILED
[INFO] [stdout] test src/lib.rs - (line 27) ... FAILED
[INFO] [stdout] test src/lib.rs - (line 71) ... FAILED
[INFO] [stdout] test src/sharded_writer.rs - sharded_writer::ShardedWriter<FKey,FNameFile>::on_create_file (line 187) ... FAILED
[INFO] [stdout] test src/lib.rs - (line 100) ... FAILED
[INFO] [stdout] test src/lib.rs - (line 56) ... FAILED
[INFO] [stdout] test src/lib.rs - (line 110) ... FAILED
[INFO] [stdout] test src/lib.rs - (line 90) ... FAILED
[INFO] [stdout] test src/lib.rs - (line 81) ... FAILED
[INFO] [stdout] test src/sharded_writer.rs - sharded_writer::ShardedWriter<FKey,FNameFile>::with_output_splitting (line 153) ... FAILED
[INFO] [stdout] test src/lib.rs - (line 16) ... FAILED
[INFO] [stdout] 
[INFO] [stdout] failures:
[INFO] [stdout] 
[INFO] [stdout] ---- src/lib.rs - (line 46) stdout ----
[INFO] [stdout] error[E0433]: failed to resolve: use of undeclared type `ShardedWriterBuilder`
[INFO] [stdout]  --> src/lib.rs:47:24
[INFO] [stdout]   |
[INFO] [stdout] 3 | let mut shard_writer = ShardedWriterBuilder::new_from_csv_reader(&mut csv_reader)
[INFO] [stdout]   |                        ^^^^^^^^^^^^^^^^^^^^ use of undeclared type `ShardedWriterBuilder`
[INFO] [stdout]   |
[INFO] [stdout] help: consider importing this struct
[INFO] [stdout]   |
[INFO] [stdout] 2 | use shard_csv::ShardedWriterBuilder;
[INFO] [stdout]   |
[INFO] [stdout] 
[INFO] [stdout] error[E0425]: cannot find value `csv_reader` in this scope
[INFO] [stdout]  --> src/lib.rs:47:71
[INFO] [stdout]   |
[INFO] [stdout] 3 | let mut shard_writer = ShardedWriterBuilder::new_from_csv_reader(&mut csv_reader)
[INFO] [stdout]   |                                                                       ^^^^^^^^^^ not found in this scope
[INFO] [stdout] 
[INFO] [stdout] error: aborting due to 2 previous errors
[INFO] [stdout] 
[INFO] [stdout] Some errors have detailed explanations: E0425, E0433.
[INFO] [stdout] For more information about an error, try `rustc --explain E0425`.
[INFO] [stdout] Couldn't compile the test.
[INFO] [stdout] ---- src/lib.rs - (line 27) stdout ----
[INFO] [stdout] error[E0433]: failed to resolve: use of undeclared type `StringRecord`
[INFO] [stdout]  --> src/lib.rs:32:30
[INFO] [stdout]   |
[INFO] [stdout] 7 | let it = data.iter().map(|r| StringRecord::from(&r[..]));
[INFO] [stdout]   |                              ^^^^^^^^^^^^ use of undeclared type `StringRecord`
[INFO] [stdout]   |
[INFO] [stdout] help: consider importing this struct
[INFO] [stdout]   |
[INFO] [stdout] 2 | use csv::StringRecord;
[INFO] [stdout]   |
[INFO] [stdout] 
[INFO] [stdout] error[E0425]: cannot find value `shard_writer` in this scope
[INFO] [stdout]  --> src/lib.rs:33:1
[INFO] [stdout]   |
[INFO] [stdout] 8 | shard_writer.process_iter(it).ok();
[INFO] [stdout]   | ^^^^^^^^^^^^ not found in this scope
[INFO] [stdout] 
[INFO] [stdout] error: aborting due to 2 previous errors
[INFO] [stdout] 
[INFO] [stdout] Some errors have detailed explanations: E0425, E0433.
[INFO] [stdout] For more information about an error, try `rustc --explain E0425`.
[INFO] [stdout] Couldn't compile the test.
[INFO] [stdout] ---- src/lib.rs - (line 71) stdout ----
[INFO] [stdout] error: expected expression, found `.`
[INFO] [stdout]  --> src/lib.rs:74:4
[INFO] [stdout]   |
[INFO] [stdout] 5 |    .with_key_selector(|rec| rec.get(0).unwrap_or("unknown").to_owned());
[INFO] [stdout]   |    ^ expected expression
[INFO] [stdout] 
[INFO] [stdout] error[E0433]: failed to resolve: use of undeclared type `ShardedWriterBuilder`
[INFO] [stdout]  --> src/lib.rs:72:24
[INFO] [stdout]   |
[INFO] [stdout] 3 | let mut shard_writer = ShardedWriterBuilder::new_from_csv_reader(&mut csv_reader)
[INFO] [stdout]   |                        ^^^^^^^^^^^^^^^^^^^^ use of undeclared type `ShardedWriterBuilder`
[INFO] [stdout]   |
[INFO] [stdout] help: consider importing this struct
[INFO] [stdout]   |
[INFO] [stdout] 2 | use shard_csv::ShardedWriterBuilder;
[INFO] [stdout]   |
[INFO] [stdout] 
[INFO] [stdout] error[E0425]: cannot find value `csv_reader` in this scope
[INFO] [stdout]  --> src/lib.rs:72:71
[INFO] [stdout]   |
[INFO] [stdout] 3 | let mut shard_writer = ShardedWriterBuilder::new_from_csv_reader(&mut csv_reader)
[INFO] [stdout]   |                                                                       ^^^^^^^^^^ not found in this scope
[INFO] [stdout] 
[INFO] [stdout] error: aborting due to 3 previous errors
[INFO] [stdout] 
[INFO] [stdout] Some errors have detailed explanations: E0425, E0433.
[INFO] [stdout] For more information about an error, try `rustc --explain E0425`.
[INFO] [stdout] Couldn't compile the test.
[INFO] [stdout] ---- src/sharded_writer.rs - sharded_writer::ShardedWriter<FKey,FNameFile>::on_create_file (line 187) stdout ----
[INFO] [stdout] error[E0425]: cannot find value `my_sharded_writer` in this scope
[INFO] [stdout]  --> src/sharded_writer.rs:188:1
[INFO] [stdout]   |
[INFO] [stdout] 3 | my_sharded_writer.on_create_file(|path| Ok(BufWriter::new(File::create(path)?)));
[INFO] [stdout]   | ^^^^^^^^^^^^^^^^^ not found in this scope
[INFO] [stdout] 
[INFO] [stdout] error[E0433]: failed to resolve: use of undeclared type `BufWriter`
[INFO] [stdout]  --> src/sharded_writer.rs:188:44
[INFO] [stdout]   |
[INFO] [stdout] 3 | my_sharded_writer.on_create_file(|path| Ok(BufWriter::new(File::create(path)?)));
[INFO] [stdout]   |                                            ^^^^^^^^^ use of undeclared type `BufWriter`
[INFO] [stdout]   |
[INFO] [stdout] help: consider importing this struct
[INFO] [stdout]   |
[INFO] [stdout] 2 | use std::io::BufWriter;
[INFO] [stdout]   |
[INFO] [stdout] 
[INFO] [stdout] error[E0433]: failed to resolve: use of undeclared type `File`
[INFO] [stdout]  --> src/sharded_writer.rs:188:59
[INFO] [stdout]   |
[INFO] [stdout] 3 | my_sharded_writer.on_create_file(|path| Ok(BufWriter::new(File::create(path)?)));
[INFO] [stdout]   |                                                           ^^^^ use of undeclared type `File`
[INFO] [stdout]   |
[INFO] [stdout] help: consider importing this struct
[INFO] [stdout]   |
[INFO] [stdout] 2 | use std::fs::File;
[INFO] [stdout]   |
[INFO] [stdout] 
[INFO] [stdout] error: aborting due to 3 previous errors
[INFO] [stdout] 
[INFO] [stdout] Some errors have detailed explanations: E0425, E0433.
[INFO] [stdout] For more information about an error, try `rustc --explain E0425`.
[INFO] [stdout] Couldn't compile the test.
[INFO] [stdout] ---- src/lib.rs - (line 100) stdout ----
[INFO] [stdout] error[E0425]: cannot find value `shard_writer` in this scope
[INFO] [stdout]  --> src/lib.rs:101:1
[INFO] [stdout]   |
[INFO] [stdout] 3 | shard_writer = shard_writer.on_file_completion(|path, key| {
[INFO] [stdout]   | ^^^^^^^^^^^^
[INFO] [stdout]   |
[INFO] [stdout] help: you might have meant to introduce a new binding
[INFO] [stdout]   |
[INFO] [stdout] 3 | let shard_writer = shard_writer.on_file_completion(|path, key| {
[INFO] [stdout]   | +++
[INFO] [stdout] 
[INFO] [stdout] error[E0425]: cannot find value `shard_writer` in this scope
[INFO] [stdout]  --> src/lib.rs:101:16
[INFO] [stdout]   |
[INFO] [stdout] 3 | shard_writer = shard_writer.on_file_completion(|path, key| {
[INFO] [stdout]   |                ^^^^^^^^^^^^ not found in this scope
[INFO] [stdout] 
[INFO] [stdout] error: aborting due to 2 previous errors
[INFO] [stdout] 
[INFO] [stdout] For more information about this error, try `rustc --explain E0425`.
[INFO] [stdout] Couldn't compile the test.
[INFO] [stdout] ---- src/lib.rs - (line 56) stdout ----
[INFO] [stdout] error: expected expression, found `.`
[INFO] [stdout]  --> src/lib.rs:59:4
[INFO] [stdout]   |
[INFO] [stdout] 5 |    .with_key_selector(|rec| rec.get(0).unwrap_or("unknown").to_owned());
[INFO] [stdout]   |    ^ expected expression
[INFO] [stdout] 
[INFO] [stdout] error[E0433]: failed to resolve: use of undeclared type `ShardedWriterBuilder`
[INFO] [stdout]  --> src/lib.rs:57:24
[INFO] [stdout]   |
[INFO] [stdout] 3 | let mut shard_writer = ShardedWriterBuilder::new_from_csv_reader(&mut csv_reader)
[INFO] [stdout]   |                        ^^^^^^^^^^^^^^^^^^^^ use of undeclared type `ShardedWriterBuilder`
[INFO] [stdout]   |
[INFO] [stdout] help: consider importing this struct
[INFO] [stdout]   |
[INFO] [stdout] 2 | use shard_csv::ShardedWriterBuilder;
[INFO] [stdout]   |
[INFO] [stdout] 
[INFO] [stdout] error[E0425]: cannot find value `csv_reader` in this scope
[INFO] [stdout]  --> src/lib.rs:57:71
[INFO] [stdout]   |
[INFO] [stdout] 3 | let mut shard_writer = ShardedWriterBuilder::new_from_csv_reader(&mut csv_reader)
[INFO] [stdout]   |                                                                       ^^^^^^^^^^ not found in this scope
[INFO] [stdout] 
[INFO] [stdout] error: aborting due to 3 previous errors
[INFO] [stdout] 
[INFO] [stdout] Some errors have detailed explanations: E0425, E0433.
[INFO] [stdout] For more information about an error, try `rustc --explain E0425`.
[INFO] [stdout] Couldn't compile the test.
[INFO] [stdout] ---- src/lib.rs - (line 110) stdout ----
[INFO] [stdout] error[E0433]: failed to resolve: use of undeclared crate or module `flate2`
[INFO] [stdout]  --> src/lib.rs:113:14
[INFO] [stdout]   |
[INFO] [stdout] 5 |     let gz = flate2::write::GzEncoder::new(f, flate2::Compression::fast());
[INFO] [stdout]   |              ^^^^^^ use of undeclared crate or module `flate2`
[INFO] [stdout] 
[INFO] [stdout] error[E0433]: failed to resolve: use of undeclared crate or module `flate2`
[INFO] [stdout]  --> src/lib.rs:113:47
[INFO] [stdout]   |
[INFO] [stdout] 5 |     let gz = flate2::write::GzEncoder::new(f, flate2::Compression::fast());
[INFO] [stdout]   |                                               ^^^^^^ use of undeclared crate or module `flate2`
[INFO] [stdout] 
[INFO] [stdout] error[E0425]: cannot find value `shard_writer` in this scope
[INFO] [stdout]  --> src/lib.rs:111:1
[INFO] [stdout]   |
[INFO] [stdout] 3 | shard_writer = shard_writer.on_create_file(|path| {
[INFO] [stdout]   | ^^^^^^^^^^^^
[INFO] [stdout]   |
[INFO] [stdout] help: you might have meant to introduce a new binding
[INFO] [stdout]   |
[INFO] [stdout] 3 | let shard_writer = shard_writer.on_create_file(|path| {
[INFO] [stdout]   | +++
[INFO] [stdout] 
[INFO] [stdout] error[E0425]: cannot find value `shard_writer` in this scope
[INFO] [stdout]  --> src/lib.rs:111:16
[INFO] [stdout]   |
[INFO] [stdout] 3 | shard_writer = shard_writer.on_create_file(|path| {
[INFO] [stdout]   |                ^^^^^^^^^^^^ not found in this scope
[INFO] [stdout] 
[INFO] [stdout] error[E0433]: failed to resolve: use of undeclared type `BufWriter`
[INFO] [stdout]  --> src/lib.rs:114:15
[INFO] [stdout]   |
[INFO] [stdout] 6 |     let buf = BufWriter::new(gz);
[INFO] [stdout]   |               ^^^^^^^^^ use of undeclared type `BufWriter`
[INFO] [stdout]   |
[INFO] [stdout] help: consider importing this struct
[INFO] [stdout]   |
[INFO] [stdout] 2 | use std::io::BufWriter;
[INFO] [stdout]   |
[INFO] [stdout] 
[INFO] [stdout] error: aborting due to 5 previous errors
[INFO] [stdout] 
[INFO] [stdout] Some errors have detailed explanations: E0425, E0433.
[INFO] [stdout] For more information about an error, try `rustc --explain E0425`.
[INFO] [stdout] Couldn't compile the test.
[INFO] [stdout] ---- src/lib.rs - (line 90) stdout ----
[INFO] [stdout] error[E0425]: cannot find value `shard_writer` in this scope
[INFO] [stdout]  --> src/lib.rs:91:1
[INFO] [stdout]   |
[INFO] [stdout] 3 | shard_writer = shard_writer.with_output_splitting(FileSplitting::SplitAfterRows(100));
[INFO] [stdout]   | ^^^^^^^^^^^^
[INFO] [stdout]   |
[INFO] [stdout] help: you might have meant to introduce a new binding
[INFO] [stdout]   |
[INFO] [stdout] 3 | let shard_writer = shard_writer.with_output_splitting(FileSplitting::SplitAfterRows(100));
[INFO] [stdout]   | +++
[INFO] [stdout] 
[INFO] [stdout] error[E0425]: cannot find value `shard_writer` in this scope
[INFO] [stdout]  --> src/lib.rs:91:16
[INFO] [stdout]   |
[INFO] [stdout] 3 | shard_writer = shard_writer.with_output_splitting(FileSplitting::SplitAfterRows(100));
[INFO] [stdout]   |                ^^^^^^^^^^^^ not found in this scope
[INFO] [stdout] 
[INFO] [stdout] error[E0433]: failed to resolve: use of undeclared type `FileSplitting`
[INFO] [stdout]  --> src/lib.rs:91:51
[INFO] [stdout]   |
[INFO] [stdout] 3 | shard_writer = shard_writer.with_output_splitting(FileSplitting::SplitAfterRows(100));
[INFO] [stdout]   |                                                   ^^^^^^^^^^^^^ use of undeclared type `FileSplitting`
[INFO] [stdout]   |
[INFO] [stdout] help: consider importing this enum
[INFO] [stdout]   |
[INFO] [stdout] 2 | use shard_csv::FileSplitting;
[INFO] [stdout]   |
[INFO] [stdout] 
[INFO] [stdout] error: aborting due to 3 previous errors
[INFO] [stdout] 
[INFO] [stdout] Some errors have detailed explanations: E0425, E0433.
[INFO] [stdout] For more information about an error, try `rustc --explain E0425`.
[INFO] [stdout] Couldn't compile the test.
[INFO] [stdout] ---- src/lib.rs - (line 81) stdout ----
[INFO] [stdout] error[E0425]: cannot find value `shard_writer` in this scope
[INFO] [stdout]  --> src/lib.rs:82:1
[INFO] [stdout]   |
[INFO] [stdout] 3 | shard_writer.process_csv(&mut csv_reader).ok();
[INFO] [stdout]   | ^^^^^^^^^^^^ not found in this scope
[INFO] [stdout] 
[INFO] [stdout] error[E0425]: cannot find value `csv_reader` in this scope
[INFO] [stdout]  --> src/lib.rs:82:31
[INFO] [stdout]   |
[INFO] [stdout] 3 | shard_writer.process_csv(&mut csv_reader).ok();
[INFO] [stdout]   |                               ^^^^^^^^^^ not found in this scope
[INFO] [stdout] 
[INFO] [stdout] error: aborting due to 2 previous errors
[INFO] [stdout] 
[INFO] [stdout] For more information about this error, try `rustc --explain E0425`.
[INFO] [stdout] Couldn't compile the test.
[INFO] [stdout] ---- src/sharded_writer.rs - sharded_writer::ShardedWriter<FKey,FNameFile>::with_output_splitting (line 153) stdout ----
[INFO] [stdout] error[E0433]: failed to resolve: use of undeclared type `ShardedWriter`
[INFO] [stdout]  --> src/sharded_writer.rs:154:14
[INFO] [stdout]   |
[INFO] [stdout] 3 | let writer = ShardedWriter::new(
[INFO] [stdout]   |              ^^^^^^^^^^^^^ use of undeclared type `ShardedWriter`
[INFO] [stdout]   |
[INFO] [stdout] help: consider importing this struct
[INFO] [stdout]   |
[INFO] [stdout] 2 | use shard_csv::ShardedWriter;
[INFO] [stdout]   |
[INFO] [stdout] 
[INFO] [stdout] error: aborting due to previous error
[INFO] [stdout] 
[INFO] [stdout] For more information about this error, try `rustc --explain E0433`.
[INFO] [stdout] Couldn't compile the test.
[INFO] [stdout] ---- src/lib.rs - (line 16) stdout ----
[INFO] [stdout] Test executable failed (exit status: 101).
[INFO] [stdout] 
[INFO] [stdout] stderr:
[INFO] [stdout] thread 'main' panicked at 'Failed to create reader from file: Error(Io(Os { code: 2, kind: NotFound, message: "No such file or directory" }))', src/lib.rs:8:5
[INFO] [stdout] stack backtrace:
[INFO] [stdout]    0:     0x55a15ec536ea - std::backtrace_rs::backtrace::libunwind::trace::ha9053a9a07ca49cb
[INFO] [stdout]                                at /rustc/84c898d65adf2f39a5a98507f1fe0ce10a2b8dbc/library/std/src/../../backtrace/src/backtrace/libunwind.rs:93:5
[INFO] [stdout]    1:     0x55a15ec536ea - std::backtrace_rs::backtrace::trace_unsynchronized::h9c2852a457ad564e
[INFO] [stdout]                                at /rustc/84c898d65adf2f39a5a98507f1fe0ce10a2b8dbc/library/std/src/../../backtrace/src/backtrace/mod.rs:66:5
[INFO] [stdout]    2:     0x55a15ec536ea - std::sys_common::backtrace::_print_fmt::h457936fbfaa0070f
[INFO] [stdout]                                at /rustc/84c898d65adf2f39a5a98507f1fe0ce10a2b8dbc/library/std/src/sys_common/backtrace.rs:65:5
[INFO] [stdout]    3:     0x55a15ec536ea - <std::sys_common::backtrace::_print::DisplayBacktrace as core::fmt::Display>::fmt::h5779d7bf7f70cb0c
[INFO] [stdout]                                at /rustc/84c898d65adf2f39a5a98507f1fe0ce10a2b8dbc/library/std/src/sys_common/backtrace.rs:44:22
[INFO] [stdout]    4:     0x55a15ec6d3fe - core::fmt::write::h5a4baaff1bcd3eb5
[INFO] [stdout]                                at /rustc/84c898d65adf2f39a5a98507f1fe0ce10a2b8dbc/library/core/src/fmt/mod.rs:1232:17
[INFO] [stdout]    5:     0x55a15ec51875 - std::io::Write::write_fmt::h4bc1f301cb9e9cce
[INFO] [stdout]                                at /rustc/84c898d65adf2f39a5a98507f1fe0ce10a2b8dbc/library/std/src/io/mod.rs:1684:15
[INFO] [stdout]    6:     0x55a15ec534b5 - std::sys_common::backtrace::_print::h5fcdc36060f177e8
[INFO] [stdout]                                at /rustc/84c898d65adf2f39a5a98507f1fe0ce10a2b8dbc/library/std/src/sys_common/backtrace.rs:47:5
[INFO] [stdout]    7:     0x55a15ec534b5 - std::sys_common::backtrace::print::h54ca9458b876c8bf
[INFO] [stdout]                                at /rustc/84c898d65adf2f39a5a98507f1fe0ce10a2b8dbc/library/std/src/sys_common/backtrace.rs:34:9
[INFO] [stdout]    8:     0x55a15ec54b0f - std::panicking::default_hook::{{closure}}::hbe471161c7664ed6
[INFO] [stdout]                                at /rustc/84c898d65adf2f39a5a98507f1fe0ce10a2b8dbc/library/std/src/panicking.rs:271:22
[INFO] [stdout]    9:     0x55a15ec5484b - std::panicking::default_hook::ha3500da57aa4ac4f
[INFO] [stdout]                                at /rustc/84c898d65adf2f39a5a98507f1fe0ce10a2b8dbc/library/std/src/panicking.rs:290:9
[INFO] [stdout]   10:     0x55a15ec550b8 - std::panicking::rust_panic_with_hook::h50c09d000dc561d2
[INFO] [stdout]                                at /rustc/84c898d65adf2f39a5a98507f1fe0ce10a2b8dbc/library/std/src/panicking.rs:692:13
[INFO] [stdout]   11:     0x55a15ec54fb9 - std::panicking::begin_panic_handler::{{closure}}::h9e2b2176e00e0d9c
[INFO] [stdout]                                at /rustc/84c898d65adf2f39a5a98507f1fe0ce10a2b8dbc/library/std/src/panicking.rs:583:13
[INFO] [stdout]   12:     0x55a15ec53b56 - std::sys_common::backtrace::__rust_end_short_backtrace::h5739b8e512c09d02
[INFO] [stdout]                                at /rustc/84c898d65adf2f39a5a98507f1fe0ce10a2b8dbc/library/std/src/sys_common/backtrace.rs:150:18
[INFO] [stdout]   13:     0x55a15ec54cc2 - rust_begin_unwind
[INFO] [stdout]                                at /rustc/84c898d65adf2f39a5a98507f1fe0ce10a2b8dbc/library/std/src/panicking.rs:579:5
[INFO] [stdout]   14:     0x55a15ec35ef3 - core::panicking::panic_fmt::hf33a1475b4dc5c3e
[INFO] [stdout]                                at /rustc/84c898d65adf2f39a5a98507f1fe0ce10a2b8dbc/library/core/src/panicking.rs:64:14
[INFO] [stdout]   15:     0x55a15ec362e3 - core::result::unwrap_failed::hdff5465d74574b44
[INFO] [stdout]                                at /rustc/84c898d65adf2f39a5a98507f1fe0ce10a2b8dbc/library/core/src/result.rs:1750:5
[INFO] [stdout]   16:     0x55a15ec36d95 - core::result::Result<T,E>::expect::hdc14281d6993fae6
[INFO] [stdout]   17:     0x55a15ec3755e - rust_out::main::_doctest_main_src_lib_rs_16_0::hf56057f26d392846
[INFO] [stdout]   18:     0x55a15ec37496 - rust_out::main::h045d0fd74ed7290e
[INFO] [stdout]   19:     0x55a15ec36b33 - core::ops::function::FnOnce::call_once::h5b89dea722ea21ad
[INFO] [stdout]   20:     0x55a15ec36909 - std::sys_common::backtrace::__rust_begin_short_backtrace::hc178e4cfacf1803d
[INFO] [stdout]   21:     0x55a15ec36ab9 - std::rt::lang_start::{{closure}}::he8c5d60628d06093
[INFO] [stdout]   22:     0x55a15ec4f79c - core::ops::function::impls::<impl core::ops::function::FnOnce<A> for &F>::call_once::hd6efcd3bec896f2c
[INFO] [stdout]                                at /rustc/84c898d65adf2f39a5a98507f1fe0ce10a2b8dbc/library/core/src/ops/function.rs:287:13
[INFO] [stdout]   23:     0x55a15ec4f79c - std::panicking::try::do_call::hce04e543bb1f4cbb
[INFO] [stdout]                                at /rustc/84c898d65adf2f39a5a98507f1fe0ce10a2b8dbc/library/std/src/panicking.rs:487:40
[INFO] [stdout]   24:     0x55a15ec4f79c - std::panicking::try::h3342dd4e1f680968
[INFO] [stdout]                                at /rustc/84c898d65adf2f39a5a98507f1fe0ce10a2b8dbc/library/std/src/panicking.rs:451:19
[INFO] [stdout]   25:     0x55a15ec4f79c - std::panic::catch_unwind::h148ce1e59ac0cee7
[INFO] [stdout]                                at /rustc/84c898d65adf2f39a5a98507f1fe0ce10a2b8dbc/library/std/src/panic.rs:140:14
[INFO] [stdout]   26:     0x55a15ec4f79c - std::rt::lang_start_internal::{{closure}}::h25f9dda2057a67fe
[INFO] [stdout]                                at /rustc/84c898d65adf2f39a5a98507f1fe0ce10a2b8dbc/library/std/src/rt.rs:148:48
[INFO] [stdout]   27:     0x55a15ec4f79c - std::panicking::try::do_call::h7caaaeaf9401650b
[INFO] [stdout]                                at /rustc/84c898d65adf2f39a5a98507f1fe0ce10a2b8dbc/library/std/src/panicking.rs:487:40
[INFO] [stdout]   28:     0x55a15ec4f79c - std::panicking::try::he7d15285746cbbc2
[INFO] [stdout]                                at /rustc/84c898d65adf2f39a5a98507f1fe0ce10a2b8dbc/library/std/src/panicking.rs:451:19
[INFO] [stdout]   29:     0x55a15ec4f79c - std::panic::catch_unwind::h89fb4f50c0301fe0
[INFO] [stdout]                                at /rustc/84c898d65adf2f39a5a98507f1fe0ce10a2b8dbc/library/std/src/panic.rs:140:14
[INFO] [stdout]   30:     0x55a15ec4f79c - std::rt::lang_start_internal::h078acd489417d3c1
[INFO] [stdout]                                at /rustc/84c898d65adf2f39a5a98507f1fe0ce10a2b8dbc/library/std/src/rt.rs:148:20
[INFO] [stdout]   31:     0x55a15ec36a97 - std::rt::lang_start::h335d6166ecad8ac7
[INFO] [stdout]   32:     0x55a15ec375d5 - main
[INFO] [stdout]   33:     0x7f90333bed90 - <unknown>
[INFO] [stdout]   34:     0x7f90333bee40 - __libc_start_main
[INFO] [stdout]   35:     0x55a15ec36425 - _start
[INFO] [stdout]   36:                0x0 - <unknown>
[INFO] [stdout] 
[INFO] [stdout] 
[INFO] [stdout] 
[INFO] [stdout] failures:
[INFO] [stdout]     src/lib.rs - (line 100)
[INFO] [stdout]     src/lib.rs - (line 110)
[INFO] [stdout]     src/lib.rs - (line 16)
[INFO] [stdout]     src/lib.rs - (line 27)
[INFO] [stdout]     src/lib.rs - (line 46)
[INFO] [stdout]     src/lib.rs - (line 56)
[INFO] [stdout]     src/lib.rs - (line 71)
[INFO] [stdout]     src/lib.rs - (line 81)
[INFO] [stdout]     src/lib.rs - (line 90)
[INFO] [stdout]     src/sharded_writer.rs - sharded_writer::ShardedWriter<FKey,FNameFile>::on_create_file (line 187)
[INFO] [stdout]     src/sharded_writer.rs - sharded_writer::ShardedWriter<FKey,FNameFile>::with_output_splitting (line 153)
[INFO] [stdout] 
[INFO] [stdout] test result: FAILED. 0 passed; 11 failed; 0 ignored; 0 measured; 0 filtered out; finished in 0.26s
[INFO] [stdout] 
[INFO] [stderr] error: doctest failed, to rerun pass `--doc`
[INFO] running `Command { std: "docker" "inspect" "9654e6970f05698e623f447d44a1f8b664865fc4853ae77a9d53820e35dfe4af", kill_on_drop: false }`
[INFO] running `Command { std: "docker" "rm" "-f" "9654e6970f05698e623f447d44a1f8b664865fc4853ae77a9d53820e35dfe4af", kill_on_drop: false }`
[INFO] [stdout] 9654e6970f05698e623f447d44a1f8b664865fc4853ae77a9d53820e35dfe4af
