[INFO] fetching crate shalrath 0.2.5...
[INFO] testing shalrath-0.2.5 against 1.69.0 for beta-1.70-1
[INFO] extracting crate shalrath 0.2.5 into /workspace/builds/worker-4-tc1/source
[INFO] validating manifest of crates.io crate shalrath 0.2.5 on toolchain 1.69.0
[INFO] running `Command { std: CARGO_HOME="/workspace/cargo-home" RUSTUP_HOME="/workspace/rustup-home" "/workspace/cargo-home/bin/cargo" "+1.69.0" "metadata" "--manifest-path" "Cargo.toml" "--no-deps", kill_on_drop: false }`
[INFO] started tweaking crates.io crate shalrath 0.2.5
[INFO] finished tweaking crates.io crate shalrath 0.2.5
[INFO] tweaked toml for crates.io crate shalrath 0.2.5 written to /workspace/builds/worker-4-tc1/source/Cargo.toml
[INFO] running `Command { std: CARGO_HOME="/workspace/cargo-home" RUSTUP_HOME="/workspace/rustup-home" __CARGO_TEST_CHANNEL_OVERRIDE_DO_NOT_USE_THIS="nightly" "/workspace/cargo-home/bin/cargo" "+1.69.0" "generate-lockfile" "--manifest-path" "Cargo.toml" "-Zno-index-update", kill_on_drop: false }`
[INFO] running `Command { std: CARGO_HOME="/workspace/cargo-home" RUSTUP_HOME="/workspace/rustup-home" "/workspace/cargo-home/bin/cargo" "+1.69.0" "fetch" "--manifest-path" "Cargo.toml", kill_on_drop: false }`
[INFO] running `Command { std: "docker" "create" "-v" "/var/lib/crater-agent-workspace/builds/worker-4-tc1/target:/opt/rustwide/target:rw,Z" "-v" "/var/lib/crater-agent-workspace/builds/worker-4-tc1/source:/opt/rustwide/workdir:ro,Z" "-v" "/var/lib/crater-agent-workspace/cargo-home:/opt/rustwide/cargo-home:ro,Z" "-v" "/var/lib/crater-agent-workspace/rustup-home:/opt/rustwide/rustup-home:ro,Z" "-e" "SOURCE_DIR=/opt/rustwide/workdir" "-e" "CARGO_TARGET_DIR=/opt/rustwide/target" "-e" "CARGO_HOME=/opt/rustwide/cargo-home" "-e" "RUSTUP_HOME=/opt/rustwide/rustup-home" "-w" "/opt/rustwide/workdir" "-m" "1610612736" "--user" "0:0" "--network" "none" "ghcr.io/rust-lang/crates-build-env/linux@sha256:5ff2268d62e97bff2cde7d5815dd6ed5b47097566f13b8d0ca110b04b60e07ed" "/opt/rustwide/cargo-home/bin/cargo" "+1.69.0" "metadata" "--no-deps" "--format-version=1", kill_on_drop: false }`
[INFO] [stdout] cf4e0c16178920898a0236b5785dcec95fd0c03bc616aea8dea5501b0f039386
[INFO] running `Command { std: "docker" "start" "-a" "cf4e0c16178920898a0236b5785dcec95fd0c03bc616aea8dea5501b0f039386", kill_on_drop: false }`
[INFO] running `Command { std: "docker" "inspect" "cf4e0c16178920898a0236b5785dcec95fd0c03bc616aea8dea5501b0f039386", kill_on_drop: false }`
[INFO] running `Command { std: "docker" "rm" "-f" "cf4e0c16178920898a0236b5785dcec95fd0c03bc616aea8dea5501b0f039386", kill_on_drop: false }`
[INFO] [stdout] cf4e0c16178920898a0236b5785dcec95fd0c03bc616aea8dea5501b0f039386
[INFO] running `Command { std: "docker" "create" "-v" "/var/lib/crater-agent-workspace/builds/worker-4-tc1/target:/opt/rustwide/target:rw,Z" "-v" "/var/lib/crater-agent-workspace/builds/worker-4-tc1/source:/opt/rustwide/workdir:ro,Z" "-v" "/var/lib/crater-agent-workspace/cargo-home:/opt/rustwide/cargo-home:ro,Z" "-v" "/var/lib/crater-agent-workspace/rustup-home:/opt/rustwide/rustup-home:ro,Z" "-e" "SOURCE_DIR=/opt/rustwide/workdir" "-e" "CARGO_TARGET_DIR=/opt/rustwide/target" "-e" "CARGO_INCREMENTAL=0" "-e" "RUST_BACKTRACE=full" "-e" "RUSTFLAGS=--cap-lints=warn" "-e" "RUSTDOCFLAGS=--cap-lints=warn" "-e" "CARGO_HOME=/opt/rustwide/cargo-home" "-e" "RUSTUP_HOME=/opt/rustwide/rustup-home" "-w" "/opt/rustwide/workdir" "-m" "1610612736" "--user" "0:0" "--network" "none" "ghcr.io/rust-lang/crates-build-env/linux@sha256:5ff2268d62e97bff2cde7d5815dd6ed5b47097566f13b8d0ca110b04b60e07ed" "/opt/rustwide/cargo-home/bin/cargo" "+1.69.0" "build" "--frozen" "--message-format=json", kill_on_drop: false }`
[INFO] [stdout] 66a672732663f4c7809cf7b022ec47f57b2183f929a791c37ce1afb24787d71e
[INFO] running `Command { std: "docker" "start" "-a" "66a672732663f4c7809cf7b022ec47f57b2183f929a791c37ce1afb24787d71e", kill_on_drop: false }`
[INFO] [stderr]    Compiling serde_derive v1.0.160
[INFO] [stderr]    Compiling memchr v2.5.0
[INFO] [stderr]    Compiling serde v1.0.160
[INFO] [stderr]    Compiling minimal-lexical v0.2.1
[INFO] [stderr]    Compiling syn v2.0.15
[INFO] [stderr]    Compiling nom v7.1.3
[INFO] [stderr]    Compiling shalrath v0.2.5 (/opt/rustwide/workdir)
[INFO] [stderr]     Finished dev [unoptimized + debuginfo] target(s) in 7.71s
[INFO] running `Command { std: "docker" "inspect" "66a672732663f4c7809cf7b022ec47f57b2183f929a791c37ce1afb24787d71e", kill_on_drop: false }`
[INFO] running `Command { std: "docker" "rm" "-f" "66a672732663f4c7809cf7b022ec47f57b2183f929a791c37ce1afb24787d71e", kill_on_drop: false }`
[INFO] [stdout] 66a672732663f4c7809cf7b022ec47f57b2183f929a791c37ce1afb24787d71e
[INFO] running `Command { std: "docker" "create" "-v" "/var/lib/crater-agent-workspace/builds/worker-4-tc1/target:/opt/rustwide/target:rw,Z" "-v" "/var/lib/crater-agent-workspace/builds/worker-4-tc1/source:/opt/rustwide/workdir:ro,Z" "-v" "/var/lib/crater-agent-workspace/cargo-home:/opt/rustwide/cargo-home:ro,Z" "-v" "/var/lib/crater-agent-workspace/rustup-home:/opt/rustwide/rustup-home:ro,Z" "-e" "SOURCE_DIR=/opt/rustwide/workdir" "-e" "CARGO_TARGET_DIR=/opt/rustwide/target" "-e" "CARGO_INCREMENTAL=0" "-e" "RUST_BACKTRACE=full" "-e" "RUSTFLAGS=--cap-lints=warn" "-e" "RUSTDOCFLAGS=--cap-lints=warn" "-e" "CARGO_HOME=/opt/rustwide/cargo-home" "-e" "RUSTUP_HOME=/opt/rustwide/rustup-home" "-w" "/opt/rustwide/workdir" "-m" "1610612736" "--user" "0:0" "--network" "none" "ghcr.io/rust-lang/crates-build-env/linux@sha256:5ff2268d62e97bff2cde7d5815dd6ed5b47097566f13b8d0ca110b04b60e07ed" "/opt/rustwide/cargo-home/bin/cargo" "+1.69.0" "test" "--frozen" "--no-run" "--message-format=json", kill_on_drop: false }`
[INFO] [stdout] 38cfa6e72f0a672b7215a24a807a54c2a0fb5c5bb6e9298b83347efac8d4c7eb
[INFO] running `Command { std: "docker" "start" "-a" "38cfa6e72f0a672b7215a24a807a54c2a0fb5c5bb6e9298b83347efac8d4c7eb", kill_on_drop: false }`
[INFO] [stderr]    Compiling shalrath v0.2.5 (/opt/rustwide/workdir)
[INFO] [stderr]     Finished test [unoptimized + debuginfo] target(s) in 0.95s
[INFO] running `Command { std: "docker" "inspect" "38cfa6e72f0a672b7215a24a807a54c2a0fb5c5bb6e9298b83347efac8d4c7eb", kill_on_drop: false }`
[INFO] running `Command { std: "docker" "rm" "-f" "38cfa6e72f0a672b7215a24a807a54c2a0fb5c5bb6e9298b83347efac8d4c7eb", kill_on_drop: false }`
[INFO] [stdout] 38cfa6e72f0a672b7215a24a807a54c2a0fb5c5bb6e9298b83347efac8d4c7eb
[INFO] running `Command { std: "docker" "create" "-v" "/var/lib/crater-agent-workspace/builds/worker-4-tc1/target:/opt/rustwide/target:rw,Z" "-v" "/var/lib/crater-agent-workspace/builds/worker-4-tc1/source:/opt/rustwide/workdir:ro,Z" "-v" "/var/lib/crater-agent-workspace/cargo-home:/opt/rustwide/cargo-home:ro,Z" "-v" "/var/lib/crater-agent-workspace/rustup-home:/opt/rustwide/rustup-home:ro,Z" "-e" "SOURCE_DIR=/opt/rustwide/workdir" "-e" "CARGO_TARGET_DIR=/opt/rustwide/target" "-e" "CARGO_INCREMENTAL=0" "-e" "RUST_BACKTRACE=full" "-e" "RUSTFLAGS=--cap-lints=warn" "-e" "RUSTDOCFLAGS=--cap-lints=warn" "-e" "CARGO_HOME=/opt/rustwide/cargo-home" "-e" "RUSTUP_HOME=/opt/rustwide/rustup-home" "-w" "/opt/rustwide/workdir" "-m" "1610612736" "--user" "0:0" "--network" "none" "ghcr.io/rust-lang/crates-build-env/linux@sha256:5ff2268d62e97bff2cde7d5815dd6ed5b47097566f13b8d0ca110b04b60e07ed" "/opt/rustwide/cargo-home/bin/cargo" "+1.69.0" "test" "--frozen", kill_on_drop: false }`
[INFO] [stdout] c7024257e022ecf2bfa793be7e22c5bed2c16296405b1edd938247fb0db508ae
[INFO] running `Command { std: "docker" "start" "-a" "c7024257e022ecf2bfa793be7e22c5bed2c16296405b1edd938247fb0db508ae", kill_on_drop: false }`
[INFO] [stderr]     Finished test [unoptimized + debuginfo] target(s) in 0.01s
[INFO] [stderr]      Running unittests src/lib.rs (/opt/rustwide/target/debug/deps/shalrath-c8c83a887d1c5c6c)
[INFO] [stdout] 
[INFO] [stdout] running 49 tests
[INFO] [stdout] test integration_tests::basic_box_map::test_basic_box_map ... ok
[INFO] [stdout] test integration_tests::test_daikatana_color ... ok
[INFO] [stdout] test integration_tests::test_abstract_test_edited ... ok
[INFO] [stdout] test integration_tests::test_abstract_test_beveled ... ok
[INFO] [stdout] test integration_tests::test_unit ... ok
[INFO] [stdout] test integration_tests::test_mean_pillar_single ... ok
[INFO] [stdout] test integration_tests::test_mean_block_single ... ok
[INFO] [stdout] test integration_tests::test_test_cylinder ... ok
[INFO] [stdout] test parser::primitive::tests::test_f32 ... ok
[INFO] [stdout] test parser::repr::map::entity::brushes::brush::brush_plane::tests::test_brush_plane ... ok
[INFO] [stdout] test integration_tests::test_uv_test ... ok
[INFO] [stdout] test parser::repr::map::entity::brushes::brush::brush_plane::triangle::point::tests::test_vertex ... ok
[INFO] [stdout] test integration_tests::test_abstract_test_a ... ok
[INFO] [stdout] test integration_tests::test_bevel ... ok
[INFO] [stdout] test parser::repr::map::entity::brushes::brush::brush_plane::triangle::tests::test_plane ... ok
[INFO] [stdout] test parser::repr::map::entity::brushes::brush::brush_plane::texture_offset::tests::test_valve_texture_offset ... ok
[INFO] [stdout] test parser::repr::map::entity::brushes::brush::brush_plane::texture_offset::texture_plane::tests::test_texture_plane ... ok
[INFO] [stdout] test integration_tests::test_unit_beveled ... ok
[INFO] [stdout] test parser::repr::map::entity::properties::tests::test_properties ... ok
[INFO] [stdout] test parser::repr::map::entity::properties::property::tests::test_property ... ok
[INFO] [stdout] test parser::repr::map::entity::brushes::brush::tests::test_brush ... ok
[INFO] [stdout] test parser::tests::test_eol_comment ... ok
[INFO] [stdout] test parser::tests::test_string ... ok
[INFO] [stdout] test parser::tests::test_float ... ok
[INFO] [stdout] test repr::map::entity::brushes::brush::brush_plane::plane::point::tests::test_point_to_string ... ok
[INFO] [stdout] test parser::repr::map::tests::test_map ... ok
[INFO] [stdout] test parser::repr::map::entity::brushes::tests::test_brushes ... ok
[INFO] [stdout] test repr::map::entity::brushes::brush::brush_plane::texture_offset::tests::test_texture_offset_to_string ... ok
[INFO] [stdout] test repr::map::entity::brushes::brush::tests::test_brush_to_string ... ok
[INFO] [stdout] test integration_tests::test_mean_block ... ok
[INFO] [stdout] test repr::map::entity::brushes::tests::test_brushes_to_string ... ok
[INFO] [stdout] test repr::map::entity::properties::tests::test_properties ... ok
[INFO] [stdout] test repr::map::entity::tests::test_entity_to_string ... ok
[INFO] [stdout] test repr::map::entity::brushes::brush::brush_plane::extension::tests::test_extension_to_string ... ok
[INFO] [stdout] test repr::map::tests::test_map_to_string ... ok
[INFO] [stdout] test integration_tests::test_lighting_test ... ok
[INFO] [stdout] test repr::map::entity::brushes::brush::brush_plane::texture_offset::tests::test_texture_plane_to_string ... ok
[INFO] [stdout] test parser::repr::map::entity::tests::test_entity ... ok
[INFO] [stdout] test repr::map::entity::brushes::brush::brush_plane::plane::tests::test_plane_to_string ... ok
[INFO] [stdout] test repr::map::entity::properties::property::tests::test_property_to_string ... ok
[INFO] [stdout] test repr::map::entity::brushes::brush::brush_plane::tests::test_brush_plane_to_string ... ok
[INFO] [stdout] test integration_tests::test_trenchbroom_test_daikatana ... ok
[INFO] [stdout] test integration_tests::test_trenchbroom_test_q3_legacy ... ok
[INFO] [stdout] test integration_tests::test_trenchbroom_test_q2 ... ok
[INFO] [stdout] test integration_tests::test_trenchbroom_test_q3 ... ok
[INFO] [stdout] test integration_tests::test_abstract_test_b ... ok
[INFO] [stdout] test integration_tests::test_mean_pillar ... ok
[INFO] [stdout] test integration_tests::test_trenchbroom_test_valve ... ok
[INFO] [stdout] test integration_tests::test_trenchbroom_group_hierarchy ... ok
[INFO] [stdout] 
[INFO] [stdout] test result: ok. 49 passed; 0 failed; 0 ignored; 0 measured; 0 filtered out; finished in 0.40s
[INFO] [stdout] 
[INFO] [stderr]    Doc-tests shalrath
[INFO] [stdout] 
[INFO] [stdout] running 4 tests
[INFO] [stdout] test src/lib.rs - (line 47) ... FAILED
[INFO] [stdout] test src/lib.rs - (line 97) ... ok
[INFO] [stdout] test src/lib.rs - (line 107) ... ok
[INFO] [stdout] test src/lib.rs - (line 118) ... ok
[INFO] [stdout] 
[INFO] [stdout] failures:
[INFO] [stdout] 
[INFO] [stdout] ---- src/lib.rs - (line 47) stdout ----
[INFO] [stdout] error[E0422]: cannot find struct, variant or union type `Triangle` in this scope
[INFO] [stdout]   --> src/lib.rs:64:24
[INFO] [stdout]    |
[INFO] [stdout] 20 |                 plane: Triangle {
[INFO] [stdout]    |                        ^^^^^^^^ not found in this scope
[INFO] [stdout] 
[INFO] [stdout] error: aborting due to previous error
[INFO] [stdout] 
[INFO] [stdout] For more information about this error, try `rustc --explain E0422`.
[INFO] [stdout] Couldn't compile the test.
[INFO] [stdout] 
[INFO] [stdout] failures:
[INFO] [stdout]     src/lib.rs - (line 47)
[INFO] [stdout] 
[INFO] [stdout] test result: FAILED. 3 passed; 1 failed; 0 ignored; 0 measured; 0 filtered out; finished in 0.27s
[INFO] [stdout] 
[INFO] [stderr] error: doctest failed, to rerun pass `--doc`
[INFO] running `Command { std: "docker" "inspect" "c7024257e022ecf2bfa793be7e22c5bed2c16296405b1edd938247fb0db508ae", kill_on_drop: false }`
[INFO] running `Command { std: "docker" "rm" "-f" "c7024257e022ecf2bfa793be7e22c5bed2c16296405b1edd938247fb0db508ae", kill_on_drop: false }`
[INFO] [stdout] c7024257e022ecf2bfa793be7e22c5bed2c16296405b1edd938247fb0db508ae
