[INFO] fetching crate shadowplay 0.16.3...
[INFO] testing shadowplay-0.16.3 against beta-2023-04-20 for beta-1.70-1
[INFO] extracting crate shadowplay 0.16.3 into /workspace/builds/worker-7-tc2/source
[INFO] validating manifest of crates.io crate shadowplay 0.16.3 on toolchain beta-2023-04-20
[INFO] running `Command { std: CARGO_HOME="/workspace/cargo-home" RUSTUP_HOME="/workspace/rustup-home" "/workspace/cargo-home/bin/cargo" "+beta-2023-04-20" "metadata" "--manifest-path" "Cargo.toml" "--no-deps", kill_on_drop: false }`
[INFO] started tweaking crates.io crate shadowplay 0.16.3
[INFO] finished tweaking crates.io crate shadowplay 0.16.3
[INFO] tweaked toml for crates.io crate shadowplay 0.16.3 written to /workspace/builds/worker-7-tc2/source/Cargo.toml
[INFO] crate crates.io crate shadowplay 0.16.3 already has a lockfile, it will not be regenerated
[INFO] running `Command { std: CARGO_HOME="/workspace/cargo-home" RUSTUP_HOME="/workspace/rustup-home" "/workspace/cargo-home/bin/cargo" "+beta-2023-04-20" "fetch" "--manifest-path" "Cargo.toml", kill_on_drop: false }`
[INFO] [stderr]     Blocking waiting for file lock on package cache
[INFO] [stderr]     Updating crates.io index
[INFO] [stderr]  Downloading crates ...
[INFO] [stderr]   Downloaded serde_test v1.0.137
[INFO] [stderr]   Downloaded pretty v0.11.3
[INFO] [stderr]   Downloaded located_yaml v0.2.1
[INFO] running `Command { std: "docker" "create" "-v" "/var/lib/crater-agent-workspace/builds/worker-7-tc2/target:/opt/rustwide/target:rw,Z" "-v" "/var/lib/crater-agent-workspace/builds/worker-7-tc2/source:/opt/rustwide/workdir:ro,Z" "-v" "/var/lib/crater-agent-workspace/cargo-home:/opt/rustwide/cargo-home:ro,Z" "-v" "/var/lib/crater-agent-workspace/rustup-home:/opt/rustwide/rustup-home:ro,Z" "-e" "SOURCE_DIR=/opt/rustwide/workdir" "-e" "CARGO_TARGET_DIR=/opt/rustwide/target" "-e" "CARGO_HOME=/opt/rustwide/cargo-home" "-e" "RUSTUP_HOME=/opt/rustwide/rustup-home" "-w" "/opt/rustwide/workdir" "-m" "1610612736" "--user" "0:0" "--network" "none" "ghcr.io/rust-lang/crates-build-env/linux@sha256:5ff2268d62e97bff2cde7d5815dd6ed5b47097566f13b8d0ca110b04b60e07ed" "/opt/rustwide/cargo-home/bin/cargo" "+beta-2023-04-20" "metadata" "--no-deps" "--format-version=1", kill_on_drop: false }`
[INFO] [stdout] 8ffa2d1aa1e6d4c9d794dd8e217892320890280b2e302aefbdc3dbdda5242ba6
[INFO] running `Command { std: "docker" "start" "-a" "8ffa2d1aa1e6d4c9d794dd8e217892320890280b2e302aefbdc3dbdda5242ba6", kill_on_drop: false }`
[INFO] running `Command { std: "docker" "inspect" "8ffa2d1aa1e6d4c9d794dd8e217892320890280b2e302aefbdc3dbdda5242ba6", kill_on_drop: false }`
[INFO] running `Command { std: "docker" "rm" "-f" "8ffa2d1aa1e6d4c9d794dd8e217892320890280b2e302aefbdc3dbdda5242ba6", kill_on_drop: false }`
[INFO] [stdout] 8ffa2d1aa1e6d4c9d794dd8e217892320890280b2e302aefbdc3dbdda5242ba6
[INFO] running `Command { std: "docker" "create" "-v" "/var/lib/crater-agent-workspace/builds/worker-7-tc2/target:/opt/rustwide/target:rw,Z" "-v" "/var/lib/crater-agent-workspace/builds/worker-7-tc2/source:/opt/rustwide/workdir:ro,Z" "-v" "/var/lib/crater-agent-workspace/cargo-home:/opt/rustwide/cargo-home:ro,Z" "-v" "/var/lib/crater-agent-workspace/rustup-home:/opt/rustwide/rustup-home:ro,Z" "-e" "SOURCE_DIR=/opt/rustwide/workdir" "-e" "CARGO_TARGET_DIR=/opt/rustwide/target" "-e" "CARGO_INCREMENTAL=0" "-e" "RUST_BACKTRACE=full" "-e" "RUSTFLAGS=--cap-lints=warn" "-e" "RUSTDOCFLAGS=--cap-lints=warn" "-e" "CARGO_HOME=/opt/rustwide/cargo-home" "-e" "RUSTUP_HOME=/opt/rustwide/rustup-home" "-w" "/opt/rustwide/workdir" "-m" "1610612736" "--user" "0:0" "--network" "none" "ghcr.io/rust-lang/crates-build-env/linux@sha256:5ff2268d62e97bff2cde7d5815dd6ed5b47097566f13b8d0ca110b04b60e07ed" "/opt/rustwide/cargo-home/bin/cargo" "+beta-2023-04-20" "build" "--frozen" "--message-format=json", kill_on_drop: false }`
[INFO] [stdout] 84e01aad68627c819271fe8a17fecc4174dea8001b2c267b03cf5df44e088493
[INFO] running `Command { std: "docker" "start" "-a" "84e01aad68627c819271fe8a17fecc4174dea8001b2c267b03cf5df44e088493", kill_on_drop: false }`
[INFO] [stderr]    Compiling proc-macro2 v1.0.39
[INFO] [stderr]    Compiling unicode-ident v1.0.0
[INFO] [stderr]    Compiling syn v1.0.96
[INFO] [stderr]    Compiling serde_derive v1.0.137
[INFO] [stderr]    Compiling serde v1.0.137
[INFO] [stderr]    Compiling memchr v2.5.0
[INFO] [stderr]    Compiling version_check v0.9.4
[INFO] [stderr]    Compiling libc v0.2.126
[INFO] [stderr]    Compiling serde_test v1.0.137
[INFO] [stderr]    Compiling unicode-segmentation v1.9.0
[INFO] [stderr]    Compiling autocfg v1.1.0
[INFO] [stderr]    Compiling log v0.4.17
[INFO] [stderr]    Compiling proc-macro-error-attr v1.0.4
[INFO] [stderr]    Compiling proc-macro-error v1.0.4
[INFO] [stderr]    Compiling unicode-width v0.1.9
[INFO] [stderr]    Compiling quote v1.0.18
[INFO] [stderr]    Compiling aho-corasick v0.7.18
[INFO] [stderr]    Compiling indexmap v1.8.2
[INFO] [stderr]    Compiling regex-syntax v0.6.26
[INFO] [stderr]    Compiling atty v0.2.14
[INFO] [stderr]    Compiling cfg-if v1.0.0
[INFO] [stderr]    Compiling textwrap v0.11.0
[INFO] [stderr]    Compiling heck v0.3.3
[INFO] [stderr]    Compiling anyhow v1.0.57
[INFO] [stderr]    Compiling bitflags v1.3.2
[INFO] [stderr]    Compiling minimal-lexical v0.2.1
[INFO] [stderr]    Compiling ansi_term v0.12.1
[INFO] [stderr]    Compiling ryu v1.0.10
[INFO] [stderr]    Compiling hashbrown v0.11.2
[INFO] [stderr]    Compiling termcolor v1.1.3
[INFO] [stderr]    Compiling strsim v0.8.0
[INFO] [stderr]    Compiling vec_map v0.8.2
[INFO] [stderr]    Compiling serde_json v1.0.81
[INFO] [stderr]    Compiling clap v2.34.0
[INFO] [stderr]    Compiling nom v7.1.1
[INFO] [stderr]    Compiling typed-arena v2.0.1
[INFO] [stderr]    Compiling lazy_static v1.4.0
[INFO] [stderr]    Compiling humantime v2.1.0
[INFO] [stderr]    Compiling arrayvec v0.5.2
[INFO] [stderr]    Compiling bytecount v0.6.3
[INFO] [stderr]    Compiling itoa v1.0.2
[INFO] [stderr]    Compiling pretty v0.11.3
[INFO] [stderr]    Compiling regex v1.5.6
[INFO] [stderr]    Compiling nom_locate v4.0.0
[INFO] [stderr]    Compiling env_logger v0.9.0
[INFO] [stderr]    Compiling structopt-derive v0.4.18
[INFO] [stderr]    Compiling structopt v0.3.26
[INFO] [stderr]    Compiling serde_regex v1.1.0
[INFO] [stderr]    Compiling linked-hash-map v0.5.4
[INFO] [stderr]    Compiling yaml-rust v0.4.5
[INFO] [stderr]    Compiling serde_yaml v0.8.24
[INFO] [stderr]    Compiling located_yaml v0.2.1
[INFO] [stderr]    Compiling shadowplay v0.16.3 (/opt/rustwide/workdir)
[INFO] [stderr]     Finished dev [unoptimized + debuginfo] target(s) in 23.64s
[INFO] running `Command { std: "docker" "inspect" "84e01aad68627c819271fe8a17fecc4174dea8001b2c267b03cf5df44e088493", kill_on_drop: false }`
[INFO] running `Command { std: "docker" "rm" "-f" "84e01aad68627c819271fe8a17fecc4174dea8001b2c267b03cf5df44e088493", kill_on_drop: false }`
[INFO] [stdout] 84e01aad68627c819271fe8a17fecc4174dea8001b2c267b03cf5df44e088493
[INFO] running `Command { std: "docker" "create" "-v" "/var/lib/crater-agent-workspace/builds/worker-7-tc2/target:/opt/rustwide/target:rw,Z" "-v" "/var/lib/crater-agent-workspace/builds/worker-7-tc2/source:/opt/rustwide/workdir:ro,Z" "-v" "/var/lib/crater-agent-workspace/cargo-home:/opt/rustwide/cargo-home:ro,Z" "-v" "/var/lib/crater-agent-workspace/rustup-home:/opt/rustwide/rustup-home:ro,Z" "-e" "SOURCE_DIR=/opt/rustwide/workdir" "-e" "CARGO_TARGET_DIR=/opt/rustwide/target" "-e" "CARGO_INCREMENTAL=0" "-e" "RUST_BACKTRACE=full" "-e" "RUSTFLAGS=--cap-lints=warn" "-e" "RUSTDOCFLAGS=--cap-lints=warn" "-e" "CARGO_HOME=/opt/rustwide/cargo-home" "-e" "RUSTUP_HOME=/opt/rustwide/rustup-home" "-w" "/opt/rustwide/workdir" "-m" "1610612736" "--user" "0:0" "--network" "none" "ghcr.io/rust-lang/crates-build-env/linux@sha256:5ff2268d62e97bff2cde7d5815dd6ed5b47097566f13b8d0ca110b04b60e07ed" "/opt/rustwide/cargo-home/bin/cargo" "+beta-2023-04-20" "test" "--frozen" "--no-run" "--message-format=json", kill_on_drop: false }`
[INFO] [stdout] bd2406f424a0f817d089b9d27fdcb7b3bfaad89c4fac26461ed765e1926be354
[INFO] running `Command { std: "docker" "start" "-a" "bd2406f424a0f817d089b9d27fdcb7b3bfaad89c4fac26461ed765e1926be354", kill_on_drop: false }`
[INFO] [stderr]    Compiling shadowplay v0.16.3 (/opt/rustwide/workdir)
[INFO] [stderr]     Finished test [unoptimized + debuginfo] target(s) in 5.91s
[INFO] running `Command { std: "docker" "inspect" "bd2406f424a0f817d089b9d27fdcb7b3bfaad89c4fac26461ed765e1926be354", kill_on_drop: false }`
[INFO] running `Command { std: "docker" "rm" "-f" "bd2406f424a0f817d089b9d27fdcb7b3bfaad89c4fac26461ed765e1926be354", kill_on_drop: false }`
[INFO] [stdout] bd2406f424a0f817d089b9d27fdcb7b3bfaad89c4fac26461ed765e1926be354
[INFO] running `Command { std: "docker" "create" "-v" "/var/lib/crater-agent-workspace/builds/worker-7-tc2/target:/opt/rustwide/target:rw,Z" "-v" "/var/lib/crater-agent-workspace/builds/worker-7-tc2/source:/opt/rustwide/workdir:ro,Z" "-v" "/var/lib/crater-agent-workspace/cargo-home:/opt/rustwide/cargo-home:ro,Z" "-v" "/var/lib/crater-agent-workspace/rustup-home:/opt/rustwide/rustup-home:ro,Z" "-e" "SOURCE_DIR=/opt/rustwide/workdir" "-e" "CARGO_TARGET_DIR=/opt/rustwide/target" "-e" "CARGO_INCREMENTAL=0" "-e" "RUST_BACKTRACE=full" "-e" "RUSTFLAGS=--cap-lints=warn" "-e" "RUSTDOCFLAGS=--cap-lints=warn" "-e" "CARGO_HOME=/opt/rustwide/cargo-home" "-e" "RUSTUP_HOME=/opt/rustwide/rustup-home" "-w" "/opt/rustwide/workdir" "-m" "1610612736" "--user" "0:0" "--network" "none" "ghcr.io/rust-lang/crates-build-env/linux@sha256:5ff2268d62e97bff2cde7d5815dd6ed5b47097566f13b8d0ca110b04b60e07ed" "/opt/rustwide/cargo-home/bin/cargo" "+beta-2023-04-20" "test" "--frozen", kill_on_drop: false }`
[INFO] [stdout] 58dc67149b2a549a06edac876d67fb4418bbd5eb8b172f33e259327f777a65a3
[INFO] running `Command { std: "docker" "start" "-a" "58dc67149b2a549a06edac876d67fb4418bbd5eb8b172f33e259327f777a65a3", kill_on_drop: false }`
[INFO] [stderr]     Finished test [unoptimized + debuginfo] target(s) in 0.06s
[INFO] [stderr]      Running unittests src/lib.rs (/opt/rustwide/target/debug/deps/shadowplay-bf3190c624693634)
[INFO] [stdout] 
[INFO] [stdout] running 45 tests
[INFO] [stdout] test puppet_parser::common::test_round_brackets_comma_separated0 ... ok
[INFO] [stdout] test puppet_parser::builtin::test_undef ... ok
[INFO] [stdout] test puppet_parser::common::test_square_brackets_comma_separated0 ... ok
[INFO] [stdout] test puppet_parser::double_quoted::test_no_interpolation ... ok
[INFO] [stdout] test puppet_parser::class::test_body_tag ... ok
[INFO] [stdout] test puppet_parser::common::test_comment ... ok
[INFO] [stdout] test puppet_parser::class::test_body_require ... ok
[INFO] [stdout] test puppet_parser::double_quoted::test_simple ... ok
[INFO] [stdout] test puppet_parser::double_quoted::test_interpolatad_variable ... ok
[INFO] [stdout] test puppet_parser::expression::test_accessor ... ok
[INFO] [stdout] test puppet_parser::builtin::test_return ... ok
[INFO] [stdout] test puppet_parser::class::test_class ... ok
[INFO] [stdout] test puppet_parser::expression::test_in_with_parens ... ok
[INFO] [stdout] test puppet_parser::expression::test_function_call ... ok
[INFO] [stdout] test puppet_parser::double_quoted::test_interpolatad_expression ... ok
[INFO] [stdout] test puppet_parser::expression::test_multiply ... ok
[INFO] [stdout] test puppet_parser::regex::test ... ok
[INFO] [stdout] test puppet_parser::single_quoted::test ... ok
[INFO] [stdout] test puppet_parser::expression::test_operators_precendence ... ok
[INFO] [stdout] test puppet_parser::identifier::test_identifier_with_toplevel ... ok
[INFO] [stdout] test puppet_parser::statement::test_selector ... ok
[INFO] [stdout] test puppet_parser::term::test_array ... ok
[INFO] [stdout] test puppet_parser::term::test_numbers ... ok
[INFO] [stdout] test puppet_parser::term::test_map ... ok
[INFO] [stdout] test puppet_parser::term::test_array_of_types ... ok
[INFO] [stdout] test puppet_parser::term::test_bool ... ok
[INFO] [stdout] test puppet_parser::toplevel::test_function ... ok
[INFO] [stdout] test puppet_parser::term::test_variable ... ok
[INFO] [stdout] test puppet_parser::toplevel::test_toplevel ... ok
[INFO] [stdout] test puppet_parser::typing::test_array ... ok
[INFO] [stdout] test puppet_parser::typing::test_hash ... ok
[INFO] [stdout] test puppet_parser::typing::test_float ... ok
[INFO] [stdout] test puppet_parser::typing::test_type_specification ... ok
[INFO] [stdout] test puppet_pp_lint::ctx::erb_template::parser::test_code_block ... ok
[INFO] [stdout] test puppet_parser::typing::test_struct ... ok
[INFO] [stdout] test puppet_pp_lint::ctx::erb_template::parser::test_code_fragment ... ok
[INFO] [stdout] test puppet_parser::typing::test_tuple ... ok
[INFO] [stdout] test puppet_pp_lint::ctx::erb_template::parser::test_toplevel ... ok
[INFO] [stdout] test puppet_parser::typing::test_optional ... ok
[INFO] [stdout] test puppet_pp_printer::resource::test_idempotence_short ... FAILED
[INFO] [stdout] test puppet_pp_printer::typing::test_idempotence_short ... FAILED
[INFO] [stdout] test puppet_pp_printer::statement::test_idempotence_long ... FAILED
[INFO] [stdout] test puppet_pp_printer::toplevel::test_idempotence_short ... FAILED
[INFO] [stdout] test puppet_pp_printer::statement::test_idempotence_short ... FAILED
[INFO] [stdout] test puppet_pp_printer::expression::test_idempotence_short ... ok
[INFO] [stdout] 
[INFO] [stdout] failures:
[INFO] [stdout] 
[INFO] [stderr] error: test failed, to rerun pass `--lib`
[INFO] [stdout] ---- puppet_pp_printer::resource::test_idempotence_short stdout ----
[INFO] [stdout] Class[ a ] -> Class[ b::c ] ==>
[INFO] [stdout] ------
[INFO] [stdout] Class[ a ] -> Class[ b::c ]
[INFO] [stdout] ------
[INFO] [stdout] [ Class[ a ], Class[ b ], ] -> Class[ b::c ] ==>
[INFO] [stdout] ------
[INFO] [stdout] [ Class[ a ], Class[ b ], ] -> Class[ b::c ]
[INFO] [stdout] ------
[INFO] [stdout] Class[ a ] -> ClassB <| (abc != 1) and c == test or (c == notest and abc == 1) |> ==>
[INFO] [stdout] ------
[INFO] [stdout] Class[ a ] -> ClassB <| (abc != 1) and c == test or (c == notest and abc == 1) |>
[INFO] [stdout] ------
[INFO] [stdout] file { '/etc/passwd':
[INFO] [stdout]     ensure                     => file,
[INFO] [stdout]     mode                       => '0644'
[INFO] [stdout] } ==>
[INFO] [stdout] ------
[INFO] [stdout] file { '/etc/passwd':
[INFO] [stdout]     ensure => file,
[INFO] [stdout]     mode => '0644'
[INFO] [stdout] }
[INFO] [stdout] ------
[INFO] [stdout] thread 'puppet_pp_printer::resource::test_idempotence_short' panicked at 'assertion failed: `(left == right)`
[INFO] [stdout]   left: `"file { '/etc/passwd':\n    ensure => file,\n    mode => '0644'\n}"`,
[INFO] [stdout]  right: `"file { '/etc/passwd':\n    ensure                     => file,\n    mode                       => '0644'\n}"`', src/puppet_pp_printer/resource.rs:286:9
[INFO] [stdout] stack backtrace:
[INFO] [stdout]    0:     0x560550d2d7ea - std::backtrace_rs::backtrace::libunwind::trace::h2f05d0192276a8f6
[INFO] [stdout]                                at /rustc/1b7dd2252b99671ce5d1cb9664c5f8636329436d/library/std/src/../../backtrace/src/backtrace/libunwind.rs:93:5
[INFO] [stdout]    1:     0x560550d2d7ea - std::backtrace_rs::backtrace::trace_unsynchronized::hedc23dff7a1af150
[INFO] [stdout]                                at /rustc/1b7dd2252b99671ce5d1cb9664c5f8636329436d/library/std/src/../../backtrace/src/backtrace/mod.rs:66:5
[INFO] [stdout]    2:     0x560550d2d7ea - std::sys_common::backtrace::_print_fmt::h17541ef7592f3ce2
[INFO] [stdout]                                at /rustc/1b7dd2252b99671ce5d1cb9664c5f8636329436d/library/std/src/sys_common/backtrace.rs:65:5
[INFO] [stdout]    3:     0x560550d2d7ea - <std::sys_common::backtrace::_print::DisplayBacktrace as core::fmt::Display>::fmt::h20f75df5ab0c0792
[INFO] [stdout]                                at /rustc/1b7dd2252b99671ce5d1cb9664c5f8636329436d/library/std/src/sys_common/backtrace.rs:44:22
[INFO] [stdout]    4:     0x560550d533af - core::fmt::write::h78109e6f466b3af6
[INFO] [stdout]                                at /rustc/1b7dd2252b99671ce5d1cb9664c5f8636329436d/library/core/src/fmt/mod.rs:1254:17
[INFO] [stdout]    5:     0x560550d2ab35 - std::io::Write::write_fmt::hd24bfb68a1b35a25
[INFO] [stdout]                                at /rustc/1b7dd2252b99671ce5d1cb9664c5f8636329436d/library/std/src/io/mod.rs:1698:15
[INFO] [stdout]    6:     0x560550d2d5b5 - std::sys_common::backtrace::_print::h8dac57a9f8fbf9a5
[INFO] [stdout]                                at /rustc/1b7dd2252b99671ce5d1cb9664c5f8636329436d/library/std/src/sys_common/backtrace.rs:47:5
[INFO] [stdout]    7:     0x560550d2d5b5 - std::sys_common::backtrace::print::hf9ecbf41d1aa712f
[INFO] [stdout]                                at /rustc/1b7dd2252b99671ce5d1cb9664c5f8636329436d/library/std/src/sys_common/backtrace.rs:34:9
[INFO] [stdout]    8:     0x560550d2f26e - std::panicking::default_hook::{{closure}}::h04c07acfc84ca028
[INFO] [stdout]                                at /rustc/1b7dd2252b99671ce5d1cb9664c5f8636329436d/library/std/src/panicking.rs:269:22
[INFO] [stdout]    9:     0x560550d2efa1 - std::panicking::default_hook::h01f6bb23e1eceb2c
[INFO] [stdout]                                at /rustc/1b7dd2252b99671ce5d1cb9664c5f8636329436d/library/std/src/panicking.rs:285:9
[INFO] [stdout]   10:     0x560550ced1db - <alloc::boxed::Box<F,A> as core::ops::function::Fn<Args>>::call::h87fe9f7b2fd49e4c
[INFO] [stdout]                                at /rustc/1b7dd2252b99671ce5d1cb9664c5f8636329436d/library/alloc/src/boxed.rs:1987:9
[INFO] [stdout]   11:     0x560550ced1db - test::test_main::{{closure}}::he94d679243a7531b
[INFO] [stdout]                                at /rustc/1b7dd2252b99671ce5d1cb9664c5f8636329436d/library/test/src/lib.rs:134:21
[INFO] [stdout]   12:     0x560550d2f954 - <alloc::boxed::Box<F,A> as core::ops::function::Fn<Args>>::call::h3f2d6d8b14c4769f
[INFO] [stdout]                                at /rustc/1b7dd2252b99671ce5d1cb9664c5f8636329436d/library/alloc/src/boxed.rs:1987:9
[INFO] [stdout]   13:     0x560550d2f954 - std::panicking::rust_panic_with_hook::h2bb3722bbaf2f6df
[INFO] [stdout]                                at /rustc/1b7dd2252b99671ce5d1cb9664c5f8636329436d/library/std/src/panicking.rs:695:13
[INFO] [stdout]   14:     0x560550d2f6c9 - std::panicking::begin_panic_handler::{{closure}}::h91bc7f36a4be011b
[INFO] [stdout]                                at /rustc/1b7dd2252b99671ce5d1cb9664c5f8636329436d/library/std/src/panicking.rs:582:13
[INFO] [stdout]   15:     0x560550d2dc56 - std::sys_common::backtrace::__rust_end_short_backtrace::h8b3d3717114f9e59
[INFO] [stdout]                                at /rustc/1b7dd2252b99671ce5d1cb9664c5f8636329436d/library/std/src/sys_common/backtrace.rs:150:18
[INFO] [stdout]   16:     0x560550d2f422 - rust_begin_unwind
[INFO] [stdout]                                at /rustc/1b7dd2252b99671ce5d1cb9664c5f8636329436d/library/std/src/panicking.rs:578:5
[INFO] [stdout]   17:     0x560550a8e063 - core::panicking::panic_fmt::hfd368e3fbdabea26
[INFO] [stdout]                                at /rustc/1b7dd2252b99671ce5d1cb9664c5f8636329436d/library/core/src/panicking.rs:67:14
[INFO] [stdout]   18:     0x560550a8e48f - core::panicking::assert_failed_inner::haef49168e1798a91
[INFO] [stdout]   19:     0x560550b4772e - core::panicking::assert_failed::h1ea2440c6d32521a
[INFO] [stdout]                                at /rustc/1b7dd2252b99671ce5d1cb9664c5f8636329436d/library/core/src/panicking.rs:228:5
[INFO] [stdout]   20:     0x560550c82646 - shadowplay::puppet_pp_printer::resource::test_idempotence_short::he547b34bce102844
[INFO] [stdout]                                at /opt/rustwide/workdir/src/puppet_pp_printer/resource.rs:286:9
[INFO] [stdout]   21:     0x560550c82077 - shadowplay::puppet_pp_printer::resource::test_idempotence_short::{{closure}}::h2e737441f0ee9a30
[INFO] [stdout]                                at /opt/rustwide/workdir/src/puppet_pp_printer/resource.rs:262:29
[INFO] [stdout]   22:     0x560550b675f5 - core::ops::function::FnOnce::call_once::h0d0506f1893415cf
[INFO] [stdout]                                at /rustc/1b7dd2252b99671ce5d1cb9664c5f8636329436d/library/core/src/ops/function.rs:250:5
[INFO] [stdout]   23:     0x560550cf20af - core::ops::function::FnOnce::call_once::ha6a70e79f7481a7e
[INFO] [stdout]                                at /rustc/1b7dd2252b99671ce5d1cb9664c5f8636329436d/library/core/src/ops/function.rs:250:5
[INFO] [stdout]   24:     0x560550cf20af - test::__rust_begin_short_backtrace::hce33033019b61e69
[INFO] [stdout]                                at /rustc/1b7dd2252b99671ce5d1cb9664c5f8636329436d/library/test/src/lib.rs:655:18
[INFO] [stdout]   25:     0x560550cbf89c - test::run_test::{{closure}}::h858d3528838ae3e5
[INFO] [stdout]                                at /rustc/1b7dd2252b99671ce5d1cb9664c5f8636329436d/library/test/src/lib.rs:646:30
[INFO] [stdout]   26:     0x560550cbf89c - core::ops::function::FnOnce::call_once{{vtable.shim}}::he8ac2b00f01ae79e
[INFO] [stdout]                                at /rustc/1b7dd2252b99671ce5d1cb9664c5f8636329436d/library/core/src/ops/function.rs:250:5
[INFO] [stdout]   27:     0x560550cf1186 - <alloc::boxed::Box<F,A> as core::ops::function::FnOnce<Args>>::call_once::h8093d25b522725ef
[INFO] [stdout]                                at /rustc/1b7dd2252b99671ce5d1cb9664c5f8636329436d/library/alloc/src/boxed.rs:1973:9
[INFO] [stdout]   28:     0x560550cf1186 - <core::panic::unwind_safe::AssertUnwindSafe<F> as core::ops::function::FnOnce<()>>::call_once::h5c334c204e4a3913
[INFO] [stdout]                                at /rustc/1b7dd2252b99671ce5d1cb9664c5f8636329436d/library/core/src/panic/unwind_safe.rs:271:9
[INFO] [stdout]   29:     0x560550cf1186 - std::panicking::try::do_call::ha8b740c7b9478074
[INFO] [stdout]                                at /rustc/1b7dd2252b99671ce5d1cb9664c5f8636329436d/library/std/src/panicking.rs:485:40
[INFO] [stdout]   30:     0x560550cf1186 - std::panicking::try::h5d34f63d0e41b64e
[INFO] [stdout]                                at /rustc/1b7dd2252b99671ce5d1cb9664c5f8636329436d/library/std/src/panicking.rs:449:19
[INFO] [stdout]   31:     0x560550cf1186 - std::panic::catch_unwind::hcfbb511e1aa7fc67
[INFO] [stdout]                                at /rustc/1b7dd2252b99671ce5d1cb9664c5f8636329436d/library/std/src/panic.rs:140:14
[INFO] [stdout]   32:     0x560550cf1186 - test::run_test_in_process::h9abda90f802eaf21
[INFO] [stdout]                                at /rustc/1b7dd2252b99671ce5d1cb9664c5f8636329436d/library/test/src/lib.rs:678:27
[INFO] [stdout]   33:     0x560550cf1186 - test::run_test::run_test_inner::{{closure}}::h0f058de91f6c6edf
[INFO] [stdout]                                at /rustc/1b7dd2252b99671ce5d1cb9664c5f8636329436d/library/test/src/lib.rs:572:39
[INFO] [stdout]   34:     0x560550cba0a5 - test::run_test::run_test_inner::{{closure}}::h5ca48a4c59c6c1fb
[INFO] [stdout]                                at /rustc/1b7dd2252b99671ce5d1cb9664c5f8636329436d/library/test/src/lib.rs:599:37
[INFO] [stdout]   35:     0x560550cba0a5 - std::sys_common::backtrace::__rust_begin_short_backtrace::h32bd51e1495d4a33
[INFO] [stdout]                                at /rustc/1b7dd2252b99671ce5d1cb9664c5f8636329436d/library/std/src/sys_common/backtrace.rs:134:18
[INFO] [stdout]   36:     0x560550cbf5e1 - std::thread::Builder::spawn_unchecked_::{{closure}}::{{closure}}::hc086fae9b128b2db
[INFO] [stdout]                                at /rustc/1b7dd2252b99671ce5d1cb9664c5f8636329436d/library/std/src/thread/mod.rs:526:17
[INFO] [stdout]   37:     0x560550cbf5e1 - <core::panic::unwind_safe::AssertUnwindSafe<F> as core::ops::function::FnOnce<()>>::call_once::hb66571888d270d43
[INFO] [stdout]                                at /rustc/1b7dd2252b99671ce5d1cb9664c5f8636329436d/library/core/src/panic/unwind_safe.rs:271:9
[INFO] [stdout]   38:     0x560550cbf5e1 - std::panicking::try::do_call::h4fa2ef4f6e51fecf
[INFO] [stdout]                                at /rustc/1b7dd2252b99671ce5d1cb9664c5f8636329436d/library/std/src/panicking.rs:485:40
[INFO] [stdout]   39:     0x560550cbf5e1 - std::panicking::try::h1e9e22b8584489b5
[INFO] [stdout]                                at /rustc/1b7dd2252b99671ce5d1cb9664c5f8636329436d/library/std/src/panicking.rs:449:19
[INFO] [stdout]   40:     0x560550cbf5e1 - std::panic::catch_unwind::h44698a3de0e0769e
[INFO] [stdout]                                at /rustc/1b7dd2252b99671ce5d1cb9664c5f8636329436d/library/std/src/panic.rs:140:14
[INFO] [stdout]   41:     0x560550cbf5e1 - std::thread::Builder::spawn_unchecked_::{{closure}}::h50153abde3fe239e
[INFO] [stdout]                                at /rustc/1b7dd2252b99671ce5d1cb9664c5f8636329436d/library/std/src/thread/mod.rs:525:30
[INFO] [stdout]   42:     0x560550cbf5e1 - core::ops::function::FnOnce::call_once{{vtable.shim}}::hbe5bbf6f38394364
[INFO] [stdout]                                at /rustc/1b7dd2252b99671ce5d1cb9664c5f8636329436d/library/core/src/ops/function.rs:250:5
[INFO] [stdout]   43:     0x560550d33e25 - <alloc::boxed::Box<F,A> as core::ops::function::FnOnce<Args>>::call_once::h0d83cb2920a49046
[INFO] [stdout]                                at /rustc/1b7dd2252b99671ce5d1cb9664c5f8636329436d/library/alloc/src/boxed.rs:1973:9
[INFO] [stdout]   44:     0x560550d33e25 - <alloc::boxed::Box<F,A> as core::ops::function::FnOnce<Args>>::call_once::hbe0a008aa7d9ef59
[INFO] [stdout]                                at /rustc/1b7dd2252b99671ce5d1cb9664c5f8636329436d/library/alloc/src/boxed.rs:1973:9
[INFO] [stdout]   45:     0x560550d33e25 - std::sys::unix::thread::Thread::new::thread_start::h3a466996bdf6b1f9
[INFO] [stdout]                                at /rustc/1b7dd2252b99671ce5d1cb9664c5f8636329436d/library/std/src/sys/unix/thread.rs:108:17
[INFO] [stdout]   46:     0x7f66f0573b43 - <unknown>
[INFO] [stdout]   47:     0x7f66f0604bb4 - __clone
[INFO] [stdout]   48:                0x0 - <unknown>
[INFO] [stdout] 
[INFO] [stdout] ---- puppet_pp_printer::typing::test_idempotence_short stdout ----
[INFO] [stdout] Float ==>
[INFO] [stdout] ------
[INFO] [stdout] Float
[INFO] [stdout] ------
[INFO] [stdout] Float[1.0] ==>
[INFO] [stdout] ------
[INFO] [stdout] Float[1.0]
[INFO] [stdout] ------
[INFO] [stdout] Float[1.0,
[INFO] [stdout]   2.2] ==>
[INFO] [stdout] ------
[INFO] [stdout] Float[1.0,
[INFO] [stdout]   2.2]
[INFO] [stdout] ------
[INFO] [stdout] Float[
[INFO] [stdout]   default,
[INFO] [stdout]   2.1] ==>
[INFO] [stdout] ------
[INFO] [stdout] Float[
[INFO] [stdout]   default,
[INFO] [stdout]   2.1]
[INFO] [stdout] ------
[INFO] [stdout] Integer ==>
[INFO] [stdout] ------
[INFO] [stdout] Integer
[INFO] [stdout] ------
[INFO] [stdout] String[1,
[INFO] [stdout]   2] ==>
[INFO] [stdout] ------
[INFO] [stdout] String[1,
[INFO] [stdout]   2]
[INFO] [stdout] ------
[INFO] [stdout] Pattern[
[INFO] [stdout]   /a/,
[INFO] [stdout]   /b/
[INFO] [stdout] ] ==>
[INFO] [stdout] ------
[INFO] [stdout] Pattern[
[INFO] [stdout]   /a/,
[INFO] [stdout]   /b/
[INFO] [stdout] ]
[INFO] [stdout] ------
[INFO] [stdout] Regex[ // ] ==>
[INFO] [stdout] ------
[INFO] [stdout] Regex[ // ]
[INFO] [stdout] ------
[INFO] [stdout] Regex[
[INFO] [stdout]   /aaaaaaaaaaa/
[INFO] [stdout] ] ==>
[INFO] [stdout] ------
[INFO] [stdout] Regex[
[INFO] [stdout]   /aaaaaaaaaaa/
[INFO] [stdout] ]
[INFO] [stdout] ------
[INFO] [stdout] Optional[
[INFO] [stdout]   #comment
[INFO] [stdout]   Regex[
[INFO] [stdout]     /aaaaaaaaaaa/
[INFO] [stdout]   ]] ==>
[INFO] [stdout] ------
[INFO] [stdout] Optional[
[INFO] [stdout]   #comment
[INFO] [stdout]   Regex[
[INFO] [stdout]     /aaaaaaaaaaa/
[INFO] [stdout]   ]]
[INFO] [stdout] ------
[INFO] [stdout] Array[
[INFO] [stdout]   Integer ] ==>
[INFO] [stdout] ------
[INFO] [stdout] Array[
[INFO] [stdout]   Integer ]
[INFO] [stdout] ------
[INFO] [stdout] Array[
[INFO] [stdout]   Integer,
[INFO] [stdout]   2 ] ==>
[INFO] [stdout] ------
[INFO] [stdout] Array[
[INFO] [stdout]   Integer,
[INFO] [stdout]   2 ]
[INFO] [stdout] ------
[INFO] [stdout] Array[
[INFO] [stdout]   Integer,
[INFO] [stdout]   2, 4 ] ==>
[INFO] [stdout] ------
[INFO] [stdout] Array[
[INFO] [stdout]   Integer,
[INFO] [stdout]   2, 4 ]
[INFO] [stdout] ------
[INFO] [stdout] Variant[
[INFO] [stdout]   String[1,
[INFO] [stdout]     2],
[INFO] [stdout]   Integer
[INFO] [stdout] ] ==>
[INFO] [stdout] ------
[INFO] [stdout] Variant[
[INFO] [stdout]   String[1,
[INFO] [stdout]     2],
[INFO] [stdout]   Integer
[INFO] [stdout] ]
[INFO] [stdout] ------
[INFO] [stdout] Enum[
[INFO] [stdout]   1,
[INFO] [stdout]   aaaaaa,
[INFO] [stdout]   3
[INFO] [stdout] ] ==>
[INFO] [stdout] ------
[INFO] [stdout] Enum[
[INFO] [stdout]   1,
[INFO] [stdout]   aaaaaa,
[INFO] [stdout]   3
[INFO] [stdout] ]
[INFO] [stdout] ------
[INFO] [stdout] Some::Type ==>
[INFO] [stdout] ------
[INFO] [stdout] Some::Type
[INFO] [stdout] ------
[INFO] [stdout] Some::Type[
[INFO] [stdout]   1 ] ==>
[INFO] [stdout] ------
[INFO] [stdout] Some::Type[
[INFO] [stdout]   1 ]
[INFO] [stdout] ------
[INFO] [stdout] Hash[
[INFO] [stdout]   String,
[INFO] [stdout]   Integer,
[INFO] [stdout]   default,
[INFO] [stdout]   1
[INFO] [stdout] ] ==>
[INFO] [stdout] ------
[INFO] [stdout] Hash[
[INFO] [stdout]   String,
[INFO] [stdout]   Integer,
[INFO] [stdout]   default,
[INFO] [stdout]   1
[INFO] [stdout] ]
[INFO] [stdout] ------
[INFO] [stdout] Struct[{
[INFO] [stdout]   a
[INFO] [stdout]                                =>
[INFO] [stdout]     Integer
[INFO] [stdout] }] ==>
[INFO] [stdout] ------
[INFO] [stdout] Struct[{
[INFO] [stdout]   a =>
[INFO] [stdout]     Integer
[INFO] [stdout] }]
[INFO] [stdout] ------
[INFO] [stdout] thread 'puppet_pp_printer::typing::test_idempotence_short' panicked at 'assertion failed: `(left == right)`
[INFO] [stdout]   left: `"Struct[{\n  a =>\n    Integer\n}]"`,
[INFO] [stdout]  right: `"Struct[{\n  a\n                               =>\n    Integer\n}]"`', src/puppet_pp_printer/typing.rs:429:9
[INFO] [stdout] stack backtrace:
[INFO] [stdout]    0:     0x560550d2d7ea - std::backtrace_rs::backtrace::libunwind::trace::h2f05d0192276a8f6
[INFO] [stdout]                                at /rustc/1b7dd2252b99671ce5d1cb9664c5f8636329436d/library/std/src/../../backtrace/src/backtrace/libunwind.rs:93:5
[INFO] [stdout]    1:     0x560550d2d7ea - std::backtrace_rs::backtrace::trace_unsynchronized::hedc23dff7a1af150
[INFO] [stdout]                                at /rustc/1b7dd2252b99671ce5d1cb9664c5f8636329436d/library/std/src/../../backtrace/src/backtrace/mod.rs:66:5
[INFO] [stdout]    2:     0x560550d2d7ea - std::sys_common::backtrace::_print_fmt::h17541ef7592f3ce2
[INFO] [stdout]                                at /rustc/1b7dd2252b99671ce5d1cb9664c5f8636329436d/library/std/src/sys_common/backtrace.rs:65:5
[INFO] [stdout]    3:     0x560550d2d7ea - <std::sys_common::backtrace::_print::DisplayBacktrace as core::fmt::Display>::fmt::h20f75df5ab0c0792
[INFO] [stdout]                                at /rustc/1b7dd2252b99671ce5d1cb9664c5f8636329436d/library/std/src/sys_common/backtrace.rs:44:22
[INFO] [stdout]    4:     0x560550d533af - core::fmt::write::h78109e6f466b3af6
[INFO] [stdout]                                at /rustc/1b7dd2252b99671ce5d1cb9664c5f8636329436d/library/core/src/fmt/mod.rs:1254:17
[INFO] [stdout]    5:     0x560550d2ab35 - std::io::Write::write_fmt::hd24bfb68a1b35a25
[INFO] [stdout]                                at /rustc/1b7dd2252b99671ce5d1cb9664c5f8636329436d/library/std/src/io/mod.rs:1698:15
[INFO] [stdout]    6:     0x560550d2d5b5 - std::sys_common::backtrace::_print::h8dac57a9f8fbf9a5
[INFO] [stdout]                                at /rustc/1b7dd2252b99671ce5d1cb9664c5f8636329436d/library/std/src/sys_common/backtrace.rs:47:5
[INFO] [stdout]    7:     0x560550d2d5b5 - std::sys_common::backtrace::print::hf9ecbf41d1aa712f
[INFO] [stdout]                                at /rustc/1b7dd2252b99671ce5d1cb9664c5f8636329436d/library/std/src/sys_common/backtrace.rs:34:9
[INFO] [stdout]    8:     0x560550d2f26e - std::panicking::default_hook::{{closure}}::h04c07acfc84ca028
[INFO] [stdout]                                at /rustc/1b7dd2252b99671ce5d1cb9664c5f8636329436d/library/std/src/panicking.rs:269:22
[INFO] [stdout]    9:     0x560550d2efa1 - std::panicking::default_hook::h01f6bb23e1eceb2c
[INFO] [stdout]                                at /rustc/1b7dd2252b99671ce5d1cb9664c5f8636329436d/library/std/src/panicking.rs:285:9
[INFO] [stdout]   10:     0x560550ced1db - <alloc::boxed::Box<F,A> as core::ops::function::Fn<Args>>::call::h87fe9f7b2fd49e4c
[INFO] [stdout]                                at /rustc/1b7dd2252b99671ce5d1cb9664c5f8636329436d/library/alloc/src/boxed.rs:1987:9
[INFO] [stdout]   11:     0x560550ced1db - test::test_main::{{closure}}::he94d679243a7531b
[INFO] [stdout]                                at /rustc/1b7dd2252b99671ce5d1cb9664c5f8636329436d/library/test/src/lib.rs:134:21
[INFO] [stdout]   12:     0x560550d2f954 - <alloc::boxed::Box<F,A> as core::ops::function::Fn<Args>>::call::h3f2d6d8b14c4769f
[INFO] [stdout]                                at /rustc/1b7dd2252b99671ce5d1cb9664c5f8636329436d/library/alloc/src/boxed.rs:1987:9
[INFO] [stdout]   13:     0x560550d2f954 - std::panicking::rust_panic_with_hook::h2bb3722bbaf2f6df
[INFO] [stdout]                                at /rustc/1b7dd2252b99671ce5d1cb9664c5f8636329436d/library/std/src/panicking.rs:695:13
[INFO] [stdout]   14:     0x560550d2f6c9 - std::panicking::begin_panic_handler::{{closure}}::h91bc7f36a4be011b
[INFO] [stdout]                                at /rustc/1b7dd2252b99671ce5d1cb9664c5f8636329436d/library/std/src/panicking.rs:582:13
[INFO] [stdout]   15:     0x560550d2dc56 - std::sys_common::backtrace::__rust_end_short_backtrace::h8b3d3717114f9e59
[INFO] [stdout]                                at /rustc/1b7dd2252b99671ce5d1cb9664c5f8636329436d/library/std/src/sys_common/backtrace.rs:150:18
[INFO] [stdout]   16:     0x560550d2f422 - rust_begin_unwind
[INFO] [stdout]                                at /rustc/1b7dd2252b99671ce5d1cb9664c5f8636329436d/library/std/src/panicking.rs:578:5
[INFO] [stdout]   17:     0x560550a8e063 - core::panicking::panic_fmt::hfd368e3fbdabea26
[INFO] [stdout]                                at /rustc/1b7dd2252b99671ce5d1cb9664c5f8636329436d/library/core/src/panicking.rs:67:14
[INFO] [stdout]   18:     0x560550a8e48f - core::panicking::assert_failed_inner::haef49168e1798a91
[INFO] [stdout]   19:     0x560550b4772e - core::panicking::assert_failed::h1ea2440c6d32521a
[INFO] [stdout]                                at /rustc/1b7dd2252b99671ce5d1cb9664c5f8636329436d/library/core/src/panicking.rs:228:5
[INFO] [stdout]   20:     0x560550b449b8 - shadowplay::puppet_pp_printer::typing::test_idempotence_short::h82d52accd2a7c402
[INFO] [stdout]                                at /opt/rustwide/workdir/src/puppet_pp_printer/typing.rs:429:9
[INFO] [stdout]   21:     0x560550b44247 - shadowplay::puppet_pp_printer::typing::test_idempotence_short::{{closure}}::h602fa93a42cb4668
[INFO] [stdout]                                at /opt/rustwide/workdir/src/puppet_pp_printer/typing.rs:390:29
[INFO] [stdout]   22:     0x560550b67b65 - core::ops::function::FnOnce::call_once::h59bfb34cc944a242
[INFO] [stdout]                                at /rustc/1b7dd2252b99671ce5d1cb9664c5f8636329436d/library/core/src/ops/function.rs:250:5
[INFO] [stdout]   23:     0x560550cf20af - core::ops::function::FnOnce::call_once::ha6a70e79f7481a7e
[INFO] [stdout]                                at /rustc/1b7dd2252b99671ce5d1cb9664c5f8636329436d/library/core/src/ops/function.rs:250:5
[INFO] [stdout]   24:     0x560550cf20af - test::__rust_begin_short_backtrace::hce33033019b61e69
[INFO] [stdout]                                at /rustc/1b7dd2252b99671ce5d1cb9664c5f8636329436d/library/test/src/lib.rs:655:18
[INFO] [stdout]   25:     0x560550cbf89c - test::run_test::{{closure}}::h858d3528838ae3e5
[INFO] [stdout]                                at /rustc/1b7dd2252b99671ce5d1cb9664c5f8636329436d/library/test/src/lib.rs:646:30
[INFO] [stdout]   26:     0x560550cbf89c - core::ops::function::FnOnce::call_once{{vtable.shim}}::he8ac2b00f01ae79e
[INFO] [stdout]                                at /rustc/1b7dd2252b99671ce5d1cb9664c5f8636329436d/library/core/src/ops/function.rs:250:5
[INFO] [stdout]   27:     0x560550cf1186 - <alloc::boxed::Box<F,A> as core::ops::function::FnOnce<Args>>::call_once::h8093d25b522725ef
[INFO] [stdout]                                at /rustc/1b7dd2252b99671ce5d1cb9664c5f8636329436d/library/alloc/src/boxed.rs:1973:9
[INFO] [stdout]   28:     0x560550cf1186 - <core::panic::unwind_safe::AssertUnwindSafe<F> as core::ops::function::FnOnce<()>>::call_once::h5c334c204e4a3913
[INFO] [stdout]                                at /rustc/1b7dd2252b99671ce5d1cb9664c5f8636329436d/library/core/src/panic/unwind_safe.rs:271:9
[INFO] [stdout]   29:     0x560550cf1186 - std::panicking::try::do_call::ha8b740c7b9478074
[INFO] [stdout]                                at /rustc/1b7dd2252b99671ce5d1cb9664c5f8636329436d/library/std/src/panicking.rs:485:40
[INFO] [stdout]   30:     0x560550cf1186 - std::panicking::try::h5d34f63d0e41b64e
[INFO] [stdout]                                at /rustc/1b7dd2252b99671ce5d1cb9664c5f8636329436d/library/std/src/panicking.rs:449:19
[INFO] [stdout]   31:     0x560550cf1186 - std::panic::catch_unwind::hcfbb511e1aa7fc67
[INFO] [stdout]                                at /rustc/1b7dd2252b99671ce5d1cb9664c5f8636329436d/library/std/src/panic.rs:140:14
[INFO] [stdout]   32:     0x560550cf1186 - test::run_test_in_process::h9abda90f802eaf21
[INFO] [stdout]                                at /rustc/1b7dd2252b99671ce5d1cb9664c5f8636329436d/library/test/src/lib.rs:678:27
[INFO] [stdout]   33:     0x560550cf1186 - test::run_test::run_test_inner::{{closure}}::h0f058de91f6c6edf
[INFO] [stdout]                                at /rustc/1b7dd2252b99671ce5d1cb9664c5f8636329436d/library/test/src/lib.rs:572:39
[INFO] [stdout]   34:     0x560550cba0a5 - test::run_test::run_test_inner::{{closure}}::h5ca48a4c59c6c1fb
[INFO] [stdout]                                at /rustc/1b7dd2252b99671ce5d1cb9664c5f8636329436d/library/test/src/lib.rs:599:37
[INFO] [stdout]   35:     0x560550cba0a5 - std::sys_common::backtrace::__rust_begin_short_backtrace::h32bd51e1495d4a33
[INFO] [stdout]                                at /rustc/1b7dd2252b99671ce5d1cb9664c5f8636329436d/library/std/src/sys_common/backtrace.rs:134:18
[INFO] [stdout]   36:     0x560550cbf5e1 - std::thread::Builder::spawn_unchecked_::{{closure}}::{{closure}}::hc086fae9b128b2db
[INFO] [stdout]                                at /rustc/1b7dd2252b99671ce5d1cb9664c5f8636329436d/library/std/src/thread/mod.rs:526:17
[INFO] [stdout]   37:     0x560550cbf5e1 - <core::panic::unwind_safe::AssertUnwindSafe<F> as core::ops::function::FnOnce<()>>::call_once::hb66571888d270d43
[INFO] [stdout]                                at /rustc/1b7dd2252b99671ce5d1cb9664c5f8636329436d/library/core/src/panic/unwind_safe.rs:271:9
[INFO] [stdout]   38:     0x560550cbf5e1 - std::panicking::try::do_call::h4fa2ef4f6e51fecf
[INFO] [stdout]                                at /rustc/1b7dd2252b99671ce5d1cb9664c5f8636329436d/library/std/src/panicking.rs:485:40
[INFO] [stdout]   39:     0x560550cbf5e1 - std::panicking::try::h1e9e22b8584489b5
[INFO] [stdout]                                at /rustc/1b7dd2252b99671ce5d1cb9664c5f8636329436d/library/std/src/panicking.rs:449:19
[INFO] [stdout]   40:     0x560550cbf5e1 - std::panic::catch_unwind::h44698a3de0e0769e
[INFO] [stdout]                                at /rustc/1b7dd2252b99671ce5d1cb9664c5f8636329436d/library/std/src/panic.rs:140:14
[INFO] [stdout]   41:     0x560550cbf5e1 - std::thread::Builder::spawn_unchecked_::{{closure}}::h50153abde3fe239e
[INFO] [stdout]                                at /rustc/1b7dd2252b99671ce5d1cb9664c5f8636329436d/library/std/src/thread/mod.rs:525:30
[INFO] [stdout]   42:     0x560550cbf5e1 - core::ops::function::FnOnce::call_once{{vtable.shim}}::hbe5bbf6f38394364
[INFO] [stdout]                                at /rustc/1b7dd2252b99671ce5d1cb9664c5f8636329436d/library/core/src/ops/function.rs:250:5
[INFO] [stdout]   43:     0x560550d33e25 - <alloc::boxed::Box<F,A> as core::ops::function::FnOnce<Args>>::call_once::h0d83cb2920a49046
[INFO] [stdout]                                at /rustc/1b7dd2252b99671ce5d1cb9664c5f8636329436d/library/alloc/src/boxed.rs:1973:9
[INFO] [stdout]   44:     0x560550d33e25 - <alloc::boxed::Box<F,A> as core::ops::function::FnOnce<Args>>::call_once::hbe0a008aa7d9ef59
[INFO] [stdout]                                at /rustc/1b7dd2252b99671ce5d1cb9664c5f8636329436d/library/alloc/src/boxed.rs:1973:9
[INFO] [stdout]   45:     0x560550d33e25 - std::sys::unix::thread::Thread::new::thread_start::h3a466996bdf6b1f9
[INFO] [stdout]                                at /rustc/1b7dd2252b99671ce5d1cb9664c5f8636329436d/library/std/src/sys/unix/thread.rs:108:17
[INFO] [stdout]   46:     0x7f66f0573b43 - <unknown>
[INFO] [stdout]   47:     0x7f66f0604bb4 - __clone
[INFO] [stdout]   48:                0x0 - <unknown>
[INFO] [stdout] 
[INFO] [stdout] ---- puppet_pp_printer::statement::test_idempotence_long stdout ----
[INFO] [stdout] unless !$a {
[INFO] [stdout]   $a = 1
[INFO] [stdout]   unless (($a + $a + $a)) {
[INFO] [stdout]     $b = $a + 1
[INFO] [stdout]     unless (($a + $a + $a)) {
[INFO] [stdout]       $b = $a + 1
[INFO] [stdout]       unless (($a + $a + $a)) {
[INFO] [stdout]         $b = $a + 1
[INFO] [stdout]       }
[INFO] [stdout]     }
[INFO] [stdout]   }
[INFO] [stdout] } ==>
[INFO] [stdout] ------
[INFO] [stdout] unless !$a {
[INFO] [stdout]   $a = 1
[INFO] [stdout]   unless (($a + $a + $a)) {
[INFO] [stdout]     $b = $a + 1
[INFO] [stdout]     unless (($a + $a + $a)) {
[INFO] [stdout]       $b = $a + 1
[INFO] [stdout]       unless (($a + $a + $a)) {
[INFO] [stdout]         $b = $a + 1
[INFO] [stdout]       }
[INFO] [stdout]     }
[INFO] [stdout]   }
[INFO] [stdout] }
[INFO] [stdout] ------
[INFO] [stdout] Exec
[INFO] [stdout] {
[INFO] [stdout]   command                      => test,
[INFO] [stdout]   provider                     => shell,
[INFO] [stdout]   # comment
[INFO] [stdout]   #line2
[INFO] [stdout]   #line3
[INFO] [stdout] } ==>
[INFO] [stdout] ------
[INFO] [stdout] Exec
[INFO] [stdout] {
[INFO] [stdout]   command  => test,
[INFO] [stdout]   provider  => shell,
[INFO] [stdout]   # comment
[INFO] [stdout]   #line2
[INFO] [stdout]   #line3
[INFO] [stdout] }
[INFO] [stdout] ------
[INFO] [stdout] thread 'puppet_pp_printer::statement::test_idempotence_long' panicked at 'assertion failed: `(left == right)`
[INFO] [stdout]   left: `"Exec\n{\n  command  => test,\n  provider  => shell,\n  # comment\n  #line2\n  #line3\n}"`,
[INFO] [stdout]  right: `"Exec\n{\n  command                      => test,\n  provider                     => shell,\n  # comment\n  #line2\n  #line3\n}"`', src/puppet_pp_printer/statement.rs:241:9
[INFO] [stdout] stack backtrace:
[INFO] [stdout]    0:     0x560550d2d7ea - std::backtrace_rs::backtrace::libunwind::trace::h2f05d0192276a8f6
[INFO] [stdout]                                at /rustc/1b7dd2252b99671ce5d1cb9664c5f8636329436d/library/std/src/../../backtrace/src/backtrace/libunwind.rs:93:5
[INFO] [stdout]    1:     0x560550d2d7ea - std::backtrace_rs::backtrace::trace_unsynchronized::hedc23dff7a1af150
[INFO] [stdout]                                at /rustc/1b7dd2252b99671ce5d1cb9664c5f8636329436d/library/std/src/../../backtrace/src/backtrace/mod.rs:66:5
[INFO] [stdout]    2:     0x560550d2d7ea - std::sys_common::backtrace::_print_fmt::h17541ef7592f3ce2
[INFO] [stdout]                                at /rustc/1b7dd2252b99671ce5d1cb9664c5f8636329436d/library/std/src/sys_common/backtrace.rs:65:5
[INFO] [stdout]    3:     0x560550d2d7ea - <std::sys_common::backtrace::_print::DisplayBacktrace as core::fmt::Display>::fmt::h20f75df5ab0c0792
[INFO] [stdout]                                at /rustc/1b7dd2252b99671ce5d1cb9664c5f8636329436d/library/std/src/sys_common/backtrace.rs:44:22
[INFO] [stdout]    4:     0x560550d533af - core::fmt::write::h78109e6f466b3af6
[INFO] [stdout]                                at /rustc/1b7dd2252b99671ce5d1cb9664c5f8636329436d/library/core/src/fmt/mod.rs:1254:17
[INFO] [stdout]    5:     0x560550d2ab35 - std::io::Write::write_fmt::hd24bfb68a1b35a25
[INFO] [stdout]                                at /rustc/1b7dd2252b99671ce5d1cb9664c5f8636329436d/library/std/src/io/mod.rs:1698:15
[INFO] [stdout]    6:     0x560550d2d5b5 - std::sys_common::backtrace::_print::h8dac57a9f8fbf9a5
[INFO] [stdout]                                at /rustc/1b7dd2252b99671ce5d1cb9664c5f8636329436d/library/std/src/sys_common/backtrace.rs:47:5
[INFO] [stdout]    7:     0x560550d2d5b5 - std::sys_common::backtrace::print::hf9ecbf41d1aa712f
[INFO] [stdout]                                at /rustc/1b7dd2252b99671ce5d1cb9664c5f8636329436d/library/std/src/sys_common/backtrace.rs:34:9
[INFO] [stdout]    8:     0x560550d2f26e - std::panicking::default_hook::{{closure}}::h04c07acfc84ca028
[INFO] [stdout]                                at /rustc/1b7dd2252b99671ce5d1cb9664c5f8636329436d/library/std/src/panicking.rs:269:22
[INFO] [stdout]    9:     0x560550d2efa1 - std::panicking::default_hook::h01f6bb23e1eceb2c
[INFO] [stdout]                                at /rustc/1b7dd2252b99671ce5d1cb9664c5f8636329436d/library/std/src/panicking.rs:285:9
[INFO] [stdout]   10:     0x560550ced1db - <alloc::boxed::Box<F,A> as core::ops::function::Fn<Args>>::call::h87fe9f7b2fd49e4c
[INFO] [stdout]                                at /rustc/1b7dd2252b99671ce5d1cb9664c5f8636329436d/library/alloc/src/boxed.rs:1987:9
[INFO] [stdout]   11:     0x560550ced1db - test::test_main::{{closure}}::he94d679243a7531b
[INFO] [stdout]                                at /rustc/1b7dd2252b99671ce5d1cb9664c5f8636329436d/library/test/src/lib.rs:134:21
[INFO] [stdout]   12:     0x560550d2f954 - <alloc::boxed::Box<F,A> as core::ops::function::Fn<Args>>::call::h3f2d6d8b14c4769f
[INFO] [stdout]                                at /rustc/1b7dd2252b99671ce5d1cb9664c5f8636329436d/library/alloc/src/boxed.rs:1987:9
[INFO] [stdout]   13:     0x560550d2f954 - std::panicking::rust_panic_with_hook::h2bb3722bbaf2f6df
[INFO] [stdout]                                at /rustc/1b7dd2252b99671ce5d1cb9664c5f8636329436d/library/std/src/panicking.rs:695:13
[INFO] [stdout]   14:     0x560550d2f6c9 - std::panicking::begin_panic_handler::{{closure}}::h91bc7f36a4be011b
[INFO] [stdout]                                at /rustc/1b7dd2252b99671ce5d1cb9664c5f8636329436d/library/std/src/panicking.rs:582:13
[INFO] [stdout]   15:     0x560550d2dc56 - std::sys_common::backtrace::__rust_end_short_backtrace::h8b3d3717114f9e59
[INFO] [stdout]                                at /rustc/1b7dd2252b99671ce5d1cb9664c5f8636329436d/library/std/src/sys_common/backtrace.rs:150:18
[INFO] [stdout]   16:     0x560550d2f422 - rust_begin_unwind
[INFO] [stdout]                                at /rustc/1b7dd2252b99671ce5d1cb9664c5f8636329436d/library/std/src/panicking.rs:578:5
[INFO] [stdout]   17:     0x560550a8e063 - core::panicking::panic_fmt::hfd368e3fbdabea26
[INFO] [stdout]                                at /rustc/1b7dd2252b99671ce5d1cb9664c5f8636329436d/library/core/src/panicking.rs:67:14
[INFO] [stdout]   18:     0x560550a8e48f - core::panicking::assert_failed_inner::haef49168e1798a91
[INFO] [stdout]   19:     0x560550b4772e - core::panicking::assert_failed::h1ea2440c6d32521a
[INFO] [stdout]                                at /rustc/1b7dd2252b99671ce5d1cb9664c5f8636329436d/library/core/src/panicking.rs:228:5
[INFO] [stdout]   20:     0x560550be55da - shadowplay::puppet_pp_printer::statement::test_idempotence_long::h52ab4ec6970d47cb
[INFO] [stdout]                                at /opt/rustwide/workdir/src/puppet_pp_printer/statement.rs:241:9
[INFO] [stdout]   21:     0x560550be5057 - shadowplay::puppet_pp_printer::statement::test_idempotence_long::{{closure}}::h235956e00118566f
[INFO] [stdout]                                at /opt/rustwide/workdir/src/puppet_pp_printer/statement.rs:222:28
[INFO] [stdout]   22:     0x560550b67e55 - core::ops::function::FnOnce::call_once::h8288aff103bff674
[INFO] [stdout]                                at /rustc/1b7dd2252b99671ce5d1cb9664c5f8636329436d/library/core/src/ops/function.rs:250:5
[INFO] [stdout]   23:     0x560550cf20af - core::ops::function::FnOnce::call_once::ha6a70e79f7481a7e
[INFO] [stdout]                                at /rustc/1b7dd2252b99671ce5d1cb9664c5f8636329436d/library/core/src/ops/function.rs:250:5
[INFO] [stdout]   24:     0x560550cf20af - test::__rust_begin_short_backtrace::hce33033019b61e69
[INFO] [stdout]                                at /rustc/1b7dd2252b99671ce5d1cb9664c5f8636329436d/library/test/src/lib.rs:655:18
[INFO] [stdout]   25:     0x560550cbf89c - test::run_test::{{closure}}::h858d3528838ae3e5
[INFO] [stdout]                                at /rustc/1b7dd2252b99671ce5d1cb9664c5f8636329436d/library/test/src/lib.rs:646:30
[INFO] [stdout]   26:     0x560550cbf89c - core::ops::function::FnOnce::call_once{{vtable.shim}}::he8ac2b00f01ae79e
[INFO] [stdout]                                at /rustc/1b7dd2252b99671ce5d1cb9664c5f8636329436d/library/core/src/ops/function.rs:250:5
[INFO] [stdout]   27:     0x560550cf1186 - <alloc::boxed::Box<F,A> as core::ops::function::FnOnce<Args>>::call_once::h8093d25b522725ef
[INFO] [stdout]                                at /rustc/1b7dd2252b99671ce5d1cb9664c5f8636329436d/library/alloc/src/boxed.rs:1973:9
[INFO] [stdout]   28:     0x560550cf1186 - <core::panic::unwind_safe::AssertUnwindSafe<F> as core::ops::function::FnOnce<()>>::call_once::h5c334c204e4a3913
[INFO] [stdout]                                at /rustc/1b7dd2252b99671ce5d1cb9664c5f8636329436d/library/core/src/panic/unwind_safe.rs:271:9
[INFO] [stdout]   29:     0x560550cf1186 - std::panicking::try::do_call::ha8b740c7b9478074
[INFO] [stdout]                                at /rustc/1b7dd2252b99671ce5d1cb9664c5f8636329436d/library/std/src/panicking.rs:485:40
[INFO] [stdout]   30:     0x560550cf1186 - std::panicking::try::h5d34f63d0e41b64e
[INFO] [stdout]                                at /rustc/1b7dd2252b99671ce5d1cb9664c5f8636329436d/library/std/src/panicking.rs:449:19
[INFO] [stdout]   31:     0x560550cf1186 - std::panic::catch_unwind::hcfbb511e1aa7fc67
[INFO] [stdout]                                at /rustc/1b7dd2252b99671ce5d1cb9664c5f8636329436d/library/std/src/panic.rs:140:14
[INFO] [stdout]   32:     0x560550cf1186 - test::run_test_in_process::h9abda90f802eaf21
[INFO] [stdout]                                at /rustc/1b7dd2252b99671ce5d1cb9664c5f8636329436d/library/test/src/lib.rs:678:27
[INFO] [stdout]   33:     0x560550cf1186 - test::run_test::run_test_inner::{{closure}}::h0f058de91f6c6edf
[INFO] [stdout]                                at /rustc/1b7dd2252b99671ce5d1cb9664c5f8636329436d/library/test/src/lib.rs:572:39
[INFO] [stdout]   34:     0x560550cba0a5 - test::run_test::run_test_inner::{{closure}}::h5ca48a4c59c6c1fb
[INFO] [stdout]                                at /rustc/1b7dd2252b99671ce5d1cb9664c5f8636329436d/library/test/src/lib.rs:599:37
[INFO] [stdout]   35:     0x560550cba0a5 - std::sys_common::backtrace::__rust_begin_short_backtrace::h32bd51e1495d4a33
[INFO] [stdout]                                at /rustc/1b7dd2252b99671ce5d1cb9664c5f8636329436d/library/std/src/sys_common/backtrace.rs:134:18
[INFO] [stdout]   36:     0x560550cbf5e1 - std::thread::Builder::spawn_unchecked_::{{closure}}::{{closure}}::hc086fae9b128b2db
[INFO] [stdout]                                at /rustc/1b7dd2252b99671ce5d1cb9664c5f8636329436d/library/std/src/thread/mod.rs:526:17
[INFO] [stdout]   37:     0x560550cbf5e1 - <core::panic::unwind_safe::AssertUnwindSafe<F> as core::ops::function::FnOnce<()>>::call_once::hb66571888d270d43
[INFO] [stdout]                                at /rustc/1b7dd2252b99671ce5d1cb9664c5f8636329436d/library/core/src/panic/unwind_safe.rs:271:9
[INFO] [stdout]   38:     0x560550cbf5e1 - std::panicking::try::do_call::h4fa2ef4f6e51fecf
[INFO] [stdout]                                at /rustc/1b7dd2252b99671ce5d1cb9664c5f8636329436d/library/std/src/panicking.rs:485:40
[INFO] [stdout]   39:     0x560550cbf5e1 - std::panicking::try::h1e9e22b8584489b5
[INFO] [stdout]                                at /rustc/1b7dd2252b99671ce5d1cb9664c5f8636329436d/library/std/src/panicking.rs:449:19
[INFO] [stdout]   40:     0x560550cbf5e1 - std::panic::catch_unwind::h44698a3de0e0769e
[INFO] [stdout]                                at /rustc/1b7dd2252b99671ce5d1cb9664c5f8636329436d/library/std/src/panic.rs:140:14
[INFO] [stdout]   41:     0x560550cbf5e1 - std::thread::Builder::spawn_unchecked_::{{closure}}::h50153abde3fe239e
[INFO] [stdout]                                at /rustc/1b7dd2252b99671ce5d1cb9664c5f8636329436d/library/std/src/thread/mod.rs:525:30
[INFO] [stdout]   42:     0x560550cbf5e1 - core::ops::function::FnOnce::call_once{{vtable.shim}}::hbe5bbf6f38394364
[INFO] [stdout]                                at /rustc/1b7dd2252b99671ce5d1cb9664c5f8636329436d/library/core/src/ops/function.rs:250:5
[INFO] [stdout]   43:     0x560550d33e25 - <alloc::boxed::Box<F,A> as core::ops::function::FnOnce<Args>>::call_once::h0d83cb2920a49046
[INFO] [stdout]                                at /rustc/1b7dd2252b99671ce5d1cb9664c5f8636329436d/library/alloc/src/boxed.rs:1973:9
[INFO] [stdout]   44:     0x560550d33e25 - <alloc::boxed::Box<F,A> as core::ops::function::FnOnce<Args>>::call_once::hbe0a008aa7d9ef59
[INFO] [stdout]                                at /rustc/1b7dd2252b99671ce5d1cb9664c5f8636329436d/library/alloc/src/boxed.rs:1973:9
[INFO] [stdout]   45:     0x560550d33e25 - std::sys::unix::thread::Thread::new::thread_start::h3a466996bdf6b1f9
[INFO] [stdout]                                at /rustc/1b7dd2252b99671ce5d1cb9664c5f8636329436d/library/std/src/sys/unix/thread.rs:108:17
[INFO] [stdout]   46:     0x7f66f0573b43 - <unknown>
[INFO] [stdout]   47:     0x7f66f0604bb4 - __clone
[INFO] [stdout]   48:                0x0 - <unknown>
[INFO] [stdout] 
[INFO] [stdout] ---- puppet_pp_printer::toplevel::test_idempotence_short stdout ----
[INFO] [stdout] class aaa::bbb () inherits zzz {
[INFO] [stdout]   
[INFO] [stdout] } ==>
[INFO] [stdout] ------
[INFO] [stdout] class aaa::bbb () inherits zzz {
[INFO] [stdout]   
[INFO] [stdout] }
[INFO] [stdout] ------
[INFO] [stdout] class aaa::bbb () inherits zzz {
[INFO] [stdout]   if $a {
[INFO] [stdout]     1
[INFO] [stdout]   } else {
[INFO] [stdout]     2
[INFO] [stdout]   }
[INFO] [stdout] } ==>
[INFO] [stdout] ------
[INFO] [stdout] class aaa::bbb () inherits zzz {
[INFO] [stdout]   if $a {
[INFO] [stdout]     1
[INFO] [stdout]   } else {
[INFO] [stdout]     2
[INFO] [stdout]   }
[INFO] [stdout] }
[INFO] [stdout] ------
[INFO] [stdout] function aaa::bbb (
[INFO] [stdout]   $empty,
[INFO] [stdout]   $a                           = 1,
[INFO] [stdout]   String $b                    = 'a b c',
[INFO] [stdout] ) >> String {
[INFO] [stdout]   
[INFO] [stdout] } ==>
[INFO] [stdout] ------
[INFO] [stdout] function aaa::bbb (
[INFO] [stdout]   $empty,
[INFO] [stdout]   $a  = 1,
[INFO] [stdout]   String $b  = 'a b c',
[INFO] [stdout] ) >> String {
[INFO] [stdout]   
[INFO] [stdout] }
[INFO] [stdout] ------
[INFO] [stdout] thread 'puppet_pp_printer::toplevel::test_idempotence_short' panicked at 'assertion failed: `(left == right)`
[INFO] [stdout]   left: `"function aaa::bbb (\n  $empty,\n  $a  = 1,\n  String $b  = 'a b c',\n) >> String {\n  \n}"`,
[INFO] [stdout]  right: `"function aaa::bbb (\n  $empty,\n  $a                           = 1,\n  String $b                    = 'a b c',\n) >> String {\n  \n}"`', src/puppet_pp_printer/toplevel.rs:102:9
[INFO] [stdout] stack backtrace:
[INFO] [stdout]    0:     0x560550d2d7ea - std::backtrace_rs::backtrace::libunwind::trace::h2f05d0192276a8f6
[INFO] [stdout]                                at /rustc/1b7dd2252b99671ce5d1cb9664c5f8636329436d/library/std/src/../../backtrace/src/backtrace/libunwind.rs:93:5
[INFO] [stdout]    1:     0x560550d2d7ea - std::backtrace_rs::backtrace::trace_unsynchronized::hedc23dff7a1af150
[INFO] [stdout]                                at /rustc/1b7dd2252b99671ce5d1cb9664c5f8636329436d/library/std/src/../../backtrace/src/backtrace/mod.rs:66:5
[INFO] [stdout]    2:     0x560550d2d7ea - std::sys_common::backtrace::_print_fmt::h17541ef7592f3ce2
[INFO] [stdout]                                at /rustc/1b7dd2252b99671ce5d1cb9664c5f8636329436d/library/std/src/sys_common/backtrace.rs:65:5
[INFO] [stdout]    3:     0x560550d2d7ea - <std::sys_common::backtrace::_print::DisplayBacktrace as core::fmt::Display>::fmt::h20f75df5ab0c0792
[INFO] [stdout]                                at /rustc/1b7dd2252b99671ce5d1cb9664c5f8636329436d/library/std/src/sys_common/backtrace.rs:44:22
[INFO] [stdout]    4:     0x560550d533af - core::fmt::write::h78109e6f466b3af6
[INFO] [stdout]                                at /rustc/1b7dd2252b99671ce5d1cb9664c5f8636329436d/library/core/src/fmt/mod.rs:1254:17
[INFO] [stdout]    5:     0x560550d2ab35 - std::io::Write::write_fmt::hd24bfb68a1b35a25
[INFO] [stdout]                                at /rustc/1b7dd2252b99671ce5d1cb9664c5f8636329436d/library/std/src/io/mod.rs:1698:15
[INFO] [stdout]    6:     0x560550d2d5b5 - std::sys_common::backtrace::_print::h8dac57a9f8fbf9a5
[INFO] [stdout]                                at /rustc/1b7dd2252b99671ce5d1cb9664c5f8636329436d/library/std/src/sys_common/backtrace.rs:47:5
[INFO] [stdout]    7:     0x560550d2d5b5 - std::sys_common::backtrace::print::hf9ecbf41d1aa712f
[INFO] [stdout]                                at /rustc/1b7dd2252b99671ce5d1cb9664c5f8636329436d/library/std/src/sys_common/backtrace.rs:34:9
[INFO] [stdout]    8:     0x560550d2f26e - std::panicking::default_hook::{{closure}}::h04c07acfc84ca028
[INFO] [stdout]                                at /rustc/1b7dd2252b99671ce5d1cb9664c5f8636329436d/library/std/src/panicking.rs:269:22
[INFO] [stdout]    9:     0x560550d2efa1 - std::panicking::default_hook::h01f6bb23e1eceb2c
[INFO] [stdout]                                at /rustc/1b7dd2252b99671ce5d1cb9664c5f8636329436d/library/std/src/panicking.rs:285:9
[INFO] [stdout]   10:     0x560550ced1db - <alloc::boxed::Box<F,A> as core::ops::function::Fn<Args>>::call::h87fe9f7b2fd49e4c
[INFO] [stdout]                                at /rustc/1b7dd2252b99671ce5d1cb9664c5f8636329436d/library/alloc/src/boxed.rs:1987:9
[INFO] [stdout]   11:     0x560550ced1db - test::test_main::{{closure}}::he94d679243a7531b
[INFO] [stdout]                                at /rustc/1b7dd2252b99671ce5d1cb9664c5f8636329436d/library/test/src/lib.rs:134:21
[INFO] [stdout]   12:     0x560550d2f954 - <alloc::boxed::Box<F,A> as core::ops::function::Fn<Args>>::call::h3f2d6d8b14c4769f
[INFO] [stdout]                                at /rustc/1b7dd2252b99671ce5d1cb9664c5f8636329436d/library/alloc/src/boxed.rs:1987:9
[INFO] [stdout]   13:     0x560550d2f954 - std::panicking::rust_panic_with_hook::h2bb3722bbaf2f6df
[INFO] [stdout]                                at /rustc/1b7dd2252b99671ce5d1cb9664c5f8636329436d/library/std/src/panicking.rs:695:13
[INFO] [stdout]   14:     0x560550d2f6c9 - std::panicking::begin_panic_handler::{{closure}}::h91bc7f36a4be011b
[INFO] [stdout]                                at /rustc/1b7dd2252b99671ce5d1cb9664c5f8636329436d/library/std/src/panicking.rs:582:13
[INFO] [stdout]   15:     0x560550d2dc56 - std::sys_common::backtrace::__rust_end_short_backtrace::h8b3d3717114f9e59
[INFO] [stdout]                                at /rustc/1b7dd2252b99671ce5d1cb9664c5f8636329436d/library/std/src/sys_common/backtrace.rs:150:18
[INFO] [stdout]   16:     0x560550d2f422 - rust_begin_unwind
[INFO] [stdout]                                at /rustc/1b7dd2252b99671ce5d1cb9664c5f8636329436d/library/std/src/panicking.rs:578:5
[INFO] [stdout]   17:     0x560550a8e063 - core::panicking::panic_fmt::hfd368e3fbdabea26
[INFO] [stdout]                                at /rustc/1b7dd2252b99671ce5d1cb9664c5f8636329436d/library/core/src/panicking.rs:67:14
[INFO] [stdout]   18:     0x560550a8e48f - core::panicking::assert_failed_inner::haef49168e1798a91
[INFO] [stdout]   19:     0x560550b4772e - core::panicking::assert_failed::h1ea2440c6d32521a
[INFO] [stdout]                                at /rustc/1b7dd2252b99671ce5d1cb9664c5f8636329436d/library/core/src/panicking.rs:228:5
[INFO] [stdout]   20:     0x560550b566f4 - shadowplay::puppet_pp_printer::toplevel::test_idempotence_short::hed935960bd852f98
[INFO] [stdout]                                at /opt/rustwide/workdir/src/puppet_pp_printer/toplevel.rs:102:9
[INFO] [stdout]   21:     0x560550b56167 - shadowplay::puppet_pp_printer::toplevel::test_idempotence_short::{{closure}}::ha294a91a54125ce6
[INFO] [stdout]                                at /opt/rustwide/workdir/src/puppet_pp_printer/toplevel.rs:85:29
[INFO] [stdout]   22:     0x560550b67815 - core::ops::function::FnOnce::call_once::h2fab518015a7fc36
[INFO] [stdout]                                at /rustc/1b7dd2252b99671ce5d1cb9664c5f8636329436d/library/core/src/ops/function.rs:250:5
[INFO] [stdout]   23:     0x560550cf20af - core::ops::function::FnOnce::call_once::ha6a70e79f7481a7e
[INFO] [stdout]                                at /rustc/1b7dd2252b99671ce5d1cb9664c5f8636329436d/library/core/src/ops/function.rs:250:5
[INFO] [stdout]   24:     0x560550cf20af - test::__rust_begin_short_backtrace::hce33033019b61e69
[INFO] [stdout]                                at /rustc/1b7dd2252b99671ce5d1cb9664c5f8636329436d/library/test/src/lib.rs:655:18
[INFO] [stdout]   25:     0x560550cbf89c - test::run_test::{{closure}}::h858d3528838ae3e5
[INFO] [stdout]                                at /rustc/1b7dd2252b99671ce5d1cb9664c5f8636329436d/library/test/src/lib.rs:646:30
[INFO] [stdout]   26:     0x560550cbf89c - core::ops::function::FnOnce::call_once{{vtable.shim}}::he8ac2b00f01ae79e
[INFO] [stdout]                                at /rustc/1b7dd2252b99671ce5d1cb9664c5f8636329436d/library/core/src/ops/function.rs:250:5
[INFO] [stdout]   27:     0x560550cf1186 - <alloc::boxed::Box<F,A> as core::ops::function::FnOnce<Args>>::call_once::h8093d25b522725ef
[INFO] [stdout]                                at /rustc/1b7dd2252b99671ce5d1cb9664c5f8636329436d/library/alloc/src/boxed.rs:1973:9
[INFO] [stdout]   28:     0x560550cf1186 - <core::panic::unwind_safe::AssertUnwindSafe<F> as core::ops::function::FnOnce<()>>::call_once::h5c334c204e4a3913
[INFO] [stdout]                                at /rustc/1b7dd2252b99671ce5d1cb9664c5f8636329436d/library/core/src/panic/unwind_safe.rs:271:9
[INFO] [stdout]   29:     0x560550cf1186 - std::panicking::try::do_call::ha8b740c7b9478074
[INFO] [stdout]                                at /rustc/1b7dd2252b99671ce5d1cb9664c5f8636329436d/library/std/src/panicking.rs:485:40
[INFO] [stdout]   30:     0x560550cf1186 - std::panicking::try::h5d34f63d0e41b64e
[INFO] [stdout]                                at /rustc/1b7dd2252b99671ce5d1cb9664c5f8636329436d/library/std/src/panicking.rs:449:19
[INFO] [stdout]   31:     0x560550cf1186 - std::panic::catch_unwind::hcfbb511e1aa7fc67
[INFO] [stdout]                                at /rustc/1b7dd2252b99671ce5d1cb9664c5f8636329436d/library/std/src/panic.rs:140:14
[INFO] [stdout]   32:     0x560550cf1186 - test::run_test_in_process::h9abda90f802eaf21
[INFO] [stdout]                                at /rustc/1b7dd2252b99671ce5d1cb9664c5f8636329436d/library/test/src/lib.rs:678:27
[INFO] [stdout]   33:     0x560550cf1186 - test::run_test::run_test_inner::{{closure}}::h0f058de91f6c6edf
[INFO] [stdout]                                at /rustc/1b7dd2252b99671ce5d1cb9664c5f8636329436d/library/test/src/lib.rs:572:39
[INFO] [stdout]   34:     0x560550cba0a5 - test::run_test::run_test_inner::{{closure}}::h5ca48a4c59c6c1fb
[INFO] [stdout]                                at /rustc/1b7dd2252b99671ce5d1cb9664c5f8636329436d/library/test/src/lib.rs:599:37
[INFO] [stdout]   35:     0x560550cba0a5 - std::sys_common::backtrace::__rust_begin_short_backtrace::h32bd51e1495d4a33
[INFO] [stdout]                                at /rustc/1b7dd2252b99671ce5d1cb9664c5f8636329436d/library/std/src/sys_common/backtrace.rs:134:18
[INFO] [stdout]   36:     0x560550cbf5e1 - std::thread::Builder::spawn_unchecked_::{{closure}}::{{closure}}::hc086fae9b128b2db
[INFO] [stdout]                                at /rustc/1b7dd2252b99671ce5d1cb9664c5f8636329436d/library/std/src/thread/mod.rs:526:17
[INFO] [stdout]   37:     0x560550cbf5e1 - <core::panic::unwind_safe::AssertUnwindSafe<F> as core::ops::function::FnOnce<()>>::call_once::hb66571888d270d43
[INFO] [stdout]                                at /rustc/1b7dd2252b99671ce5d1cb9664c5f8636329436d/library/core/src/panic/unwind_safe.rs:271:9
[INFO] [stdout]   38:     0x560550cbf5e1 - std::panicking::try::do_call::h4fa2ef4f6e51fecf
[INFO] [stdout]                                at /rustc/1b7dd2252b99671ce5d1cb9664c5f8636329436d/library/std/src/panicking.rs:485:40
[INFO] [stdout]   39:     0x560550cbf5e1 - std::panicking::try::h1e9e22b8584489b5
[INFO] [stdout]                                at /rustc/1b7dd2252b99671ce5d1cb9664c5f8636329436d/library/std/src/panicking.rs:449:19
[INFO] [stdout]   40:     0x560550cbf5e1 - std::panic::catch_unwind::h44698a3de0e0769e
[INFO] [stdout]                                at /rustc/1b7dd2252b99671ce5d1cb9664c5f8636329436d/library/std/src/panic.rs:140:14
[INFO] [stdout]   41:     0x560550cbf5e1 - std::thread::Builder::spawn_unchecked_::{{closure}}::h50153abde3fe239e
[INFO] [stdout]                                at /rustc/1b7dd2252b99671ce5d1cb9664c5f8636329436d/library/std/src/thread/mod.rs:525:30
[INFO] [stdout]   42:     0x560550cbf5e1 - core::ops::function::FnOnce::call_once{{vtable.shim}}::hbe5bbf6f38394364
[INFO] [stdout]                                at /rustc/1b7dd2252b99671ce5d1cb9664c5f8636329436d/library/core/src/ops/function.rs:250:5
[INFO] [stdout]   43:     0x560550d33e25 - <alloc::boxed::Box<F,A> as core::ops::function::FnOnce<Args>>::call_once::h0d83cb2920a49046
[INFO] [stdout]                                at /rustc/1b7dd2252b99671ce5d1cb9664c5f8636329436d/library/alloc/src/boxed.rs:1973:9
[INFO] [stdout]   44:     0x560550d33e25 - <alloc::boxed::Box<F,A> as core::ops::function::FnOnce<Args>>::call_once::hbe0a008aa7d9ef59
[INFO] [stdout]                                at /rustc/1b7dd2252b99671ce5d1cb9664c5f8636329436d/library/alloc/src/boxed.rs:1973:9
[INFO] [stdout]   45:     0x560550d33e25 - std::sys::unix::thread::Thread::new::thread_start::h3a466996bdf6b1f9
[INFO] [stdout]                                at /rustc/1b7dd2252b99671ce5d1cb9664c5f8636329436d/library/std/src/sys/unix/thread.rs:108:17
[INFO] [stdout]   46:     0x7f66f0573b43 - <unknown>
[INFO] [stdout]   47:     0x7f66f0604bb4 - __clone
[INFO] [stdout]   48:                0x0 - <unknown>
[INFO] [stdout] 
[INFO] [stdout] ---- puppet_pp_printer::statement::test_idempotence_short stdout ----
[INFO] [stdout] unless !$a {
[INFO] [stdout]   $a = 1
[INFO] [stdout]   $b = $a + 1
[INFO] [stdout] } ==>
[INFO] [stdout] ------
[INFO] [stdout] unless !$a {
[INFO] [stdout]   $a = 1
[INFO] [stdout]   $b = $a + 1
[INFO] [stdout] }
[INFO] [stdout] ------
[INFO] [stdout] unless !$a {
[INFO] [stdout]   $a = 1
[INFO] [stdout]   unless (($a + $a + $a))
[INFO] [stdout]   {
[INFO] [stdout]     $b = $a + 1
[INFO] [stdout]     unless (($a + $a
[INFO] [stdout]           + $a)) {
[INFO] [stdout]       $b = $a + 1
[INFO] [stdout]       unless (($a + $a
[INFO] [stdout]             + $a)) {
[INFO] [stdout]         $b = $a + 1
[INFO] [stdout]       }
[INFO] [stdout]     }
[INFO] [stdout]   }
[INFO] [stdout] } ==>
[INFO] [stdout] ------
[INFO] [stdout] unless !$a {
[INFO] [stdout]   $a = 1
[INFO] [stdout]   unless (($a + $a + $a))
[INFO] [stdout]   {
[INFO] [stdout]     $b = $a + 1
[INFO] [stdout]     unless (($a + $a
[INFO] [stdout]           + $a)) {
[INFO] [stdout]       $b = $a + 1
[INFO] [stdout]       unless (($a + $a
[INFO] [stdout]             + $a)) {
[INFO] [stdout]         $b = $a + 1
[INFO] [stdout]       }
[INFO] [stdout]     }
[INFO] [stdout]   }
[INFO] [stdout] }
[INFO] [stdout] ------
[INFO] [stdout] if $a {
[INFO] [stdout]   undef
[INFO] [stdout] } ==>
[INFO] [stdout] ------
[INFO] [stdout] if $a {
[INFO] [stdout]   undef
[INFO] [stdout] }
[INFO] [stdout] ------
[INFO] [stdout] if $a {
[INFO] [stdout]   undef
[INFO] [stdout] } else {
[INFO] [stdout]   $c
[INFO] [stdout] } ==>
[INFO] [stdout] ------
[INFO] [stdout] if $a {
[INFO] [stdout]   undef
[INFO] [stdout] } else {
[INFO] [stdout]   $c
[INFO] [stdout] }
[INFO] [stdout] ------
[INFO] [stdout] if $a {
[INFO] [stdout]   undef
[INFO] [stdout] }
[INFO] [stdout] #comment1
[INFO] [stdout] else {
[INFO] [stdout]   1
[INFO] [stdout] } ==>
[INFO] [stdout] ------
[INFO] [stdout] if $a {
[INFO] [stdout]   undef
[INFO] [stdout] }
[INFO] [stdout] #comment1
[INFO] [stdout] else {
[INFO] [stdout]   1
[INFO] [stdout] }
[INFO] [stdout] ------
[INFO] [stdout] if $a {
[INFO] [stdout]   undef
[INFO] [stdout] }
[INFO] [stdout] #comment1
[INFO] [stdout] else
[INFO] [stdout] #comment2
[INFO] [stdout] {
[INFO] [stdout]   1
[INFO] [stdout] } ==>
[INFO] [stdout] ------
[INFO] [stdout] if $a {
[INFO] [stdout]   undef
[INFO] [stdout] }
[INFO] [stdout] #comment1
[INFO] [stdout] else
[INFO] [stdout] #comment2
[INFO] [stdout] {
[INFO] [stdout]   1
[INFO] [stdout] }
[INFO] [stdout] ------
[INFO] [stdout] if $a {
[INFO] [stdout]   undef
[INFO] [stdout] } 
[INFO] [stdout] #comment
[INFO] [stdout] elsif !$a {
[INFO] [stdout]   $a
[INFO] [stdout] } elsif !$b {
[INFO] [stdout]   $b
[INFO] [stdout] } else {
[INFO] [stdout]   1
[INFO] [stdout] } ==>
[INFO] [stdout] ------
[INFO] [stdout] if $a {
[INFO] [stdout]   undef
[INFO] [stdout] } 
[INFO] [stdout] #comment
[INFO] [stdout] elsif !$a {
[INFO] [stdout]   $a
[INFO] [stdout] } elsif !$b {
[INFO] [stdout]   $b
[INFO] [stdout] } else {
[INFO] [stdout]   1
[INFO] [stdout] }
[INFO] [stdout] ------
[INFO] [stdout] if $a {
[INFO] [stdout]   undef
[INFO] [stdout] } elsif !$a {
[INFO] [stdout]   $a
[INFO] [stdout] } ==>
[INFO] [stdout] ------
[INFO] [stdout] if $a {
[INFO] [stdout]   undef
[INFO] [stdout] } elsif !$a {
[INFO] [stdout]   $a
[INFO] [stdout] }
[INFO] [stdout] ------
[INFO] [stdout] case $a {
[INFO] [stdout]   
[INFO] [stdout]   #comment
[INFO] [stdout]   1: {
[INFO] [stdout]     $b
[INFO] [stdout]   }
[INFO] [stdout] } ==>
[INFO] [stdout] ------
[INFO] [stdout] case $a {
[INFO] [stdout]   
[INFO] [stdout]   #comment
[INFO] [stdout]   1: {
[INFO] [stdout]     $b
[INFO] [stdout]   }
[INFO] [stdout] }
[INFO] [stdout] ------
[INFO] [stdout] case $a {
[INFO] [stdout]   
[INFO] [stdout]   #comment
[INFO] [stdout]   1: {
[INFO] [stdout]     $b
[INFO] [stdout]   }
[INFO] [stdout]   default: {
[INFO] [stdout]     
[INFO] [stdout]   }
[INFO] [stdout] } ==>
[INFO] [stdout] ------
[INFO] [stdout] case $a {
[INFO] [stdout]   
[INFO] [stdout]   #comment
[INFO] [stdout]   1: {
[INFO] [stdout]     $b
[INFO] [stdout]   }
[INFO] [stdout]   default: {
[INFO] [stdout]     
[INFO] [stdout]   }
[INFO] [stdout] }
[INFO] [stdout] ------
[INFO] [stdout] Exec
[INFO] [stdout] {
[INFO] [stdout]   command                      =>
[INFO] [stdout]     test,
[INFO] [stdout]   provider                     =>
[INFO] [stdout]     shell,
[INFO] [stdout]   # comment
[INFO] [stdout]   #line2
[INFO] [stdout]   #line3
[INFO] [stdout] } ==>
[INFO] [stdout] ------
[INFO] [stdout] Exec
[INFO] [stdout] {
[INFO] [stdout]   command  => test,
[INFO] [stdout]   provider  => shell,
[INFO] [stdout]   # comment
[INFO] [stdout]   #line2
[INFO] [stdout]   #line3
[INFO] [stdout] }
[INFO] [stdout] ------
[INFO] [stdout] thread 'puppet_pp_printer::statement::test_idempotence_short' panicked at 'assertion failed: `(left == right)`
[INFO] [stdout]   left: `"Exec\n{\n  command  => test,\n  provider  => shell,\n  # comment\n  #line2\n  #line3\n}"`,
[INFO] [stdout]  right: `"Exec\n{\n  command                      =>\n    test,\n  provider                     =>\n    shell,\n  # comment\n  #line2\n  #line3\n}"`', src/puppet_pp_printer/statement.rs:217:9
[INFO] [stdout] stack backtrace:
[INFO] [stdout]    0:     0x560550d2d7ea - std::backtrace_rs::backtrace::libunwind::trace::h2f05d0192276a8f6
[INFO] [stdout]                                at /rustc/1b7dd2252b99671ce5d1cb9664c5f8636329436d/library/std/src/../../backtrace/src/backtrace/libunwind.rs:93:5
[INFO] [stdout]    1:     0x560550d2d7ea - std::backtrace_rs::backtrace::trace_unsynchronized::hedc23dff7a1af150
[INFO] [stdout]                                at /rustc/1b7dd2252b99671ce5d1cb9664c5f8636329436d/library/std/src/../../backtrace/src/backtrace/mod.rs:66:5
[INFO] [stdout]    2:     0x560550d2d7ea - std::sys_common::backtrace::_print_fmt::h17541ef7592f3ce2
[INFO] [stdout]                                at /rustc/1b7dd2252b99671ce5d1cb9664c5f8636329436d/library/std/src/sys_common/backtrace.rs:65:5
[INFO] [stdout]    3:     0x560550d2d7ea - <std::sys_common::backtrace::_print::DisplayBacktrace as core::fmt::Display>::fmt::h20f75df5ab0c0792
[INFO] [stdout]                                at /rustc/1b7dd2252b99671ce5d1cb9664c5f8636329436d/library/std/src/sys_common/backtrace.rs:44:22
[INFO] [stdout]    4:     0x560550d533af - core::fmt::write::h78109e6f466b3af6
[INFO] [stdout]                                at /rustc/1b7dd2252b99671ce5d1cb9664c5f8636329436d/library/core/src/fmt/mod.rs:1254:17
[INFO] [stdout]    5:     0x560550d2ab35 - std::io::Write::write_fmt::hd24bfb68a1b35a25
[INFO] [stdout]                                at /rustc/1b7dd2252b99671ce5d1cb9664c5f8636329436d/library/std/src/io/mod.rs:1698:15
[INFO] [stdout]    6:     0x560550d2d5b5 - std::sys_common::backtrace::_print::h8dac57a9f8fbf9a5
[INFO] [stdout]                                at /rustc/1b7dd2252b99671ce5d1cb9664c5f8636329436d/library/std/src/sys_common/backtrace.rs:47:5
[INFO] [stdout]    7:     0x560550d2d5b5 - std::sys_common::backtrace::print::hf9ecbf41d1aa712f
[INFO] [stdout]                                at /rustc/1b7dd2252b99671ce5d1cb9664c5f8636329436d/library/std/src/sys_common/backtrace.rs:34:9
[INFO] [stdout]    8:     0x560550d2f26e - std::panicking::default_hook::{{closure}}::h04c07acfc84ca028
[INFO] [stdout]                                at /rustc/1b7dd2252b99671ce5d1cb9664c5f8636329436d/library/std/src/panicking.rs:269:22
[INFO] [stdout]    9:     0x560550d2efa1 - std::panicking::default_hook::h01f6bb23e1eceb2c
[INFO] [stdout]                                at /rustc/1b7dd2252b99671ce5d1cb9664c5f8636329436d/library/std/src/panicking.rs:285:9
[INFO] [stdout]   10:     0x560550ced1db - <alloc::boxed::Box<F,A> as core::ops::function::Fn<Args>>::call::h87fe9f7b2fd49e4c
[INFO] [stdout]                                at /rustc/1b7dd2252b99671ce5d1cb9664c5f8636329436d/library/alloc/src/boxed.rs:1987:9
[INFO] [stdout]   11:     0x560550ced1db - test::test_main::{{closure}}::he94d679243a7531b
[INFO] [stdout]                                at /rustc/1b7dd2252b99671ce5d1cb9664c5f8636329436d/library/test/src/lib.rs:134:21
[INFO] [stdout]   12:     0x560550d2f954 - <alloc::boxed::Box<F,A> as core::ops::function::Fn<Args>>::call::h3f2d6d8b14c4769f
[INFO] [stdout]                                at /rustc/1b7dd2252b99671ce5d1cb9664c5f8636329436d/library/alloc/src/boxed.rs:1987:9
[INFO] [stdout]   13:     0x560550d2f954 - std::panicking::rust_panic_with_hook::h2bb3722bbaf2f6df
[INFO] [stdout]                                at /rustc/1b7dd2252b99671ce5d1cb9664c5f8636329436d/library/std/src/panicking.rs:695:13
[INFO] [stdout]   14:     0x560550d2f6c9 - std::panicking::begin_panic_handler::{{closure}}::h91bc7f36a4be011b
[INFO] [stdout]                                at /rustc/1b7dd2252b99671ce5d1cb9664c5f8636329436d/library/std/src/panicking.rs:582:13
[INFO] [stdout]   15:     0x560550d2dc56 - std::sys_common::backtrace::__rust_end_short_backtrace::h8b3d3717114f9e59
[INFO] [stdout]                                at /rustc/1b7dd2252b99671ce5d1cb9664c5f8636329436d/library/std/src/sys_common/backtrace.rs:150:18
[INFO] [stdout]   16:     0x560550d2f422 - rust_begin_unwind
[INFO] [stdout]                                at /rustc/1b7dd2252b99671ce5d1cb9664c5f8636329436d/library/std/src/panicking.rs:578:5
[INFO] [stdout]   17:     0x560550a8e063 - core::panicking::panic_fmt::hfd368e3fbdabea26
[INFO] [stdout]                                at /rustc/1b7dd2252b99671ce5d1cb9664c5f8636329436d/library/core/src/panicking.rs:67:14
[INFO] [stdout]   18:     0x560550a8e48f - core::panicking::assert_failed_inner::haef49168e1798a91
[INFO] [stdout]   19:     0x560550b4772e - core::panicking::assert_failed::h1ea2440c6d32521a
[INFO] [stdout]                                at /rustc/1b7dd2252b99671ce5d1cb9664c5f8636329436d/library/core/src/panicking.rs:228:5
[INFO] [stdout]   20:     0x560550be4ff9 - shadowplay::puppet_pp_printer::statement::test_idempotence_short::hb1b32b16e7c56d00
[INFO] [stdout]                                at /opt/rustwide/workdir/src/puppet_pp_printer/statement.rs:217:9
[INFO] [stdout]   21:     0x560550be4987 - shadowplay::puppet_pp_printer::statement::test_idempotence_short::{{closure}}::h175acdd0ab4c310a
[INFO] [stdout]                                at /opt/rustwide/workdir/src/puppet_pp_printer/statement.rs:187:29
[INFO] [stdout]   22:     0x560550b67925 - core::ops::function::FnOnce::call_once::h456265c3c6eb308b
[INFO] [stdout]                                at /rustc/1b7dd2252b99671ce5d1cb9664c5f8636329436d/library/core/src/ops/function.rs:250:5
[INFO] [stdout]   23:     0x560550cf20af - core::ops::function::FnOnce::call_once::ha6a70e79f7481a7e
[INFO] [stdout]                                at /rustc/1b7dd2252b99671ce5d1cb9664c5f8636329436d/library/core/src/ops/function.rs:250:5
[INFO] [stdout]   24:     0x560550cf20af - test::__rust_begin_short_backtrace::hce33033019b61e69
[INFO] [stdout]                                at /rustc/1b7dd2252b99671ce5d1cb9664c5f8636329436d/library/test/src/lib.rs:655:18
[INFO] [stdout]   25:     0x560550cbf89c - test::run_test::{{closure}}::h858d3528838ae3e5
[INFO] [stdout]                                at /rustc/1b7dd2252b99671ce5d1cb9664c5f8636329436d/library/test/src/lib.rs:646:30
[INFO] [stdout]   26:     0x560550cbf89c - core::ops::function::FnOnce::call_once{{vtable.shim}}::he8ac2b00f01ae79e
[INFO] [stdout]                                at /rustc/1b7dd2252b99671ce5d1cb9664c5f8636329436d/library/core/src/ops/function.rs:250:5
[INFO] [stdout]   27:     0x560550cf1186 - <alloc::boxed::Box<F,A> as core::ops::function::FnOnce<Args>>::call_once::h8093d25b522725ef
[INFO] [stdout]                                at /rustc/1b7dd2252b99671ce5d1cb9664c5f8636329436d/library/alloc/src/boxed.rs:1973:9
[INFO] [stdout]   28:     0x560550cf1186 - <core::panic::unwind_safe::AssertUnwindSafe<F> as core::ops::function::FnOnce<()>>::call_once::h5c334c204e4a3913
[INFO] [stdout]                                at /rustc/1b7dd2252b99671ce5d1cb9664c5f8636329436d/library/core/src/panic/unwind_safe.rs:271:9
[INFO] [stdout]   29:     0x560550cf1186 - std::panicking::try::do_call::ha8b740c7b9478074
[INFO] [stdout]                                at /rustc/1b7dd2252b99671ce5d1cb9664c5f8636329436d/library/std/src/panicking.rs:485:40
[INFO] [stdout]   30:     0x560550cf1186 - std::panicking::try::h5d34f63d0e41b64e
[INFO] [stdout]                                at /rustc/1b7dd2252b99671ce5d1cb9664c5f8636329436d/library/std/src/panicking.rs:449:19
[INFO] [stdout]   31:     0x560550cf1186 - std::panic::catch_unwind::hcfbb511e1aa7fc67
[INFO] [stdout]                                at /rustc/1b7dd2252b99671ce5d1cb9664c5f8636329436d/library/std/src/panic.rs:140:14
[INFO] [stdout]   32:     0x560550cf1186 - test::run_test_in_process::h9abda90f802eaf21
[INFO] [stdout]                                at /rustc/1b7dd2252b99671ce5d1cb9664c5f8636329436d/library/test/src/lib.rs:678:27
[INFO] [stdout]   33:     0x560550cf1186 - test::run_test::run_test_inner::{{closure}}::h0f058de91f6c6edf
[INFO] [stdout]                                at /rustc/1b7dd2252b99671ce5d1cb9664c5f8636329436d/library/test/src/lib.rs:572:39
[INFO] [stdout]   34:     0x560550cba0a5 - test::run_test::run_test_inner::{{closure}}::h5ca48a4c59c6c1fb
[INFO] [stdout]                                at /rustc/1b7dd2252b99671ce5d1cb9664c5f8636329436d/library/test/src/lib.rs:599:37
[INFO] [stdout]   35:     0x560550cba0a5 - std::sys_common::backtrace::__rust_begin_short_backtrace::h32bd51e1495d4a33
[INFO] [stdout]                                at /rustc/1b7dd2252b99671ce5d1cb9664c5f8636329436d/library/std/src/sys_common/backtrace.rs:134:18
[INFO] [stdout]   36:     0x560550cbf5e1 - std::thread::Builder::spawn_unchecked_::{{closure}}::{{closure}}::hc086fae9b128b2db
[INFO] [stdout]                                at /rustc/1b7dd2252b99671ce5d1cb9664c5f8636329436d/library/std/src/thread/mod.rs:526:17
[INFO] [stdout]   37:     0x560550cbf5e1 - <core::panic::unwind_safe::AssertUnwindSafe<F> as core::ops::function::FnOnce<()>>::call_once::hb66571888d270d43
[INFO] [stdout]                                at /rustc/1b7dd2252b99671ce5d1cb9664c5f8636329436d/library/core/src/panic/unwind_safe.rs:271:9
[INFO] [stdout]   38:     0x560550cbf5e1 - std::panicking::try::do_call::h4fa2ef4f6e51fecf
[INFO] [stdout]                                at /rustc/1b7dd2252b99671ce5d1cb9664c5f8636329436d/library/std/src/panicking.rs:485:40
[INFO] [stdout]   39:     0x560550cbf5e1 - std::panicking::try::h1e9e22b8584489b5
[INFO] [stdout]                                at /rustc/1b7dd2252b99671ce5d1cb9664c5f8636329436d/library/std/src/panicking.rs:449:19
[INFO] [stdout]   40:     0x560550cbf5e1 - std::panic::catch_unwind::h44698a3de0e0769e
[INFO] [stdout]                                at /rustc/1b7dd2252b99671ce5d1cb9664c5f8636329436d/library/std/src/panic.rs:140:14
[INFO] [stdout]   41:     0x560550cbf5e1 - std::thread::Builder::spawn_unchecked_::{{closure}}::h50153abde3fe239e
[INFO] [stdout]                                at /rustc/1b7dd2252b99671ce5d1cb9664c5f8636329436d/library/std/src/thread/mod.rs:525:30
[INFO] [stdout]   42:     0x560550cbf5e1 - core::ops::function::FnOnce::call_once{{vtable.shim}}::hbe5bbf6f38394364
[INFO] [stdout]                                at /rustc/1b7dd2252b99671ce5d1cb9664c5f8636329436d/library/core/src/ops/function.rs:250:5
[INFO] [stdout]   43:     0x560550d33e25 - <alloc::boxed::Box<F,A> as core::ops::function::FnOnce<Args>>::call_once::h0d83cb2920a49046
[INFO] [stdout]                                at /rustc/1b7dd2252b99671ce5d1cb9664c5f8636329436d/library/alloc/src/boxed.rs:1973:9
[INFO] [stdout]   44:     0x560550d33e25 - <alloc::boxed::Box<F,A> as core::ops::function::FnOnce<Args>>::call_once::hbe0a008aa7d9ef59
[INFO] [stdout]                                at /rustc/1b7dd2252b99671ce5d1cb9664c5f8636329436d/library/alloc/src/boxed.rs:1973:9
[INFO] [stdout]   45:     0x560550d33e25 - std::sys::unix::thread::Thread::new::thread_start::h3a466996bdf6b1f9
[INFO] [stdout]                                at /rustc/1b7dd2252b99671ce5d1cb9664c5f8636329436d/library/std/src/sys/unix/thread.rs:108:17
[INFO] [stdout]   46:     0x7f66f0573b43 - <unknown>
[INFO] [stdout]   47:     0x7f66f0604bb4 - __clone
[INFO] [stdout]   48:                0x0 - <unknown>
[INFO] [stdout] 
[INFO] [stdout] 
[INFO] [stdout] failures:
[INFO] [stdout]     puppet_pp_printer::resource::test_idempotence_short
[INFO] [stdout]     puppet_pp_printer::statement::test_idempotence_long
[INFO] [stdout]     puppet_pp_printer::statement::test_idempotence_short
[INFO] [stdout]     puppet_pp_printer::toplevel::test_idempotence_short
[INFO] [stdout]     puppet_pp_printer::typing::test_idempotence_short
[INFO] [stdout] 
[INFO] [stdout] test result: FAILED. 40 passed; 5 failed; 0 ignored; 0 measured; 0 filtered out; finished in 0.14s
[INFO] [stdout] 
[INFO] running `Command { std: "docker" "inspect" "58dc67149b2a549a06edac876d67fb4418bbd5eb8b172f33e259327f777a65a3", kill_on_drop: false }`
[INFO] running `Command { std: "docker" "rm" "-f" "58dc67149b2a549a06edac876d67fb4418bbd5eb8b172f33e259327f777a65a3", kill_on_drop: false }`
[INFO] [stdout] 58dc67149b2a549a06edac876d67fb4418bbd5eb8b172f33e259327f777a65a3
