[INFO] fetching crate shader_macro 0.4.1...
[INFO] testing shader_macro-0.4.1 against 1.69.0 for beta-1.70-1
[INFO] extracting crate shader_macro 0.4.1 into /workspace/builds/worker-6-tc1/source
[INFO] validating manifest of crates.io crate shader_macro 0.4.1 on toolchain 1.69.0
[INFO] running `Command { std: CARGO_HOME="/workspace/cargo-home" RUSTUP_HOME="/workspace/rustup-home" "/workspace/cargo-home/bin/cargo" "+1.69.0" "metadata" "--manifest-path" "Cargo.toml" "--no-deps", kill_on_drop: false }`
[INFO] started tweaking crates.io crate shader_macro 0.4.1
[INFO] finished tweaking crates.io crate shader_macro 0.4.1
[INFO] tweaked toml for crates.io crate shader_macro 0.4.1 written to /workspace/builds/worker-6-tc1/source/Cargo.toml
[INFO] running `Command { std: CARGO_HOME="/workspace/cargo-home" RUSTUP_HOME="/workspace/rustup-home" __CARGO_TEST_CHANNEL_OVERRIDE_DO_NOT_USE_THIS="nightly" "/workspace/cargo-home/bin/cargo" "+1.69.0" "generate-lockfile" "--manifest-path" "Cargo.toml" "-Zno-index-update", kill_on_drop: false }`
[INFO] running `Command { std: CARGO_HOME="/workspace/cargo-home" RUSTUP_HOME="/workspace/rustup-home" "/workspace/cargo-home/bin/cargo" "+1.69.0" "fetch" "--manifest-path" "Cargo.toml", kill_on_drop: false }`
[INFO] running `Command { std: "docker" "create" "-v" "/var/lib/crater-agent-workspace/builds/worker-6-tc1/target:/opt/rustwide/target:rw,Z" "-v" "/var/lib/crater-agent-workspace/builds/worker-6-tc1/source:/opt/rustwide/workdir:ro,Z" "-v" "/var/lib/crater-agent-workspace/cargo-home:/opt/rustwide/cargo-home:ro,Z" "-v" "/var/lib/crater-agent-workspace/rustup-home:/opt/rustwide/rustup-home:ro,Z" "-e" "SOURCE_DIR=/opt/rustwide/workdir" "-e" "CARGO_TARGET_DIR=/opt/rustwide/target" "-e" "CARGO_HOME=/opt/rustwide/cargo-home" "-e" "RUSTUP_HOME=/opt/rustwide/rustup-home" "-w" "/opt/rustwide/workdir" "-m" "1610612736" "--user" "0:0" "--network" "none" "ghcr.io/rust-lang/crates-build-env/linux@sha256:5ff2268d62e97bff2cde7d5815dd6ed5b47097566f13b8d0ca110b04b60e07ed" "/opt/rustwide/cargo-home/bin/cargo" "+1.69.0" "metadata" "--no-deps" "--format-version=1", kill_on_drop: false }`
[INFO] [stdout] d51430c35675a3684824bcd493b967439c88823acfc41f766800b894c659fc74
[INFO] running `Command { std: "docker" "start" "-a" "d51430c35675a3684824bcd493b967439c88823acfc41f766800b894c659fc74", kill_on_drop: false }`
[INFO] running `Command { std: "docker" "inspect" "d51430c35675a3684824bcd493b967439c88823acfc41f766800b894c659fc74", kill_on_drop: false }`
[INFO] running `Command { std: "docker" "rm" "-f" "d51430c35675a3684824bcd493b967439c88823acfc41f766800b894c659fc74", kill_on_drop: false }`
[INFO] [stdout] d51430c35675a3684824bcd493b967439c88823acfc41f766800b894c659fc74
[INFO] running `Command { std: "docker" "create" "-v" "/var/lib/crater-agent-workspace/builds/worker-6-tc1/target:/opt/rustwide/target:rw,Z" "-v" "/var/lib/crater-agent-workspace/builds/worker-6-tc1/source:/opt/rustwide/workdir:ro,Z" "-v" "/var/lib/crater-agent-workspace/cargo-home:/opt/rustwide/cargo-home:ro,Z" "-v" "/var/lib/crater-agent-workspace/rustup-home:/opt/rustwide/rustup-home:ro,Z" "-e" "SOURCE_DIR=/opt/rustwide/workdir" "-e" "CARGO_TARGET_DIR=/opt/rustwide/target" "-e" "CARGO_INCREMENTAL=0" "-e" "RUST_BACKTRACE=full" "-e" "RUSTFLAGS=--cap-lints=warn" "-e" "RUSTDOCFLAGS=--cap-lints=warn" "-e" "CARGO_HOME=/opt/rustwide/cargo-home" "-e" "RUSTUP_HOME=/opt/rustwide/rustup-home" "-w" "/opt/rustwide/workdir" "-m" "1610612736" "--user" "0:0" "--network" "none" "ghcr.io/rust-lang/crates-build-env/linux@sha256:5ff2268d62e97bff2cde7d5815dd6ed5b47097566f13b8d0ca110b04b60e07ed" "/opt/rustwide/cargo-home/bin/cargo" "+1.69.0" "build" "--frozen" "--message-format=json", kill_on_drop: false }`
[INFO] [stdout] 335af2afa356a90beaabc478ae944ad6833eaa7d17711d630438a665fdfd6803
[INFO] running `Command { std: "docker" "start" "-a" "335af2afa356a90beaabc478ae944ad6833eaa7d17711d630438a665fdfd6803", kill_on_drop: false }`
[INFO] [stderr]    Compiling windows v0.39.0
[INFO] [stderr]    Compiling shader_macro v0.4.1 (/opt/rustwide/workdir)
[INFO] [stderr]     Finished dev [unoptimized + debuginfo] target(s) in 9.85s
[INFO] running `Command { std: "docker" "inspect" "335af2afa356a90beaabc478ae944ad6833eaa7d17711d630438a665fdfd6803", kill_on_drop: false }`
[INFO] running `Command { std: "docker" "rm" "-f" "335af2afa356a90beaabc478ae944ad6833eaa7d17711d630438a665fdfd6803", kill_on_drop: false }`
[INFO] [stdout] 335af2afa356a90beaabc478ae944ad6833eaa7d17711d630438a665fdfd6803
[INFO] running `Command { std: "docker" "create" "-v" "/var/lib/crater-agent-workspace/builds/worker-6-tc1/target:/opt/rustwide/target:rw,Z" "-v" "/var/lib/crater-agent-workspace/builds/worker-6-tc1/source:/opt/rustwide/workdir:ro,Z" "-v" "/var/lib/crater-agent-workspace/cargo-home:/opt/rustwide/cargo-home:ro,Z" "-v" "/var/lib/crater-agent-workspace/rustup-home:/opt/rustwide/rustup-home:ro,Z" "-e" "SOURCE_DIR=/opt/rustwide/workdir" "-e" "CARGO_TARGET_DIR=/opt/rustwide/target" "-e" "CARGO_INCREMENTAL=0" "-e" "RUST_BACKTRACE=full" "-e" "RUSTFLAGS=--cap-lints=warn" "-e" "RUSTDOCFLAGS=--cap-lints=warn" "-e" "CARGO_HOME=/opt/rustwide/cargo-home" "-e" "RUSTUP_HOME=/opt/rustwide/rustup-home" "-w" "/opt/rustwide/workdir" "-m" "1610612736" "--user" "0:0" "--network" "none" "ghcr.io/rust-lang/crates-build-env/linux@sha256:5ff2268d62e97bff2cde7d5815dd6ed5b47097566f13b8d0ca110b04b60e07ed" "/opt/rustwide/cargo-home/bin/cargo" "+1.69.0" "test" "--frozen" "--no-run" "--message-format=json", kill_on_drop: false }`
[INFO] [stdout] a001ecd7cea720ba8225adfd10930c038b417d681a1e94c029538dbbea7b461e
[INFO] running `Command { std: "docker" "start" "-a" "a001ecd7cea720ba8225adfd10930c038b417d681a1e94c029538dbbea7b461e", kill_on_drop: false }`
[INFO] [stderr]    Compiling shader_macro v0.4.1 (/opt/rustwide/workdir)
[INFO] [stderr]     Finished test [unoptimized + debuginfo] target(s) in 1.02s
[INFO] running `Command { std: "docker" "inspect" "a001ecd7cea720ba8225adfd10930c038b417d681a1e94c029538dbbea7b461e", kill_on_drop: false }`
[INFO] running `Command { std: "docker" "rm" "-f" "a001ecd7cea720ba8225adfd10930c038b417d681a1e94c029538dbbea7b461e", kill_on_drop: false }`
[INFO] [stdout] a001ecd7cea720ba8225adfd10930c038b417d681a1e94c029538dbbea7b461e
[INFO] running `Command { std: "docker" "create" "-v" "/var/lib/crater-agent-workspace/builds/worker-6-tc1/target:/opt/rustwide/target:rw,Z" "-v" "/var/lib/crater-agent-workspace/builds/worker-6-tc1/source:/opt/rustwide/workdir:ro,Z" "-v" "/var/lib/crater-agent-workspace/cargo-home:/opt/rustwide/cargo-home:ro,Z" "-v" "/var/lib/crater-agent-workspace/rustup-home:/opt/rustwide/rustup-home:ro,Z" "-e" "SOURCE_DIR=/opt/rustwide/workdir" "-e" "CARGO_TARGET_DIR=/opt/rustwide/target" "-e" "CARGO_INCREMENTAL=0" "-e" "RUST_BACKTRACE=full" "-e" "RUSTFLAGS=--cap-lints=warn" "-e" "RUSTDOCFLAGS=--cap-lints=warn" "-e" "CARGO_HOME=/opt/rustwide/cargo-home" "-e" "RUSTUP_HOME=/opt/rustwide/rustup-home" "-w" "/opt/rustwide/workdir" "-m" "1610612736" "--user" "0:0" "--network" "none" "ghcr.io/rust-lang/crates-build-env/linux@sha256:5ff2268d62e97bff2cde7d5815dd6ed5b47097566f13b8d0ca110b04b60e07ed" "/opt/rustwide/cargo-home/bin/cargo" "+1.69.0" "test" "--frozen", kill_on_drop: false }`
[INFO] [stdout] db3b7e877a4772f8a74344e0ac57b78bf80f13f50f814d5b18866bfe1c41406b
[INFO] running `Command { std: "docker" "start" "-a" "db3b7e877a4772f8a74344e0ac57b78bf80f13f50f814d5b18866bfe1c41406b", kill_on_drop: false }`
[INFO] [stderr]     Finished test [unoptimized + debuginfo] target(s) in 0.02s
[INFO] [stderr]      Running unittests src/lib.rs (/opt/rustwide/target/debug/deps/shader_macro-2b621da1656e5316)
[INFO] [stdout] 
[INFO] [stdout] running 0 tests
[INFO] [stderr]    Doc-tests shader_macro
[INFO] [stdout] 
[INFO] [stdout] test result: ok. 0 passed; 0 failed; 0 ignored; 0 measured; 0 filtered out; finished in 0.00s
[INFO] [stdout] 
[INFO] [stdout] 
[INFO] [stdout] running 2 tests
[INFO] [stdout] test src/lib.rs - shader (line 154) ... FAILED
[INFO] [stderr] error: doctest failed, to rerun pass `--doc`
[INFO] [stdout] test src/lib.rs - shader (line 175) ... FAILED
[INFO] [stdout] 
[INFO] [stdout] failures:
[INFO] [stdout] 
[INFO] [stdout] ---- src/lib.rs - shader (line 154) stdout ----
[INFO] [stdout] error: cannot find macro `compile_shader` in this scope
[INFO] [stdout]  --> src/lib.rs:155:1
[INFO] [stdout]   |
[INFO] [stdout] 3 | compile_shader!{
[INFO] [stdout]   | ^^^^^^^^^^^^^^
[INFO] [stdout] 
[INFO] [stdout] error: aborting due to previous error
[INFO] [stdout] 
[INFO] [stdout] Couldn't compile the test.
[INFO] [stdout] ---- src/lib.rs - shader (line 175) stdout ----
[INFO] [stdout] error: cannot find macro `compile_shader` in this scope
[INFO] [stdout]  --> src/lib.rs:176:12
[INFO] [stdout]   |
[INFO] [stdout] 3 | let data = compile_shader!{
[INFO] [stdout]   |            ^^^^^^^^^^^^^^
[INFO] [stdout] 
[INFO] [stdout] error: aborting due to previous error
[INFO] [stdout] 
[INFO] [stdout] Couldn't compile the test.
[INFO] [stdout] 
[INFO] [stdout] failures:
[INFO] [stdout]     src/lib.rs - shader (line 154)
[INFO] [stdout]     src/lib.rs - shader (line 175)
[INFO] [stdout] 
[INFO] [stdout] test result: FAILED. 0 passed; 2 failed; 0 ignored; 0 measured; 0 filtered out; finished in 0.14s
[INFO] [stdout] 
[INFO] running `Command { std: "docker" "inspect" "db3b7e877a4772f8a74344e0ac57b78bf80f13f50f814d5b18866bfe1c41406b", kill_on_drop: false }`
[INFO] running `Command { std: "docker" "rm" "-f" "db3b7e877a4772f8a74344e0ac57b78bf80f13f50f814d5b18866bfe1c41406b", kill_on_drop: false }`
[INFO] [stdout] db3b7e877a4772f8a74344e0ac57b78bf80f13f50f814d5b18866bfe1c41406b
