[INFO] fetching crate sh4d0wup 0.8.0...
[INFO] testing sh4d0wup-0.8.0 against beta-2023-04-20 for beta-1.70-1
[INFO] extracting crate sh4d0wup 0.8.0 into /workspace/builds/worker-7-tc2/source
[INFO] validating manifest of crates.io crate sh4d0wup 0.8.0 on toolchain beta-2023-04-20
[INFO] running `Command { std: CARGO_HOME="/workspace/cargo-home" RUSTUP_HOME="/workspace/rustup-home" "/workspace/cargo-home/bin/cargo" "+beta-2023-04-20" "metadata" "--manifest-path" "Cargo.toml" "--no-deps", kill_on_drop: false }`
[INFO] started tweaking crates.io crate sh4d0wup 0.8.0
[INFO] finished tweaking crates.io crate sh4d0wup 0.8.0
[INFO] tweaked toml for crates.io crate sh4d0wup 0.8.0 written to /workspace/builds/worker-7-tc2/source/Cargo.toml
[INFO] crate crates.io crate sh4d0wup 0.8.0 already has a lockfile, it will not be regenerated
[INFO] running `Command { std: CARGO_HOME="/workspace/cargo-home" RUSTUP_HOME="/workspace/rustup-home" "/workspace/cargo-home/bin/cargo" "+beta-2023-04-20" "fetch" "--manifest-path" "Cargo.toml", kill_on_drop: false }`
[INFO] [stderr]     Updating crates.io index
[INFO] [stderr]  Downloading crates ...
[INFO] [stderr]   Downloaded buffered-reader v1.1.4
[INFO] [stderr]   Downloaded nettle-sys v2.1.0
[INFO] [stderr]   Downloaded security-framework v2.8.0
[INFO] [stderr]   Downloaded clap_complete v4.1.1
[INFO] [stderr]   Downloaded peekread v0.1.1
[INFO] [stderr]   Downloaded git-features v0.26.1
[INFO] [stderr]   Downloaded derp v0.0.14
[INFO] [stderr]   Downloaded clap v4.1.2
[INFO] [stderr]   Downloaded git-date v0.4.1
[INFO] [stderr]   Downloaded in-toto v0.3.0
[INFO] [stderr]   Downloaded memsec v0.6.2
[INFO] [stderr]   Downloaded sequoia-openpgp v1.13.0
[INFO] [stderr]   Downloaded nettle v7.2.0
[INFO] [stderr]   Downloaded sha1collisiondetection v0.2.6
[INFO] [stderr]   Downloaded zstd-sys v2.0.5+zstd.1.5.2
[INFO] [stderr]   Downloaded warp-reverse-proxy v1.0.0
[INFO] [stderr]   Downloaded git-actor v0.17.0
[INFO] [stderr]   Downloaded git-object v0.26.0
[INFO] [stderr]   Downloaded lalrpop v0.19.8
[INFO] [stderr]   Downloaded serde_yaml v0.9.17
[INFO] [stderr]   Downloaded oci-spec v0.6.0
[INFO] [stderr]   Downloaded ipnetwork v0.20.0
[INFO] [stderr]   Downloaded cryptovec v0.6.1
[INFO] [stderr]   Downloaded des v0.8.1
[INFO] [stderr]   Downloaded osshkeys v0.6.2
[INFO] [stderr]   Downloaded rust-lzma v0.5.1
[INFO] [stderr]   Downloaded lalrpop-util v0.19.8
[INFO] [stderr]   Downloaded pcsc v2.8.0
[INFO] [stderr]   Downloaded xxhash-rust v0.8.6
[INFO] [stderr]   Downloaded pcsc-sys v1.2.0
[INFO] [stderr]   Downloaded tree_magic_mini v3.0.3
[INFO] [stderr]   Downloaded xz v0.1.0
[INFO] [stderr]   Downloaded zstd v0.12.2+zstd.1.5.2
[INFO] [stderr]   Downloaded btoi v0.4.2
[INFO] [stderr]   Downloaded git-hash v0.10.1
[INFO] [stderr]   Downloaded git-validate v0.7.1
[INFO] [stderr]   Downloaded nom_pem v4.0.0
[INFO] [stderr]   Downloaded talktosc v0.2.0
[INFO] [stderr]   Downloaded yash-syntax v0.6.0
[INFO] running `Command { std: "docker" "create" "-v" "/var/lib/crater-agent-workspace/builds/worker-7-tc2/target:/opt/rustwide/target:rw,Z" "-v" "/var/lib/crater-agent-workspace/builds/worker-7-tc2/source:/opt/rustwide/workdir:ro,Z" "-v" "/var/lib/crater-agent-workspace/cargo-home:/opt/rustwide/cargo-home:ro,Z" "-v" "/var/lib/crater-agent-workspace/rustup-home:/opt/rustwide/rustup-home:ro,Z" "-e" "SOURCE_DIR=/opt/rustwide/workdir" "-e" "CARGO_TARGET_DIR=/opt/rustwide/target" "-e" "CARGO_HOME=/opt/rustwide/cargo-home" "-e" "RUSTUP_HOME=/opt/rustwide/rustup-home" "-w" "/opt/rustwide/workdir" "-m" "1610612736" "--user" "0:0" "--network" "none" "ghcr.io/rust-lang/crates-build-env/linux@sha256:97d61d7686bf65f8ecb15491ab51835e82dc9176a96a831f143a431b191fc501" "/opt/rustwide/cargo-home/bin/cargo" "+beta-2023-04-20" "metadata" "--no-deps" "--format-version=1", kill_on_drop: false }`
[INFO] [stdout] 7cab18c26bdeba2035b30328b47e3785f7697e5dd611dfe8eed63ac4758c5513
[INFO] running `Command { std: "docker" "start" "-a" "7cab18c26bdeba2035b30328b47e3785f7697e5dd611dfe8eed63ac4758c5513", kill_on_drop: false }`
[INFO] running `Command { std: "docker" "inspect" "7cab18c26bdeba2035b30328b47e3785f7697e5dd611dfe8eed63ac4758c5513", kill_on_drop: false }`
[INFO] running `Command { std: "docker" "rm" "-f" "7cab18c26bdeba2035b30328b47e3785f7697e5dd611dfe8eed63ac4758c5513", kill_on_drop: false }`
[INFO] [stdout] 7cab18c26bdeba2035b30328b47e3785f7697e5dd611dfe8eed63ac4758c5513
[INFO] running `Command { std: "docker" "create" "-v" "/var/lib/crater-agent-workspace/builds/worker-7-tc2/target:/opt/rustwide/target:rw,Z" "-v" "/var/lib/crater-agent-workspace/builds/worker-7-tc2/source:/opt/rustwide/workdir:ro,Z" "-v" "/var/lib/crater-agent-workspace/cargo-home:/opt/rustwide/cargo-home:ro,Z" "-v" "/var/lib/crater-agent-workspace/rustup-home:/opt/rustwide/rustup-home:ro,Z" "-e" "SOURCE_DIR=/opt/rustwide/workdir" "-e" "CARGO_TARGET_DIR=/opt/rustwide/target" "-e" "CARGO_INCREMENTAL=0" "-e" "RUST_BACKTRACE=full" "-e" "RUSTFLAGS=--cap-lints=warn" "-e" "RUSTDOCFLAGS=--cap-lints=warn" "-e" "CARGO_HOME=/opt/rustwide/cargo-home" "-e" "RUSTUP_HOME=/opt/rustwide/rustup-home" "-w" "/opt/rustwide/workdir" "-m" "1610612736" "--user" "0:0" "--network" "none" "ghcr.io/rust-lang/crates-build-env/linux@sha256:97d61d7686bf65f8ecb15491ab51835e82dc9176a96a831f143a431b191fc501" "/opt/rustwide/cargo-home/bin/cargo" "+beta-2023-04-20" "build" "--frozen" "--message-format=json", kill_on_drop: false }`
[INFO] [stdout] 1d44626e7b507d0303624da959b8f8a9a2b91b3c7f8fd7d9c3e438bb17d0710b
[INFO] running `Command { std: "docker" "start" "-a" "1d44626e7b507d0303624da959b8f8a9a2b91b3c7f8fd7d9c3e438bb17d0710b", kill_on_drop: false }`
[INFO] [stderr]    Compiling proc-macro2 v1.0.50
[INFO] [stderr]    Compiling unicode-ident v1.0.6
[INFO] [stderr]    Compiling quote v1.0.23
[INFO] [stderr]    Compiling syn v1.0.107
[INFO] [stderr]    Compiling libc v0.2.139
[INFO] [stderr]    Compiling pkg-config v0.3.26
[INFO] [stderr]    Compiling memchr v2.5.0
[INFO] [stderr]    Compiling once_cell v1.17.0
[INFO] [stderr]    Compiling typenum v1.16.0
[INFO] [stderr]    Compiling generic-array v0.14.6
[INFO] [stderr]    Compiling serde_derive v1.0.152
[INFO] [stderr]    Compiling serde v1.0.152
[INFO] [stderr]    Compiling itoa v1.0.5
[INFO] [stderr]    Compiling thiserror v1.0.38
[INFO] [stderr]    Compiling jobserver v0.1.25
[INFO] [stderr]    Compiling fnv v1.0.7
[INFO] [stderr]    Compiling pin-project-lite v0.2.9
[INFO] [stderr]    Compiling bytes v1.3.0
[INFO] [stderr]    Compiling unicode-xid v0.2.4
[INFO] [stderr]    Compiling futures-core v0.3.25
[INFO] [stderr]    Compiling subtle v2.4.1
[INFO] [stderr]    Compiling tokio v1.24.2
[INFO] [stderr]    Compiling slab v0.4.7
[INFO] [stderr]    Compiling cc v1.0.78
[INFO] [stderr]    Compiling futures-sink v0.3.25
[INFO] [stderr]    Compiling futures-channel v0.3.25
[INFO] [stderr]    Compiling futures-task v0.3.25
[INFO] [stderr]    Compiling num_cpus v1.15.0
[INFO] [stderr]    Compiling socket2 v0.4.7
[INFO] [stderr]    Compiling mio v0.8.5
[INFO] [stderr]    Compiling signal-hook-registry v1.4.0
[INFO] [stderr]    Compiling cpufeatures v0.2.5
[INFO] [stderr]    Compiling futures-util v0.3.25
[INFO] [stderr]    Compiling crypto-common v0.1.6
[INFO] [stderr]    Compiling block-buffer v0.10.3
[INFO] [stderr]    Compiling http v0.2.8
[INFO] [stderr]    Compiling indexmap v1.9.2
[INFO] [stderr]    Compiling futures-io v0.3.25
[INFO] [stderr]    Compiling ppv-lite86 v0.2.17
[INFO] [stderr]    Compiling digest v0.10.6
[INFO] [stderr]    Compiling futures v0.1.31
[INFO] [stderr]    Compiling pin-utils v0.1.0
[INFO] [stderr]    Compiling getrandom v0.2.8
[INFO] [stderr]    Compiling ring v0.16.20
[INFO] [stderr]    Compiling openssl-sys v0.9.80
[INFO] [stderr]    Compiling tinyvec_macros v0.1.0
[INFO] [stderr]    Compiling remove_dir_all v0.5.3
[INFO] [stderr]    Compiling fastrand v1.8.0
[INFO] [stderr]    Compiling httparse v1.8.0
[INFO] [stderr]    Compiling tinyvec v1.6.0
[INFO] [stderr]    Compiling lock_api v0.4.9
[INFO] [stderr]    Compiling base64 v0.13.1
[INFO] [stderr]    Compiling untrusted v0.7.1
[INFO] [stderr]    Compiling glob v0.3.1
[INFO] [stderr]    Compiling regex-syntax v0.6.28
[INFO] [stderr]    Compiling byteorder v1.4.3
[INFO] [stderr]    Compiling unicode-normalization v0.1.22
[INFO] [stderr]    Compiling clang-sys v1.4.0
[INFO] [stderr]    Compiling zstd-sys v2.0.5+zstd.1.5.2
[INFO] [stderr]    Compiling synstructure v0.12.6
[INFO] [stderr]    Compiling block-padding v0.3.2
[INFO] [stderr]    Compiling tracing-core v0.1.30
[INFO] [stderr]    Compiling nom v5.1.2
[INFO] [stderr]    Compiling percent-encoding v2.2.0
[INFO] [stderr]    Compiling strsim v0.10.0
[INFO] [stderr]    Compiling scopeguard v1.1.0
[INFO] [stderr]    Compiling unicode-bidi v0.3.10
[INFO] [stderr]    Compiling spin v0.5.2
[INFO] [stderr]    Compiling ryu v1.0.12
[INFO] [stderr]    Compiling tracing v0.1.37
[INFO] [stderr]    Compiling idna v0.3.0
[INFO] [stderr]    Compiling form_urlencoded v1.1.0
[INFO] [stderr]    Compiling inout v0.1.3
[INFO] [stderr]    Compiling rand_core v0.6.4
[INFO] [stderr]    Compiling num-traits v0.2.15
[INFO] [stderr]    Compiling regex v1.7.1
[INFO] [stderr]    Compiling proc-macro-error-attr v1.0.4
[INFO] [stderr]    Compiling serde_json v1.0.91
[INFO] [stderr]    Compiling openssl v0.10.45
[INFO] [stderr]    Compiling foreign-types-shared v0.1.1
[INFO] [stderr]    Compiling getrandom v0.1.16
[INFO] [stderr]    Compiling parking_lot_core v0.9.6
[INFO] [stderr]    Compiling foreign-types v0.3.2
[INFO] [stderr]    Compiling rand_chacha v0.3.1
[INFO] [stderr]    Compiling dirs-sys-next v0.1.2
[INFO] [stderr]    Compiling thiserror-impl v1.0.38
[INFO] [stderr]    Compiling tokio-macros v1.8.2
[INFO] [stderr]    Compiling futures-macro v0.3.25
[INFO] [stderr]    Compiling zeroize_derive v1.3.3
[INFO] [stderr]    Compiling openssl-macros v0.1.0
[INFO] [stderr]    Compiling proc-macro-error v1.0.4
[INFO] [stderr]    Compiling zeroize v1.5.7
[INFO] [stderr]    Compiling libloading v0.7.4
[INFO] [stderr]    Compiling io-lifetimes v1.0.4
[INFO] [stderr]    Compiling cipher v0.4.3
[INFO] [stderr]    Compiling fixedbitset v0.4.2
[INFO] [stderr]    Compiling crunchy v0.2.2
[INFO] [stderr]    Compiling httpdate v1.0.2
[INFO] [stderr]    Compiling either v1.8.0
[INFO] [stderr]    Compiling log v0.4.17
[INFO] [stderr]    Compiling time-core v0.1.0
[INFO] [stderr]    Compiling try-lock v0.2.4
[INFO] [stderr]    Compiling ident_case v1.0.1
[INFO] [stderr]    Compiling bindgen v0.57.0
[INFO] [stderr]    Compiling smallvec v1.10.0
[INFO] [stderr]    Compiling adler v1.0.2
[INFO] [stderr]    Compiling darling_core v0.14.2
[INFO] [stderr]    Compiling miniz_oxide v0.6.2
[INFO] [stderr]    Compiling want v0.3.0
[INFO] [stderr]    Compiling time-macros v0.2.6
[INFO] [stderr]    Compiling cexpr v0.4.0
[INFO] [stderr]    Compiling dirs-next v2.0.0
[INFO] [stderr]    Compiling rand v0.8.5
[INFO] [stderr]    Compiling http-body v0.4.5
[INFO] [stderr]    Compiling bzip2-sys v0.1.11+1.0.8
[INFO] [stderr]    Compiling digest v0.9.0
[INFO] [stderr]    Compiling crc32fast v1.3.2
[INFO] [stderr]    Compiling siphasher v0.3.10
[INFO] [stderr]    Compiling native-tls v0.2.11
[INFO] [stderr]    Compiling mime v0.3.16
[INFO] [stderr]    Compiling tokio-util v0.7.4
[INFO] [stderr]    Compiling tower-service v0.3.2
[INFO] [stderr]    Compiling rustc-hash v1.1.0
[INFO] [stderr]    Compiling shlex v0.1.1
[INFO] [stderr]    Compiling peeking_take_while v0.1.2
[INFO] [stderr]    Compiling rustix v0.36.7
[INFO] [stderr]    Compiling lazycell v1.3.0
[INFO] [stderr]    Compiling num_threads v0.1.6
[INFO] [stderr]    Compiling tiny-keccak v2.0.2
[INFO] [stderr]    Compiling time v0.3.17
[INFO] [stderr]    Compiling phf_shared v0.10.0
[INFO] [stderr]    Compiling darling_macro v0.14.2
[INFO] [stderr]    Compiling rand_core v0.5.1
[INFO] [stderr]    Compiling mime_guess v2.0.4
[INFO] [stderr]    Compiling term v0.7.0
[INFO] [stderr]    Compiling parking_lot v0.12.1
[INFO] [stderr]    Compiling tempfile v3.3.0
[INFO] [stderr]    Compiling sha-1 v0.10.1
[INFO] [stderr]    Compiling openssl-probe v0.1.5
[INFO] [stderr]    Compiling rustls v0.20.8
[INFO] [stderr]    Compiling url v2.3.1
[INFO] [stderr]    Compiling ucd-trie v0.1.5
[INFO] [stderr]    Compiling heck v0.4.0
[INFO] [stderr]    Compiling h2 v0.3.15
[INFO] [stderr]    Compiling precomputed-hash v0.1.1
[INFO] [stderr]    Compiling new_debug_unreachable v1.0.4
[INFO] [stderr]    Compiling version_check v0.1.5
[INFO] [stderr]    Compiling bit-vec v0.6.3
[INFO] [stderr]    Compiling regex-automata v0.1.10
[INFO] [stderr]    Compiling linux-raw-sys v0.1.4
[INFO] [stderr]    Compiling nom v4.2.3
[INFO] [stderr]    Compiling bstr v1.1.0
[INFO] [stderr]    Compiling bit-set v0.5.3
[INFO] [stderr]    Compiling string_cache v0.8.4
[INFO] [stderr]    Compiling pest v2.5.3
[INFO] [stderr]    Compiling ena v0.14.0
[INFO] [stderr]    Compiling petgraph v0.6.2
[INFO] [stderr]    Compiling ascii-canvas v3.0.0
[INFO] [stderr]    Compiling darling v0.14.2
[INFO] [stderr]    Compiling itertools v0.10.5
[INFO] [stderr]    Compiling sct v0.7.0
[INFO] [stderr]    Compiling webpki v0.22.0
[INFO] [stderr]    Compiling lzma-sys v0.1.20
[INFO] [stderr]    Compiling atty v0.2.14
[INFO] [stderr]    Compiling pcsc-sys v1.2.0
[INFO] [stderr]    Compiling num-integer v0.1.45
[INFO] [stderr]    Compiling parking_lot_core v0.8.6
[INFO] [stderr]    Compiling diff v0.1.13
[INFO] [stderr]    Compiling zstd-safe v5.0.2+zstd.1.5.2
[INFO] [stderr]    Compiling encoding_rs v0.8.31
[INFO] [stderr]    Compiling lalrpop-util v0.19.8
[INFO] [stderr]    Compiling rustversion v1.0.11
[INFO] [stderr]    Compiling minimal-lexical v0.2.1
[INFO] [stderr]    Compiling safemem v0.3.3
[INFO] [stderr]    Compiling utf-8 v0.7.6
[INFO] [stderr]    Compiling winapi v0.3.9
[INFO] [stderr]    Compiling nettle-sys v2.1.0
[INFO] [stderr]    Compiling buf_redux v0.8.4
[INFO] [stderr]    Compiling lalrpop v0.19.8
[INFO] [stderr]    Compiling nom v7.1.3
[INFO] [stderr]    Compiling tungstenite v0.17.3
[INFO] [stderr]    Compiling hyper v0.14.23
[INFO] [stderr]    Compiling is-terminal v0.4.2
[INFO] [stderr]    Compiling pest_meta v2.5.3
[INFO] [stderr]    Compiling flate2 v1.0.25
[INFO] [stderr]    Compiling derive_builder_core v0.12.0
[INFO] [stderr]    Compiling tokio-native-tls v0.3.0
[INFO] [stderr]    Compiling serde_urlencoded v0.7.1
[INFO] [stderr]    Compiling rand_chacha v0.2.2
[INFO] [stderr]    Compiling pin-project-internal v1.0.12
[INFO] [stderr]    Compiling headers-core v0.2.0
[INFO] [stderr]    Compiling sha1 v0.10.5
[INFO] [stderr]    Compiling backtrace v0.3.67
[INFO] [stderr]    Compiling block-buffer v0.9.0
[INFO] [stderr]    Compiling twoway v0.1.8
[INFO] [stderr]    Compiling aho-corasick v0.7.20
[INFO] [stderr]    Compiling instant v0.1.12
[INFO] [stderr]    Compiling os_str_bytes v6.4.1
[INFO] [stderr]    Compiling zstd-safe v6.0.2+zstd.1.5.2
[INFO] [stderr]    Compiling gimli v0.27.1
[INFO] [stderr]    Compiling async-trait v0.1.63
[INFO] [stderr]    Compiling hex v0.4.3
[INFO] [stderr]    Compiling opaque-debug v0.3.0
[INFO] [stderr]    Compiling signature v1.6.4
[INFO] [stderr]    Compiling anyhow v1.0.68
[INFO] [stderr]    Compiling git-hash v0.10.1
[INFO] [stderr]    Compiling ed25519 v1.5.3
[INFO] [stderr]    Compiling sha2 v0.9.9
[INFO] [stderr]    Compiling pin-project v1.0.12
[INFO] [stderr]    Compiling hyper-tls v0.5.0
[INFO] [stderr]    Compiling multipart v0.18.0
[INFO] [stderr]    Compiling clap_lex v0.3.1
[INFO] [stderr]    Compiling headers v0.3.8
[INFO] [stderr]    Compiling rand v0.7.3
[INFO] [stderr]    Compiling derive_builder_macro v0.12.0
[INFO] [stderr]    Compiling tokio-rustls v0.23.4
[INFO] [stderr]    Compiling addr2line v0.19.0
[INFO] [stderr]    Compiling pest_generator v2.5.3
[INFO] [stderr]    Compiling tokio-tungstenite v0.17.2
[INFO] [stderr]    Compiling git-date v0.4.1
[INFO] [stderr]    Compiling clap_derive v4.1.0
[INFO] [stderr]    Compiling curve25519-dalek v3.2.0
[INFO] [stderr]    Compiling tokio-stream v0.1.11
[INFO] [stderr]    Compiling btoi v0.4.2
[INFO] [stderr]    Compiling futures-executor v0.3.25
[INFO] [stderr]    Compiling blowfish v0.9.1
[INFO] [stderr]    Compiling rustls-pemfile v0.2.1
[INFO] [stderr]    Compiling pbkdf2 v0.11.0
[INFO] [stderr]    Compiling sha2 v0.10.6
[INFO] [stderr]    Compiling time v0.1.45
[INFO] [stderr]    Compiling object v0.30.3
[INFO] [stderr]    Compiling rust-lzma v0.5.1
[INFO] [stderr]    Compiling same-file v1.0.6
[INFO] [stderr]    Compiling iana-time-zone v0.1.53
[INFO] [stderr]    Compiling scoped-tls v1.0.1
[INFO] [stderr]    Compiling sha1_smol v1.0.0
[INFO] [stderr]    Compiling quick-error v2.0.1
[INFO] [stderr]    Compiling rustc-demangle v0.1.21
[INFO] [stderr]    Compiling ipnet v2.7.1
[INFO] [stderr]    Compiling base64 v0.21.0
[INFO] [stderr]    Compiling reqwest v0.11.14
[INFO] [stderr]    Compiling git-actor v0.17.0
[INFO] [stderr]    Compiling git-features v0.26.1
[INFO] [stderr]    Compiling clap v4.1.2
[INFO] [stderr]    Compiling warp v0.3.3
[INFO] [stderr]    Compiling chrono v0.4.23
[INFO] [stderr]    Compiling walkdir v2.3.2
[INFO] [stderr]    Compiling bcrypt-pbkdf v0.9.0
[INFO] [stderr]    Compiling ed25519-dalek v1.0.1
[INFO] [stderr]    Compiling strum_macros v0.24.3
[INFO] [stderr]    Compiling zstd v0.11.2+zstd.1.5.2
[INFO] [stderr]    Compiling pest_derive v2.5.3
[INFO] [stderr]    Compiling xz2 v0.1.7
[INFO] [stderr]    Compiling nom_pem v4.0.0
[INFO] [stderr]    Compiling pcsc v2.8.0
[INFO] [stderr]    Compiling cryptovec v0.6.1
[INFO] [stderr]    Compiling derive_builder v0.12.0
[INFO] [stderr]    Compiling parking_lot v0.11.2
[INFO] [stderr]    Compiling nettle v7.2.0
[INFO] [stderr]    Compiling git-validate v0.7.1
[INFO] [stderr]    Compiling yasna v0.5.1
[INFO] [stderr]    Compiling getset v0.1.2
[INFO] [stderr]    Compiling sequoia-openpgp v1.13.0
[INFO] [stderr]    Compiling sha1collisiondetection v0.2.6
[INFO] [stderr]    Compiling ctr v0.9.2
[INFO] [stderr]    Compiling aes v0.8.2
[INFO] [stderr]    Compiling cbc v0.1.2
[INFO] [stderr]    Compiling des v0.8.1
[INFO] [stderr]    Compiling pem v1.1.1
[INFO] [stderr]    Compiling derp v0.0.14
[INFO] [stderr]    Compiling md-5 v0.10.5
[INFO] [stderr]    Compiling filetime v0.2.19
[INFO] [stderr]    Compiling xattr v0.2.3
[INFO] [stderr]    Compiling data-encoding v2.3.3
[INFO] [stderr]    Compiling path-clean v0.1.0
[INFO] [stderr]    Compiling itoa v0.4.8
[INFO] [stderr]    Compiling strum v0.24.1
[INFO] [stderr]    Compiling dyn-clone v1.0.10
[INFO] [stderr]    Compiling static_assertions v1.1.0
[INFO] [stderr]    Compiling bytecount v0.6.3
[INFO] [stderr]    Compiling memsec v0.6.2
[INFO] [stderr]    Compiling xxhash-rust v0.8.6
[INFO] [stderr]    Compiling unsafe-libyaml v0.2.5
[INFO] [stderr]    Compiling humantime v2.1.0
[INFO] [stderr]    Compiling yash-syntax v0.6.0
[INFO] [stderr]    Compiling tree_magic_mini v3.0.3
[INFO] [stderr]    Compiling nix v0.26.2
[INFO] [stderr]    Compiling env_logger v0.10.0
[INFO] [stderr]    Compiling in-toto v0.3.0
[INFO] [stderr]    Compiling tar v0.4.38
[INFO] [stderr]    Compiling serde_yaml v0.9.17
[INFO] [stderr]    Compiling osshkeys v0.6.2
[INFO] [stderr]    Compiling rcgen v0.10.0
[INFO] [stderr]    Compiling oci-spec v0.6.0
[INFO] [stderr]    Compiling git-object v0.26.0
[INFO] [stderr]    Compiling warp-reverse-proxy v1.0.0
[INFO] [stderr]    Compiling zstd v0.12.2+zstd.1.5.2
[INFO] [stderr]    Compiling talktosc v0.2.0
[INFO] [stderr]    Compiling clap_complete v4.1.1
[INFO] [stderr]    Compiling xz v0.1.0
[INFO] [stderr]    Compiling handlebars v4.3.6
[INFO] [stderr]    Compiling futures v0.3.25
[INFO] [stderr]    Compiling ipnetwork v0.20.0
[INFO] [stderr]    Compiling blake2 v0.10.6
[INFO] [stderr]    Compiling maplit v1.0.2
[INFO] [stderr]    Compiling peekread v0.1.1
[INFO] [stderr]    Compiling ar v0.9.0
[INFO] [stderr]    Compiling shell-escape v0.1.5
[INFO] [stderr]    Compiling bzip2 v0.4.4
[INFO] [stderr]    Compiling buffered-reader v1.1.4
[INFO] [stderr]    Compiling zip v0.6.3
[INFO] [stderr]    Compiling sh4d0wup v0.8.0 (/opt/rustwide/workdir)
[INFO] [stderr]     Finished dev [unoptimized + debuginfo] target(s) in 4m 29s
[INFO] [stderr] warning: the following packages contain code that will be rejected by a future version of Rust: bindgen v0.57.0, buf_redux v0.8.4, lalrpop v0.19.8, multipart v0.18.0, nom v4.2.3, nom v5.1.2
[INFO] [stderr] note: to see what the problems were, use the option `--future-incompat-report`, or run `cargo report future-incompatibilities --id 1`
[INFO] running `Command { std: "docker" "inspect" "1d44626e7b507d0303624da959b8f8a9a2b91b3c7f8fd7d9c3e438bb17d0710b", kill_on_drop: false }`
[INFO] running `Command { std: "docker" "rm" "-f" "1d44626e7b507d0303624da959b8f8a9a2b91b3c7f8fd7d9c3e438bb17d0710b", kill_on_drop: false }`
[INFO] [stdout] 1d44626e7b507d0303624da959b8f8a9a2b91b3c7f8fd7d9c3e438bb17d0710b
[INFO] running `Command { std: "docker" "create" "-v" "/var/lib/crater-agent-workspace/builds/worker-7-tc2/target:/opt/rustwide/target:rw,Z" "-v" "/var/lib/crater-agent-workspace/builds/worker-7-tc2/source:/opt/rustwide/workdir:ro,Z" "-v" "/var/lib/crater-agent-workspace/cargo-home:/opt/rustwide/cargo-home:ro,Z" "-v" "/var/lib/crater-agent-workspace/rustup-home:/opt/rustwide/rustup-home:ro,Z" "-e" "SOURCE_DIR=/opt/rustwide/workdir" "-e" "CARGO_TARGET_DIR=/opt/rustwide/target" "-e" "CARGO_INCREMENTAL=0" "-e" "RUST_BACKTRACE=full" "-e" "RUSTFLAGS=--cap-lints=warn" "-e" "RUSTDOCFLAGS=--cap-lints=warn" "-e" "CARGO_HOME=/opt/rustwide/cargo-home" "-e" "RUSTUP_HOME=/opt/rustwide/rustup-home" "-w" "/opt/rustwide/workdir" "-m" "1610612736" "--user" "0:0" "--network" "none" "ghcr.io/rust-lang/crates-build-env/linux@sha256:97d61d7686bf65f8ecb15491ab51835e82dc9176a96a831f143a431b191fc501" "/opt/rustwide/cargo-home/bin/cargo" "+beta-2023-04-20" "test" "--frozen" "--no-run" "--message-format=json", kill_on_drop: false }`
[INFO] [stdout] 316631e296c9bcb534b94d277943d740a5c11c9301aa03dc86abac4b82d30ef1
[INFO] running `Command { std: "docker" "start" "-a" "316631e296c9bcb534b94d277943d740a5c11c9301aa03dc86abac4b82d30ef1", kill_on_drop: false }`
[INFO] [stderr]    Compiling sh4d0wup v0.8.0 (/opt/rustwide/workdir)
[INFO] [stderr]     Finished test [unoptimized + debuginfo] target(s) in 42.36s
[INFO] [stderr] warning: the following packages contain code that will be rejected by a future version of Rust: bindgen v0.57.0, buf_redux v0.8.4, lalrpop v0.19.8, multipart v0.18.0, nom v4.2.3, nom v5.1.2
[INFO] [stderr] note: to see what the problems were, use the option `--future-incompat-report`, or run `cargo report future-incompatibilities --id 1`
[INFO] running `Command { std: "docker" "inspect" "316631e296c9bcb534b94d277943d740a5c11c9301aa03dc86abac4b82d30ef1", kill_on_drop: false }`
[INFO] running `Command { std: "docker" "rm" "-f" "316631e296c9bcb534b94d277943d740a5c11c9301aa03dc86abac4b82d30ef1", kill_on_drop: false }`
[INFO] [stdout] 316631e296c9bcb534b94d277943d740a5c11c9301aa03dc86abac4b82d30ef1
[INFO] running `Command { std: "docker" "create" "-v" "/var/lib/crater-agent-workspace/builds/worker-7-tc2/target:/opt/rustwide/target:rw,Z" "-v" "/var/lib/crater-agent-workspace/builds/worker-7-tc2/source:/opt/rustwide/workdir:ro,Z" "-v" "/var/lib/crater-agent-workspace/cargo-home:/opt/rustwide/cargo-home:ro,Z" "-v" "/var/lib/crater-agent-workspace/rustup-home:/opt/rustwide/rustup-home:ro,Z" "-e" "SOURCE_DIR=/opt/rustwide/workdir" "-e" "CARGO_TARGET_DIR=/opt/rustwide/target" "-e" "CARGO_INCREMENTAL=0" "-e" "RUST_BACKTRACE=full" "-e" "RUSTFLAGS=--cap-lints=warn" "-e" "RUSTDOCFLAGS=--cap-lints=warn" "-e" "CARGO_HOME=/opt/rustwide/cargo-home" "-e" "RUSTUP_HOME=/opt/rustwide/rustup-home" "-w" "/opt/rustwide/workdir" "-m" "1610612736" "--user" "0:0" "--network" "none" "ghcr.io/rust-lang/crates-build-env/linux@sha256:97d61d7686bf65f8ecb15491ab51835e82dc9176a96a831f143a431b191fc501" "/opt/rustwide/cargo-home/bin/cargo" "+beta-2023-04-20" "test" "--frozen", kill_on_drop: false }`
[INFO] [stdout] 1f6d7137e50af59b351dc0fcf0be3b0d70fd6d59cdf3cf431c6b6820b190d26f
[INFO] running `Command { std: "docker" "start" "-a" "1f6d7137e50af59b351dc0fcf0be3b0d70fd6d59cdf3cf431c6b6820b190d26f", kill_on_drop: false }`
[INFO] [stderr]     Finished test [unoptimized + debuginfo] target(s) in 0.96s
[INFO] [stderr] warning: the following packages contain code that will be rejected by a future version of Rust: bindgen v0.57.0, buf_redux v0.8.4, lalrpop v0.19.8, multipart v0.18.0, nom v4.2.3, nom v5.1.2
[INFO] [stderr] note: to see what the problems were, use the option `--future-incompat-report`, or run `cargo report future-incompatibilities --id 1`
[INFO] [stderr]      Running unittests src/lib.rs (/opt/rustwide/target/debug/deps/sh4d0wup-13f4da655072556e)
[INFO] [stdout] 
[INFO] [stdout] running 46 tests
[INFO] [stdout] test infect::pacman::tests::test_gen_install_script ... ok
[INFO] [stdout] test infect::oci::tests::test_generate_entrypoint_hook_simple ... ok
[INFO] [stdout] test infect::oci::tests::test_generate_entrypoint_hook_tricky ... ok
[INFO] [stdout] test infect::oci::tests::test_generate_entrypoint_hook_scratch ... ok
[INFO] [stdout] test infect::deb::tests::test_control_file_to_string ... ok
[INFO] [stdout] test infect::deb::tests::test_parse_deb_control ... ok
[INFO] [stdout] test infect::oci::tests::test_layer_id_from_filename ... ok
[INFO] [stdout] test artifacts::git::tests::test_commit_encode ... ok
[INFO] [stdout] test oci::tests::test_parse_manifest ... ok
[INFO] [stdout] test infect::pacman::tests::test_parse_pkginfo ... ok
[INFO] [stdout] test infect::pacman::tests::test_modify_install_script ... ok
[INFO] [stdout] test infect::sh::tests::test_handle_payload_newlines ... ok
[INFO] [stdout] test infect::sh::tests::test_simple_infect ... ok
[INFO] [stdout] test keygen::tls::tests::test_keygen ... ok
[INFO] [stdout] test plot::tests::test_cache_from_only_use_referenced ... ok
[INFO] [stdout] test plot::tests::test_load_compiled_plot ... ok
[INFO] [stdout] test plot::tests::test_ensure_embedded_artifacts_are_used ... ok
[INFO] [stdout] test plot::tests::test_cache_from ... ok
[INFO] [stdout] test plot::tests::test_load_empty_compiled_plot ... ok
[INFO] [stdout] test plot::tests::test_parse_pkg_filter_empty ... ok
[INFO] [stdout] test plot::tests::test_parse_pkg_filter_name ... ok
[INFO] [stdout] test plot::tests::test_parse_pkg_filter_invalid ... ok
[INFO] [stdout] test plot::tests::test_load_empty_plot ... ok
[INFO] [stdout] test shell::tests::patch_bash_script ... ok
[INFO] [stdout] test plot::tests::test_parse_pkg_filter_name_version_namespace ... ok
[INFO] [stdout] test shell::tests::patch_empty_script ... ok
[INFO] [stdout] test plot::tests::test_parse_pkg_filter_version_only ... ok
[INFO] [stdout] test shell::tests::patch_header_only_script ... ok
[INFO] [stdout] test shell::tests::patch_simple_script ... ok
[INFO] [stdout] test sessions::tests::test_parse_www_authenticate ... ok
[INFO] [stdout] test shell::tests::looks_like_a_shell_but_isnt ... ok
[INFO] [stdout] test shell::tests::space_before_shell ... ok
[INFO] [stdout] test keygen::pgp::tests::test_keygen_anonymous ... ok
[INFO] [stdout] test plot::tests::test_cache_from_only_caches_url_artifacts ... ok
[INFO] [stdout] test keygen::pgp::tests::test_keygen ... ok
[INFO] [stdout] test shell::tests::patch_with_opts_script ... ok
[INFO] [stdout] test tamper::apk::tests::test_parse_pkg ... ok
[INFO] [stdout] test tamper::apt_package_list::tests::test_parse_pkg ... ok
[INFO] [stdout] test tamper::apt_release::tests::test_parse_checksum_entry ... ok
[INFO] [stdout] test tamper::apt_package_list::tests::test_parse_src_pkg ... ok
[INFO] [stdout] test tamper::apt_release::tests::test_parse_long_checksum_entry ... ok
[INFO] [stdout] test tamper::apt_release::tests::test_parse_release ... ok
[INFO] [stdout] test tamper::pacman::tests::test_parse_pkg ... ok
[INFO] [stdout] test sign::pgp::tests::test_sign_detached_ascii ... FAILED
[INFO] [stdout] test sign::pgp::tests::test_sign_detached_binary ... FAILED
[INFO] [stdout] test sign::pgp::tests::test_sign_cleartext ... FAILED
[INFO] [stdout] 
[INFO] [stdout] failures:
[INFO] [stdout] 
[INFO] [stdout] ---- sign::pgp::tests::test_sign_detached_ascii stdout ----
[INFO] [stdout] Error: Failed to execute sq binary
[INFO] [stdout] 
[INFO] [stdout] Caused by:
[INFO] [stdout]     No such file or directory (os error 2)
[INFO] [stdout] 
[INFO] [stdout] ---- sign::pgp::tests::test_sign_detached_binary stdout ----
[INFO] [stdout] Error: Failed to execute sq binary
[INFO] [stdout] 
[INFO] [stdout] Caused by:
[INFO] [stdout]     No such file or directory (os error 2)
[INFO] [stdout] 
[INFO] [stdout] ---- sign::pgp::tests::test_sign_cleartext stdout ----
[INFO] [stdout] Error: Failed to execute sq binary
[INFO] [stdout] 
[INFO] [stdout] Caused by:
[INFO] [stdout]     No such file or directory (os error 2)
[INFO] [stdout] 
[INFO] [stdout] 
[INFO] [stdout] failures:
[INFO] [stdout]     sign::pgp::tests::test_sign_cleartext
[INFO] [stdout]     sign::pgp::tests::test_sign_detached_ascii
[INFO] [stdout]     sign::pgp::tests::test_sign_detached_binary
[INFO] [stdout] 
[INFO] [stdout] test result: FAILED. 43 passed; 3 failed; 0 ignored; 0 measured; 0 filtered out; finished in 0.31s
[INFO] [stdout] 
[INFO] [stderr] error: test failed, to rerun pass `--lib`
[INFO] running `Command { std: "docker" "inspect" "1f6d7137e50af59b351dc0fcf0be3b0d70fd6d59cdf3cf431c6b6820b190d26f", kill_on_drop: false }`
[INFO] running `Command { std: "docker" "rm" "-f" "1f6d7137e50af59b351dc0fcf0be3b0d70fd6d59cdf3cf431c6b6820b190d26f", kill_on_drop: false }`
[INFO] [stdout] 1f6d7137e50af59b351dc0fcf0be3b0d70fd6d59cdf3cf431c6b6820b190d26f
