[INFO] fetching crate set_env 1.3.4...
[INFO] testing set_env-1.3.4 against beta-2023-04-20 for beta-1.70-1
[INFO] extracting crate set_env 1.3.4 into /workspace/builds/worker-4-tc2/source
[INFO] validating manifest of crates.io crate set_env 1.3.4 on toolchain beta-2023-04-20
[INFO] running `Command { std: CARGO_HOME="/workspace/cargo-home" RUSTUP_HOME="/workspace/rustup-home" "/workspace/cargo-home/bin/cargo" "+beta-2023-04-20" "metadata" "--manifest-path" "Cargo.toml" "--no-deps", kill_on_drop: false }`
[INFO] started tweaking crates.io crate set_env 1.3.4
[INFO] finished tweaking crates.io crate set_env 1.3.4
[INFO] tweaked toml for crates.io crate set_env 1.3.4 written to /workspace/builds/worker-4-tc2/source/Cargo.toml
[INFO] crate crates.io crate set_env 1.3.4 already has a lockfile, it will not be regenerated
[INFO] running `Command { std: CARGO_HOME="/workspace/cargo-home" RUSTUP_HOME="/workspace/rustup-home" "/workspace/cargo-home/bin/cargo" "+beta-2023-04-20" "fetch" "--manifest-path" "Cargo.toml", kill_on_drop: false }`
[INFO] running `Command { std: "docker" "create" "-v" "/var/lib/crater-agent-workspace/builds/worker-4-tc2/target:/opt/rustwide/target:rw,Z" "-v" "/var/lib/crater-agent-workspace/builds/worker-4-tc2/source:/opt/rustwide/workdir:ro,Z" "-v" "/var/lib/crater-agent-workspace/cargo-home:/opt/rustwide/cargo-home:ro,Z" "-v" "/var/lib/crater-agent-workspace/rustup-home:/opt/rustwide/rustup-home:ro,Z" "-e" "SOURCE_DIR=/opt/rustwide/workdir" "-e" "CARGO_TARGET_DIR=/opt/rustwide/target" "-e" "CARGO_HOME=/opt/rustwide/cargo-home" "-e" "RUSTUP_HOME=/opt/rustwide/rustup-home" "-w" "/opt/rustwide/workdir" "-m" "1610612736" "--user" "0:0" "--network" "none" "ghcr.io/rust-lang/crates-build-env/linux@sha256:5ff2268d62e97bff2cde7d5815dd6ed5b47097566f13b8d0ca110b04b60e07ed" "/opt/rustwide/cargo-home/bin/cargo" "+beta-2023-04-20" "metadata" "--no-deps" "--format-version=1", kill_on_drop: false }`
[INFO] [stdout] 7c459821b76fe70d5a9436d21a6e662a4e955ede029d788ddd69efff88b20008
[INFO] running `Command { std: "docker" "start" "-a" "7c459821b76fe70d5a9436d21a6e662a4e955ede029d788ddd69efff88b20008", kill_on_drop: false }`
[INFO] running `Command { std: "docker" "inspect" "7c459821b76fe70d5a9436d21a6e662a4e955ede029d788ddd69efff88b20008", kill_on_drop: false }`
[INFO] running `Command { std: "docker" "rm" "-f" "7c459821b76fe70d5a9436d21a6e662a4e955ede029d788ddd69efff88b20008", kill_on_drop: false }`
[INFO] [stdout] 7c459821b76fe70d5a9436d21a6e662a4e955ede029d788ddd69efff88b20008
[INFO] running `Command { std: "docker" "create" "-v" "/var/lib/crater-agent-workspace/builds/worker-4-tc2/target:/opt/rustwide/target:rw,Z" "-v" "/var/lib/crater-agent-workspace/builds/worker-4-tc2/source:/opt/rustwide/workdir:ro,Z" "-v" "/var/lib/crater-agent-workspace/cargo-home:/opt/rustwide/cargo-home:ro,Z" "-v" "/var/lib/crater-agent-workspace/rustup-home:/opt/rustwide/rustup-home:ro,Z" "-e" "SOURCE_DIR=/opt/rustwide/workdir" "-e" "CARGO_TARGET_DIR=/opt/rustwide/target" "-e" "CARGO_INCREMENTAL=0" "-e" "RUST_BACKTRACE=full" "-e" "RUSTFLAGS=--cap-lints=warn" "-e" "RUSTDOCFLAGS=--cap-lints=warn" "-e" "CARGO_HOME=/opt/rustwide/cargo-home" "-e" "RUSTUP_HOME=/opt/rustwide/rustup-home" "-w" "/opt/rustwide/workdir" "-m" "1610612736" "--user" "0:0" "--network" "none" "ghcr.io/rust-lang/crates-build-env/linux@sha256:5ff2268d62e97bff2cde7d5815dd6ed5b47097566f13b8d0ca110b04b60e07ed" "/opt/rustwide/cargo-home/bin/cargo" "+beta-2023-04-20" "build" "--frozen" "--message-format=json", kill_on_drop: false }`
[INFO] [stdout] aa64b6a117eb2944b331f260ca90cf0f3a5e6cfd548e957fc9641f79bcd1e8e4
[INFO] running `Command { std: "docker" "start" "-a" "aa64b6a117eb2944b331f260ca90cf0f3a5e6cfd548e957fc9641f79bcd1e8e4", kill_on_drop: false }`
[INFO] [stderr]    Compiling libc v0.2.126
[INFO] [stderr]    Compiling dirs-sys v0.3.7
[INFO] [stderr]    Compiling dirs v4.0.0
[INFO] [stderr]    Compiling set_env v1.3.4 (/opt/rustwide/workdir)
[INFO] [stderr]     Finished dev [unoptimized + debuginfo] target(s) in 1.91s
[INFO] running `Command { std: "docker" "inspect" "aa64b6a117eb2944b331f260ca90cf0f3a5e6cfd548e957fc9641f79bcd1e8e4", kill_on_drop: false }`
[INFO] running `Command { std: "docker" "rm" "-f" "aa64b6a117eb2944b331f260ca90cf0f3a5e6cfd548e957fc9641f79bcd1e8e4", kill_on_drop: false }`
[INFO] [stdout] aa64b6a117eb2944b331f260ca90cf0f3a5e6cfd548e957fc9641f79bcd1e8e4
[INFO] running `Command { std: "docker" "create" "-v" "/var/lib/crater-agent-workspace/builds/worker-4-tc2/target:/opt/rustwide/target:rw,Z" "-v" "/var/lib/crater-agent-workspace/builds/worker-4-tc2/source:/opt/rustwide/workdir:ro,Z" "-v" "/var/lib/crater-agent-workspace/cargo-home:/opt/rustwide/cargo-home:ro,Z" "-v" "/var/lib/crater-agent-workspace/rustup-home:/opt/rustwide/rustup-home:ro,Z" "-e" "SOURCE_DIR=/opt/rustwide/workdir" "-e" "CARGO_TARGET_DIR=/opt/rustwide/target" "-e" "CARGO_INCREMENTAL=0" "-e" "RUST_BACKTRACE=full" "-e" "RUSTFLAGS=--cap-lints=warn" "-e" "RUSTDOCFLAGS=--cap-lints=warn" "-e" "CARGO_HOME=/opt/rustwide/cargo-home" "-e" "RUSTUP_HOME=/opt/rustwide/rustup-home" "-w" "/opt/rustwide/workdir" "-m" "1610612736" "--user" "0:0" "--network" "none" "ghcr.io/rust-lang/crates-build-env/linux@sha256:5ff2268d62e97bff2cde7d5815dd6ed5b47097566f13b8d0ca110b04b60e07ed" "/opt/rustwide/cargo-home/bin/cargo" "+beta-2023-04-20" "test" "--frozen" "--no-run" "--message-format=json", kill_on_drop: false }`
[INFO] [stdout] 9c6b630567e5c6e22783f5c7e5e2ffb7029a030ba604ef1cffd30baa4603af15
[INFO] running `Command { std: "docker" "start" "-a" "9c6b630567e5c6e22783f5c7e5e2ffb7029a030ba604ef1cffd30baa4603af15", kill_on_drop: false }`
[INFO] [stderr]    Compiling set_env v1.3.4 (/opt/rustwide/workdir)
[INFO] [stderr]     Finished test [unoptimized + debuginfo] target(s) in 0.56s
[INFO] running `Command { std: "docker" "inspect" "9c6b630567e5c6e22783f5c7e5e2ffb7029a030ba604ef1cffd30baa4603af15", kill_on_drop: false }`
[INFO] running `Command { std: "docker" "rm" "-f" "9c6b630567e5c6e22783f5c7e5e2ffb7029a030ba604ef1cffd30baa4603af15", kill_on_drop: false }`
[INFO] [stdout] 9c6b630567e5c6e22783f5c7e5e2ffb7029a030ba604ef1cffd30baa4603af15
[INFO] running `Command { std: "docker" "create" "-v" "/var/lib/crater-agent-workspace/builds/worker-4-tc2/target:/opt/rustwide/target:rw,Z" "-v" "/var/lib/crater-agent-workspace/builds/worker-4-tc2/source:/opt/rustwide/workdir:ro,Z" "-v" "/var/lib/crater-agent-workspace/cargo-home:/opt/rustwide/cargo-home:ro,Z" "-v" "/var/lib/crater-agent-workspace/rustup-home:/opt/rustwide/rustup-home:ro,Z" "-e" "SOURCE_DIR=/opt/rustwide/workdir" "-e" "CARGO_TARGET_DIR=/opt/rustwide/target" "-e" "CARGO_INCREMENTAL=0" "-e" "RUST_BACKTRACE=full" "-e" "RUSTFLAGS=--cap-lints=warn" "-e" "RUSTDOCFLAGS=--cap-lints=warn" "-e" "CARGO_HOME=/opt/rustwide/cargo-home" "-e" "RUSTUP_HOME=/opt/rustwide/rustup-home" "-w" "/opt/rustwide/workdir" "-m" "1610612736" "--user" "0:0" "--network" "none" "ghcr.io/rust-lang/crates-build-env/linux@sha256:5ff2268d62e97bff2cde7d5815dd6ed5b47097566f13b8d0ca110b04b60e07ed" "/opt/rustwide/cargo-home/bin/cargo" "+beta-2023-04-20" "test" "--frozen", kill_on_drop: false }`
[INFO] [stdout] 36608a4b20b7dfcf6937d5b5dc3b4d25537b5eaad694898048d5670755e1b8bd
[INFO] running `Command { std: "docker" "start" "-a" "36608a4b20b7dfcf6937d5b5dc3b4d25537b5eaad694898048d5670755e1b8bd", kill_on_drop: false }`
[INFO] [stderr]     Finished test [unoptimized + debuginfo] target(s) in 0.01s
[INFO] [stderr]      Running unittests src/lib.rs (/opt/rustwide/target/debug/deps/set_env-acf269175181e55a)
[INFO] [stdout] 
[INFO] [stdout] running 0 tests
[INFO] [stdout] 
[INFO] [stdout] test result: ok. 0 passed; 0 failed; 0 ignored; 0 measured; 0 filtered out; finished in 0.00s
[INFO] [stdout] 
[INFO] [stderr]    Doc-tests set_env
[INFO] [stdout] 
[INFO] [stdout] running 1 test
[INFO] [stdout] test src/lib.rs - (line 4) ... FAILED
[INFO] [stdout] 
[INFO] [stdout] failures:
[INFO] [stdout] 
[INFO] [stdout] ---- src/lib.rs - (line 4) stdout ----
[INFO] [stdout] error[E0433]: failed to resolve: use of undeclared crate or module `env_perm`
[INFO] [stdout]  --> src/lib.rs:7:1
[INFO] [stdout]   |
[INFO] [stdout] 5 | env_perm::check_or_set("DUMMY", 1).expect("Failed to find or set DUMMY");
[INFO] [stdout]   | ^^^^^^^^ use of undeclared crate or module `env_perm`
[INFO] [stdout] 
[INFO] [stdout] error[E0433]: failed to resolve: use of undeclared crate or module `env_perm`
[INFO] [stdout]  --> src/lib.rs:10:1
[INFO] [stdout]   |
[INFO] [stdout] 8 | env_perm::append("PATH", "$HOME/some/cool/bin").expect("Couldn't find PATH");
[INFO] [stdout]   | ^^^^^^^^ use of undeclared crate or module `env_perm`
[INFO] [stdout] 
[INFO] [stdout] error[E0433]: failed to resolve: use of undeclared crate or module `env_perm`
[INFO] [stdout]   --> src/lib.rs:14:1
[INFO] [stdout]    |
[INFO] [stdout] 12 | env_perm::set("DUMMY", r#""/something""#).expect("Failed to set DUMMY");
[INFO] [stdout]    | ^^^^^^^^ use of undeclared crate or module `env_perm`
[INFO] [stdout] 
[INFO] [stdout] error: aborting due to 3 previous errors
[INFO] [stdout] 
[INFO] [stdout] For more information about this error, try `rustc --explain E0433`.
[INFO] [stdout] Couldn't compile the test.
[INFO] [stdout] 
[INFO] [stdout] failures:
[INFO] [stdout]     src/lib.rs - (line 4)
[INFO] [stdout] 
[INFO] [stdout] test result: FAILED. 0 passed; 1 failed; 0 ignored; 0 measured; 0 filtered out; finished in 0.04s
[INFO] [stdout] 
[INFO] [stderr] error: doctest failed, to rerun pass `--doc`
[INFO] running `Command { std: "docker" "inspect" "36608a4b20b7dfcf6937d5b5dc3b4d25537b5eaad694898048d5670755e1b8bd", kill_on_drop: false }`
[INFO] running `Command { std: "docker" "rm" "-f" "36608a4b20b7dfcf6937d5b5dc3b4d25537b5eaad694898048d5670755e1b8bd", kill_on_drop: false }`
[INFO] [stdout] 36608a4b20b7dfcf6937d5b5dc3b4d25537b5eaad694898048d5670755e1b8bd
