[INFO] fetching crate serde_with 2.3.3...
[INFO] testing serde_with-2.3.3 against beta-2023-04-20 for beta-1.70-1
[INFO] extracting crate serde_with 2.3.3 into /workspace/builds/worker-2-tc2/source
[INFO] validating manifest of crates.io crate serde_with 2.3.3 on toolchain beta-2023-04-20
[INFO] running `Command { std: CARGO_HOME="/workspace/cargo-home" RUSTUP_HOME="/workspace/rustup-home" "/workspace/cargo-home/bin/cargo" "+beta-2023-04-20" "metadata" "--manifest-path" "Cargo.toml" "--no-deps", kill_on_drop: false }`
[INFO] started tweaking crates.io crate serde_with 2.3.3
[INFO] removed 0 missing tests
[INFO] finished tweaking crates.io crate serde_with 2.3.3
[INFO] tweaked toml for crates.io crate serde_with 2.3.3 written to /workspace/builds/worker-2-tc2/source/Cargo.toml
[INFO] running `Command { std: CARGO_HOME="/workspace/cargo-home" RUSTUP_HOME="/workspace/rustup-home" __CARGO_TEST_CHANNEL_OVERRIDE_DO_NOT_USE_THIS="nightly" "/workspace/cargo-home/bin/cargo" "+beta-2023-04-20" "generate-lockfile" "--manifest-path" "Cargo.toml" "-Zno-index-update", kill_on_drop: false }`
[INFO] running `Command { std: CARGO_HOME="/workspace/cargo-home" RUSTUP_HOME="/workspace/rustup-home" "/workspace/cargo-home/bin/cargo" "+beta-2023-04-20" "fetch" "--manifest-path" "Cargo.toml", kill_on_drop: false }`
[INFO] [stderr]  Downloading crates ...
[INFO] [stderr]   Downloaded rmp-serde v1.1.1
[INFO] [stderr]   Downloaded expect-test v1.4.1
[INFO] [stderr]   Downloaded unsafe-libyaml v0.2.8
[INFO] [stderr]   Downloaded serde_yaml v0.9.21
[INFO] running `Command { std: "docker" "create" "-v" "/var/lib/crater-agent-workspace/builds/worker-2-tc2/target:/opt/rustwide/target:rw,Z" "-v" "/var/lib/crater-agent-workspace/builds/worker-2-tc2/source:/opt/rustwide/workdir:ro,Z" "-v" "/var/lib/crater-agent-workspace/cargo-home:/opt/rustwide/cargo-home:ro,Z" "-v" "/var/lib/crater-agent-workspace/rustup-home:/opt/rustwide/rustup-home:ro,Z" "-e" "SOURCE_DIR=/opt/rustwide/workdir" "-e" "CARGO_TARGET_DIR=/opt/rustwide/target" "-e" "CARGO_HOME=/opt/rustwide/cargo-home" "-e" "RUSTUP_HOME=/opt/rustwide/rustup-home" "-w" "/opt/rustwide/workdir" "-m" "1610612736" "--user" "0:0" "--network" "none" "ghcr.io/rust-lang/crates-build-env/linux@sha256:5ff2268d62e97bff2cde7d5815dd6ed5b47097566f13b8d0ca110b04b60e07ed" "/opt/rustwide/cargo-home/bin/cargo" "+beta-2023-04-20" "metadata" "--no-deps" "--format-version=1", kill_on_drop: false }`
[INFO] [stdout] c4da46a8752b8700f639a564b252463f8e5fd74598968e258d32a5348a0c3505
[INFO] running `Command { std: "docker" "start" "-a" "c4da46a8752b8700f639a564b252463f8e5fd74598968e258d32a5348a0c3505", kill_on_drop: false }`
[INFO] running `Command { std: "docker" "inspect" "c4da46a8752b8700f639a564b252463f8e5fd74598968e258d32a5348a0c3505", kill_on_drop: false }`
[INFO] running `Command { std: "docker" "rm" "-f" "c4da46a8752b8700f639a564b252463f8e5fd74598968e258d32a5348a0c3505", kill_on_drop: false }`
[INFO] [stdout] c4da46a8752b8700f639a564b252463f8e5fd74598968e258d32a5348a0c3505
[INFO] running `Command { std: "docker" "create" "-v" "/var/lib/crater-agent-workspace/builds/worker-2-tc2/target:/opt/rustwide/target:rw,Z" "-v" "/var/lib/crater-agent-workspace/builds/worker-2-tc2/source:/opt/rustwide/workdir:ro,Z" "-v" "/var/lib/crater-agent-workspace/cargo-home:/opt/rustwide/cargo-home:ro,Z" "-v" "/var/lib/crater-agent-workspace/rustup-home:/opt/rustwide/rustup-home:ro,Z" "-e" "SOURCE_DIR=/opt/rustwide/workdir" "-e" "CARGO_TARGET_DIR=/opt/rustwide/target" "-e" "CARGO_INCREMENTAL=0" "-e" "RUST_BACKTRACE=full" "-e" "RUSTFLAGS=--cap-lints=warn" "-e" "RUSTDOCFLAGS=--cap-lints=warn" "-e" "CARGO_HOME=/opt/rustwide/cargo-home" "-e" "RUSTUP_HOME=/opt/rustwide/rustup-home" "-w" "/opt/rustwide/workdir" "-m" "1610612736" "--user" "0:0" "--network" "none" "ghcr.io/rust-lang/crates-build-env/linux@sha256:5ff2268d62e97bff2cde7d5815dd6ed5b47097566f13b8d0ca110b04b60e07ed" "/opt/rustwide/cargo-home/bin/cargo" "+beta-2023-04-20" "build" "--frozen" "--message-format=json", kill_on_drop: false }`
[INFO] [stdout] 23939a9843861c99753cd2ecb47ea3b29b9fabdcb50bcb7d92abc754fc4c60d9
[INFO] running `Command { std: "docker" "start" "-a" "23939a9843861c99753cd2ecb47ea3b29b9fabdcb50bcb7d92abc754fc4c60d9", kill_on_drop: false }`
[INFO] [stderr]    Compiling ident_case v1.0.1
[INFO] [stderr]    Compiling fnv v1.0.7
[INFO] [stderr]    Compiling strsim v0.10.0
[INFO] [stderr]    Compiling serde v1.0.160
[INFO] [stderr]    Compiling syn v2.0.15
[INFO] [stderr]    Compiling darling_core v0.20.0
[INFO] [stderr]    Compiling serde_derive v1.0.160
[INFO] [stderr]    Compiling darling_macro v0.20.0
[INFO] [stderr]    Compiling darling v0.20.0
[INFO] [stderr]    Compiling serde_with_macros v2.3.3
[INFO] [stderr]    Compiling serde_with v2.3.3 (/opt/rustwide/workdir)
[INFO] [stderr]     Finished dev [unoptimized + debuginfo] target(s) in 21.93s
[INFO] running `Command { std: "docker" "inspect" "23939a9843861c99753cd2ecb47ea3b29b9fabdcb50bcb7d92abc754fc4c60d9", kill_on_drop: false }`
[INFO] running `Command { std: "docker" "rm" "-f" "23939a9843861c99753cd2ecb47ea3b29b9fabdcb50bcb7d92abc754fc4c60d9", kill_on_drop: false }`
[INFO] [stdout] 23939a9843861c99753cd2ecb47ea3b29b9fabdcb50bcb7d92abc754fc4c60d9
[INFO] running `Command { std: "docker" "create" "-v" "/var/lib/crater-agent-workspace/builds/worker-2-tc2/target:/opt/rustwide/target:rw,Z" "-v" "/var/lib/crater-agent-workspace/builds/worker-2-tc2/source:/opt/rustwide/workdir:ro,Z" "-v" "/var/lib/crater-agent-workspace/cargo-home:/opt/rustwide/cargo-home:ro,Z" "-v" "/var/lib/crater-agent-workspace/rustup-home:/opt/rustwide/rustup-home:ro,Z" "-e" "SOURCE_DIR=/opt/rustwide/workdir" "-e" "CARGO_TARGET_DIR=/opt/rustwide/target" "-e" "CARGO_INCREMENTAL=0" "-e" "RUST_BACKTRACE=full" "-e" "RUSTFLAGS=--cap-lints=warn" "-e" "RUSTDOCFLAGS=--cap-lints=warn" "-e" "CARGO_HOME=/opt/rustwide/cargo-home" "-e" "RUSTUP_HOME=/opt/rustwide/rustup-home" "-w" "/opt/rustwide/workdir" "-m" "1610612736" "--user" "0:0" "--network" "none" "ghcr.io/rust-lang/crates-build-env/linux@sha256:5ff2268d62e97bff2cde7d5815dd6ed5b47097566f13b8d0ca110b04b60e07ed" "/opt/rustwide/cargo-home/bin/cargo" "+beta-2023-04-20" "test" "--frozen" "--no-run" "--message-format=json", kill_on_drop: false }`
[INFO] [stdout] 2ac4b857e1a464ee989c86a11a4ac75ed19180310688f34e6c11e72a3534a568
[INFO] running `Command { std: "docker" "start" "-a" "2ac4b857e1a464ee989c86a11a4ac75ed19180310688f34e6c11e72a3534a568", kill_on_drop: false }`
[INFO] [stderr]    Compiling unicode-ident v1.0.8
[INFO] [stderr]    Compiling serde v1.0.160
[INFO] [stderr]    Compiling version_check v0.9.4
[INFO] [stderr]    Compiling proc-macro2 v1.0.56
[INFO] [stderr]    Compiling fnv v1.0.7
[INFO] [stderr]    Compiling tinyvec_macros v0.1.1
[INFO] [stderr]    Compiling num-traits v0.2.15
[INFO] [stderr]    Compiling indexmap v1.9.3
[INFO] [stderr]    Compiling tinyvec v1.6.0
[INFO] [stderr]    Compiling quote v1.0.26
[INFO] [stderr]    Compiling paste v1.0.12
[INFO] [stderr]    Compiling memchr v2.5.0
[INFO] [stderr]    Compiling unicase v2.6.0
[INFO] [stderr]    Compiling syn v2.0.15
[INFO] [stderr]    Compiling log v0.4.17
[INFO] [stderr]    Compiling unicode-bidi v0.3.13
[INFO] [stderr]    Compiling pulldown-cmark v0.8.0
[INFO] [stderr]    Compiling semver v1.0.17
[INFO] [stderr]    Compiling unicode-normalization v0.1.22
[INFO] [stderr]    Compiling thiserror v1.0.40
[INFO] [stderr]    Compiling percent-encoding v2.2.0
[INFO] [stderr]    Compiling syn v1.0.109
[INFO] [stderr]    Compiling form_urlencoded v1.1.0
[INFO] [stderr]    Compiling idna v0.3.0
[INFO] [stderr]    Compiling regex-syntax v0.7.1
[INFO] [stderr]    Compiling byteorder v1.4.3
[INFO] [stderr]    Compiling serde_test v1.0.160
[INFO] [stderr]    Compiling serde_json v1.0.96
[INFO] [stderr]    Compiling rustversion v1.0.12
[INFO] [stderr]    Compiling rmp v0.8.11
[INFO] [stderr]    Compiling url v2.3.1
[INFO] [stderr]    Compiling base64 v0.13.1
[INFO] [stderr]    Compiling diff v0.1.13
[INFO] [stderr]    Compiling once_cell v1.17.1
[INFO] [stderr]    Compiling yansi v0.5.1
[INFO] [stderr]    Compiling xml-rs v0.8.4
[INFO] [stderr]    Compiling dissimilar v1.0.6
[INFO] [stderr]    Compiling unsafe-libyaml v0.2.8
[INFO] [stderr]    Compiling darling_core v0.20.0
[INFO] [stderr]    Compiling regex v1.8.1
[INFO] [stderr]    Compiling expect-test v1.4.1
[INFO] [stderr]    Compiling pretty_assertions v1.3.0
[INFO] [stderr]    Compiling mime v0.3.17
[INFO] [stderr]    Compiling glob v0.3.1
[INFO] [stderr]    Compiling serde_derive v1.0.160
[INFO] [stderr]    Compiling darling_macro v0.20.0
[INFO] [stderr]    Compiling thiserror-impl v1.0.40
[INFO] [stderr]    Compiling darling v0.20.0
[INFO] [stderr]    Compiling serde_with_macros v2.3.3
[INFO] [stderr]    Compiling toml v0.5.11
[INFO] [stderr]    Compiling ron v0.8.0
[INFO] [stderr]    Compiling rmp-serde v1.1.1
[INFO] [stderr]    Compiling serde_yaml v0.9.21
[INFO] [stderr]    Compiling serde-xml-rs v0.6.0
[INFO] [stderr]    Compiling serde_with v2.3.3 (/opt/rustwide/workdir)
[INFO] [stderr]    Compiling version-sync v0.9.4
[INFO] [stderr]     Finished test [unoptimized + debuginfo] target(s) in 1m 06s
[INFO] running `Command { std: "docker" "inspect" "2ac4b857e1a464ee989c86a11a4ac75ed19180310688f34e6c11e72a3534a568", kill_on_drop: false }`
[INFO] running `Command { std: "docker" "rm" "-f" "2ac4b857e1a464ee989c86a11a4ac75ed19180310688f34e6c11e72a3534a568", kill_on_drop: false }`
[INFO] [stdout] 2ac4b857e1a464ee989c86a11a4ac75ed19180310688f34e6c11e72a3534a568
[INFO] running `Command { std: "docker" "create" "-v" "/var/lib/crater-agent-workspace/builds/worker-2-tc2/target:/opt/rustwide/target:rw,Z" "-v" "/var/lib/crater-agent-workspace/builds/worker-2-tc2/source:/opt/rustwide/workdir:ro,Z" "-v" "/var/lib/crater-agent-workspace/cargo-home:/opt/rustwide/cargo-home:ro,Z" "-v" "/var/lib/crater-agent-workspace/rustup-home:/opt/rustwide/rustup-home:ro,Z" "-e" "SOURCE_DIR=/opt/rustwide/workdir" "-e" "CARGO_TARGET_DIR=/opt/rustwide/target" "-e" "CARGO_INCREMENTAL=0" "-e" "RUST_BACKTRACE=full" "-e" "RUSTFLAGS=--cap-lints=warn" "-e" "RUSTDOCFLAGS=--cap-lints=warn" "-e" "CARGO_HOME=/opt/rustwide/cargo-home" "-e" "RUSTUP_HOME=/opt/rustwide/rustup-home" "-w" "/opt/rustwide/workdir" "-m" "1610612736" "--user" "0:0" "--network" "none" "ghcr.io/rust-lang/crates-build-env/linux@sha256:5ff2268d62e97bff2cde7d5815dd6ed5b47097566f13b8d0ca110b04b60e07ed" "/opt/rustwide/cargo-home/bin/cargo" "+beta-2023-04-20" "test" "--frozen", kill_on_drop: false }`
[INFO] [stdout] b2b7d7f275779ca6e02284c17a56226dc59452da298eb43355d860a7ae91d8c2
[INFO] running `Command { std: "docker" "start" "-a" "b2b7d7f275779ca6e02284c17a56226dc59452da298eb43355d860a7ae91d8c2", kill_on_drop: false }`
[INFO] [stderr]     Finished test [unoptimized + debuginfo] target(s) in 0.13s
[INFO] [stderr]      Running unittests src/lib.rs (/opt/rustwide/target/debug/deps/serde_with-bda2b04f5f9d4851)
[INFO] [stdout] 
[INFO] [stdout] running 1 test
[INFO] [stderr]      Running tests/derives/lib.rs (/opt/rustwide/target/debug/deps/derives-8cdb70affb1bfec4)
[INFO] [stdout] test utils::duration::test_parse_float_into_time_parts ... ok
[INFO] [stdout] 
[INFO] [stdout] test result: ok. 1 passed; 0 failed; 0 ignored; 0 measured; 0 filtered out; finished in 0.00s
[INFO] [stdout] 
[INFO] [stdout] 
[INFO] [stdout] running 5 tests
[INFO] [stdout] test deserialize_fromstr::test_deserialize_from_bytes ... ok
[INFO] [stdout] test deserialize_fromstr::test_deserialize_fromstr ... ok
[INFO] [stdout] test serialize_display::test_serialize_display ... ok
[INFO] [stdout] test deserialize_fromstr::test_deserialize_fromstr_in_vec ... ok
[INFO] [stderr]      Running tests/rust.rs (/opt/rustwide/target/debug/deps/rust-f0ba6b5251451754)
[INFO] [stdout] test serialize_display::test_serialize_display_in_vec ... ok
[INFO] [stdout] 
[INFO] [stdout] test result: ok. 5 passed; 0 failed; 0 ignored; 0 measured; 0 filtered out; finished in 0.02s
[INFO] [stdout] 
[INFO] [stdout] 
[INFO] [stdout] running 9 tests
[INFO] [stdout] test duplicate_key_first_wins_btreemap ... ok
[INFO] [stdout] test prohibit_duplicate_value_btreeset ... ok
[INFO] [stdout] test prohibit_duplicate_key_hashmap ... ok
[INFO] [stdout] test prohibit_duplicate_value_hashset ... ok
[INFO] [stdout] test prohibit_duplicate_key_btreemap ... ok
[INFO] [stdout] test duplicate_value_last_wins_btreeset ... ok
[INFO] [stdout] test duplicate_value_first_wins_hashset ... ok
[INFO] [stdout] test duplicate_key_first_wins_hashmap ... ok
[INFO] [stderr]      Running tests/serde_as/lib.rs (/opt/rustwide/target/debug/deps/serde_as-50afc4a81602afbe)
[INFO] [stdout] test duplicate_value_last_wins_hashset ... ok
[INFO] [stdout] 
[INFO] [stdout] test result: ok. 9 passed; 0 failed; 0 ignored; 0 measured; 0 filtered out; finished in 0.01s
[INFO] [stdout] 
[INFO] [stdout] 
[INFO] [stdout] running 65 tests
[INFO] [stdout] test enum_map::serde_test_round_trip ... ok
[INFO] [stdout] test collections::test_fnv_hashmap ... ok
[INFO] [stdout] test enum_map::json_round_trip ... ok
[INFO] [stdout] test default_on::test_default_on_error ... ok
[INFO] [stdout] test enum_map::rmp_round_trip ... ok
[INFO] [stdout] test frominto::test_frominto_de_and_ser ... ok
[INFO] [stdout] test enum_map::xml_round_trip ... ok
[INFO] [stdout] test frominto::test_frominto_de ... ok
[INFO] [stdout] test enum_map::serde_test_round_trip_human_readable ... ok
[INFO] [stdout] test collections::test_fnv_hashset ... ok
[INFO] [stdout] test default_on::test_default_on_null ... ok
[INFO] [stdout] test enum_map::yaml_round_trip ... ok
[INFO] [stdout] test frominto::test_tryfrominto_de_and_ser ... ok
[INFO] [stdout] test frominto::test_frominto_ser ... ok
[INFO] [stdout] test frominto::test_tryfrominto_de_with_error ... ok
[INFO] [stdout] test enum_map::ron_serialize ... ok
[INFO] [stdout] test frominto::test_tryfrominto_de ... ok
[INFO] [stdout] test frominto::test_tryfrominto_ser_with_error ... ok
[INFO] [stdout] test frominto::test_tryfrominto_ser ... ok
[INFO] [stdout] test key_value_map::test_kvmap_map_json ... ok
[INFO] [stdout] test map_tuple_list::test_map_as_tuple_list_works_with_serializer_that_needs_length_to_serialize_sequence ... ok
[INFO] [stdout] test map_tuple_list::test_map_as_tuple_with_nested_complex_type ... ok
[INFO] [stdout] test map_tuple_list::test_tuple_array_as_map ... ok
[INFO] [stdout] test map_tuple_list::test_tuple_list_as_map ... ok
[INFO] [stdout] test pickfirst::test_pick_first_four ... ok
[INFO] [stdout] test key_value_map::test_kvmap_seq_json ... ok
[INFO] [stdout] test key_value_map::test_kvmap_struct_json ... ok
[INFO] [stdout] test map_tuple_list::test_map_as_tuple_list ... ok
[INFO] [stdout] test key_value_map::test_kvmap_tuple_json ... ok
[INFO] [stdout] test key_value_map::test_kvmap_tuple_struct_json ... ok
[INFO] [stdout] test serde_as_macro::test_serde_as_macro_deserialize ... ok
[INFO] [stdout] test serde_as_macro::test_serde_as_macro_multiple_field_attributes ... ok
[INFO] [stdout] test serde_as_macro::test_serde_as_macro_replace_infer_type ... ok
[INFO] [stdout] test key_value_map::test_kvmap_complex_key_yaml ... ok
[INFO] [stdout] test serde_as_macro::test_serde_as_macro_serialize ... ok
[INFO] [stdout] test serde_conv::test_bool_as_string ... ok
[INFO] [stdout] test string_with_separator ... ok
[INFO] [stdout] test serde_as_macro::test_serde_as_macro_serialize_deserialize ... ok
[INFO] [stdout] test test_basic_wrappers ... ok
[INFO] [stdout] test test_arrays ... ok
[INFO] [stdout] test serde_as_macro::test_default_on_option ... ok
[INFO] [stdout] test test_borrow_cow_str ... ok
[INFO] [stdout] test test_big_arrays ... ok
[INFO] [stdout] test test_bytes_or_string ... ok
[INFO] [stdout] test test_display_fromstr ... ok
[INFO] [stdout] test test_none_as_empty_string ... ok
[INFO] [stdout] test test_option ... ok
[INFO] [stdout] test pickfirst::test_pick_first_two ... ok
[INFO] [stdout] test pickfirst::test_pick_first_three ... ok
[INFO] [stdout] test test_bytes ... ok
[INFO] [stdout] test test_boolfromint ... ok
[INFO] [stdout] test test_sequence_like_types ... ok
[INFO] [stdout] test test_one_or_many_prefer_one ... ok
[INFO] [stdout] test test_one_or_many_prefer_many ... ok
[INFO] [stdout] test time::test_duration_seconds ... ok
[INFO] [stdout] test test_serialize_reference ... ok
[INFO] [stdout] test time::test_duration_smoketest ... ok
[INFO] [stdout] test test_result ... ok
[INFO] [stdout] test time::test_timestamp_seconds_systemtime ... ok
[INFO] [stdout] test time::test_timestamp_systemtime_smoketest ... ok
[INFO] [stdout] test test_vec_skip_error ... ok
[INFO] [stdout] test test_tuples ... ok
[INFO] [stdout] test time::test_duration_seconds_with_frac ... ok
[INFO] [stdout] test time::test_timestamp_seconds_with_frac_systemtime ... ok
[INFO] [stdout] test key_value_map::test_kvmap_complex_key_serde_test ... ok
[INFO] [stdout] 
[INFO] [stdout] test result: ok. 65 passed; 0 failed; 0 ignored; 0 measured; 0 filtered out; finished in 0.05s
[INFO] [stdout] 
[INFO] [stderr]      Running tests/utils.rs (/opt/rustwide/target/debug/deps/utils-a553b2f5a5df242c)
[INFO] [stdout] 
[INFO] [stderr]      Running tests/version_numbers.rs (/opt/rustwide/target/debug/deps/version_numbers-ed4fb635a31de993)
[INFO] [stdout] running 0 tests
[INFO] [stdout] 
[INFO] [stdout] test result: ok. 0 passed; 0 failed; 0 ignored; 0 measured; 0 filtered out; finished in 0.00s
[INFO] [stdout] 
[INFO] [stdout] 
[INFO] [stdout] running 4 tests
[INFO] [stdout] test test_changelog ... ok
[INFO] [stdout] test test_serde_with_macros_dependency ... FAILED
[INFO] [stdout] test test_html_root_url ... ok
[INFO] [stdout] test test_docs_rs_url_point_to_current_version ... ok
[INFO] [stdout] 
[INFO] [stdout] failures:
[INFO] [stdout] 
[INFO] [stdout] ---- test_serde_with_macros_dependency stdout ----
[INFO] [stdout] thread 'test_serde_with_macros_dependency' panicked at 'could not read ../serde_with/Cargo.toml: No such file or directory (os error 2)', tests/version_numbers.rs:19:5
[INFO] [stdout] stack backtrace:
[INFO] [stdout]    0:     0x558509664eda - std::backtrace_rs::backtrace::libunwind::trace::h2f05d0192276a8f6
[INFO] [stdout]                                at /rustc/1b7dd2252b99671ce5d1cb9664c5f8636329436d/library/std/src/../../backtrace/src/backtrace/libunwind.rs:93:5
[INFO] [stdout]    1:     0x558509664eda - std::backtrace_rs::backtrace::trace_unsynchronized::hedc23dff7a1af150
[INFO] [stdout]                                at /rustc/1b7dd2252b99671ce5d1cb9664c5f8636329436d/library/std/src/../../backtrace/src/backtrace/mod.rs:66:5
[INFO] [stdout]    2:     0x558509664eda - std::sys_common::backtrace::_print_fmt::h17541ef7592f3ce2
[INFO] [stdout]                                at /rustc/1b7dd2252b99671ce5d1cb9664c5f8636329436d/library/std/src/sys_common/backtrace.rs:65:5
[INFO] [stdout]    3:     0x558509664eda - <std::sys_common::backtrace::_print::DisplayBacktrace as core::fmt::Display>::fmt::h20f75df5ab0c0792
[INFO] [stdout]                                at /rustc/1b7dd2252b99671ce5d1cb9664c5f8636329436d/library/std/src/sys_common/backtrace.rs:44:22
[INFO] [stdout]    4:     0x5585096898bf - core::fmt::write::h78109e6f466b3af6
[INFO] [stdout]                                at /rustc/1b7dd2252b99671ce5d1cb9664c5f8636329436d/library/core/src/fmt/mod.rs:1254:17
[INFO] [stdout]    5:     0x558509661f55 - std::io::Write::write_fmt::hd24bfb68a1b35a25
[INFO] [stdout]                                at /rustc/1b7dd2252b99671ce5d1cb9664c5f8636329436d/library/std/src/io/mod.rs:1698:15
[INFO] [stdout]    6:     0x558509664ca5 - std::sys_common::backtrace::_print::h8dac57a9f8fbf9a5
[INFO] [stdout]                                at /rustc/1b7dd2252b99671ce5d1cb9664c5f8636329436d/library/std/src/sys_common/backtrace.rs:47:5
[INFO] [stdout]    7:     0x558509664ca5 - std::sys_common::backtrace::print::hf9ecbf41d1aa712f
[INFO] [stdout]                                at /rustc/1b7dd2252b99671ce5d1cb9664c5f8636329436d/library/std/src/sys_common/backtrace.rs:34:9
[INFO] [stdout]    8:     0x55850966695e - std::panicking::default_hook::{{closure}}::h04c07acfc84ca028
[INFO] [stdout]                                at /rustc/1b7dd2252b99671ce5d1cb9664c5f8636329436d/library/std/src/panicking.rs:269:22
[INFO] [stdout]    9:     0x558509666691 - std::panicking::default_hook::h01f6bb23e1eceb2c
[INFO] [stdout]                                at /rustc/1b7dd2252b99671ce5d1cb9664c5f8636329436d/library/std/src/panicking.rs:285:9
[INFO] [stdout]   10:     0x5585093eb1eb - <alloc::boxed::Box<F,A> as core::ops::function::Fn<Args>>::call::h87fe9f7b2fd49e4c
[INFO] [stdout]                                at /rustc/1b7dd2252b99671ce5d1cb9664c5f8636329436d/library/alloc/src/boxed.rs:1987:9
[INFO] [stdout]   11:     0x5585093eb1eb - test::test_main::{{closure}}::he94d679243a7531b
[INFO] [stdout]                                at /rustc/1b7dd2252b99671ce5d1cb9664c5f8636329436d/library/test/src/lib.rs:134:21
[INFO] [stdout]   12:     0x558509667044 - <alloc::boxed::Box<F,A> as core::ops::function::Fn<Args>>::call::h3f2d6d8b14c4769f
[INFO] [stdout]                                at /rustc/1b7dd2252b99671ce5d1cb9664c5f8636329436d/library/alloc/src/boxed.rs:1987:9
[INFO] [stdout]   13:     0x558509667044 - std::panicking::rust_panic_with_hook::h2bb3722bbaf2f6df
[INFO] [stdout]                                at /rustc/1b7dd2252b99671ce5d1cb9664c5f8636329436d/library/std/src/panicking.rs:695:13
[INFO] [stdout]   14:     0x558509666db9 - std::panicking::begin_panic_handler::{{closure}}::h91bc7f36a4be011b
[INFO] [stdout]                                at /rustc/1b7dd2252b99671ce5d1cb9664c5f8636329436d/library/std/src/panicking.rs:582:13
[INFO] [stdout]   15:     0x558509665346 - std::sys_common::backtrace::__rust_end_short_backtrace::h8b3d3717114f9e59
[INFO] [stdout]                                at /rustc/1b7dd2252b99671ce5d1cb9664c5f8636329436d/library/std/src/sys_common/backtrace.rs:150:18
[INFO] [stdout]   16:     0x558509666b12 - rust_begin_unwind
[INFO] [stdout]                                at /rustc/1b7dd2252b99671ce5d1cb9664c5f8636329436d/library/std/src/panicking.rs:578:5
[INFO] [stdout]   17:     0x558509397d33 - core::panicking::panic_fmt::hfd368e3fbdabea26
[INFO] [stdout]                                at /rustc/1b7dd2252b99671ce5d1cb9664c5f8636329436d/library/core/src/panicking.rs:67:14
[INFO] [stdout]   18:     0x55850939a66f - core::panicking::panic_display::hfce75906497f5a8c
[INFO] [stdout]                                at /rustc/1b7dd2252b99671ce5d1cb9664c5f8636329436d/library/core/src/panicking.rs:150:5
[INFO] [stdout]   19:     0x558509398f01 - version_numbers::test_serde_with_macros_dependency::h593b0ebda29df7b8
[INFO] [stdout]                                at /opt/rustwide/workdir/tests/version_numbers.rs:19:5
[INFO] [stdout]   20:     0x558509398e27 - version_numbers::test_serde_with_macros_dependency::{{closure}}::h97934afd3fddb1a2
[INFO] [stdout]                                at /opt/rustwide/workdir/tests/version_numbers.rs:18:40
[INFO] [stdout]   21:     0x55850939b8e5 - core::ops::function::FnOnce::call_once::hc669fe36ac960e10
[INFO] [stdout]                                at /rustc/1b7dd2252b99671ce5d1cb9664c5f8636329436d/library/core/src/ops/function.rs:250:5
[INFO] [stdout]   22:     0x5585093f00bf - core::ops::function::FnOnce::call_once::ha6a70e79f7481a7e
[INFO] [stdout]                                at /rustc/1b7dd2252b99671ce5d1cb9664c5f8636329436d/library/core/src/ops/function.rs:250:5
[INFO] [stdout]   23:     0x5585093f00bf - test::__rust_begin_short_backtrace::hce33033019b61e69
[INFO] [stdout]                                at /rustc/1b7dd2252b99671ce5d1cb9664c5f8636329436d/library/test/src/lib.rs:655:18
[INFO] [stdout]   24:     0x5585093bd8ac - test::run_test::{{closure}}::h858d3528838ae3e5
[INFO] [stdout]                                at /rustc/1b7dd2252b99671ce5d1cb9664c5f8636329436d/library/test/src/lib.rs:646:30
[INFO] [stdout]   25:     0x5585093bd8ac - core::ops::function::FnOnce::call_once{{vtable.shim}}::he8ac2b00f01ae79e
[INFO] [stdout]                                at /rustc/1b7dd2252b99671ce5d1cb9664c5f8636329436d/library/core/src/ops/function.rs:250:5
[INFO] [stdout]   26:     0x5585093ef196 - <alloc::boxed::Box<F,A> as core::ops::function::FnOnce<Args>>::call_once::h8093d25b522725ef
[INFO] [stdout]                                at /rustc/1b7dd2252b99671ce5d1cb9664c5f8636329436d/library/alloc/src/boxed.rs:1973:9
[INFO] [stdout]   27:     0x5585093ef196 - <core::panic::unwind_safe::AssertUnwindSafe<F> as core::ops::function::FnOnce<()>>::call_once::h5c334c204e4a3913
[INFO] [stdout]                                at /rustc/1b7dd2252b99671ce5d1cb9664c5f8636329436d/library/core/src/panic/unwind_safe.rs:271:9
[INFO] [stdout]   28:     0x5585093ef196 - std::panicking::try::do_call::ha8b740c7b9478074
[INFO] [stdout]                                at /rustc/1b7dd2252b99671ce5d1cb9664c5f8636329436d/library/std/src/panicking.rs:485:40
[INFO] [stdout]   29:     0x5585093ef196 - std::panicking::try::h5d34f63d0e41b64e
[INFO] [stdout]                                at /rustc/1b7dd2252b99671ce5d1cb9664c5f8636329436d/library/std/src/panicking.rs:449:19
[INFO] [stdout]   30:     0x5585093ef196 - std::panic::catch_unwind::hcfbb511e1aa7fc67
[INFO] [stdout]                                at /rustc/1b7dd2252b99671ce5d1cb9664c5f8636329436d/library/std/src/panic.rs:140:14
[INFO] [stdout]   31:     0x5585093ef196 - test::run_test_in_process::h9abda90f802eaf21
[INFO] [stdout]                                at /rustc/1b7dd2252b99671ce5d1cb9664c5f8636329436d/library/test/src/lib.rs:678:27
[INFO] [stdout]   32:     0x5585093ef196 - test::run_test::run_test_inner::{{closure}}::h0f058de91f6c6edf
[INFO] [stdout]                                at /rustc/1b7dd2252b99671ce5d1cb9664c5f8636329436d/library/test/src/lib.rs:572:39
[INFO] [stdout]   33:     0x5585093b80b5 - test::run_test::run_test_inner::{{closure}}::h5ca48a4c59c6c1fb
[INFO] [stdout]                                at /rustc/1b7dd2252b99671ce5d1cb9664c5f8636329436d/library/test/src/lib.rs:599:37
[INFO] [stdout]   34:     0x5585093b80b5 - std::sys_common::backtrace::__rust_begin_short_backtrace::h32bd51e1495d4a33
[INFO] [stdout]                                at /rustc/1b7dd2252b99671ce5d1cb9664c5f8636329436d/library/std/src/sys_common/backtrace.rs:134:18
[INFO] [stdout]   35:     0x5585093bd5f1 - std::thread::Builder::spawn_unchecked_::{{closure}}::{{closure}}::hc086fae9b128b2db
[INFO] [stdout]                                at /rustc/1b7dd2252b99671ce5d1cb9664c5f8636329436d/library/std/src/thread/mod.rs:526:17
[INFO] [stdout]   36:     0x5585093bd5f1 - <core::panic::unwind_safe::AssertUnwindSafe<F> as core::ops::function::FnOnce<()>>::call_once::hb66571888d270d43
[INFO] [stdout]                                at /rustc/1b7dd2252b99671ce5d1cb9664c5f8636329436d/library/core/src/panic/unwind_safe.rs:271:9
[INFO] [stdout]   37:     0x5585093bd5f1 - std::panicking::try::do_call::h4fa2ef4f6e51fecf
[INFO] [stdout]                                at /rustc/1b7dd2252b99671ce5d1cb9664c5f8636329436d/library/std/src/panicking.rs:485:40
[INFO] [stdout]   38:     0x5585093bd5f1 - std::panicking::try::h1e9e22b8584489b5
[INFO] [stdout]                                at /rustc/1b7dd2252b99671ce5d1cb9664c5f8636329436d/library/std/src/panicking.rs:449:19
[INFO] [stdout]   39:     0x5585093bd5f1 - std::panic::catch_unwind::h44698a3de0e0769e
[INFO] [stdout]                                at /rustc/1b7dd2252b99671ce5d1cb9664c5f8636329436d/library/std/src/panic.rs:140:14
[INFO] [stdout]   40:     0x5585093bd5f1 - std::thread::Builder::spawn_unchecked_::{{closure}}::h50153abde3fe239e
[INFO] [stdout]                                at /rustc/1b7dd2252b99671ce5d1cb9664c5f8636329436d/library/std/src/thread/mod.rs:525:30
[INFO] [stdout]   41:     0x5585093bd5f1 - core::ops::function::FnOnce::call_once{{vtable.shim}}::hbe5bbf6f38394364
[INFO] [stdout]                                at /rustc/1b7dd2252b99671ce5d1cb9664c5f8636329436d/library/core/src/ops/function.rs:250:5
[INFO] [stdout]   42:     0x55850966b935 - <alloc::boxed::Box<F,A> as core::ops::function::FnOnce<Args>>::call_once::h0d83cb2920a49046
[INFO] [stdout]                                at /rustc/1b7dd2252b99671ce5d1cb9664c5f8636329436d/library/alloc/src/boxed.rs:1973:9
[INFO] [stdout]   43:     0x55850966b935 - <alloc::boxed::Box<F,A> as core::ops::function::FnOnce<Args>>::call_once::hbe0a008aa7d9ef59
[INFO] [stdout]                                at /rustc/1b7dd2252b99671ce5d1cb9664c5f8636329436d/library/alloc/src/boxed.rs:1973:9
[INFO] [stdout]   44:     0x55850966b935 - std::sys::unix::thread::Thread::new::thread_start::h3a466996bdf6b1f9
[INFO] [stdout]                                at /rustc/1b7dd2252b99671ce5d1cb9664c5f8636329436d/library/std/src/sys/unix/thread.rs:108:17
[INFO] [stdout]   45:     0x7f139bdd0b43 - <unknown>
[INFO] [stdout]   46:     0x7f139be61bb4 - __clone
[INFO] [stdout]   47:                0x0 - <unknown>
[INFO] [stdout] 
[INFO] [stdout] 
[INFO] [stdout] failures:
[INFO] [stdout]     test_serde_with_macros_dependency
[INFO] [stdout] 
[INFO] [stdout] test result: FAILED. 3 passed; 1 failed; 0 ignored; 0 measured; 0 filtered out; finished in 0.32s
[INFO] [stdout] 
[INFO] [stderr] error: test failed, to rerun pass `--test version_numbers`
[INFO] running `Command { std: "docker" "inspect" "b2b7d7f275779ca6e02284c17a56226dc59452da298eb43355d860a7ae91d8c2", kill_on_drop: false }`
[INFO] running `Command { std: "docker" "rm" "-f" "b2b7d7f275779ca6e02284c17a56226dc59452da298eb43355d860a7ae91d8c2", kill_on_drop: false }`
[INFO] [stdout] b2b7d7f275779ca6e02284c17a56226dc59452da298eb43355d860a7ae91d8c2
