[INFO] fetching crate serde_json5 0.1.0...
[INFO] testing serde_json5-0.1.0 against beta-2023-04-20 for beta-1.70-1
[INFO] extracting crate serde_json5 0.1.0 into /workspace/builds/worker-4-tc2/source
[INFO] validating manifest of crates.io crate serde_json5 0.1.0 on toolchain beta-2023-04-20
[INFO] running `Command { std: CARGO_HOME="/workspace/cargo-home" RUSTUP_HOME="/workspace/rustup-home" "/workspace/cargo-home/bin/cargo" "+beta-2023-04-20" "metadata" "--manifest-path" "Cargo.toml" "--no-deps", kill_on_drop: false }`
[INFO] started tweaking crates.io crate serde_json5 0.1.0
[INFO] removed 0 missing tests
[INFO] finished tweaking crates.io crate serde_json5 0.1.0
[INFO] tweaked toml for crates.io crate serde_json5 0.1.0 written to /workspace/builds/worker-4-tc2/source/Cargo.toml
[INFO] running `Command { std: CARGO_HOME="/workspace/cargo-home" RUSTUP_HOME="/workspace/rustup-home" __CARGO_TEST_CHANNEL_OVERRIDE_DO_NOT_USE_THIS="nightly" "/workspace/cargo-home/bin/cargo" "+beta-2023-04-20" "generate-lockfile" "--manifest-path" "Cargo.toml" "-Zno-index-update", kill_on_drop: false }`
[INFO] running `Command { std: CARGO_HOME="/workspace/cargo-home" RUSTUP_HOME="/workspace/rustup-home" "/workspace/cargo-home/bin/cargo" "+beta-2023-04-20" "fetch" "--manifest-path" "Cargo.toml", kill_on_drop: false }`
[INFO] running `Command { std: "docker" "create" "-v" "/var/lib/crater-agent-workspace/builds/worker-4-tc2/target:/opt/rustwide/target:rw,Z" "-v" "/var/lib/crater-agent-workspace/builds/worker-4-tc2/source:/opt/rustwide/workdir:ro,Z" "-v" "/var/lib/crater-agent-workspace/cargo-home:/opt/rustwide/cargo-home:ro,Z" "-v" "/var/lib/crater-agent-workspace/rustup-home:/opt/rustwide/rustup-home:ro,Z" "-e" "SOURCE_DIR=/opt/rustwide/workdir" "-e" "CARGO_TARGET_DIR=/opt/rustwide/target" "-e" "CARGO_HOME=/opt/rustwide/cargo-home" "-e" "RUSTUP_HOME=/opt/rustwide/rustup-home" "-w" "/opt/rustwide/workdir" "-m" "1610612736" "--user" "0:0" "--network" "none" "ghcr.io/rust-lang/crates-build-env/linux@sha256:5ff2268d62e97bff2cde7d5815dd6ed5b47097566f13b8d0ca110b04b60e07ed" "/opt/rustwide/cargo-home/bin/cargo" "+beta-2023-04-20" "metadata" "--no-deps" "--format-version=1", kill_on_drop: false }`
[INFO] [stdout] 16b81c235201afe73d8eae813e2bc821e70d61c5dccaca9558ca15952df782a5
[INFO] running `Command { std: "docker" "start" "-a" "16b81c235201afe73d8eae813e2bc821e70d61c5dccaca9558ca15952df782a5", kill_on_drop: false }`
[INFO] running `Command { std: "docker" "inspect" "16b81c235201afe73d8eae813e2bc821e70d61c5dccaca9558ca15952df782a5", kill_on_drop: false }`
[INFO] running `Command { std: "docker" "rm" "-f" "16b81c235201afe73d8eae813e2bc821e70d61c5dccaca9558ca15952df782a5", kill_on_drop: false }`
[INFO] [stdout] 16b81c235201afe73d8eae813e2bc821e70d61c5dccaca9558ca15952df782a5
[INFO] running `Command { std: "docker" "create" "-v" "/var/lib/crater-agent-workspace/builds/worker-4-tc2/target:/opt/rustwide/target:rw,Z" "-v" "/var/lib/crater-agent-workspace/builds/worker-4-tc2/source:/opt/rustwide/workdir:ro,Z" "-v" "/var/lib/crater-agent-workspace/cargo-home:/opt/rustwide/cargo-home:ro,Z" "-v" "/var/lib/crater-agent-workspace/rustup-home:/opt/rustwide/rustup-home:ro,Z" "-e" "SOURCE_DIR=/opt/rustwide/workdir" "-e" "CARGO_TARGET_DIR=/opt/rustwide/target" "-e" "CARGO_INCREMENTAL=0" "-e" "RUST_BACKTRACE=full" "-e" "RUSTFLAGS=--cap-lints=warn" "-e" "RUSTDOCFLAGS=--cap-lints=warn" "-e" "CARGO_HOME=/opt/rustwide/cargo-home" "-e" "RUSTUP_HOME=/opt/rustwide/rustup-home" "-w" "/opt/rustwide/workdir" "-m" "1610612736" "--user" "0:0" "--network" "none" "ghcr.io/rust-lang/crates-build-env/linux@sha256:5ff2268d62e97bff2cde7d5815dd6ed5b47097566f13b8d0ca110b04b60e07ed" "/opt/rustwide/cargo-home/bin/cargo" "+beta-2023-04-20" "build" "--frozen" "--message-format=json", kill_on_drop: false }`
[INFO] [stdout] c387b75d394ae9ac97a6d1555e610a9356c2850479ed2bb6d8fff9f54c761589
[INFO] running `Command { std: "docker" "start" "-a" "c387b75d394ae9ac97a6d1555e610a9356c2850479ed2bb6d8fff9f54c761589", kill_on_drop: false }`
[INFO] [stderr]    Compiling thiserror v1.0.40
[INFO] [stderr]    Compiling thiserror-impl v1.0.40
[INFO] [stderr]    Compiling once_cell v1.17.1
[INFO] [stderr]    Compiling pest v2.6.0
[INFO] [stderr]    Compiling pest_meta v2.6.0
[INFO] [stderr]    Compiling pest_generator v2.6.0
[INFO] [stderr]    Compiling pest_derive v2.6.0
[INFO] [stderr]    Compiling serde_json5 v0.1.0 (/opt/rustwide/workdir)
[INFO] [stderr]     Finished dev [unoptimized + debuginfo] target(s) in 6.56s
[INFO] running `Command { std: "docker" "inspect" "c387b75d394ae9ac97a6d1555e610a9356c2850479ed2bb6d8fff9f54c761589", kill_on_drop: false }`
[INFO] running `Command { std: "docker" "rm" "-f" "c387b75d394ae9ac97a6d1555e610a9356c2850479ed2bb6d8fff9f54c761589", kill_on_drop: false }`
[INFO] [stdout] c387b75d394ae9ac97a6d1555e610a9356c2850479ed2bb6d8fff9f54c761589
[INFO] running `Command { std: "docker" "create" "-v" "/var/lib/crater-agent-workspace/builds/worker-4-tc2/target:/opt/rustwide/target:rw,Z" "-v" "/var/lib/crater-agent-workspace/builds/worker-4-tc2/source:/opt/rustwide/workdir:ro,Z" "-v" "/var/lib/crater-agent-workspace/cargo-home:/opt/rustwide/cargo-home:ro,Z" "-v" "/var/lib/crater-agent-workspace/rustup-home:/opt/rustwide/rustup-home:ro,Z" "-e" "SOURCE_DIR=/opt/rustwide/workdir" "-e" "CARGO_TARGET_DIR=/opt/rustwide/target" "-e" "CARGO_INCREMENTAL=0" "-e" "RUST_BACKTRACE=full" "-e" "RUSTFLAGS=--cap-lints=warn" "-e" "RUSTDOCFLAGS=--cap-lints=warn" "-e" "CARGO_HOME=/opt/rustwide/cargo-home" "-e" "RUSTUP_HOME=/opt/rustwide/rustup-home" "-w" "/opt/rustwide/workdir" "-m" "1610612736" "--user" "0:0" "--network" "none" "ghcr.io/rust-lang/crates-build-env/linux@sha256:5ff2268d62e97bff2cde7d5815dd6ed5b47097566f13b8d0ca110b04b60e07ed" "/opt/rustwide/cargo-home/bin/cargo" "+beta-2023-04-20" "test" "--frozen" "--no-run" "--message-format=json", kill_on_drop: false }`
[INFO] [stdout] b10f011ed9262d701665ac5edbc2664a0b7dcf2f9c5b5f99018b01cab5e42f48
[INFO] running `Command { std: "docker" "start" "-a" "b10f011ed9262d701665ac5edbc2664a0b7dcf2f9c5b5f99018b01cab5e42f48", kill_on_drop: false }`
[INFO] [stderr]    Compiling matches v0.1.10
[INFO] [stderr]    Compiling serde_json5 v0.1.0 (/opt/rustwide/workdir)
[INFO] [stderr]     Finished test [unoptimized + debuginfo] target(s) in 2.51s
[INFO] running `Command { std: "docker" "inspect" "b10f011ed9262d701665ac5edbc2664a0b7dcf2f9c5b5f99018b01cab5e42f48", kill_on_drop: false }`
[INFO] running `Command { std: "docker" "rm" "-f" "b10f011ed9262d701665ac5edbc2664a0b7dcf2f9c5b5f99018b01cab5e42f48", kill_on_drop: false }`
[INFO] [stdout] b10f011ed9262d701665ac5edbc2664a0b7dcf2f9c5b5f99018b01cab5e42f48
[INFO] running `Command { std: "docker" "create" "-v" "/var/lib/crater-agent-workspace/builds/worker-4-tc2/target:/opt/rustwide/target:rw,Z" "-v" "/var/lib/crater-agent-workspace/builds/worker-4-tc2/source:/opt/rustwide/workdir:ro,Z" "-v" "/var/lib/crater-agent-workspace/cargo-home:/opt/rustwide/cargo-home:ro,Z" "-v" "/var/lib/crater-agent-workspace/rustup-home:/opt/rustwide/rustup-home:ro,Z" "-e" "SOURCE_DIR=/opt/rustwide/workdir" "-e" "CARGO_TARGET_DIR=/opt/rustwide/target" "-e" "CARGO_INCREMENTAL=0" "-e" "RUST_BACKTRACE=full" "-e" "RUSTFLAGS=--cap-lints=warn" "-e" "RUSTDOCFLAGS=--cap-lints=warn" "-e" "CARGO_HOME=/opt/rustwide/cargo-home" "-e" "RUSTUP_HOME=/opt/rustwide/rustup-home" "-w" "/opt/rustwide/workdir" "-m" "1610612736" "--user" "0:0" "--network" "none" "ghcr.io/rust-lang/crates-build-env/linux@sha256:5ff2268d62e97bff2cde7d5815dd6ed5b47097566f13b8d0ca110b04b60e07ed" "/opt/rustwide/cargo-home/bin/cargo" "+beta-2023-04-20" "test" "--frozen", kill_on_drop: false }`
[INFO] [stdout] 0d035cd88f7c45df32cd3a918b8e60f4a5d621e91ac3accfe5486857176a1958
[INFO] running `Command { std: "docker" "start" "-a" "0d035cd88f7c45df32cd3a918b8e60f4a5d621e91ac3accfe5486857176a1958", kill_on_drop: false }`
[INFO] [stderr]     Finished test [unoptimized + debuginfo] target(s) in 0.03s
[INFO] [stdout] 
[INFO] [stdout] running 0 tests
[INFO] [stdout] 
[INFO] [stdout] test result: ok. 0 passed; 0 failed; 0 ignored; 0 measured; 0 filtered out; finished in 0.00s
[INFO] [stdout] 
[INFO] [stdout] 
[INFO] [stdout] running 101 tests
[INFO] [stderr]      Running unittests third_party/src/lib.rs (/opt/rustwide/target/debug/deps/serde_json5-9b099acd2a82f48f)
[INFO] [stderr]      Running third_party/tests/lib.rs (/opt/rustwide/target/debug/deps/serde_json5_test-9a9e97138c6a1221)
[INFO] [stdout] test adapted_from_js_reference::parses_exponents ... ok
[INFO] [stdout] test adapted_from_js_reference::parses_empty_arrays ... ok
[INFO] [stdout] test adapted_from_js_reference::parses_false ... ok
[INFO] [stdout] test adapted_from_js_reference::parses_escaped_characters ... ok
[INFO] [stdout] test adapted_from_js_reference::parses_array_values ... ok
[INFO] [stdout] test adapted_from_js_reference::parses_double_quoted_strings ... ok
[INFO] [stdout] test adapted_from_js_reference::parses_integers ... ok
[INFO] [stdout] test adapted_from_js_reference::parses_fractional_numbers ... ok
[INFO] [stdout] test adapted_from_js_reference::parses_empty_objects ... ok
[INFO] [stdout] test adapted_from_js_reference::parses_escaped_property_names ... ok
[INFO] [stdout] test adapted_from_js_reference::parses_hexadecimal_numbers ... ok
[INFO] [stdout] test adapted_from_js_reference::parses_double_string_property_names ... ok
[INFO] [stdout] test adapted_from_js_reference::parses_nested_quotes_strings ... ok
[INFO] [stdout] test adapted_from_js_reference::parses_nested_objects ... ok
[INFO] [stdout] test adapted_from_js_reference::parses_multiple_array_values ... ok
[INFO] [stdout] test adapted_from_js_reference::parses_multiple_properties ... ok
[INFO] [stdout] test adapted_from_js_reference::parses_nulls ... ok
[INFO] [stdout] test adapted_from_js_reference::parses_leading_decimal_points ... ok
[INFO] [stdout] test adapted_from_js_reference::parses_signed_and_unsigned_nan ... ok
[INFO] [stdout] test adapted_from_js_reference::parses_single_line_comments_at_end_of_input ... ok
[INFO] [stdout] test adapted_from_js_reference::parses_signed_numbers ... ok
[INFO] [stdout] test adapted_from_js_reference::parses_single_quoted_strings ... ok
[INFO] [stdout] test adapted_from_js_reference::parses_single_line_comments ... ok
[INFO] [stdout] test adapted_from_js_reference::parses_leading_zeroes ... ok
[INFO] [stdout] test adapted_from_js_reference::parses_multi_line_comments ... ok
[INFO] [stdout] test adapted_from_js_reference::parses_single_string_property_names ... ok
[INFO] [stdout] test adapted_from_js_reference::parses_nested_arrays ... ok
[INFO] [stdout] test de::deserializes_byte_buf ... ignored
[INFO] [stdout] test de::deserializes_bytes ... ignored
[INFO] [stdout] test adapted_from_js_reference::parses_true ... ok
[INFO] [stdout] test adapted_from_js_reference::parses_unicode_property_names ... ok
[INFO] [stdout] test adapted_from_js_reference::parses_whitespace ... ok
[INFO] [stdout] test adapted_from_js_reference::parses_special_character_property_names ... ok
[INFO] [stdout] test adapted_from_js_reference::parses_unquoted_property_names ... ok
[INFO] [stdout] test de::deserializes_char ... ok
[INFO] [stdout] test de::deserializes_bool ... ok
[INFO] [stdout] test de::deserializes_f32 ... ok
[INFO] [stdout] test de::deserializes_enum_error ... ok
[INFO] [stdout] test de::deserializes_enum ... ok
[INFO] [stdout] test de::deserializes_f64 ... ok
[INFO] [stdout] test de::deserializes_i16 ... ok
[INFO] [stdout] test adapted_from_js_reference::parses_signed_and_unsiged_infinity ... ok
[INFO] [stdout] test de::deserializes_i32 ... ok
[INFO] [stdout] test de::deserializes_i64 ... ok
[INFO] [stdout] test de::deserializes_i8 ... ok
[INFO] [stdout] test de::deserializes_map_error ... ok
[INFO] [stdout] test de::deserializes_ignored ... ok
[INFO] [stdout] test de::deserializes_map ... ok
[INFO] [stdout] test de::deserializes_newtype_struct ... ok
[INFO] [stdout] test de::deserializes_map_size_hint ... ok
[INFO] [stdout] test de::deserializes_newtype_struct_error ... ok
[INFO] [stdout] test de::deserializes_option ... ok
[INFO] [stdout] test de::deserializes_str ... ignored
[INFO] [stdout] test de::deserializes_seq_error ... ok
[INFO] [stdout] test de::deserializes_parse_error ... ok
[INFO] [stdout] test de::deserializes_seq_size_hint ... ok
[INFO] [stdout] test de::deserializes_json_values ... ok
[INFO] [stdout] test de::deserializes_tuple ... ok
[INFO] [stdout] test de::deserializes_struct ... ok
[INFO] [stdout] test de::deserializes_string ... ok
[INFO] [stdout] test de::deserializes_struct_error ... ok
[INFO] [stdout] test de::deserializes_tuple_error ... ok
[INFO] [stdout] test de::deserializes_seq ... ok
[INFO] [stdout] test de::deserializes_option_error ... ok
[INFO] [stdout] test de::deserializes_unit ... ok
[INFO] [stdout] test de::deserializes_u64 ... ok
[INFO] [stdout] test de::deserializes_u32 ... ok
[INFO] [stdout] test de::deserializes_u8 ... ok
[INFO] [stdout] test de::deserializes_unit_error ... ok
[INFO] [stdout] test ser::serializes_byte_buf ... ignored
[INFO] [stdout] test ser::serializes_bytes ... ignored
[INFO] [stdout] test de::test_from_slice ... ok
[INFO] [stdout] test de::deserializes_u16 ... ok
[INFO] [stdout] test json5_dot_org_example::serializes_example_from_json5_dot_org ... ok
[INFO] [stdout] test de::test_from_str ... ok
[INFO] [stdout] test ser::serializes_f32 ... ok
[INFO] [stdout] test ser::serializes_enum ... ok
[INFO] [stdout] test de::deserializes_tuple_struct ... ok
[INFO] [stdout] test ser::serializes_i64 ... ok
[INFO] [stdout] test ser::serializes_i16 ... ok
[INFO] [stdout] test ser::serializes_char ... FAILED
[INFO] [stdout] test ser::serializes_f64 ... ok
[INFO] [stdout] test ser::serializes_i32 ... ok
[INFO] [stdout] test de::test_from_reader ... ok
[INFO] [stdout] test ser::serializes_bool ... ok
[INFO] [stdout] test ser::serializes_i8 ... ok
[INFO] [stdout] test ser::serializes_str ... ok
[INFO] [stdout] test ser::serializes_string ... ok
[INFO] [stdout] test ser::serializes_option ... ok
[INFO] [stdout] test ser::serializes_map ... ok
[INFO] [stdout] test ser::serializes_struct ... ok
[INFO] [stdout] test ser::serializes_u32 ... ok
[INFO] [stdout] test ser::serializes_tuple_struct ... ok
[INFO] [stdout] test ser::serializes_tuple ... ok
[INFO] [stdout] test ser::serializes_newtype_struct ... ok
[INFO] [stdout] test ser::serializes_seq ... ok
[INFO] [stdout] test ser::serializes_u8 ... ok
[INFO] [stdout] test ser::serializes_u16 ... ok
[INFO] [stdout] test ser::serializes_unit ... ok
[INFO] [stdout] test ser::serializes_u64 ... ok
[INFO] [stdout] test ser::serializes_unit_struct ... ok
[INFO] [stdout] 
[INFO] [stdout] failures:
[INFO] [stdout] 
[INFO] [stdout] ---- ser::serializes_char stdout ----
[INFO] [stdout] thread 'ser::serializes_char' panicked at 'assertion failed: `Ok("\"/\"")` does not match `Ok(value) if value == s`', third_party/tests/common.rs:35:5
[INFO] [stdout] stack backtrace:
[INFO] [stdout]    0:     0x55f10eae902a - std::backtrace_rs::backtrace::libunwind::trace::h2f05d0192276a8f6
[INFO] [stdout]                                at /rustc/1b7dd2252b99671ce5d1cb9664c5f8636329436d/library/std/src/../../backtrace/src/backtrace/libunwind.rs:93:5
[INFO] [stdout]    1:     0x55f10eae902a - std::backtrace_rs::backtrace::trace_unsynchronized::hedc23dff7a1af150
[INFO] [stdout]                                at /rustc/1b7dd2252b99671ce5d1cb9664c5f8636329436d/library/std/src/../../backtrace/src/backtrace/mod.rs:66:5
[INFO] [stdout]    2:     0x55f10eae902a - std::sys_common::backtrace::_print_fmt::h17541ef7592f3ce2
[INFO] [stdout]                                at /rustc/1b7dd2252b99671ce5d1cb9664c5f8636329436d/library/std/src/sys_common/backtrace.rs:65:5
[INFO] [stdout]    3:     0x55f10eae902a - <std::sys_common::backtrace::_print::DisplayBacktrace as core::fmt::Display>::fmt::h20f75df5ab0c0792
[INFO] [stdout]                                at /rustc/1b7dd2252b99671ce5d1cb9664c5f8636329436d/library/std/src/sys_common/backtrace.rs:44:22
[INFO] [stdout]    4:     0x55f10eb0ef2f - core::fmt::write::h78109e6f466b3af6
[INFO] [stdout]                                at /rustc/1b7dd2252b99671ce5d1cb9664c5f8636329436d/library/core/src/fmt/mod.rs:1254:17
[INFO] [stdout]    5:     0x55f10eae6375 - std::io::Write::write_fmt::hd24bfb68a1b35a25
[INFO] [stdout]                                at /rustc/1b7dd2252b99671ce5d1cb9664c5f8636329436d/library/std/src/io/mod.rs:1698:15
[INFO] [stdout]    6:     0x55f10eae8df5 - std::sys_common::backtrace::_print::h8dac57a9f8fbf9a5
[INFO] [stdout]                                at /rustc/1b7dd2252b99671ce5d1cb9664c5f8636329436d/library/std/src/sys_common/backtrace.rs:47:5
[INFO] [stdout]    7:     0x55f10eae8df5 - std::sys_common::backtrace::print::hf9ecbf41d1aa712f
[INFO] [stdout]                                at /rustc/1b7dd2252b99671ce5d1cb9664c5f8636329436d/library/std/src/sys_common/backtrace.rs:34:9
[INFO] [stdout]    8:     0x55f10eaeaaae - std::panicking::default_hook::{{closure}}::h04c07acfc84ca028
[INFO] [stdout]                                at /rustc/1b7dd2252b99671ce5d1cb9664c5f8636329436d/library/std/src/panicking.rs:269:22
[INFO] [stdout]    9:     0x55f10eaea7e1 - std::panicking::default_hook::h01f6bb23e1eceb2c
[INFO] [stdout]                                at /rustc/1b7dd2252b99671ce5d1cb9664c5f8636329436d/library/std/src/panicking.rs:285:9
[INFO] [stdout]   10:     0x55f10ea5650b - <alloc::boxed::Box<F,A> as core::ops::function::Fn<Args>>::call::h87fe9f7b2fd49e4c
[INFO] [stdout]                                at /rustc/1b7dd2252b99671ce5d1cb9664c5f8636329436d/library/alloc/src/boxed.rs:1987:9
[INFO] [stdout]   11:     0x55f10ea5650b - test::test_main::{{closure}}::he94d679243a7531b
[INFO] [stdout]                                at /rustc/1b7dd2252b99671ce5d1cb9664c5f8636329436d/library/test/src/lib.rs:134:21
[INFO] [stdout]   12:     0x55f10eaeb194 - <alloc::boxed::Box<F,A> as core::ops::function::Fn<Args>>::call::h3f2d6d8b14c4769f
[INFO] [stdout]                                at /rustc/1b7dd2252b99671ce5d1cb9664c5f8636329436d/library/alloc/src/boxed.rs:1987:9
[INFO] [stdout]   13:     0x55f10eaeb194 - std::panicking::rust_panic_with_hook::h2bb3722bbaf2f6df
[INFO] [stdout]                                at /rustc/1b7dd2252b99671ce5d1cb9664c5f8636329436d/library/std/src/panicking.rs:695:13
[INFO] [stdout]   14:     0x55f10eaeaf09 - std::panicking::begin_panic_handler::{{closure}}::h91bc7f36a4be011b
[INFO] [stdout]                                at /rustc/1b7dd2252b99671ce5d1cb9664c5f8636329436d/library/std/src/panicking.rs:582:13
[INFO] [stdout]   15:     0x55f10eae9496 - std::sys_common::backtrace::__rust_end_short_backtrace::h8b3d3717114f9e59
[INFO] [stdout]                                at /rustc/1b7dd2252b99671ce5d1cb9664c5f8636329436d/library/std/src/sys_common/backtrace.rs:150:18
[INFO] [stdout]   16:     0x55f10eaeac62 - rust_begin_unwind
[INFO] [stdout]                                at /rustc/1b7dd2252b99671ce5d1cb9664c5f8636329436d/library/std/src/panicking.rs:578:5
[INFO] [stdout]   17:     0x55f10e97dba3 - core::panicking::panic_fmt::hfd368e3fbdabea26
[INFO] [stdout]                                at /rustc/1b7dd2252b99671ce5d1cb9664c5f8636329436d/library/core/src/panicking.rs:67:14
[INFO] [stdout]   18:     0x55f10e9e96f9 - serde_json5_test::common::serializes_to::h7c1fa4731b27c354
[INFO] [stdout]                                at /opt/rustwide/workdir/third_party/tests/common.rs:35:5
[INFO] [stdout]   19:     0x55f10ea012b1 - serde_json5_test::ser::serializes_char::h2c761b42d2740ac2
[INFO] [stdout]                                at /opt/rustwide/workdir/third_party/tests/ser.rs:90:5
[INFO] [stdout]   20:     0x55f10ea011e7 - serde_json5_test::ser::serializes_char::{{closure}}::h679eeabecf1adeed
[INFO] [stdout]                                at /opt/rustwide/workdir/third_party/tests/ser.rs:82:22
[INFO] [stdout]   21:     0x55f10e9b5905 - core::ops::function::FnOnce::call_once::h0c344d66d2d5c370
[INFO] [stdout]                                at /rustc/1b7dd2252b99671ce5d1cb9664c5f8636329436d/library/core/src/ops/function.rs:250:5
[INFO] [stdout]   22:     0x55f10ea5b3df - core::ops::function::FnOnce::call_once::ha6a70e79f7481a7e
[INFO] [stdout]                                at /rustc/1b7dd2252b99671ce5d1cb9664c5f8636329436d/library/core/src/ops/function.rs:250:5
[INFO] [stdout]   23:     0x55f10ea5b3df - test::__rust_begin_short_backtrace::hce33033019b61e69
[INFO] [stdout]                                at /rustc/1b7dd2252b99671ce5d1cb9664c5f8636329436d/library/test/src/lib.rs:655:18
[INFO] [stdout]   24:     0x55f10ea28bcc - test::run_test::{{closure}}::h858d3528838ae3e5
[INFO] [stdout]                                at /rustc/1b7dd2252b99671ce5d1cb9664c5f8636329436d/library/test/src/lib.rs:646:30
[INFO] [stdout]   25:     0x55f10ea28bcc - core::ops::function::FnOnce::call_once{{vtable.shim}}::he8ac2b00f01ae79e
[INFO] [stdout]                                at /rustc/1b7dd2252b99671ce5d1cb9664c5f8636329436d/library/core/src/ops/function.rs:250:5
[INFO] [stdout]   26:     0x55f10ea5a4b6 - <alloc::boxed::Box<F,A> as core::ops::function::FnOnce<Args>>::call_once::h8093d25b522725ef
[INFO] [stdout]                                at /rustc/1b7dd2252b99671ce5d1cb9664c5f8636329436d/library/alloc/src/boxed.rs:1973:9
[INFO] [stdout]   27:     0x55f10ea5a4b6 - <core::panic::unwind_safe::AssertUnwindSafe<F> as core::ops::function::FnOnce<()>>::call_once::h5c334c204e4a3913
[INFO] [stdout]                                at /rustc/1b7dd2252b99671ce5d1cb9664c5f8636329436d/library/core/src/panic/unwind_safe.rs:271:9
[INFO] [stdout]   28:     0x55f10ea5a4b6 - std::panicking::try::do_call::ha8b740c7b9478074
[INFO] [stdout]                                at /rustc/1b7dd2252b99671ce5d1cb9664c5f8636329436d/library/std/src/panicking.rs:485:40
[INFO] [stdout]   29:     0x55f10ea5a4b6 - std::panicking::try::h5d34f63d0e41b64e
[INFO] [stdout]                                at /rustc/1b7dd2252b99671ce5d1cb9664c5f8636329436d/library/std/src/panicking.rs:449:19
[INFO] [stdout]   30:     0x55f10ea5a4b6 - std::panic::catch_unwind::hcfbb511e1aa7fc67
[INFO] [stdout]                                at /rustc/1b7dd2252b99671ce5d1cb9664c5f8636329436d/library/std/src/panic.rs:140:14
[INFO] [stdout]   31:     0x55f10ea5a4b6 - test::run_test_in_process::h9abda90f802eaf21
[INFO] [stdout]                                at /rustc/1b7dd2252b99671ce5d1cb9664c5f8636329436d/library/test/src/lib.rs:678:27
[INFO] [stdout]   32:     0x55f10ea5a4b6 - test::run_test::run_test_inner::{{closure}}::h0f058de91f6c6edf
[INFO] [stdout]                                at /rustc/1b7dd2252b99671ce5d1cb9664c5f8636329436d/library/test/src/lib.rs:572:39
[INFO] [stdout]   33:     0x55f10ea233d5 - test::run_test::run_test_inner::{{closure}}::h5ca48a4c59c6c1fb
[INFO] [stdout]                                at /rustc/1b7dd2252b99671ce5d1cb9664c5f8636329436d/library/test/src/lib.rs:599:37
[INFO] [stdout]   34:     0x55f10ea233d5 - std::sys_common::backtrace::__rust_begin_short_backtrace::h32bd51e1495d4a33
[INFO] [stdout]                                at /rustc/1b7dd2252b99671ce5d1cb9664c5f8636329436d/library/std/src/sys_common/backtrace.rs:134:18
[INFO] [stdout]   35:     0x55f10ea28911 - std::thread::Builder::spawn_unchecked_::{{closure}}::{{closure}}::hc086fae9b128b2db
[INFO] [stdout]                                at /rustc/1b7dd2252b99671ce5d1cb9664c5f8636329436d/library/std/src/thread/mod.rs:526:17
[INFO] [stdout]   36:     0x55f10ea28911 - <core::panic::unwind_safe::AssertUnwindSafe<F> as core::ops::function::FnOnce<()>>::call_once::hb66571888d270d43
[INFO] [stdout]                                at /rustc/1b7dd2252b99671ce5d1cb9664c5f8636329436d/library/core/src/panic/unwind_safe.rs:271:9
[INFO] [stdout]   37:     0x55f10ea28911 - std::panicking::try::do_call::h4fa2ef4f6e51fecf
[INFO] [stdout]                                at /rustc/1b7dd2252b99671ce5d1cb9664c5f8636329436d/library/std/src/panicking.rs:485:40
[INFO] [stdout]   38:     0x55f10ea28911 - std::panicking::try::h1e9e22b8584489b5
[INFO] [stdout]                                at /rustc/1b7dd2252b99671ce5d1cb9664c5f8636329436d/library/std/src/panicking.rs:449:19
[INFO] [stdout]   39:     0x55f10ea28911 - std::panic::catch_unwind::h44698a3de0e0769e
[INFO] [stdout]                                at /rustc/1b7dd2252b99671ce5d1cb9664c5f8636329436d/library/std/src/panic.rs:140:14
[INFO] [stdout]   40:     0x55f10ea28911 - std::thread::Builder::spawn_unchecked_::{{closure}}::h50153abde3fe239e
[INFO] [stdout]                                at /rustc/1b7dd2252b99671ce5d1cb9664c5f8636329436d/library/std/src/thread/mod.rs:525:30
[INFO] [stdout]   41:     0x55f10ea28911 - core::ops::function::FnOnce::call_once{{vtable.shim}}::hbe5bbf6f38394364
[INFO] [stdout]                                at /rustc/1b7dd2252b99671ce5d1cb9664c5f8636329436d/library/core/src/ops/function.rs:250:5
[INFO] [stdout]   42:     0x55f10eaef665 - <alloc::boxed::Box<F,A> as core::ops::function::FnOnce<Args>>::call_once::h0d83cb2920a49046
[INFO] [stdout]                                at /rustc/1b7dd2252b99671ce5d1cb9664c5f8636329436d/library/alloc/src/boxed.rs:1973:9
[INFO] [stdout]   43:     0x55f10eaef665 - <alloc::boxed::Box<F,A> as core::ops::function::FnOnce<Args>>::call_once::hbe0a008aa7d9ef59
[INFO] [stdout]                                at /rustc/1b7dd2252b99671ce5d1cb9664c5f8636329436d/library/alloc/src/boxed.rs:1973:9
[INFO] [stdout]   44:     0x55f10eaef665 - std::sys::unix::thread::Thread::new::thread_start::h3a466996bdf6b1f9
[INFO] [stdout]                                at /rustc/1b7dd2252b99671ce5d1cb9664c5f8636329436d/library/std/src/sys/unix/thread.rs:108:17
[INFO] [stdout]   45:     0x7f218e919b43 - <unknown>
[INFO] [stdout]   46:     0x7f218e9aabb4 - __clone
[INFO] [stdout]   47:                0x0 - <unknown>
[INFO] [stdout] 
[INFO] [stdout] 
[INFO] [stdout] failures:
[INFO] [stdout]     ser::serializes_char
[INFO] [stdout] 
[INFO] [stdout] test result: FAILED. 95 passed; 1 failed; 5 ignored; 0 measured; 0 filtered out; finished in 0.10s
[INFO] [stdout] 
[INFO] [stderr] error: test failed, to rerun pass `--test serde_json5_test`
[INFO] running `Command { std: "docker" "inspect" "0d035cd88f7c45df32cd3a918b8e60f4a5d621e91ac3accfe5486857176a1958", kill_on_drop: false }`
[INFO] running `Command { std: "docker" "rm" "-f" "0d035cd88f7c45df32cd3a918b8e60f4a5d621e91ac3accfe5486857176a1958", kill_on_drop: false }`
[INFO] [stdout] 0d035cd88f7c45df32cd3a918b8e60f4a5d621e91ac3accfe5486857176a1958
