[INFO] fetching crate serde_archive 0.1.5...
[INFO] testing serde_archive-0.1.5 against 1.69.0 for beta-1.70-1
[INFO] extracting crate serde_archive 0.1.5 into /workspace/builds/worker-4-tc1/source
[INFO] validating manifest of crates.io crate serde_archive 0.1.5 on toolchain 1.69.0
[INFO] running `Command { std: CARGO_HOME="/workspace/cargo-home" RUSTUP_HOME="/workspace/rustup-home" "/workspace/cargo-home/bin/cargo" "+1.69.0" "metadata" "--manifest-path" "Cargo.toml" "--no-deps", kill_on_drop: false }`
[INFO] started tweaking crates.io crate serde_archive 0.1.5
[INFO] finished tweaking crates.io crate serde_archive 0.1.5
[INFO] tweaked toml for crates.io crate serde_archive 0.1.5 written to /workspace/builds/worker-4-tc1/source/Cargo.toml
[INFO] running `Command { std: CARGO_HOME="/workspace/cargo-home" RUSTUP_HOME="/workspace/rustup-home" __CARGO_TEST_CHANNEL_OVERRIDE_DO_NOT_USE_THIS="nightly" "/workspace/cargo-home/bin/cargo" "+1.69.0" "generate-lockfile" "--manifest-path" "Cargo.toml" "-Zno-index-update", kill_on_drop: false }`
[INFO] running `Command { std: CARGO_HOME="/workspace/cargo-home" RUSTUP_HOME="/workspace/rustup-home" "/workspace/cargo-home/bin/cargo" "+1.69.0" "fetch" "--manifest-path" "Cargo.toml", kill_on_drop: false }`
[INFO] running `Command { std: "docker" "create" "-v" "/var/lib/crater-agent-workspace/builds/worker-4-tc1/target:/opt/rustwide/target:rw,Z" "-v" "/var/lib/crater-agent-workspace/builds/worker-4-tc1/source:/opt/rustwide/workdir:ro,Z" "-v" "/var/lib/crater-agent-workspace/cargo-home:/opt/rustwide/cargo-home:ro,Z" "-v" "/var/lib/crater-agent-workspace/rustup-home:/opt/rustwide/rustup-home:ro,Z" "-e" "SOURCE_DIR=/opt/rustwide/workdir" "-e" "CARGO_TARGET_DIR=/opt/rustwide/target" "-e" "CARGO_HOME=/opt/rustwide/cargo-home" "-e" "RUSTUP_HOME=/opt/rustwide/rustup-home" "-w" "/opt/rustwide/workdir" "-m" "1610612736" "--user" "0:0" "--network" "none" "ghcr.io/rust-lang/crates-build-env/linux@sha256:5ff2268d62e97bff2cde7d5815dd6ed5b47097566f13b8d0ca110b04b60e07ed" "/opt/rustwide/cargo-home/bin/cargo" "+1.69.0" "metadata" "--no-deps" "--format-version=1", kill_on_drop: false }`
[INFO] [stdout] 3667a56b9643892c88f7820bda7a66cbaa309dfacbe256876299ab9e3b234592
[INFO] running `Command { std: "docker" "start" "-a" "3667a56b9643892c88f7820bda7a66cbaa309dfacbe256876299ab9e3b234592", kill_on_drop: false }`
[INFO] running `Command { std: "docker" "inspect" "3667a56b9643892c88f7820bda7a66cbaa309dfacbe256876299ab9e3b234592", kill_on_drop: false }`
[INFO] running `Command { std: "docker" "rm" "-f" "3667a56b9643892c88f7820bda7a66cbaa309dfacbe256876299ab9e3b234592", kill_on_drop: false }`
[INFO] [stdout] 3667a56b9643892c88f7820bda7a66cbaa309dfacbe256876299ab9e3b234592
[INFO] running `Command { std: "docker" "create" "-v" "/var/lib/crater-agent-workspace/builds/worker-4-tc1/target:/opt/rustwide/target:rw,Z" "-v" "/var/lib/crater-agent-workspace/builds/worker-4-tc1/source:/opt/rustwide/workdir:ro,Z" "-v" "/var/lib/crater-agent-workspace/cargo-home:/opt/rustwide/cargo-home:ro,Z" "-v" "/var/lib/crater-agent-workspace/rustup-home:/opt/rustwide/rustup-home:ro,Z" "-e" "SOURCE_DIR=/opt/rustwide/workdir" "-e" "CARGO_TARGET_DIR=/opt/rustwide/target" "-e" "CARGO_INCREMENTAL=0" "-e" "RUST_BACKTRACE=full" "-e" "RUSTFLAGS=--cap-lints=warn" "-e" "RUSTDOCFLAGS=--cap-lints=warn" "-e" "CARGO_HOME=/opt/rustwide/cargo-home" "-e" "RUSTUP_HOME=/opt/rustwide/rustup-home" "-w" "/opt/rustwide/workdir" "-m" "1610612736" "--user" "0:0" "--network" "none" "ghcr.io/rust-lang/crates-build-env/linux@sha256:5ff2268d62e97bff2cde7d5815dd6ed5b47097566f13b8d0ca110b04b60e07ed" "/opt/rustwide/cargo-home/bin/cargo" "+1.69.0" "build" "--frozen" "--message-format=json", kill_on_drop: false }`
[INFO] [stdout] 0a96f63944cd656ee8f371274fcea81c45c1c7deb999e8d5caba6a5d142d0124
[INFO] running `Command { std: "docker" "start" "-a" "0a96f63944cd656ee8f371274fcea81c45c1c7deb999e8d5caba6a5d142d0124", kill_on_drop: false }`
[INFO] [stderr]    Compiling serde_archive v0.1.5 (/opt/rustwide/workdir)
[INFO] [stdout] warning: field `name` is never read
[INFO] [stdout]    --> src/ser/mod.rs:395:5
[INFO] [stdout]     |
[INFO] [stdout] 390 | pub struct Struct<'w, W>
[INFO] [stdout]     |            ------ field in this struct
[INFO] [stdout] ...
[INFO] [stdout] 395 |     name: &'w str,
[INFO] [stdout]     |     ^^^^
[INFO] [stdout]     |
[INFO] [stdout]     = note: `#[warn(dead_code)]` on by default
[INFO] [stdout] 
[INFO] [stdout] 
[INFO] [stdout] warning: 1 warning emitted
[INFO] [stdout] 
[INFO] [stdout] 
[INFO] [stderr]     Finished dev [unoptimized + debuginfo] target(s) in 0.37s
[INFO] running `Command { std: "docker" "inspect" "0a96f63944cd656ee8f371274fcea81c45c1c7deb999e8d5caba6a5d142d0124", kill_on_drop: false }`
[INFO] running `Command { std: "docker" "rm" "-f" "0a96f63944cd656ee8f371274fcea81c45c1c7deb999e8d5caba6a5d142d0124", kill_on_drop: false }`
[INFO] [stdout] 0a96f63944cd656ee8f371274fcea81c45c1c7deb999e8d5caba6a5d142d0124
[INFO] running `Command { std: "docker" "create" "-v" "/var/lib/crater-agent-workspace/builds/worker-4-tc1/target:/opt/rustwide/target:rw,Z" "-v" "/var/lib/crater-agent-workspace/builds/worker-4-tc1/source:/opt/rustwide/workdir:ro,Z" "-v" "/var/lib/crater-agent-workspace/cargo-home:/opt/rustwide/cargo-home:ro,Z" "-v" "/var/lib/crater-agent-workspace/rustup-home:/opt/rustwide/rustup-home:ro,Z" "-e" "SOURCE_DIR=/opt/rustwide/workdir" "-e" "CARGO_TARGET_DIR=/opt/rustwide/target" "-e" "CARGO_INCREMENTAL=0" "-e" "RUST_BACKTRACE=full" "-e" "RUSTFLAGS=--cap-lints=warn" "-e" "RUSTDOCFLAGS=--cap-lints=warn" "-e" "CARGO_HOME=/opt/rustwide/cargo-home" "-e" "RUSTUP_HOME=/opt/rustwide/rustup-home" "-w" "/opt/rustwide/workdir" "-m" "1610612736" "--user" "0:0" "--network" "none" "ghcr.io/rust-lang/crates-build-env/linux@sha256:5ff2268d62e97bff2cde7d5815dd6ed5b47097566f13b8d0ca110b04b60e07ed" "/opt/rustwide/cargo-home/bin/cargo" "+1.69.0" "test" "--frozen" "--no-run" "--message-format=json", kill_on_drop: false }`
[INFO] [stdout] 7d3756e0368276a6a774706f234fcd3cdf09629acabfc21aabd3687dc44be73f
[INFO] running `Command { std: "docker" "start" "-a" "7d3756e0368276a6a774706f234fcd3cdf09629acabfc21aabd3687dc44be73f", kill_on_drop: false }`
[INFO] [stderr]    Compiling serde_archive v0.1.5 (/opt/rustwide/workdir)
[INFO] [stdout] warning: field `name` is never read
[INFO] [stdout]    --> src/ser/mod.rs:395:5
[INFO] [stdout]     |
[INFO] [stdout] 390 | pub struct Struct<'w, W>
[INFO] [stdout]     |            ------ field in this struct
[INFO] [stdout] ...
[INFO] [stdout] 395 |     name: &'w str,
[INFO] [stdout]     |     ^^^^
[INFO] [stdout]     |
[INFO] [stdout]     = note: `#[warn(dead_code)]` on by default
[INFO] [stdout] 
[INFO] [stdout] 
[INFO] [stdout] warning: 1 warning emitted
[INFO] [stdout] 
[INFO] [stdout] 
[INFO] [stdout] warning: unused `#[macro_use]` import
[INFO] [stdout]  --> src/lib.rs:4:1
[INFO] [stdout]   |
[INFO] [stdout] 4 | #[macro_use]
[INFO] [stdout]   | ^^^^^^^^^^^^
[INFO] [stdout]   |
[INFO] [stdout]   = note: `#[warn(unused_imports)]` on by default
[INFO] [stdout] 
[INFO] [stdout] 
[INFO] [stdout] warning: field `name` is never read
[INFO] [stdout]    --> src/ser/mod.rs:395:5
[INFO] [stdout]     |
[INFO] [stdout] 390 | pub struct Struct<'w, W>
[INFO] [stdout]     |            ------ field in this struct
[INFO] [stdout] ...
[INFO] [stdout] 395 |     name: &'w str,
[INFO] [stdout]     |     ^^^^
[INFO] [stdout]     |
[INFO] [stdout]     = note: `#[warn(dead_code)]` on by default
[INFO] [stdout] 
[INFO] [stdout] 
[INFO] [stdout] warning: 2 warnings emitted
[INFO] [stdout] 
[INFO] [stdout] 
[INFO] [stderr]     Finished test [unoptimized + debuginfo] target(s) in 0.80s
[INFO] running `Command { std: "docker" "inspect" "7d3756e0368276a6a774706f234fcd3cdf09629acabfc21aabd3687dc44be73f", kill_on_drop: false }`
[INFO] running `Command { std: "docker" "rm" "-f" "7d3756e0368276a6a774706f234fcd3cdf09629acabfc21aabd3687dc44be73f", kill_on_drop: false }`
[INFO] [stdout] 7d3756e0368276a6a774706f234fcd3cdf09629acabfc21aabd3687dc44be73f
[INFO] running `Command { std: "docker" "create" "-v" "/var/lib/crater-agent-workspace/builds/worker-4-tc1/target:/opt/rustwide/target:rw,Z" "-v" "/var/lib/crater-agent-workspace/builds/worker-4-tc1/source:/opt/rustwide/workdir:ro,Z" "-v" "/var/lib/crater-agent-workspace/cargo-home:/opt/rustwide/cargo-home:ro,Z" "-v" "/var/lib/crater-agent-workspace/rustup-home:/opt/rustwide/rustup-home:ro,Z" "-e" "SOURCE_DIR=/opt/rustwide/workdir" "-e" "CARGO_TARGET_DIR=/opt/rustwide/target" "-e" "CARGO_INCREMENTAL=0" "-e" "RUST_BACKTRACE=full" "-e" "RUSTFLAGS=--cap-lints=warn" "-e" "RUSTDOCFLAGS=--cap-lints=warn" "-e" "CARGO_HOME=/opt/rustwide/cargo-home" "-e" "RUSTUP_HOME=/opt/rustwide/rustup-home" "-w" "/opt/rustwide/workdir" "-m" "1610612736" "--user" "0:0" "--network" "none" "ghcr.io/rust-lang/crates-build-env/linux@sha256:5ff2268d62e97bff2cde7d5815dd6ed5b47097566f13b8d0ca110b04b60e07ed" "/opt/rustwide/cargo-home/bin/cargo" "+1.69.0" "test" "--frozen", kill_on_drop: false }`
[INFO] [stdout] e8b727efdf33d931b0402ac0c7b16386dc6a786dfd9c05f67b5ef359eae7716b
[INFO] running `Command { std: "docker" "start" "-a" "e8b727efdf33d931b0402ac0c7b16386dc6a786dfd9c05f67b5ef359eae7716b", kill_on_drop: false }`
[INFO] [stderr] warning: field `name` is never read
[INFO] [stderr]    --> src/ser/mod.rs:395:5
[INFO] [stderr]     |
[INFO] [stderr] 390 | pub struct Struct<'w, W>
[INFO] [stderr]     |            ------ field in this struct
[INFO] [stderr] ...
[INFO] [stderr] 395 |     name: &'w str,
[INFO] [stderr]     |     ^^^^
[INFO] [stderr]     |
[INFO] [stderr]     = note: `#[warn(dead_code)]` on by default
[INFO] [stderr] 
[INFO] [stderr] warning: `serde_archive` (lib) generated 1 warning
[INFO] [stderr] warning: unused `#[macro_use]` import
[INFO] [stderr]  --> src/lib.rs:4:1
[INFO] [stderr]   |
[INFO] [stderr] 4 | #[macro_use]
[INFO] [stderr]   | ^^^^^^^^^^^^
[INFO] [stderr]   |
[INFO] [stderr]   = note: `#[warn(unused_imports)]` on by default
[INFO] [stderr] 
[INFO] [stderr] warning: `serde_archive` (lib test) generated 2 warnings (1 duplicate)
[INFO] [stderr]     Finished test [unoptimized + debuginfo] target(s) in 0.03s
[INFO] [stderr]      Running unittests src/lib.rs (/opt/rustwide/target/debug/deps/serde_archive-8fb95fabbf0c7757)
[INFO] [stdout] 
[INFO] [stdout] running 0 tests
[INFO] [stderr]      Running tests/test.rs (/opt/rustwide/target/debug/deps/test-03fec35618c307cd)
[INFO] [stdout] 
[INFO] [stdout] test result: ok. 0 passed; 0 failed; 0 ignored; 0 measured; 0 filtered out; finished in 0.00s
[INFO] [stdout] 
[INFO] [stderr]    Doc-tests serde_archive
[INFO] [stdout] 
[INFO] [stdout] running 0 tests
[INFO] [stdout] 
[INFO] [stdout] test result: ok. 0 passed; 0 failed; 0 ignored; 0 measured; 0 filtered out; finished in 0.00s
[INFO] [stdout] 
[INFO] [stderr] error[E0433]: failed to resolve: use of undeclared crate or module `zip`
[INFO] [stderr]   --> /opt/rustwide/workdir/src/ser/zip_writer.rs:16:31
[INFO] [stderr]    |
[INFO] [stderr] 16 | impl From<ZipCompression> for zip::CompressionMethod {
[INFO] [stderr]    |                               ^^^ use of undeclared crate or module `zip`
[INFO] [stderr] 
[INFO] [stderr] error[E0433]: failed to resolve: use of undeclared crate or module `zip`
[INFO] [stderr]   --> /opt/rustwide/workdir/src/ser/zip_writer.rs:28:13
[INFO] [stderr]    |
[INFO] [stderr] 28 |     writer :zip::ZipWriter<W>,
[INFO] [stderr]    |             ^^^ use of undeclared crate or module `zip`
[INFO] [stderr] 
[INFO] [stderr] error[E0433]: failed to resolve: use of undeclared crate or module `zip`
[INFO] [stderr]   --> /opt/rustwide/workdir/src/ser/zip_writer.rs:29:18
[INFO] [stderr]    |
[INFO] [stderr] 29 |     compression: zip::CompressionMethod,
[INFO] [stderr]    |                  ^^^ use of undeclared crate or module `zip`
[INFO] [stderr] 
[INFO] [stderr] error[E0433]: failed to resolve: use of undeclared crate or module `tar`
[INFO] [stderr]  --> /opt/rustwide/workdir/src/ser/tar_writer.rs:6:32
[INFO] [stderr]   |
[INFO] [stderr] 6 | pub struct TarWriter<W: Write>(tar::Builder<W>);
[INFO] [stderr]   |                                ^^^ use of undeclared crate or module `tar`
[INFO] [stderr] 
[INFO] [stderr] error: aborting due to 4 previous errors
[INFO] [stderr] 
[INFO] [stderr] For more information about this error, try `rustc --explain E0433`.
[INFO] [stderr] error: doctest failed, to rerun pass `--doc`
[INFO] [stderr] 
[INFO] [stderr] Caused by:
[INFO] [stderr]   process didn't exit successfully: `rustdoc --edition=2018 --crate-type lib --crate-name serde_archive --test /opt/rustwide/workdir/src/lib.rs -L dependency=/opt/rustwide/target/debug/deps -L dependency=/opt/rustwide/target/debug/deps --extern serde=/opt/rustwide/target/debug/deps/libserde-ecff9e9bb5abe319.rlib --extern serde_archive=/opt/rustwide/target/debug/deps/libserde_archive-7a926a547ee9d4f9.rlib --extern serde_derive=/opt/rustwide/target/debug/deps/libserde_derive-1e3f81b92e3ccf1e.so -C embed-bitcode=no --cap-lints=warn --error-format human` (exit status: 1)
[INFO] running `Command { std: "docker" "inspect" "e8b727efdf33d931b0402ac0c7b16386dc6a786dfd9c05f67b5ef359eae7716b", kill_on_drop: false }`
[INFO] running `Command { std: "docker" "rm" "-f" "e8b727efdf33d931b0402ac0c7b16386dc6a786dfd9c05f67b5ef359eae7716b", kill_on_drop: false }`
[INFO] [stdout] e8b727efdf33d931b0402ac0c7b16386dc6a786dfd9c05f67b5ef359eae7716b
