[INFO] fetching crate serde_amqp 0.5.9...
[INFO] testing serde_amqp-0.5.9 against 1.69.0 for beta-1.70-1
[INFO] extracting crate serde_amqp 0.5.9 into /workspace/builds/worker-2-tc1/source
[INFO] validating manifest of crates.io crate serde_amqp 0.5.9 on toolchain 1.69.0
[INFO] running `Command { std: CARGO_HOME="/workspace/cargo-home" RUSTUP_HOME="/workspace/rustup-home" "/workspace/cargo-home/bin/cargo" "+1.69.0" "metadata" "--manifest-path" "Cargo.toml" "--no-deps", kill_on_drop: false }`
[INFO] started tweaking crates.io crate serde_amqp 0.5.9
[INFO] finished tweaking crates.io crate serde_amqp 0.5.9
[INFO] tweaked toml for crates.io crate serde_amqp 0.5.9 written to /workspace/builds/worker-2-tc1/source/Cargo.toml
[INFO] running `Command { std: CARGO_HOME="/workspace/cargo-home" RUSTUP_HOME="/workspace/rustup-home" __CARGO_TEST_CHANNEL_OVERRIDE_DO_NOT_USE_THIS="nightly" "/workspace/cargo-home/bin/cargo" "+1.69.0" "generate-lockfile" "--manifest-path" "Cargo.toml" "-Zno-index-update", kill_on_drop: false }`
[INFO] running `Command { std: CARGO_HOME="/workspace/cargo-home" RUSTUP_HOME="/workspace/rustup-home" "/workspace/cargo-home/bin/cargo" "+1.69.0" "fetch" "--manifest-path" "Cargo.toml", kill_on_drop: false }`
[INFO] running `Command { std: "docker" "create" "-v" "/var/lib/crater-agent-workspace/builds/worker-2-tc1/target:/opt/rustwide/target:rw,Z" "-v" "/var/lib/crater-agent-workspace/builds/worker-2-tc1/source:/opt/rustwide/workdir:ro,Z" "-v" "/var/lib/crater-agent-workspace/cargo-home:/opt/rustwide/cargo-home:ro,Z" "-v" "/var/lib/crater-agent-workspace/rustup-home:/opt/rustwide/rustup-home:ro,Z" "-e" "SOURCE_DIR=/opt/rustwide/workdir" "-e" "CARGO_TARGET_DIR=/opt/rustwide/target" "-e" "CARGO_HOME=/opt/rustwide/cargo-home" "-e" "RUSTUP_HOME=/opt/rustwide/rustup-home" "-w" "/opt/rustwide/workdir" "-m" "1610612736" "--user" "0:0" "--network" "none" "ghcr.io/rust-lang/crates-build-env/linux@sha256:5ff2268d62e97bff2cde7d5815dd6ed5b47097566f13b8d0ca110b04b60e07ed" "/opt/rustwide/cargo-home/bin/cargo" "+1.69.0" "metadata" "--no-deps" "--format-version=1", kill_on_drop: false }`
[INFO] [stdout] 2fccd04a4ff7511d8391bc3af81116e2fb7b52b49341f8dfbb5f854295bee769
[INFO] running `Command { std: "docker" "start" "-a" "2fccd04a4ff7511d8391bc3af81116e2fb7b52b49341f8dfbb5f854295bee769", kill_on_drop: false }`
[INFO] running `Command { std: "docker" "inspect" "2fccd04a4ff7511d8391bc3af81116e2fb7b52b49341f8dfbb5f854295bee769", kill_on_drop: false }`
[INFO] running `Command { std: "docker" "rm" "-f" "2fccd04a4ff7511d8391bc3af81116e2fb7b52b49341f8dfbb5f854295bee769", kill_on_drop: false }`
[INFO] [stdout] 2fccd04a4ff7511d8391bc3af81116e2fb7b52b49341f8dfbb5f854295bee769
[INFO] running `Command { std: "docker" "create" "-v" "/var/lib/crater-agent-workspace/builds/worker-2-tc1/target:/opt/rustwide/target:rw,Z" "-v" "/var/lib/crater-agent-workspace/builds/worker-2-tc1/source:/opt/rustwide/workdir:ro,Z" "-v" "/var/lib/crater-agent-workspace/cargo-home:/opt/rustwide/cargo-home:ro,Z" "-v" "/var/lib/crater-agent-workspace/rustup-home:/opt/rustwide/rustup-home:ro,Z" "-e" "SOURCE_DIR=/opt/rustwide/workdir" "-e" "CARGO_TARGET_DIR=/opt/rustwide/target" "-e" "CARGO_INCREMENTAL=0" "-e" "RUST_BACKTRACE=full" "-e" "RUSTFLAGS=--cap-lints=warn" "-e" "RUSTDOCFLAGS=--cap-lints=warn" "-e" "CARGO_HOME=/opt/rustwide/cargo-home" "-e" "RUSTUP_HOME=/opt/rustwide/rustup-home" "-w" "/opt/rustwide/workdir" "-m" "1610612736" "--user" "0:0" "--network" "none" "ghcr.io/rust-lang/crates-build-env/linux@sha256:5ff2268d62e97bff2cde7d5815dd6ed5b47097566f13b8d0ca110b04b60e07ed" "/opt/rustwide/cargo-home/bin/cargo" "+1.69.0" "build" "--frozen" "--message-format=json", kill_on_drop: false }`
[INFO] [stdout] 7a0182777697f8b0f924a3aee1f00c567cc8542f9dceeda7f38a043339a26512
[INFO] running `Command { std: "docker" "start" "-a" "7a0182777697f8b0f924a3aee1f00c567cc8542f9dceeda7f38a043339a26512", kill_on_drop: false }`
[INFO] [stderr]    Compiling autocfg v1.1.0
[INFO] [stderr]    Compiling serde v1.0.160
[INFO] [stderr]    Compiling thiserror v1.0.40
[INFO] [stderr]    Compiling hashbrown v0.12.3
[INFO] [stderr]    Compiling bytes v1.4.0
[INFO] [stderr]    Compiling syn v2.0.15
[INFO] [stderr]    Compiling num-traits v0.2.15
[INFO] [stderr]    Compiling indexmap v1.9.3
[INFO] [stderr]    Compiling serde_derive v1.0.160
[INFO] [stderr]    Compiling thiserror-impl v1.0.40
[INFO] [stderr]    Compiling rand_core v0.6.4
[INFO] [stderr]    Compiling serde_bytes v0.11.9
[INFO] [stderr]    Compiling rand v0.8.5
[INFO] [stderr]    Compiling ordered-float v3.7.0
[INFO] [stderr]    Compiling serde_amqp v0.5.9 (/opt/rustwide/workdir)
[INFO] [stderr]     Finished dev [unoptimized + debuginfo] target(s) in 22.13s
[INFO] running `Command { std: "docker" "inspect" "7a0182777697f8b0f924a3aee1f00c567cc8542f9dceeda7f38a043339a26512", kill_on_drop: false }`
[INFO] running `Command { std: "docker" "rm" "-f" "7a0182777697f8b0f924a3aee1f00c567cc8542f9dceeda7f38a043339a26512", kill_on_drop: false }`
[INFO] [stdout] 7a0182777697f8b0f924a3aee1f00c567cc8542f9dceeda7f38a043339a26512
[INFO] running `Command { std: "docker" "create" "-v" "/var/lib/crater-agent-workspace/builds/worker-2-tc1/target:/opt/rustwide/target:rw,Z" "-v" "/var/lib/crater-agent-workspace/builds/worker-2-tc1/source:/opt/rustwide/workdir:ro,Z" "-v" "/var/lib/crater-agent-workspace/cargo-home:/opt/rustwide/cargo-home:ro,Z" "-v" "/var/lib/crater-agent-workspace/rustup-home:/opt/rustwide/rustup-home:ro,Z" "-e" "SOURCE_DIR=/opt/rustwide/workdir" "-e" "CARGO_TARGET_DIR=/opt/rustwide/target" "-e" "CARGO_INCREMENTAL=0" "-e" "RUST_BACKTRACE=full" "-e" "RUSTFLAGS=--cap-lints=warn" "-e" "RUSTDOCFLAGS=--cap-lints=warn" "-e" "CARGO_HOME=/opt/rustwide/cargo-home" "-e" "RUSTUP_HOME=/opt/rustwide/rustup-home" "-w" "/opt/rustwide/workdir" "-m" "1610612736" "--user" "0:0" "--network" "none" "ghcr.io/rust-lang/crates-build-env/linux@sha256:5ff2268d62e97bff2cde7d5815dd6ed5b47097566f13b8d0ca110b04b60e07ed" "/opt/rustwide/cargo-home/bin/cargo" "+1.69.0" "test" "--frozen" "--no-run" "--message-format=json", kill_on_drop: false }`
[INFO] [stdout] beaa98bdf853f5303e73021d0558ce6eec08c2ef3392a4bbbdda1dbbcf5687ea
[INFO] running `Command { std: "docker" "start" "-a" "beaa98bdf853f5303e73021d0558ce6eec08c2ef3392a4bbbdda1dbbcf5687ea", kill_on_drop: false }`
[INFO] [stderr]    Compiling serde_amqp v0.5.9 (/opt/rustwide/workdir)
[INFO] [stderr]     Finished test [unoptimized + debuginfo] target(s) in 5.40s
[INFO] running `Command { std: "docker" "inspect" "beaa98bdf853f5303e73021d0558ce6eec08c2ef3392a4bbbdda1dbbcf5687ea", kill_on_drop: false }`
[INFO] running `Command { std: "docker" "rm" "-f" "beaa98bdf853f5303e73021d0558ce6eec08c2ef3392a4bbbdda1dbbcf5687ea", kill_on_drop: false }`
[INFO] [stdout] beaa98bdf853f5303e73021d0558ce6eec08c2ef3392a4bbbdda1dbbcf5687ea
[INFO] running `Command { std: "docker" "create" "-v" "/var/lib/crater-agent-workspace/builds/worker-2-tc1/target:/opt/rustwide/target:rw,Z" "-v" "/var/lib/crater-agent-workspace/builds/worker-2-tc1/source:/opt/rustwide/workdir:ro,Z" "-v" "/var/lib/crater-agent-workspace/cargo-home:/opt/rustwide/cargo-home:ro,Z" "-v" "/var/lib/crater-agent-workspace/rustup-home:/opt/rustwide/rustup-home:ro,Z" "-e" "SOURCE_DIR=/opt/rustwide/workdir" "-e" "CARGO_TARGET_DIR=/opt/rustwide/target" "-e" "CARGO_INCREMENTAL=0" "-e" "RUST_BACKTRACE=full" "-e" "RUSTFLAGS=--cap-lints=warn" "-e" "RUSTDOCFLAGS=--cap-lints=warn" "-e" "CARGO_HOME=/opt/rustwide/cargo-home" "-e" "RUSTUP_HOME=/opt/rustwide/rustup-home" "-w" "/opt/rustwide/workdir" "-m" "1610612736" "--user" "0:0" "--network" "none" "ghcr.io/rust-lang/crates-build-env/linux@sha256:5ff2268d62e97bff2cde7d5815dd6ed5b47097566f13b8d0ca110b04b60e07ed" "/opt/rustwide/cargo-home/bin/cargo" "+1.69.0" "test" "--frozen", kill_on_drop: false }`
[INFO] [stdout] 2216e696b1aa899e897433b9bb80aa7a7cea0c74876f1dcb158e1276815723bf
[INFO] running `Command { std: "docker" "start" "-a" "2216e696b1aa899e897433b9bb80aa7a7cea0c74876f1dcb158e1276815723bf", kill_on_drop: false }`
[INFO] [stderr]     Finished test [unoptimized + debuginfo] target(s) in 0.04s
[INFO] [stderr]      Running unittests src/lib.rs (/opt/rustwide/target/debug/deps/serde_amqp-ac5ad12e50d9dae3)
[INFO] [stdout] 
[INFO] [stdout] running 167 tests
[INFO] [stdout] test de::tests::test_deserialize_array ... ok
[INFO] [stdout] test de::tests::test_deserialize_decimal32 ... ok
[INFO] [stdout] test de::tests::test_deserialize_bytes ... ok
[INFO] [stdout] test de::tests::test_deserialize_i32 ... ok
[INFO] [stdout] test de::tests::test_deserialize_i16 ... ok
[INFO] [stdout] test de::tests::test_deserialize_i64 ... ok
[INFO] [stdout] test de::tests::test_deserialize_nondescribed_struct ... ok
[INFO] [stdout] test de::tests::test_deserialize_i8 ... ok
[INFO] [stdout] test de::tests::test_deserialize_newtype_variant ... ok
[INFO] [stdout] test de::tests::test_deserialize_map ... ok
[INFO] [stdout] test de::tests::test_deserialize_symbol ... ok
[INFO] [stdout] test de::tests::test_deserialize_str ... ok
[INFO] [stdout] test de::tests::test_deserialize_tuple_variant ... ok
[INFO] [stdout] test de::tests::test_deserialize_u16 ... ok
[INFO] [stdout] test de::tests::test_deserialize_struct_variant ... ok
[INFO] [stdout] test de::tests::test_deserialize_timestamp ... ok
[INFO] [stdout] test de::tests::test_deserialize_list ... ok
[INFO] [stdout] test de::tests::test_deserialize_u64 ... ok
[INFO] [stdout] test de::tests::test_deserialize_u32 ... ok
[INFO] [stdout] test de::tests::test_deserialize_u8 ... ok
[INFO] [stdout] test described::tests::test_deserialzie_described_value ... ok
[INFO] [stdout] test de::tests::test_deserialize_unit_variant ... ok
[INFO] [stdout] test de::tests::test_deserialize_uuid ... ok
[INFO] [stdout] test described::tests::test_serialize_described_value ... ok
[INFO] [stdout] test descriptor::tests::test_deserialize_descriptor ... ok
[INFO] [stdout] test format_code::tests::debug_encoding_codes ... ok
[INFO] [stdout] test format_code::tests::print_encoding_codes ... ok
[INFO] [stdout] test descriptor::tests::test_peek_descriptor_name ... ok
[INFO] [stdout] test descriptor::tests::test_peek_then_consume ... ok
[INFO] [stdout] test descriptor::tests::test_peek_descriptor_code ... ok
[INFO] [stdout] test format_code::tests::size_of_encoding_codes ... ok
[INFO] [stdout] test primitives::array::tests::test_serialize_and_deserialize_multiple_elem_array ... ok
[INFO] [stdout] test primitives::array::tests::test_serialize_and_deserialize_array_encoded_single_elem_array ... ok
[INFO] [stdout] test primitives::array::tests::test_serialize_and_deserialize_single_value_encoded_single_elem_array ... ok
[INFO] [stdout] test primitives::binary_ref::tests::test_deserialize_binary_ref ... ok
[INFO] [stdout] test primitives::binary_ref::tests::test_format_lower_hex ... ok
[INFO] [stdout] test primitives::symbol::tests::test_deserialize_symbol_ref ... ok
[INFO] [stdout] test primitives::symbol::tests::test_serialize_symbol_ref ... ok
[INFO] [stdout] test primitives::binary_ref::tests::test_format_upper_hex ... ok
[INFO] [stdout] test primitives::symbol::tests::test_borrow_str ... ok
[INFO] [stdout] test primitives::uuid::tests::test_lower_hex_formatting ... ok
[INFO] [stdout] test primitives::uuid::tests::test_upper_hex_formatting ... ok
[INFO] [stdout] test read::ioread::tests::test_incomplete_read_const_bytes_after_peek ... ok
[INFO] [stdout] test read::ioread::tests::test_incomplete_read_const_bytes_without_peek ... ok
[INFO] [stdout] test read::ioread::tests::test_next ... ok
[INFO] [stdout] test read::ioread::tests::test_peek ... ok
[INFO] [stdout] test read::ioread::tests::test_read_const_bytes_after_peek ... ok
[INFO] [stdout] test read::ioread::tests::test_read_const_bytes_without_peek ... ok
[INFO] [stdout] test read::sliceread::tests::test_incomplete_read_const_bytes_after_peek ... ok
[INFO] [stdout] test read::sliceread::tests::test_incomplete_read_const_bytes_without_peek ... ok
[INFO] [stdout] test read::sliceread::tests::test_next ... ok
[INFO] [stdout] test read::sliceread::tests::test_peek ... ok
[INFO] [stdout] test read::sliceread::tests::test_read_const_bytes_without_peek ... ok
[INFO] [stdout] test ser::test::test_bool ... ok
[INFO] [stdout] test de::tests::test_deserialize_bool ... ok
[INFO] [stdout] test read::ioread::tests::test_peek_bytes ... ok
[INFO] [stdout] test ser::test::test_char ... ok
[INFO] [stdout] test ser::test::test_bytes ... ok
[INFO] [stdout] test ser::test::test_f32 ... ok
[INFO] [stdout] test read::sliceread::tests::test_read_const_bytes_after_peek ... ok
[INFO] [stdout] test ser::test::test_i16 ... ok
[INFO] [stdout] test ser::test::test_i64 ... ok
[INFO] [stdout] test ser::test::test_i32 ... ok
[INFO] [stdout] test ser::test::test_i8 ... ok
[INFO] [stdout] test ser::test::test_none ... ok
[INFO] [stdout] test ser::test::test_serialize_array ... ok
[INFO] [stdout] test ser::test::test_serialize_descriptor_code ... ok
[INFO] [stdout] test ser::test::test_serialize_descriptor_name ... ok
[INFO] [stdout] test ser::test::test_serialize_map ... ok
[INFO] [stdout] test ser::test::test_serialize_newtype_variant ... ok
[INFO] [stdout] test ser::test::test_serialize_non_described_struct ... ok
[INFO] [stdout] test ser::test::test_serialize_slice_as_array ... ok
[INFO] [stdout] test ser::test::test_serialize_struct_variant ... ok
[INFO] [stdout] test ser::test::test_serialize_symbol ... ok
[INFO] [stdout] test ser::test::test_serialize_timestamp ... ok
[INFO] [stdout] test ser::test::test_serialize_tuple_variant ... ok
[INFO] [stdout] test ser::test::test_serialize_unit_variant ... ok
[INFO] [stdout] test ser::test::test_serialize_uuid ... ok
[INFO] [stdout] test ser::test::test_serialize_vec_as_array ... ok
[INFO] [stdout] test ser::test::test_serialize_vec_of_tuple ... ok
[INFO] [stdout] test ser::test::test_serializing_dec128 ... ok
[INFO] [stdout] test ser::test::test_serializing_dec32 ... ok
[INFO] [stdout] test ser::test::test_serializing_dec64 ... ok
[INFO] [stdout] test ser::test::test_serialzie_list ... ok
[INFO] [stdout] test ser::test::test_serialzie_slice_as_list ... ok
[INFO] [stdout] test ser::test::test_some ... ok
[INFO] [stdout] test ser::test::test_str ... ok
[INFO] [stdout] test ser::test::test_u16 ... ok
[INFO] [stdout] test ser::test::test_u32 ... ok
[INFO] [stdout] test ser::test::test_u64 ... ok
[INFO] [stdout] test ser::test::test_u8 ... ok
[INFO] [stdout] test ser::test::test_unit ... ok
[INFO] [stdout] test size_ser::tests::serialized_size_of_array ... ok
[INFO] [stdout] test size_ser::tests::serialized_size_of_bool ... ok
[INFO] [stdout] test size_ser::tests::serialized_size_of_char ... ok
[INFO] [stdout] test size_ser::tests::serialized_size_of_dec128 ... ok
[INFO] [stdout] test size_ser::tests::serialized_size_of_dec64 ... ok
[INFO] [stdout] test size_ser::tests::serialized_size_of_dec32 ... ok
[INFO] [stdout] test size_ser::tests::serialized_size_of_f32 ... ok
[INFO] [stdout] test size_ser::tests::serialized_size_of_f64 ... ok
[INFO] [stdout] test size_ser::tests::serialized_size_of_i16 ... ok
[INFO] [stdout] test size_ser::tests::serialized_size_of_i32 ... ok
[INFO] [stdout] test size_ser::tests::serialized_size_of_i64 ... ok
[INFO] [stdout] test size_ser::tests::serialized_size_of_i8 ... ok
[INFO] [stdout] test size_ser::tests::serialized_size_of_list ... ok
[INFO] [stdout] test size_ser::tests::serialized_size_of_map ... ok
[INFO] [stdout] test size_ser::tests::serialized_size_of_str ... ok
[INFO] [stdout] test size_ser::tests::serialized_size_of_symbol ... ok
[INFO] [stdout] test size_ser::tests::serialized_size_of_timestamp ... ok
[INFO] [stdout] test size_ser::tests::serialized_size_of_u16 ... ok
[INFO] [stdout] test size_ser::tests::serialized_size_of_u32 ... ok
[INFO] [stdout] test size_ser::tests::serialized_size_of_u64 ... ok
[INFO] [stdout] test size_ser::tests::serialized_size_of_u8 ... ok
[INFO] [stdout] test size_ser::tests::serialized_size_of_uuid ... ok
[INFO] [stdout] test size_ser::tests::serialized_size_of_vbin ... ok
[INFO] [stdout] test value::de::tests::test_bool_from_value ... ok
[INFO] [stdout] test value::de::tests::test_decimal128_from_value ... ok
[INFO] [stdout] test value::de::tests::test_decimal32_from_value ... ok
[INFO] [stdout] test value::de::tests::test_decimal64_from_value ... ok
[INFO] [stdout] test value::de::tests::test_deserialize_array ... ok
[INFO] [stdout] test value::de::tests::test_deserialize_list ... ok
[INFO] [stdout] test value::de::tests::test_deserialize_map ... ok
[INFO] [stdout] test value::de::tests::test_deserialize_value_newtype_variant ... ok
[INFO] [stdout] test value::de::tests::test_deserialize_value_struct_variant ... ok
[INFO] [stdout] test value::de::tests::test_deserialize_value_tuple_variant ... ok
[INFO] [stdout] test value::de::tests::test_deserialize_value_unit_variant ... ok
[INFO] [stdout] test value::de::tests::test_timestamp_from_value ... ok
[INFO] [stdout] test value::de::tests::test_uuid_from_value ... ok
[INFO] [stdout] test value::ser::tests::test_serialize_value_array ... ok
[INFO] [stdout] test de::tests::test_deserialize_string ... ok
[INFO] [stdout] test ser::test::test_f64 ... ok
[INFO] [stdout] test de::tests::test_deserialize_decimal ... ok
[INFO] [stdout] test value::ser::tests::test_serialize_value_list ... ok
[INFO] [stdout] test value::ser::tests::test_serialize_value_map ... ok
[INFO] [stdout] test value::ser::tests::test_serialize_value_struct_variant ... ok
[INFO] [stdout] test value::ser::tests::test_serialize_value_timestamp ... ok
[INFO] [stdout] test primitives::binary_ref::tests::test_serialize_binary_ref ... ok
[INFO] [stdout] test value::ser::tests::test_serialize_value_newtype_variant ... ok
[INFO] [stdout] test value::ser::tests::test_serialize_value_bool ... ok
[INFO] [stdout] test value::ser::tests::test_serialize_value_tuple_variant ... ok
[INFO] [stdout] test value::ser::tests::test_serialize_value_unit_variant ... ok
[INFO] [stdout] test value::ser::tests::test_serialize_vec_of_tuple ... ok
[INFO] [stdout] test value::tests::mem_size_of_value ... ok
[INFO] [stdout] test value::tests::test_value_array ... ok
[INFO] [stdout] test value::tests::test_value_binary ... ok
[INFO] [stdout] test value::tests::test_value_bool ... ok
[INFO] [stdout] test value::tests::test_value_byte ... ok
[INFO] [stdout] test value::tests::test_value_char ... ok
[INFO] [stdout] test value::tests::test_value_decimal128 ... ok
[INFO] [stdout] test value::tests::test_value_decimal32 ... ok
[INFO] [stdout] test value::tests::test_value_decimal64 ... ok
[INFO] [stdout] test value::tests::test_value_double ... ok
[INFO] [stdout] test value::tests::test_value_float ... ok
[INFO] [stdout] test value::tests::test_value_int ... ok
[INFO] [stdout] test value::tests::test_value_list ... ok
[INFO] [stdout] test value::tests::test_value_map ... ok
[INFO] [stdout] test value::tests::test_value_long ... ok
[INFO] [stdout] test value::tests::test_value_null ... ok
[INFO] [stdout] test value::tests::test_value_short ... ok
[INFO] [stdout] test value::tests::test_value_ubyte ... ok
[INFO] [stdout] test value::tests::test_value_symbol ... ok
[INFO] [stdout] test value::tests::test_value_timestamp ... ok
[INFO] [stdout] test value::tests::test_value_uint ... ok
[INFO] [stdout] test value::tests::test_value_ushort ... ok
[INFO] [stdout] test value::tests::test_value_string ... ok
[INFO] [stdout] test value::tests::test_value_ulong ... ok
[INFO] [stdout] test value::tests::test_value_uuid ... ok
[INFO] [stdout] 
[INFO] [stdout] test result: ok. 167 passed; 0 failed; 0 ignored; 0 measured; 0 filtered out; finished in 0.02s
[INFO] [stdout] 
[INFO] [stderr]      Running tests/derive.rs (/opt/rustwide/target/debug/deps/derive-5bd65414aaa5c2b9)
[INFO] [stdout] 
[INFO] [stdout] running 0 tests
[INFO] [stdout] 
[INFO] [stdout] test result: ok. 0 passed; 0 failed; 0 ignored; 0 measured; 0 filtered out; finished in 0.00s
[INFO] [stdout] 
[INFO] [stderr]      Running tests/described_basic.rs (/opt/rustwide/target/debug/deps/described_basic-57f2c4c7ee162c8d)
[INFO] [stdout] 
[INFO] [stdout] running 0 tests
[INFO] [stdout] 
[INFO] [stdout] test result: ok. 0 passed; 0 failed; 0 ignored; 0 measured; 0 filtered out; finished in 0.00s
[INFO] [stdout] 
[INFO] [stderr]      Running tests/described_list.rs (/opt/rustwide/target/debug/deps/described_list-5d2beb80d97f3e7d)
[INFO] [stdout] 
[INFO] [stdout] running 0 tests
[INFO] [stdout] 
[INFO] [stdout] test result: ok. 0 passed; 0 failed; 0 ignored; 0 measured; 0 filtered out; finished in 0.00s
[INFO] [stdout] 
[INFO] [stderr]    Doc-tests serde_amqp
[INFO] [stdout] 
[INFO] [stdout] running 5 tests
[INFO] [stdout] test src/lib.rs - (line 149) ... ignored
[INFO] [stdout] test src/lib.rs - (line 209) ... ignored
[INFO] [stdout] test src/lib.rs - (line 228) ... FAILED
[INFO] [stdout] test src/lib.rs - (line 43) ... FAILED
[INFO] [stdout] test src/lib.rs - (line 75) ... ok
[INFO] [stdout] 
[INFO] [stdout] failures:
[INFO] [stdout] 
[INFO] [stdout] ---- src/lib.rs - (line 228) stdout ----
[INFO] [stdout] error[E0432]: unresolved import `serde_amqp::macros`
[INFO] [stdout]  --> src/lib.rs:229:17
[INFO] [stdout]   |
[INFO] [stdout] 4 | use serde_amqp::macros::{SerializeComposite, DeserializeComposite};
[INFO] [stdout]   |                 ^^^^^^ could not find `macros` in `serde_amqp`
[INFO] [stdout] 
[INFO] [stdout] error: cannot determine resolution for the derive macro `SerializeComposite`
[INFO] [stdout]  --> src/lib.rs:231:24
[INFO] [stdout]   |
[INFO] [stdout] 6 | #[derive(Debug, Clone, SerializeComposite, DeserializeComposite)]
[INFO] [stdout]   |                        ^^^^^^^^^^^^^^^^^^
[INFO] [stdout]   |
[INFO] [stdout]   = note: import resolution is stuck, try simplifying macro imports
[INFO] [stdout] 
[INFO] [stdout] error: cannot determine resolution for the derive macro `DeserializeComposite`
[INFO] [stdout]  --> src/lib.rs:231:44
[INFO] [stdout]   |
[INFO] [stdout] 6 | #[derive(Debug, Clone, SerializeComposite, DeserializeComposite)]
[INFO] [stdout]   |                                            ^^^^^^^^^^^^^^^^^^^^
[INFO] [stdout]   |
[INFO] [stdout]   = note: import resolution is stuck, try simplifying macro imports
[INFO] [stdout] 
[INFO] [stdout] error: cannot find attribute `amqp_contract` in this scope
[INFO] [stdout]  --> src/lib.rs:232:3
[INFO] [stdout]   |
[INFO] [stdout] 7 | #[amqp_contract(
[INFO] [stdout]   |   ^^^^^^^^^^^^^
[INFO] [stdout] 
[INFO] [stdout] error: aborting due to 4 previous errors
[INFO] [stdout] 
[INFO] [stdout] For more information about this error, try `rustc --explain E0432`.
[INFO] [stdout] Couldn't compile the test.
[INFO] [stdout] ---- src/lib.rs - (line 43) stdout ----
[INFO] [stdout] error[E0432]: unresolved imports `serde_amqp::SerializeComposite`, `serde_amqp::DeserializeComposite`
[INFO] [stdout]  --> src/lib.rs:45:5
[INFO] [stdout]   |
[INFO] [stdout] 5 |     SerializeComposite, DeserializeComposite, Value, to_vec, from_slice,
[INFO] [stdout]   |     ^^^^^^^^^^^^^^^^^^  ^^^^^^^^^^^^^^^^^^^^ no `DeserializeComposite` in the root
[INFO] [stdout]   |     |
[INFO] [stdout]   |     no `SerializeComposite` in the root
[INFO] [stdout] 
[INFO] [stdout] error: cannot determine resolution for the derive macro `SerializeComposite`
[INFO] [stdout]  --> src/lib.rs:49:17
[INFO] [stdout]   |
[INFO] [stdout] 9 | #[derive(Debug, SerializeComposite, DeserializeComposite)]
[INFO] [stdout]   |                 ^^^^^^^^^^^^^^^^^^
[INFO] [stdout]   |
[INFO] [stdout]   = note: import resolution is stuck, try simplifying macro imports
[INFO] [stdout] 
[INFO] [stdout] error: cannot determine resolution for the derive macro `DeserializeComposite`
[INFO] [stdout]  --> src/lib.rs:49:37
[INFO] [stdout]   |
[INFO] [stdout] 9 | #[derive(Debug, SerializeComposite, DeserializeComposite)]
[INFO] [stdout]   |                                     ^^^^^^^^^^^^^^^^^^^^
[INFO] [stdout]   |
[INFO] [stdout]   = note: import resolution is stuck, try simplifying macro imports
[INFO] [stdout] 
[INFO] [stdout] error: cannot find attribute `amqp_contract` in this scope
[INFO] [stdout]   --> src/lib.rs:50:3
[INFO] [stdout]    |
[INFO] [stdout] 10 | #[amqp_contract(code = "0x00:0x13", encoding = "list")]
[INFO] [stdout]    |   ^^^^^^^^^^^^^
[INFO] [stdout] 
[INFO] [stdout] error[E0277]: the trait bound `Foo: Serialize` is not satisfied
[INFO] [stdout]   --> src/lib.rs:54:18
[INFO] [stdout]    |
[INFO] [stdout] 14 | let buf = to_vec(&foo).unwrap();
[INFO] [stdout]    |           ------ ^^^^ the trait `Serialize` is not implemented for `Foo`
[INFO] [stdout]    |           |
[INFO] [stdout]    |           required by a bound introduced by this call
[INFO] [stdout]    |
[INFO] [stdout]    = help: the following other types implement trait `Serialize`:
[INFO] [stdout]              &'a T
[INFO] [stdout]              &'a mut T
[INFO] [stdout]              ()
[INFO] [stdout]              (T0, T1)
[INFO] [stdout]              (T0, T1, T2)
[INFO] [stdout]              (T0, T1, T2, T3)
[INFO] [stdout]              (T0, T1, T2, T3, T4)
[INFO] [stdout]              (T0, T1, T2, T3, T4, T5)
[INFO] [stdout]            and 158 others
[INFO] [stdout] note: required by a bound in `to_vec`
[INFO] [stdout]   --> /opt/rustwide/workdir/src/ser.rs:33:8
[INFO] [stdout]    |
[INFO] [stdout] 33 |     T: Serialize,
[INFO] [stdout]    |        ^^^^^^^^^ required by this bound in `to_vec`
[INFO] [stdout] 
[INFO] [stdout] error: aborting due to 5 previous errors
[INFO] [stdout] 
[INFO] [stdout] Some errors have detailed explanations: E0277, E0432.
[INFO] [stdout] For more information about an error, try `rustc --explain E0277`.
[INFO] [stdout] Couldn't compile the test.
[INFO] [stdout] 
[INFO] [stdout] failures:
[INFO] [stdout]     src/lib.rs - (line 228)
[INFO] [stdout]     src/lib.rs - (line 43)
[INFO] [stdout] 
[INFO] [stdout] test result: FAILED. 1 passed; 2 failed; 2 ignored; 0 measured; 0 filtered out; finished in 0.16s
[INFO] [stdout] 
[INFO] [stderr] error: doctest failed, to rerun pass `--doc`
[INFO] running `Command { std: "docker" "inspect" "2216e696b1aa899e897433b9bb80aa7a7cea0c74876f1dcb158e1276815723bf", kill_on_drop: false }`
[INFO] running `Command { std: "docker" "rm" "-f" "2216e696b1aa899e897433b9bb80aa7a7cea0c74876f1dcb158e1276815723bf", kill_on_drop: false }`
[INFO] [stdout] 2216e696b1aa899e897433b9bb80aa7a7cea0c74876f1dcb158e1276815723bf
