[INFO] fetching crate serde-wasm-bindgen 0.5.0...
[INFO] testing serde-wasm-bindgen-0.5.0 against beta-2023-04-20 for beta-1.70-1
[INFO] extracting crate serde-wasm-bindgen 0.5.0 into /workspace/builds/worker-3-tc2/source
[INFO] validating manifest of crates.io crate serde-wasm-bindgen 0.5.0 on toolchain beta-2023-04-20
[INFO] running `Command { std: CARGO_HOME="/workspace/cargo-home" RUSTUP_HOME="/workspace/rustup-home" "/workspace/cargo-home/bin/cargo" "+beta-2023-04-20" "metadata" "--manifest-path" "Cargo.toml" "--no-deps", kill_on_drop: false }`
[INFO] started tweaking crates.io crate serde-wasm-bindgen 0.5.0
[INFO] finished tweaking crates.io crate serde-wasm-bindgen 0.5.0
[INFO] tweaked toml for crates.io crate serde-wasm-bindgen 0.5.0 written to /workspace/builds/worker-3-tc2/source/Cargo.toml
[INFO] running `Command { std: CARGO_HOME="/workspace/cargo-home" RUSTUP_HOME="/workspace/rustup-home" __CARGO_TEST_CHANNEL_OVERRIDE_DO_NOT_USE_THIS="nightly" "/workspace/cargo-home/bin/cargo" "+beta-2023-04-20" "generate-lockfile" "--manifest-path" "Cargo.toml" "-Zno-index-update", kill_on_drop: false }`
[INFO] running `Command { std: CARGO_HOME="/workspace/cargo-home" RUSTUP_HOME="/workspace/rustup-home" "/workspace/cargo-home/bin/cargo" "+beta-2023-04-20" "fetch" "--manifest-path" "Cargo.toml", kill_on_drop: false }`
[INFO] running `Command { std: "docker" "create" "-v" "/var/lib/crater-agent-workspace/builds/worker-3-tc2/target:/opt/rustwide/target:rw,Z" "-v" "/var/lib/crater-agent-workspace/builds/worker-3-tc2/source:/opt/rustwide/workdir:ro,Z" "-v" "/var/lib/crater-agent-workspace/cargo-home:/opt/rustwide/cargo-home:ro,Z" "-v" "/var/lib/crater-agent-workspace/rustup-home:/opt/rustwide/rustup-home:ro,Z" "-e" "SOURCE_DIR=/opt/rustwide/workdir" "-e" "CARGO_TARGET_DIR=/opt/rustwide/target" "-e" "CARGO_HOME=/opt/rustwide/cargo-home" "-e" "RUSTUP_HOME=/opt/rustwide/rustup-home" "-w" "/opt/rustwide/workdir" "-m" "1610612736" "--user" "0:0" "--network" "none" "ghcr.io/rust-lang/crates-build-env/linux@sha256:5ff2268d62e97bff2cde7d5815dd6ed5b47097566f13b8d0ca110b04b60e07ed" "/opt/rustwide/cargo-home/bin/cargo" "+beta-2023-04-20" "metadata" "--no-deps" "--format-version=1", kill_on_drop: false }`
[INFO] [stdout] a5e53877dd79c1ae2538b03bf060fc63dcd740441b9a10dc36274771f11ae520
[INFO] running `Command { std: "docker" "start" "-a" "a5e53877dd79c1ae2538b03bf060fc63dcd740441b9a10dc36274771f11ae520", kill_on_drop: false }`
[INFO] running `Command { std: "docker" "inspect" "a5e53877dd79c1ae2538b03bf060fc63dcd740441b9a10dc36274771f11ae520", kill_on_drop: false }`
[INFO] running `Command { std: "docker" "rm" "-f" "a5e53877dd79c1ae2538b03bf060fc63dcd740441b9a10dc36274771f11ae520", kill_on_drop: false }`
[INFO] [stdout] a5e53877dd79c1ae2538b03bf060fc63dcd740441b9a10dc36274771f11ae520
[INFO] running `Command { std: "docker" "create" "-v" "/var/lib/crater-agent-workspace/builds/worker-3-tc2/target:/opt/rustwide/target:rw,Z" "-v" "/var/lib/crater-agent-workspace/builds/worker-3-tc2/source:/opt/rustwide/workdir:ro,Z" "-v" "/var/lib/crater-agent-workspace/cargo-home:/opt/rustwide/cargo-home:ro,Z" "-v" "/var/lib/crater-agent-workspace/rustup-home:/opt/rustwide/rustup-home:ro,Z" "-e" "SOURCE_DIR=/opt/rustwide/workdir" "-e" "CARGO_TARGET_DIR=/opt/rustwide/target" "-e" "CARGO_INCREMENTAL=0" "-e" "RUST_BACKTRACE=full" "-e" "RUSTFLAGS=--cap-lints=warn" "-e" "RUSTDOCFLAGS=--cap-lints=warn" "-e" "CARGO_HOME=/opt/rustwide/cargo-home" "-e" "RUSTUP_HOME=/opt/rustwide/rustup-home" "-w" "/opt/rustwide/workdir" "-m" "1610612736" "--user" "0:0" "--network" "none" "ghcr.io/rust-lang/crates-build-env/linux@sha256:5ff2268d62e97bff2cde7d5815dd6ed5b47097566f13b8d0ca110b04b60e07ed" "/opt/rustwide/cargo-home/bin/cargo" "+beta-2023-04-20" "build" "--frozen" "--message-format=json", kill_on_drop: false }`
[INFO] [stdout] 82a907fc4b3594298ef40583f5bc177b272b4b4d7c1fbf660630a7ba97297bd1
[INFO] running `Command { std: "docker" "start" "-a" "82a907fc4b3594298ef40583f5bc177b272b4b4d7c1fbf660630a7ba97297bd1", kill_on_drop: false }`
[INFO] [stderr]    Compiling syn v1.0.109
[INFO] [stderr]    Compiling log v0.4.17
[INFO] [stderr]    Compiling wasm-bindgen-shared v0.2.84
[INFO] [stderr]    Compiling once_cell v1.17.1
[INFO] [stderr]    Compiling bumpalo v3.12.1
[INFO] [stderr]    Compiling wasm-bindgen v0.2.84
[INFO] [stderr]    Compiling syn v2.0.15
[INFO] [stderr]    Compiling serde v1.0.160
[INFO] [stderr]    Compiling serde_derive v1.0.160
[INFO] [stderr]    Compiling wasm-bindgen-backend v0.2.84
[INFO] [stderr]    Compiling wasm-bindgen-macro-support v0.2.84
[INFO] [stderr]    Compiling wasm-bindgen-macro v0.2.84
[INFO] [stderr]    Compiling js-sys v0.3.61
[INFO] [stderr]    Compiling serde-wasm-bindgen v0.5.0 (/opt/rustwide/workdir)
[INFO] [stderr]     Finished dev [unoptimized + debuginfo] target(s) in 9.94s
[INFO] running `Command { std: "docker" "inspect" "82a907fc4b3594298ef40583f5bc177b272b4b4d7c1fbf660630a7ba97297bd1", kill_on_drop: false }`
[INFO] running `Command { std: "docker" "rm" "-f" "82a907fc4b3594298ef40583f5bc177b272b4b4d7c1fbf660630a7ba97297bd1", kill_on_drop: false }`
[INFO] [stdout] 82a907fc4b3594298ef40583f5bc177b272b4b4d7c1fbf660630a7ba97297bd1
[INFO] running `Command { std: "docker" "create" "-v" "/var/lib/crater-agent-workspace/builds/worker-3-tc2/target:/opt/rustwide/target:rw,Z" "-v" "/var/lib/crater-agent-workspace/builds/worker-3-tc2/source:/opt/rustwide/workdir:ro,Z" "-v" "/var/lib/crater-agent-workspace/cargo-home:/opt/rustwide/cargo-home:ro,Z" "-v" "/var/lib/crater-agent-workspace/rustup-home:/opt/rustwide/rustup-home:ro,Z" "-e" "SOURCE_DIR=/opt/rustwide/workdir" "-e" "CARGO_TARGET_DIR=/opt/rustwide/target" "-e" "CARGO_INCREMENTAL=0" "-e" "RUST_BACKTRACE=full" "-e" "RUSTFLAGS=--cap-lints=warn" "-e" "RUSTDOCFLAGS=--cap-lints=warn" "-e" "CARGO_HOME=/opt/rustwide/cargo-home" "-e" "RUSTUP_HOME=/opt/rustwide/rustup-home" "-w" "/opt/rustwide/workdir" "-m" "1610612736" "--user" "0:0" "--network" "none" "ghcr.io/rust-lang/crates-build-env/linux@sha256:5ff2268d62e97bff2cde7d5815dd6ed5b47097566f13b8d0ca110b04b60e07ed" "/opt/rustwide/cargo-home/bin/cargo" "+beta-2023-04-20" "test" "--frozen" "--no-run" "--message-format=json", kill_on_drop: false }`
[INFO] [stdout] 3d32b491b5b8a925fa077ce0cd77a7c28e619732ae1c06c95feb6eda80b759da
[INFO] running `Command { std: "docker" "start" "-a" "3d32b491b5b8a925fa077ce0cd77a7c28e619732ae1c06c95feb6eda80b759da", kill_on_drop: false }`
[INFO] [stderr]    Compiling libc v0.2.142
[INFO] [stderr]    Compiling libm v0.2.6
[INFO] [stderr]    Compiling num-traits v0.2.15
[INFO] [stderr]    Compiling ppv-lite86 v0.2.17
[INFO] [stderr]    Compiling serde_json v1.0.96
[INFO] [stderr]    Compiling wasm-bindgen-test-macro v0.3.34
[INFO] [stderr]    Compiling unarray v0.1.4
[INFO] [stderr]    Compiling wasm-bindgen-futures v0.4.34
[INFO] [stderr]    Compiling console_error_panic_hook v0.1.7
[INFO] [stderr]    Compiling quick-error v2.0.1
[INFO] [stderr]    Compiling itoa v1.0.6
[INFO] [stderr]    Compiling byteorder v1.4.3
[INFO] [stderr]    Compiling regex-syntax v0.6.29
[INFO] [stderr]    Compiling scoped-tls v1.0.1
[INFO] [stderr]    Compiling ryu v1.0.13
[INFO] [stderr]    Compiling serde_bytes v0.11.9
[INFO] [stderr]    Compiling wasm-bindgen-test v0.3.34
[INFO] [stderr]    Compiling maplit v1.0.2
[INFO] [stderr]    Compiling getrandom v0.2.9
[INFO] [stderr]    Compiling rand_core v0.6.4
[INFO] [stderr]    Compiling rand_chacha v0.3.1
[INFO] [stderr]    Compiling rand_xorshift v0.3.0
[INFO] [stderr]    Compiling rand v0.8.5
[INFO] [stderr]    Compiling proptest v1.1.0
[INFO] [stderr]    Compiling serde-wasm-bindgen v0.5.0 (/opt/rustwide/workdir)
[INFO] [stderr]     Finished test [unoptimized + debuginfo] target(s) in 10.42s
[INFO] running `Command { std: "docker" "inspect" "3d32b491b5b8a925fa077ce0cd77a7c28e619732ae1c06c95feb6eda80b759da", kill_on_drop: false }`
[INFO] running `Command { std: "docker" "rm" "-f" "3d32b491b5b8a925fa077ce0cd77a7c28e619732ae1c06c95feb6eda80b759da", kill_on_drop: false }`
[INFO] [stdout] 3d32b491b5b8a925fa077ce0cd77a7c28e619732ae1c06c95feb6eda80b759da
[INFO] running `Command { std: "docker" "create" "-v" "/var/lib/crater-agent-workspace/builds/worker-3-tc2/target:/opt/rustwide/target:rw,Z" "-v" "/var/lib/crater-agent-workspace/builds/worker-3-tc2/source:/opt/rustwide/workdir:ro,Z" "-v" "/var/lib/crater-agent-workspace/cargo-home:/opt/rustwide/cargo-home:ro,Z" "-v" "/var/lib/crater-agent-workspace/rustup-home:/opt/rustwide/rustup-home:ro,Z" "-e" "SOURCE_DIR=/opt/rustwide/workdir" "-e" "CARGO_TARGET_DIR=/opt/rustwide/target" "-e" "CARGO_INCREMENTAL=0" "-e" "RUST_BACKTRACE=full" "-e" "RUSTFLAGS=--cap-lints=warn" "-e" "RUSTDOCFLAGS=--cap-lints=warn" "-e" "CARGO_HOME=/opt/rustwide/cargo-home" "-e" "RUSTUP_HOME=/opt/rustwide/rustup-home" "-w" "/opt/rustwide/workdir" "-m" "1610612736" "--user" "0:0" "--network" "none" "ghcr.io/rust-lang/crates-build-env/linux@sha256:5ff2268d62e97bff2cde7d5815dd6ed5b47097566f13b8d0ca110b04b60e07ed" "/opt/rustwide/cargo-home/bin/cargo" "+beta-2023-04-20" "test" "--frozen", kill_on_drop: false }`
[INFO] [stdout] 345fe8c2ce2ab4f515658b7c822c8030227c0184976249e9277f8fa88e4d7c01
[INFO] running `Command { std: "docker" "start" "-a" "345fe8c2ce2ab4f515658b7c822c8030227c0184976249e9277f8fa88e4d7c01", kill_on_drop: false }`
[INFO] [stderr]     Finished test [unoptimized + debuginfo] target(s) in 0.03s
[INFO] [stderr]      Running unittests src/lib.rs (/opt/rustwide/target/debug/deps/serde_wasm_bindgen-b2fd01ad2a4c13d0)
[INFO] [stdout] 
[INFO] [stdout] running 0 tests
[INFO] [stdout] 
[INFO] [stdout] test result: ok. 0 passed; 0 failed; 0 ignored; 0 measured; 0 filtered out; finished in 0.00s
[INFO] [stdout] 
[INFO] [stderr]      Running tests/browser.rs (/opt/rustwide/target/debug/deps/browser-6b60bc0d52b2fe25)
[INFO] [stdout] 
[INFO] [stdout] running 0 tests
[INFO] [stdout] 
[INFO] [stdout] test result: ok. 0 passed; 0 failed; 0 ignored; 0 measured; 0 filtered out; finished in 0.00s
[INFO] [stdout] 
[INFO] [stderr]      Running tests/node.rs (/opt/rustwide/target/debug/deps/node-3713d27757ab02fb)
[INFO] [stdout] 
[INFO] [stdout] running 0 tests
[INFO] [stdout] 
[INFO] [stdout] test result: ok. 0 passed; 0 failed; 0 ignored; 0 measured; 0 filtered out; finished in 0.00s
[INFO] [stdout] 
[INFO] [stderr]    Doc-tests serde-wasm-bindgen
[INFO] [stdout] 
[INFO] [stdout] running 3 tests
[INFO] [stdout] test src/lib.rs - (line 60) ... FAILED
[INFO] [stdout] test src/lib.rs - (line 42) ... FAILED
[INFO] [stdout] test src/lib.rs - (line 29) ... FAILED
[INFO] [stdout] 
[INFO] [stdout] failures:
[INFO] [stdout] 
[INFO] [stdout] ---- src/lib.rs - (line 60) stdout ----
[INFO] [stdout] error: cannot find attribute `wasm_bindgen` in this scope
[INFO] [stdout]  --> src/lib.rs:61:3
[INFO] [stdout]   |
[INFO] [stdout] 4 | #[wasm_bindgen]
[INFO] [stdout]   |   ^^^^^^^^^^^^
[INFO] [stdout]   |
[INFO] [stdout]   = help: consider importing this attribute macro:
[INFO] [stdout]           wasm_bindgen::prelude::wasm_bindgen
[INFO] [stdout]   = note: `wasm_bindgen` is in scope, but it is a crate, not an attribute
[INFO] [stdout] 
[INFO] [stdout] error[E0412]: cannot find type `JsValue` in this scope
[INFO] [stdout]  --> src/lib.rs:62:37
[INFO] [stdout]   |
[INFO] [stdout] 5 | pub fn receive_example_from_js(val: JsValue) -> Result<(), JsValue> {
[INFO] [stdout]   |                                     ^^^^^^^ not found in this scope
[INFO] [stdout]   |
[INFO] [stdout] help: consider importing this struct
[INFO] [stdout]   |
[INFO] [stdout] 2 + use wasm_bindgen::JsValue;
[INFO] [stdout]   |
[INFO] [stdout] 
[INFO] [stdout] error[E0412]: cannot find type `JsValue` in this scope
[INFO] [stdout]  --> src/lib.rs:62:60
[INFO] [stdout]   |
[INFO] [stdout] 5 | pub fn receive_example_from_js(val: JsValue) -> Result<(), JsValue> {
[INFO] [stdout]   |                                                            ^^^^^^^ not found in this scope
[INFO] [stdout]   |
[INFO] [stdout] help: consider importing this struct
[INFO] [stdout]   |
[INFO] [stdout] 2 + use wasm_bindgen::JsValue;
[INFO] [stdout]   |
[INFO] [stdout] 
[INFO] [stdout] error[E0412]: cannot find type `Example` in this scope
[INFO] [stdout]  --> src/lib.rs:63:18
[INFO] [stdout]   |
[INFO] [stdout] 6 |     let example: Example = serde_wasm_bindgen::from_value(val)?;
[INFO] [stdout]   |                  ^^^^^^^ not found in this scope
[INFO] [stdout] 
[INFO] [stdout] error: aborting due to 4 previous errors
[INFO] [stdout] 
[INFO] [stdout] For more information about this error, try `rustc --explain E0412`.
[INFO] [stdout] Couldn't compile the test.
[INFO] [stdout] ---- src/lib.rs - (line 42) stdout ----
[INFO] [stdout] error: cannot find attribute `wasm_bindgen` in this scope
[INFO] [stdout]  --> src/lib.rs:43:3
[INFO] [stdout]   |
[INFO] [stdout] 4 | #[wasm_bindgen]
[INFO] [stdout]   |   ^^^^^^^^^^^^
[INFO] [stdout]   |
[INFO] [stdout]   = help: consider importing this attribute macro:
[INFO] [stdout]           wasm_bindgen::prelude::wasm_bindgen
[INFO] [stdout]   = note: `wasm_bindgen` is in scope, but it is a crate, not an attribute
[INFO] [stdout] 
[INFO] [stdout] error[E0412]: cannot find type `JsValue` in this scope
[INFO] [stdout]  --> src/lib.rs:44:39
[INFO] [stdout]   |
[INFO] [stdout] 5 | pub fn send_example_to_js() -> Result<JsValue, JsValue> {
[INFO] [stdout]   |                                       ^^^^^^^ not found in this scope
[INFO] [stdout]   |
[INFO] [stdout] help: consider importing this struct
[INFO] [stdout]   |
[INFO] [stdout] 2 + use wasm_bindgen::JsValue;
[INFO] [stdout]   |
[INFO] [stdout] 
[INFO] [stdout] error[E0412]: cannot find type `JsValue` in this scope
[INFO] [stdout]  --> src/lib.rs:44:48
[INFO] [stdout]   |
[INFO] [stdout] 5 | pub fn send_example_to_js() -> Result<JsValue, JsValue> {
[INFO] [stdout]   |                                                ^^^^^^^ not found in this scope
[INFO] [stdout]   |
[INFO] [stdout] help: consider importing this struct
[INFO] [stdout]   |
[INFO] [stdout] 2 + use wasm_bindgen::JsValue;
[INFO] [stdout]   |
[INFO] [stdout] 
[INFO] [stdout] error[E0433]: failed to resolve: use of undeclared type `HashMap`
[INFO] [stdout]  --> src/lib.rs:45:22
[INFO] [stdout]   |
[INFO] [stdout] 6 |     let mut field1 = HashMap::new();
[INFO] [stdout]   |                      ^^^^^^^ use of undeclared type `HashMap`
[INFO] [stdout]   |
[INFO] [stdout] help: consider importing one of these items
[INFO] [stdout]   |
[INFO] [stdout] 2 + use proptest::std_facade::HashMap;
[INFO] [stdout]   |
[INFO] [stdout] 2 + use std::collections::HashMap;
[INFO] [stdout]   |
[INFO] [stdout] 
[INFO] [stdout] error[E0422]: cannot find struct, variant or union type `Example` in this scope
[INFO] [stdout]  --> src/lib.rs:48:19
[INFO] [stdout]   |
[INFO] [stdout] 9 |     let example = Example {
[INFO] [stdout]   |                   ^^^^^^^ not found in this scope
[INFO] [stdout] 
[INFO] [stdout] error: aborting due to 5 previous errors
[INFO] [stdout] 
[INFO] [stdout] Some errors have detailed explanations: E0412, E0422, E0433.
[INFO] [stdout] For more information about an error, try `rustc --explain E0412`.
[INFO] [stdout] Couldn't compile the test.
[INFO] [stdout] ---- src/lib.rs - (line 29) stdout ----
[INFO] [stdout] error[E0412]: cannot find type `HashMap` in this scope
[INFO] [stdout]  --> src/lib.rs:34:17
[INFO] [stdout]   |
[INFO] [stdout] 7 |     pub field1: HashMap<u32, String>,
[INFO] [stdout]   |                 ^^^^^^^ not found in this scope
[INFO] [stdout]   |
[INFO] [stdout] help: consider importing one of these items
[INFO] [stdout]   |
[INFO] [stdout] 2 + use proptest::std_facade::HashMap;
[INFO] [stdout]   |
[INFO] [stdout] 2 + use std::collections::HashMap;
[INFO] [stdout]   |
[INFO] [stdout] 
[INFO] [stdout] error: aborting due to previous error
[INFO] [stdout] 
[INFO] [stdout] For more information about this error, try `rustc --explain E0412`.
[INFO] [stdout] Couldn't compile the test.
[INFO] [stdout] 
[INFO] [stdout] failures:
[INFO] [stdout]     src/lib.rs - (line 29)
[INFO] [stdout]     src/lib.rs - (line 42)
[INFO] [stdout]     src/lib.rs - (line 60)
[INFO] [stdout] 
[INFO] [stdout] test result: FAILED. 0 passed; 3 failed; 0 ignored; 0 measured; 0 filtered out; finished in 0.06s
[INFO] [stdout] 
[INFO] [stderr] error: doctest failed, to rerun pass `--doc`
[INFO] running `Command { std: "docker" "inspect" "345fe8c2ce2ab4f515658b7c822c8030227c0184976249e9277f8fa88e4d7c01", kill_on_drop: false }`
[INFO] running `Command { std: "docker" "rm" "-f" "345fe8c2ce2ab4f515658b7c822c8030227c0184976249e9277f8fa88e4d7c01", kill_on_drop: false }`
[INFO] [stdout] 345fe8c2ce2ab4f515658b7c822c8030227c0184976249e9277f8fa88e4d7c01
