[INFO] fetching crate sendgrid_thin 0.4.5...
[INFO] testing sendgrid_thin-0.4.5 against beta-2023-04-20 for beta-1.70-1
[INFO] extracting crate sendgrid_thin 0.4.5 into /workspace/builds/worker-1-tc2/source
[INFO] validating manifest of crates.io crate sendgrid_thin 0.4.5 on toolchain beta-2023-04-20
[INFO] running `Command { std: CARGO_HOME="/workspace/cargo-home" RUSTUP_HOME="/workspace/rustup-home" "/workspace/cargo-home/bin/cargo" "+beta-2023-04-20" "metadata" "--manifest-path" "Cargo.toml" "--no-deps", kill_on_drop: false }`
[INFO] started tweaking crates.io crate sendgrid_thin 0.4.5
[INFO] finished tweaking crates.io crate sendgrid_thin 0.4.5
[INFO] tweaked toml for crates.io crate sendgrid_thin 0.4.5 written to /workspace/builds/worker-1-tc2/source/Cargo.toml
[INFO] running `Command { std: CARGO_HOME="/workspace/cargo-home" RUSTUP_HOME="/workspace/rustup-home" __CARGO_TEST_CHANNEL_OVERRIDE_DO_NOT_USE_THIS="nightly" "/workspace/cargo-home/bin/cargo" "+beta-2023-04-20" "generate-lockfile" "--manifest-path" "Cargo.toml" "-Zno-index-update", kill_on_drop: false }`
[INFO] running `Command { std: CARGO_HOME="/workspace/cargo-home" RUSTUP_HOME="/workspace/rustup-home" "/workspace/cargo-home/bin/cargo" "+beta-2023-04-20" "fetch" "--manifest-path" "Cargo.toml", kill_on_drop: false }`
[INFO] running `Command { std: "docker" "create" "-v" "/var/lib/crater-agent-workspace/builds/worker-1-tc2/target:/opt/rustwide/target:rw,Z" "-v" "/var/lib/crater-agent-workspace/builds/worker-1-tc2/source:/opt/rustwide/workdir:ro,Z" "-v" "/var/lib/crater-agent-workspace/cargo-home:/opt/rustwide/cargo-home:ro,Z" "-v" "/var/lib/crater-agent-workspace/rustup-home:/opt/rustwide/rustup-home:ro,Z" "-e" "SOURCE_DIR=/opt/rustwide/workdir" "-e" "CARGO_TARGET_DIR=/opt/rustwide/target" "-e" "CARGO_HOME=/opt/rustwide/cargo-home" "-e" "RUSTUP_HOME=/opt/rustwide/rustup-home" "-w" "/opt/rustwide/workdir" "-m" "1610612736" "--user" "0:0" "--network" "none" "ghcr.io/rust-lang/crates-build-env/linux@sha256:5ff2268d62e97bff2cde7d5815dd6ed5b47097566f13b8d0ca110b04b60e07ed" "/opt/rustwide/cargo-home/bin/cargo" "+beta-2023-04-20" "metadata" "--no-deps" "--format-version=1", kill_on_drop: false }`
[INFO] [stdout] c0f3790ffd47a563f9a5241db79482c68eeafc0babd81ce2e43c02a5ada51f29
[INFO] running `Command { std: "docker" "start" "-a" "c0f3790ffd47a563f9a5241db79482c68eeafc0babd81ce2e43c02a5ada51f29", kill_on_drop: false }`
[INFO] running `Command { std: "docker" "inspect" "c0f3790ffd47a563f9a5241db79482c68eeafc0babd81ce2e43c02a5ada51f29", kill_on_drop: false }`
[INFO] running `Command { std: "docker" "rm" "-f" "c0f3790ffd47a563f9a5241db79482c68eeafc0babd81ce2e43c02a5ada51f29", kill_on_drop: false }`
[INFO] [stdout] c0f3790ffd47a563f9a5241db79482c68eeafc0babd81ce2e43c02a5ada51f29
[INFO] running `Command { std: "docker" "create" "-v" "/var/lib/crater-agent-workspace/builds/worker-1-tc2/target:/opt/rustwide/target:rw,Z" "-v" "/var/lib/crater-agent-workspace/builds/worker-1-tc2/source:/opt/rustwide/workdir:ro,Z" "-v" "/var/lib/crater-agent-workspace/cargo-home:/opt/rustwide/cargo-home:ro,Z" "-v" "/var/lib/crater-agent-workspace/rustup-home:/opt/rustwide/rustup-home:ro,Z" "-e" "SOURCE_DIR=/opt/rustwide/workdir" "-e" "CARGO_TARGET_DIR=/opt/rustwide/target" "-e" "CARGO_INCREMENTAL=0" "-e" "RUST_BACKTRACE=full" "-e" "RUSTFLAGS=--cap-lints=warn" "-e" "RUSTDOCFLAGS=--cap-lints=warn" "-e" "CARGO_HOME=/opt/rustwide/cargo-home" "-e" "RUSTUP_HOME=/opt/rustwide/rustup-home" "-w" "/opt/rustwide/workdir" "-m" "1610612736" "--user" "0:0" "--network" "none" "ghcr.io/rust-lang/crates-build-env/linux@sha256:5ff2268d62e97bff2cde7d5815dd6ed5b47097566f13b8d0ca110b04b60e07ed" "/opt/rustwide/cargo-home/bin/cargo" "+beta-2023-04-20" "build" "--frozen" "--message-format=json", kill_on_drop: false }`
[INFO] [stdout] 986097c82c544962b412982d5f77988c148830571db4a2a456441c4885e7618f
[INFO] running `Command { std: "docker" "start" "-a" "986097c82c544962b412982d5f77988c148830571db4a2a456441c4885e7618f", kill_on_drop: false }`
[INFO] [stderr]    Compiling autocfg v1.1.0
[INFO] [stderr]    Compiling libc v0.2.142
[INFO] [stderr]    Compiling proc-macro2 v1.0.56
[INFO] [stderr]    Compiling cfg-if v1.0.0
[INFO] [stderr]    Compiling unicode-ident v1.0.8
[INFO] [stderr]    Compiling quote v1.0.26
[INFO] [stderr]    Compiling log v0.4.17
[INFO] [stderr]    Compiling pkg-config v0.3.26
[INFO] [stderr]    Compiling once_cell v1.17.1
[INFO] [stderr]    Compiling pin-project-lite v0.2.9
[INFO] [stderr]    Compiling cc v1.0.79
[INFO] [stderr]    Compiling bytes v1.4.0
[INFO] [stderr]    Compiling futures-core v0.3.28
[INFO] [stderr]    Compiling itoa v1.0.6
[INFO] [stderr]    Compiling futures-task v0.3.28
[INFO] [stderr]    Compiling memchr v2.5.0
[INFO] [stderr]    Compiling foreign-types-shared v0.1.1
[INFO] [stderr]    Compiling openssl v0.10.52
[INFO] [stderr]    Compiling futures-util v0.3.28
[INFO] [stderr]    Compiling serde_derive v1.0.160
[INFO] [stderr]    Compiling fnv v1.0.7
[INFO] [stderr]    Compiling tracing-core v0.1.30
[INFO] [stderr]    Compiling foreign-types v0.3.2
[INFO] [stderr]    Compiling pin-utils v0.1.0
[INFO] [stderr]    Compiling hashbrown v0.12.3
[INFO] [stderr]    Compiling futures-io v0.3.28
[INFO] [stderr]    Compiling tokio v1.28.0
[INFO] [stderr]    Compiling slab v0.4.8
[INFO] [stderr]    Compiling indexmap v1.9.3
[INFO] [stderr]    Compiling http v0.2.9
[INFO] [stderr]    Compiling futures-sink v0.3.28
[INFO] [stderr]    Compiling futures-channel v0.3.28
[INFO] [stderr]    Compiling tinyvec_macros v0.1.1
[INFO] [stderr]    Compiling serde v1.0.160
[INFO] [stderr]    Compiling httparse v1.8.0
[INFO] [stderr]    Compiling native-tls v0.2.11
[INFO] [stderr]    Compiling tracing v0.1.37
[INFO] [stderr]    Compiling bitflags v1.3.2
[INFO] [stderr]    Compiling tinyvec v1.6.0
[INFO] [stderr]    Compiling percent-encoding v2.2.0
[INFO] [stderr]    Compiling openssl-probe v0.1.5
[INFO] [stderr]    Compiling try-lock v0.2.4
[INFO] [stderr]    Compiling want v0.3.0
[INFO] [stderr]    Compiling form_urlencoded v1.1.0
[INFO] [stderr]    Compiling syn v2.0.15
[INFO] [stderr]    Compiling mio v0.8.6
[INFO] [stderr]    Compiling socket2 v0.4.9
[INFO] [stderr]    Compiling num_cpus v1.15.0
[INFO] [stderr]    Compiling unicode-bidi v0.3.13
[INFO] [stderr]    Compiling tower-service v0.3.2
[INFO] [stderr]    Compiling httpdate v1.0.2
[INFO] [stderr]    Compiling ryu v1.0.13
[INFO] [stderr]    Compiling serde_json v1.0.96
[INFO] [stderr]    Compiling encoding_rs v0.8.32
[INFO] [stderr]    Compiling http-body v0.4.5
[INFO] [stderr]    Compiling openssl-sys v0.9.87
[INFO] [stderr]    Compiling mime v0.3.17
[INFO] [stderr]    Compiling ipnet v2.7.2
[INFO] [stderr]    Compiling base64 v0.21.0
[INFO] [stderr]    Compiling unicode-normalization v0.1.22
[INFO] [stderr]    Compiling idna v0.3.0
[INFO] [stderr]    Compiling url v2.3.1
[INFO] [stderr]    Compiling openssl-macros v0.1.1
[INFO] [stderr]    Compiling tokio-util v0.7.8
[INFO] [stderr]    Compiling h2 v0.3.18
[INFO] [stderr]    Compiling tokio-native-tls v0.3.1
[INFO] [stderr]    Compiling hyper v0.14.26
[INFO] [stderr]    Compiling serde_urlencoded v0.7.1
[INFO] [stderr]    Compiling hyper-tls v0.5.0
[INFO] [stderr]    Compiling reqwest v0.11.17
[INFO] [stderr]    Compiling sendgrid_thin v0.4.5 (/opt/rustwide/workdir)
[INFO] [stderr]     Finished dev [unoptimized + debuginfo] target(s) in 12.98s
[INFO] running `Command { std: "docker" "inspect" "986097c82c544962b412982d5f77988c148830571db4a2a456441c4885e7618f", kill_on_drop: false }`
[INFO] running `Command { std: "docker" "rm" "-f" "986097c82c544962b412982d5f77988c148830571db4a2a456441c4885e7618f", kill_on_drop: false }`
[INFO] [stdout] 986097c82c544962b412982d5f77988c148830571db4a2a456441c4885e7618f
[INFO] running `Command { std: "docker" "create" "-v" "/var/lib/crater-agent-workspace/builds/worker-1-tc2/target:/opt/rustwide/target:rw,Z" "-v" "/var/lib/crater-agent-workspace/builds/worker-1-tc2/source:/opt/rustwide/workdir:ro,Z" "-v" "/var/lib/crater-agent-workspace/cargo-home:/opt/rustwide/cargo-home:ro,Z" "-v" "/var/lib/crater-agent-workspace/rustup-home:/opt/rustwide/rustup-home:ro,Z" "-e" "SOURCE_DIR=/opt/rustwide/workdir" "-e" "CARGO_TARGET_DIR=/opt/rustwide/target" "-e" "CARGO_INCREMENTAL=0" "-e" "RUST_BACKTRACE=full" "-e" "RUSTFLAGS=--cap-lints=warn" "-e" "RUSTDOCFLAGS=--cap-lints=warn" "-e" "CARGO_HOME=/opt/rustwide/cargo-home" "-e" "RUSTUP_HOME=/opt/rustwide/rustup-home" "-w" "/opt/rustwide/workdir" "-m" "1610612736" "--user" "0:0" "--network" "none" "ghcr.io/rust-lang/crates-build-env/linux@sha256:5ff2268d62e97bff2cde7d5815dd6ed5b47097566f13b8d0ca110b04b60e07ed" "/opt/rustwide/cargo-home/bin/cargo" "+beta-2023-04-20" "test" "--frozen" "--no-run" "--message-format=json", kill_on_drop: false }`
[INFO] [stdout] d10f640f885b073d0957e4c3239d032ebe5dc2c1e2d77cc7946d194374ee1bee
[INFO] running `Command { std: "docker" "start" "-a" "d10f640f885b073d0957e4c3239d032ebe5dc2c1e2d77cc7946d194374ee1bee", kill_on_drop: false }`
[INFO] [stderr]    Compiling tokio v1.28.0
[INFO] [stderr]    Compiling tokio-macros v2.1.0
[INFO] [stderr]    Compiling tokio-util v0.7.8
[INFO] [stderr]    Compiling tokio-native-tls v0.3.1
[INFO] [stderr]    Compiling h2 v0.3.18
[INFO] [stderr]    Compiling hyper v0.14.26
[INFO] [stderr]    Compiling hyper-tls v0.5.0
[INFO] [stderr]    Compiling reqwest v0.11.17
[INFO] [stderr]    Compiling sendgrid_thin v0.4.5 (/opt/rustwide/workdir)
[INFO] [stderr]     Finished test [unoptimized + debuginfo] target(s) in 12.77s
[INFO] running `Command { std: "docker" "inspect" "d10f640f885b073d0957e4c3239d032ebe5dc2c1e2d77cc7946d194374ee1bee", kill_on_drop: false }`
[INFO] running `Command { std: "docker" "rm" "-f" "d10f640f885b073d0957e4c3239d032ebe5dc2c1e2d77cc7946d194374ee1bee", kill_on_drop: false }`
[INFO] [stdout] d10f640f885b073d0957e4c3239d032ebe5dc2c1e2d77cc7946d194374ee1bee
[INFO] running `Command { std: "docker" "create" "-v" "/var/lib/crater-agent-workspace/builds/worker-1-tc2/target:/opt/rustwide/target:rw,Z" "-v" "/var/lib/crater-agent-workspace/builds/worker-1-tc2/source:/opt/rustwide/workdir:ro,Z" "-v" "/var/lib/crater-agent-workspace/cargo-home:/opt/rustwide/cargo-home:ro,Z" "-v" "/var/lib/crater-agent-workspace/rustup-home:/opt/rustwide/rustup-home:ro,Z" "-e" "SOURCE_DIR=/opt/rustwide/workdir" "-e" "CARGO_TARGET_DIR=/opt/rustwide/target" "-e" "CARGO_INCREMENTAL=0" "-e" "RUST_BACKTRACE=full" "-e" "RUSTFLAGS=--cap-lints=warn" "-e" "RUSTDOCFLAGS=--cap-lints=warn" "-e" "CARGO_HOME=/opt/rustwide/cargo-home" "-e" "RUSTUP_HOME=/opt/rustwide/rustup-home" "-w" "/opt/rustwide/workdir" "-m" "1610612736" "--user" "0:0" "--network" "none" "ghcr.io/rust-lang/crates-build-env/linux@sha256:5ff2268d62e97bff2cde7d5815dd6ed5b47097566f13b8d0ca110b04b60e07ed" "/opt/rustwide/cargo-home/bin/cargo" "+beta-2023-04-20" "test" "--frozen", kill_on_drop: false }`
[INFO] [stdout] e1c700f9d6e8e243c9c4c7c9d61c445d1463fdcfb621e92ef3af89ddf8ffabd2
[INFO] running `Command { std: "docker" "start" "-a" "e1c700f9d6e8e243c9c4c7c9d61c445d1463fdcfb621e92ef3af89ddf8ffabd2", kill_on_drop: false }`
[INFO] [stderr]     Finished test [unoptimized + debuginfo] target(s) in 0.09s
[INFO] [stderr]      Running unittests src/lib.rs (/opt/rustwide/target/debug/deps/sendgrid_thin-cdd516c38c250c94)
[INFO] [stdout] 
[INFO] [stdout] running 8 tests
[INFO] [stdout] test tests::test_sendgrid_instance ... ok
[INFO] [stdout] test tests::test_set_body_and_subject_email ... ok
[INFO] [stdout] test tests::test_set_request_timeout ... ok
[INFO] [stdout] test tests::test_set_send_at ... ok
[INFO] [stdout] test tests::test_content_type ... ok
[INFO] [stdout] test tests::test_sendgrid_instance_builder ... ok
[INFO] [stdout] test tests::test_set_body_email_with_cc_emails ... ok
[INFO] [stdout] test tests::test_traits ... ok
[INFO] [stdout] 
[INFO] [stdout] test result: ok. 8 passed; 0 failed; 0 ignored; 0 measured; 0 filtered out; finished in 0.02s
[INFO] [stdout] 
[INFO] [stderr]    Doc-tests sendgrid_thin
[INFO] [stdout] 
[INFO] [stdout] running 9 tests
[INFO] [stdout] test src/lib.rs - Sendgrid::send_blocking (line 430) ... FAILED
[INFO] [stdout] test src/lib.rs - SendgridBuilder::set_send_at (line 270) ... FAILED
[INFO] [stdout] test src/lib.rs - SendgridBuilder::set_cc_emails (line 196) ... FAILED
[INFO] [stdout] test src/lib.rs - Sendgrid::send (line 500) ... FAILED
[INFO] [stdout] test src/lib.rs - Sendgrid::builder (line 375) ... ok
[INFO] [stdout] test src/lib.rs - SendgridBuilder::new (line 138) ... ok
[INFO] [stdout] test src/lib.rs - SendgridBuilder::set_request_timeout (line 304) ... ok
[INFO] [stdout] test src/lib.rs - SendgridBuilder::set_content_type (line 235) ... ok
[INFO] [stdout] test src/lib.rs - SendgridBuilder::build (line 333) ... ok
[INFO] [stdout] 
[INFO] [stdout] failures:
[INFO] [stdout] 
[INFO] [stdout] ---- src/lib.rs - Sendgrid::send_blocking (line 430) stdout ----
[INFO] [stdout] error: linking with `cc` failed: exit status: 1
[INFO] [stdout]   |
[INFO] [stdout]   = note: LC_ALL="C" PATH="/opt/rustwide/rustup-home/toolchains/beta-2023-04-20-x86_64-unknown-linux-gnu/lib/rustlib/x86_64-unknown-linux-gnu/bin:/opt/rustwide/cargo-home/bin:/usr/local/sbin:/usr/local/bin:/usr/sbin:/usr/bin:/sbin:/bin" VSLANG="1033" "cc" "-m64" "/tmp/rustcprrZyH/symbols.o" "/tmp/rustdoctestMefuZ9/rust_out.rust_out.c38b68ff-cgu.0.rcgu.o" "/tmp/rustdoctestMefuZ9/rust_out.38a7fyhsvjn6z0qy.rcgu.o" "-Wl,--as-needed" "-L" "/opt/rustwide/target/debug/deps" "-L" "/opt/rustwide/target/debug/deps" "-L" "/opt/rustwide/rustup-home/toolchains/beta-2023-04-20-x86_64-unknown-linux-gnu/lib/rustlib/x86_64-unknown-linux-gnu/lib" "-Wl,-Bstatic" "/opt/rustwide/target/debug/deps/libsendgrid_thin-552de38b17af6c9e.rlib" "/opt/rustwide/target/debug/deps/libreqwest-96a78f7ef7633c92.rlib" "/opt/rustwide/target/debug/deps/libhyper_tls-f5b4cca2ac19d6c1.rlib" "/opt/rustwide/target/debug/deps/libbase64-1d8778d69d34a396.rlib" "/opt/rustwide/target/debug/deps/libipnet-c447aff94ce34889.rlib" "/opt/rustwide/target/debug/deps/libtokio_native_tls-e6a8989fd706cf09.rlib" "/opt/rustwide/target/debug/deps/libserde_urlencoded-8ca0ccb987596eae.rlib" "/opt/rustwide/target/debug/deps/libmime-04f26b0b15f93981.rlib" "/opt/rustwide/target/debug/deps/libencoding_rs-b0d41797c1da8834.rlib" "/opt/rustwide/target/debug/deps/libnative_tls-67e42acbdf9d1946.rlib" "/opt/rustwide/target/debug/deps/libopenssl_probe-361016bdcb077fee.rlib" "/opt/rustwide/target/debug/deps/libopenssl-df876cf789f6ae17.rlib" "/opt/rustwide/target/debug/deps/libbitflags-610a73087f46ba3b.rlib" "/opt/rustwide/target/debug/deps/libforeign_types-3138d685ddde873e.rlib" "/opt/rustwide/target/debug/deps/libforeign_types_shared-1df85ef0ce08cbc3.rlib" "/opt/rustwide/target/debug/deps/libopenssl_sys-ae4a74adbee44cd7.rlib" "/opt/rustwide/target/debug/deps/libhyper-c41a2140e31fc57d.rlib" "/opt/rustwide/target/debug/deps/libwant-751c04441b3dc539.rlib" "/opt/rustwide/target/debug/deps/libtry_lock-bcd858d644546236.rlib" "/opt/rustwide/target/debug/deps/libhttparse-463bd4a7f2c72ba2.rlib" "/opt/rustwide/target/debug/deps/libh2-b9ab0aed803ffab9.rlib" "/opt/rustwide/target/debug/deps/libindexmap-483d6a6f45855717.rlib" "/opt/rustwide/target/debug/deps/libhashbrown-14a936eea4e6bab4.rlib" "/opt/rustwide/target/debug/deps/libtokio_util-83590d32e6a01325.rlib" "/opt/rustwide/target/debug/deps/libfutures_sink-443c30cbd423d6ef.rlib" "/opt/rustwide/target/debug/deps/libtower_service-6e0b9a8ac2b0d4d0.rlib" "/opt/rustwide/target/debug/deps/libtracing-a41c580693de99d0.rlib" "/opt/rustwide/target/debug/deps/libtracing_core-420c8912b6569db3.rlib" "/opt/rustwide/target/debug/deps/libonce_cell-4515fa40a5ce4b0c.rlib" "/opt/rustwide/target/debug/deps/libfutures_channel-d4bad6ccc77bb14d.rlib" "/opt/rustwide/target/debug/deps/libtokio-38ce526a6b4cdb63.rlib" "/opt/rustwide/target/debug/deps/libnum_cpus-f4115bed07ed9459.rlib" "/opt/rustwide/target/debug/deps/libsocket2-1b0387b73112eaa4.rlib" "/opt/rustwide/target/debug/deps/libmio-a099621ab0d03a62.rlib" "/opt/rustwide/target/debug/deps/liblibc-437468c9c78eaf61.rlib" "/opt/rustwide/target/debug/deps/libhttp_body-4061b89499f36d44.rlib" "/opt/rustwide/target/debug/deps/liblog-6f3e788ba8b980aa.rlib" "/opt/rustwide/target/debug/deps/libcfg_if-97437e183f3ae6e4.rlib" "/opt/rustwide/target/debug/deps/libfutures_util-4155684cbb1a11a5.rlib" "/opt/rustwide/target/debug/deps/libmemchr-f4ebff342237ab92.rlib" "/opt/rustwide/target/debug/deps/libfutures_io-d4a990e19af7fc59.rlib" "/opt/rustwide/target/debug/deps/libslab-7f8e952f3c0ab3c4.rlib" "/opt/rustwide/target/debug/deps/libpin_project_lite-3a747526c5b5aadd.rlib" "/opt/rustwide/target/debug/deps/libfutures_task-34a0ee1d6c1607f4.rlib" "/opt/rustwide/target/debug/deps/libpin_utils-501725f4e360d46d.rlib" "/opt/rustwide/target/debug/deps/libfutures_core-63bdc54a682e7df4.rlib" "/opt/rustwide/target/debug/deps/liburl-d94be37c9a9a891b.rlib" "/opt/rustwide/target/debug/deps/libidna-03b9880e1a6c6c5a.rlib" "/opt/rustwide/target/debug/deps/libunicode_normalization-b37b8c0875a4acb3.rlib" "/opt/rustwide/target/debug/deps/libtinyvec-7b8097d45487fe96.rlib" "/opt/rustwide/target/debug/deps/libtinyvec_macros-ece230c108b3ca46.rlib" "/opt/rustwide/target/debug/deps/libunicode_bidi-ea0067a9d9ceb7ae.rlib" "/opt/rustwide/target/debug/deps/libform_urlencoded-c6dce5f233f9dc81.rlib" "/opt/rustwide/target/debug/deps/libpercent_encoding-4a77b5e8a25d80c2.rlib" "/opt/rustwide/target/debug/deps/libhttp-df05c4d3a64fcb1b.rlib" "/opt/rustwide/target/debug/deps/libbytes-ae855e71327d1b48.rlib" "/opt/rustwide/target/debug/deps/libfnv-bb690c336855f248.rlib" "/opt/rustwide/target/debug/deps/libserde_json-62e0a0fa907be005.rlib" "/opt/rustwide/target/debug/deps/libryu-b5fa14faef1dcf3b.rlib" "/opt/rustwide/target/debug/deps/libitoa-ef51536650fd4ae2.rlib" "/opt/rustwide/target/debug/deps/libserde-2bcec6960fa9535b.rlib" "/opt/rustwide/rustup-home/toolchains/beta-2023-04-20-x86_64-unknown-linux-gnu/lib/rustlib/x86_64-unknown-linux-gnu/lib/libstd-0e29cc23c5e02021.rlib" "/opt/rustwide/rustup-home/toolchains/beta-2023-04-20-x86_64-unknown-linux-gnu/lib/rustlib/x86_64-unknown-linux-gnu/lib/libpanic_unwind-d903621768a861d9.rlib" "/opt/rustwide/rustup-home/toolchains/beta-2023-04-20-x86_64-unknown-linux-gnu/lib/rustlib/x86_64-unknown-linux-gnu/lib/libobject-6d0225e655f31c13.rlib" "/opt/rustwide/rustup-home/toolchains/beta-2023-04-20-x86_64-unknown-linux-gnu/lib/rustlib/x86_64-unknown-linux-gnu/lib/libmemchr-9dbaf4eac7eaa079.rlib" "/opt/rustwide/rustup-home/toolchains/beta-2023-04-20-x86_64-unknown-linux-gnu/lib/rustlib/x86_64-unknown-linux-gnu/lib/libaddr2line-27f05b3d42a66dd0.rlib" "/opt/rustwide/rustup-home/toolchains/beta-2023-04-20-x86_64-unknown-linux-gnu/lib/rustlib/x86_64-unknown-linux-gnu/lib/libgimli-4d73f1030321c9a2.rlib" "/opt/rustwide/rustup-home/toolchains/beta-2023-04-20-x86_64-unknown-linux-gnu/lib/rustlib/x86_64-unknown-linux-gnu/lib/librustc_demangle-2846c9e58abd0acb.rlib" "/opt/rustwide/rustup-home/toolchains/beta-2023-04-20-x86_64-unknown-linux-gnu/lib/rustlib/x86_64-unknown-linux-gnu/lib/libstd_detect-a53d0f50415947be.rlib" "/opt/rustwide/rustup-home/toolchains/beta-2023-04-20-x86_64-unknown-linux-gnu/lib/rustlib/x86_64-unknown-linux-gnu/lib/libhashbrown-d48e4b6abc25b9dc.rlib" "/opt/rustwide/rustup-home/toolchains/beta-2023-04-20-x86_64-unknown-linux-gnu/lib/rustlib/x86_64-unknown-linux-gnu/lib/libminiz_oxide-2991859439ef1207.rlib" "/opt/rustwide/rustup-home/toolchains/beta-2023-04-20-x86_64-unknown-linux-gnu/lib/rustlib/x86_64-unknown-linux-gnu/lib/libadler-8a687517e4221bae.rlib" "/opt/rustwide/rustup-home/toolchains/beta-2023-04-20-x86_64-unknown-linux-gnu/lib/rustlib/x86_64-unknown-linux-gnu/lib/librustc_std_workspace_alloc-e07b554f6a67f5b3.rlib" "/opt/rustwide/rustup-home/toolchains/beta-2023-04-20-x86_64-unknown-linux-gnu/lib/rustlib/x86_64-unknown-linux-gnu/lib/libunwind-b68238b7c3c619dd.rlib" "/opt/rustwide/rustup-home/toolchains/beta-2023-04-20-x86_64-unknown-linux-gnu/lib/rustlib/x86_64-unknown-linux-gnu/lib/libcfg_if-d5e213e896c017e4.rlib" "/opt/rustwide/rustup-home/toolchains/beta-2023-04-20-x86_64-unknown-linux-gnu/lib/rustlib/x86_64-unknown-linux-gnu/lib/liblibc-0211a3b2e61d8689.rlib" "/opt/rustwide/rustup-home/toolchains/beta-2023-04-20-x86_64-unknown-linux-gnu/lib/rustlib/x86_64-unknown-linux-gnu/lib/liballoc-b371f055239ba51f.rlib" "/opt/rustwide/rustup-home/toolchains/beta-2023-04-20-x86_64-unknown-linux-gnu/lib/rustlib/x86_64-unknown-linux-gnu/lib/librustc_std_workspace_core-e60518d2760eb01e.rlib" "/opt/rustwide/rustup-home/toolchains/beta-2023-04-20-x86_64-unknown-linux-gnu/lib/rustlib/x86_64-unknown-linux-gnu/lib/libcore-1ad943f92a4b1081.rlib" "/opt/rustwide/rustup-home/toolchains/beta-2023-04-20-x86_64-unknown-linux-gnu/lib/rustlib/x86_64-unknown-linux-gnu/lib/libcompiler_builtins-f0d6e4d0fc1e80b4.rlib" "-Wl,-Bdynamic" "-lssl" "-lcrypto" "-lgcc_s" "-lutil" "-lrt" "-lpthread" "-lm" "-ldl" "-lc" "-Wl,--eh-frame-hdr" "-Wl,-z,noexecstack" "-L" "/opt/rustwide/rustup-home/toolchains/beta-2023-04-20-x86_64-unknown-linux-gnu/lib/rustlib/x86_64-unknown-linux-gnu/lib" "-o" "/tmp/rustdoctestMefuZ9/rust_out" "-Wl,--gc-sections" "-pie" "-Wl,-z,relro,-z,now" "-nodefaultlibs"
[INFO] [stdout]   = note: collect2: fatal error: ld terminated with signal 9 [Killed]
[INFO] [stdout]           compilation terminated.
[INFO] [stdout]           
[INFO] [stdout] 
[INFO] [stdout] error: aborting due to previous error
[INFO] [stdout] 
[INFO] [stdout] Couldn't compile the test.
[INFO] [stdout] ---- src/lib.rs - SendgridBuilder::set_send_at (line 270) stdout ----
[INFO] [stdout] error: linking with `cc` failed: exit status: 1
[INFO] [stdout]   |
[INFO] [stdout]   = note: LC_ALL="C" PATH="/opt/rustwide/rustup-home/toolchains/beta-2023-04-20-x86_64-unknown-linux-gnu/lib/rustlib/x86_64-unknown-linux-gnu/bin:/opt/rustwide/cargo-home/bin:/usr/local/sbin:/usr/local/bin:/usr/sbin:/usr/bin:/sbin:/bin" VSLANG="1033" "cc" "-m64" "/tmp/rustcO3kg3A/symbols.o" "/tmp/rustdoctest3nhFsR/rust_out.rust_out.c38b68ff-cgu.0.rcgu.o" "/tmp/rustdoctest3nhFsR/rust_out.38a7fyhsvjn6z0qy.rcgu.o" "-Wl,--as-needed" "-L" "/opt/rustwide/target/debug/deps" "-L" "/opt/rustwide/target/debug/deps" "-L" "/opt/rustwide/rustup-home/toolchains/beta-2023-04-20-x86_64-unknown-linux-gnu/lib/rustlib/x86_64-unknown-linux-gnu/lib" "-Wl,-Bstatic" "/opt/rustwide/target/debug/deps/libsendgrid_thin-552de38b17af6c9e.rlib" "/opt/rustwide/target/debug/deps/libreqwest-96a78f7ef7633c92.rlib" "/opt/rustwide/target/debug/deps/libhyper_tls-f5b4cca2ac19d6c1.rlib" "/opt/rustwide/target/debug/deps/libbase64-1d8778d69d34a396.rlib" "/opt/rustwide/target/debug/deps/libipnet-c447aff94ce34889.rlib" "/opt/rustwide/target/debug/deps/libtokio_native_tls-e6a8989fd706cf09.rlib" "/opt/rustwide/target/debug/deps/libserde_urlencoded-8ca0ccb987596eae.rlib" "/opt/rustwide/target/debug/deps/libmime-04f26b0b15f93981.rlib" "/opt/rustwide/target/debug/deps/libencoding_rs-b0d41797c1da8834.rlib" "/opt/rustwide/target/debug/deps/libnative_tls-67e42acbdf9d1946.rlib" "/opt/rustwide/target/debug/deps/libopenssl_probe-361016bdcb077fee.rlib" "/opt/rustwide/target/debug/deps/libopenssl-df876cf789f6ae17.rlib" "/opt/rustwide/target/debug/deps/libbitflags-610a73087f46ba3b.rlib" "/opt/rustwide/target/debug/deps/libforeign_types-3138d685ddde873e.rlib" "/opt/rustwide/target/debug/deps/libforeign_types_shared-1df85ef0ce08cbc3.rlib" "/opt/rustwide/target/debug/deps/libopenssl_sys-ae4a74adbee44cd7.rlib" "/opt/rustwide/target/debug/deps/libhyper-c41a2140e31fc57d.rlib" "/opt/rustwide/target/debug/deps/libwant-751c04441b3dc539.rlib" "/opt/rustwide/target/debug/deps/libtry_lock-bcd858d644546236.rlib" "/opt/rustwide/target/debug/deps/libhttparse-463bd4a7f2c72ba2.rlib" "/opt/rustwide/target/debug/deps/libh2-b9ab0aed803ffab9.rlib" "/opt/rustwide/target/debug/deps/libindexmap-483d6a6f45855717.rlib" "/opt/rustwide/target/debug/deps/libhashbrown-14a936eea4e6bab4.rlib" "/opt/rustwide/target/debug/deps/libtokio_util-83590d32e6a01325.rlib" "/opt/rustwide/target/debug/deps/libfutures_sink-443c30cbd423d6ef.rlib" "/opt/rustwide/target/debug/deps/libtower_service-6e0b9a8ac2b0d4d0.rlib" "/opt/rustwide/target/debug/deps/libtracing-a41c580693de99d0.rlib" "/opt/rustwide/target/debug/deps/libtracing_core-420c8912b6569db3.rlib" "/opt/rustwide/target/debug/deps/libonce_cell-4515fa40a5ce4b0c.rlib" "/opt/rustwide/target/debug/deps/libfutures_channel-d4bad6ccc77bb14d.rlib" "/opt/rustwide/target/debug/deps/libtokio-38ce526a6b4cdb63.rlib" "/opt/rustwide/target/debug/deps/libnum_cpus-f4115bed07ed9459.rlib" "/opt/rustwide/target/debug/deps/libsocket2-1b0387b73112eaa4.rlib" "/opt/rustwide/target/debug/deps/libmio-a099621ab0d03a62.rlib" "/opt/rustwide/target/debug/deps/liblibc-437468c9c78eaf61.rlib" "/opt/rustwide/target/debug/deps/libhttp_body-4061b89499f36d44.rlib" "/opt/rustwide/target/debug/deps/liblog-6f3e788ba8b980aa.rlib" "/opt/rustwide/target/debug/deps/libcfg_if-97437e183f3ae6e4.rlib" "/opt/rustwide/target/debug/deps/libfutures_util-4155684cbb1a11a5.rlib" "/opt/rustwide/target/debug/deps/libmemchr-f4ebff342237ab92.rlib" "/opt/rustwide/target/debug/deps/libfutures_io-d4a990e19af7fc59.rlib" "/opt/rustwide/target/debug/deps/libslab-7f8e952f3c0ab3c4.rlib" "/opt/rustwide/target/debug/deps/libpin_project_lite-3a747526c5b5aadd.rlib" "/opt/rustwide/target/debug/deps/libfutures_task-34a0ee1d6c1607f4.rlib" "/opt/rustwide/target/debug/deps/libpin_utils-501725f4e360d46d.rlib" "/opt/rustwide/target/debug/deps/libfutures_core-63bdc54a682e7df4.rlib" "/opt/rustwide/target/debug/deps/liburl-d94be37c9a9a891b.rlib" "/opt/rustwide/target/debug/deps/libidna-03b9880e1a6c6c5a.rlib" "/opt/rustwide/target/debug/deps/libunicode_normalization-b37b8c0875a4acb3.rlib" "/opt/rustwide/target/debug/deps/libtinyvec-7b8097d45487fe96.rlib" "/opt/rustwide/target/debug/deps/libtinyvec_macros-ece230c108b3ca46.rlib" "/opt/rustwide/target/debug/deps/libunicode_bidi-ea0067a9d9ceb7ae.rlib" "/opt/rustwide/target/debug/deps/libform_urlencoded-c6dce5f233f9dc81.rlib" "/opt/rustwide/target/debug/deps/libpercent_encoding-4a77b5e8a25d80c2.rlib" "/opt/rustwide/target/debug/deps/libhttp-df05c4d3a64fcb1b.rlib" "/opt/rustwide/target/debug/deps/libbytes-ae855e71327d1b48.rlib" "/opt/rustwide/target/debug/deps/libfnv-bb690c336855f248.rlib" "/opt/rustwide/target/debug/deps/libserde_json-62e0a0fa907be005.rlib" "/opt/rustwide/target/debug/deps/libryu-b5fa14faef1dcf3b.rlib" "/opt/rustwide/target/debug/deps/libitoa-ef51536650fd4ae2.rlib" "/opt/rustwide/target/debug/deps/libserde-2bcec6960fa9535b.rlib" "/opt/rustwide/rustup-home/toolchains/beta-2023-04-20-x86_64-unknown-linux-gnu/lib/rustlib/x86_64-unknown-linux-gnu/lib/libstd-0e29cc23c5e02021.rlib" "/opt/rustwide/rustup-home/toolchains/beta-2023-04-20-x86_64-unknown-linux-gnu/lib/rustlib/x86_64-unknown-linux-gnu/lib/libpanic_unwind-d903621768a861d9.rlib" "/opt/rustwide/rustup-home/toolchains/beta-2023-04-20-x86_64-unknown-linux-gnu/lib/rustlib/x86_64-unknown-linux-gnu/lib/libobject-6d0225e655f31c13.rlib" "/opt/rustwide/rustup-home/toolchains/beta-2023-04-20-x86_64-unknown-linux-gnu/lib/rustlib/x86_64-unknown-linux-gnu/lib/libmemchr-9dbaf4eac7eaa079.rlib" "/opt/rustwide/rustup-home/toolchains/beta-2023-04-20-x86_64-unknown-linux-gnu/lib/rustlib/x86_64-unknown-linux-gnu/lib/libaddr2line-27f05b3d42a66dd0.rlib" "/opt/rustwide/rustup-home/toolchains/beta-2023-04-20-x86_64-unknown-linux-gnu/lib/rustlib/x86_64-unknown-linux-gnu/lib/libgimli-4d73f1030321c9a2.rlib" "/opt/rustwide/rustup-home/toolchains/beta-2023-04-20-x86_64-unknown-linux-gnu/lib/rustlib/x86_64-unknown-linux-gnu/lib/librustc_demangle-2846c9e58abd0acb.rlib" "/opt/rustwide/rustup-home/toolchains/beta-2023-04-20-x86_64-unknown-linux-gnu/lib/rustlib/x86_64-unknown-linux-gnu/lib/libstd_detect-a53d0f50415947be.rlib" "/opt/rustwide/rustup-home/toolchains/beta-2023-04-20-x86_64-unknown-linux-gnu/lib/rustlib/x86_64-unknown-linux-gnu/lib/libhashbrown-d48e4b6abc25b9dc.rlib" "/opt/rustwide/rustup-home/toolchains/beta-2023-04-20-x86_64-unknown-linux-gnu/lib/rustlib/x86_64-unknown-linux-gnu/lib/libminiz_oxide-2991859439ef1207.rlib" "/opt/rustwide/rustup-home/toolchains/beta-2023-04-20-x86_64-unknown-linux-gnu/lib/rustlib/x86_64-unknown-linux-gnu/lib/libadler-8a687517e4221bae.rlib" "/opt/rustwide/rustup-home/toolchains/beta-2023-04-20-x86_64-unknown-linux-gnu/lib/rustlib/x86_64-unknown-linux-gnu/lib/librustc_std_workspace_alloc-e07b554f6a67f5b3.rlib" "/opt/rustwide/rustup-home/toolchains/beta-2023-04-20-x86_64-unknown-linux-gnu/lib/rustlib/x86_64-unknown-linux-gnu/lib/libunwind-b68238b7c3c619dd.rlib" "/opt/rustwide/rustup-home/toolchains/beta-2023-04-20-x86_64-unknown-linux-gnu/lib/rustlib/x86_64-unknown-linux-gnu/lib/libcfg_if-d5e213e896c017e4.rlib" "/opt/rustwide/rustup-home/toolchains/beta-2023-04-20-x86_64-unknown-linux-gnu/lib/rustlib/x86_64-unknown-linux-gnu/lib/liblibc-0211a3b2e61d8689.rlib" "/opt/rustwide/rustup-home/toolchains/beta-2023-04-20-x86_64-unknown-linux-gnu/lib/rustlib/x86_64-unknown-linux-gnu/lib/liballoc-b371f055239ba51f.rlib" "/opt/rustwide/rustup-home/toolchains/beta-2023-04-20-x86_64-unknown-linux-gnu/lib/rustlib/x86_64-unknown-linux-gnu/lib/librustc_std_workspace_core-e60518d2760eb01e.rlib" "/opt/rustwide/rustup-home/toolchains/beta-2023-04-20-x86_64-unknown-linux-gnu/lib/rustlib/x86_64-unknown-linux-gnu/lib/libcore-1ad943f92a4b1081.rlib" "/opt/rustwide/rustup-home/toolchains/beta-2023-04-20-x86_64-unknown-linux-gnu/lib/rustlib/x86_64-unknown-linux-gnu/lib/libcompiler_builtins-f0d6e4d0fc1e80b4.rlib" "-Wl,-Bdynamic" "-lssl" "-lcrypto" "-lgcc_s" "-lutil" "-lrt" "-lpthread" "-lm" "-ldl" "-lc" "-Wl,--eh-frame-hdr" "-Wl,-z,noexecstack" "-L" "/opt/rustwide/rustup-home/toolchains/beta-2023-04-20-x86_64-unknown-linux-gnu/lib/rustlib/x86_64-unknown-linux-gnu/lib" "-o" "/tmp/rustdoctest3nhFsR/rust_out" "-Wl,--gc-sections" "-pie" "-Wl,-z,relro,-z,now" "-nodefaultlibs"
[INFO] [stdout]   = note: collect2: fatal error: ld terminated with signal 9 [Killed]
[INFO] [stdout]           compilation terminated.
[INFO] [stdout]           
[INFO] [stdout] 
[INFO] [stdout] error: aborting due to previous error
[INFO] [stdout] 
[INFO] [stdout] Couldn't compile the test.
[INFO] [stdout] ---- src/lib.rs - SendgridBuilder::set_cc_emails (line 196) stdout ----
[INFO] [stdout] error: linking with `cc` failed: exit status: 1
[INFO] [stdout]   |
[INFO] [stdout]   = note: LC_ALL="C" PATH="/opt/rustwide/rustup-home/toolchains/beta-2023-04-20-x86_64-unknown-linux-gnu/lib/rustlib/x86_64-unknown-linux-gnu/bin:/opt/rustwide/cargo-home/bin:/usr/local/sbin:/usr/local/bin:/usr/sbin:/usr/bin:/sbin:/bin" VSLANG="1033" "cc" "-m64" "/tmp/rustcwsWp61/symbols.o" "/tmp/rustdoctestPXI7CI/rust_out.rust_out.c38b68ff-cgu.0.rcgu.o" "/tmp/rustdoctestPXI7CI/rust_out.38a7fyhsvjn6z0qy.rcgu.o" "-Wl,--as-needed" "-L" "/opt/rustwide/target/debug/deps" "-L" "/opt/rustwide/target/debug/deps" "-L" "/opt/rustwide/rustup-home/toolchains/beta-2023-04-20-x86_64-unknown-linux-gnu/lib/rustlib/x86_64-unknown-linux-gnu/lib" "-Wl,-Bstatic" "/opt/rustwide/target/debug/deps/libsendgrid_thin-552de38b17af6c9e.rlib" "/opt/rustwide/target/debug/deps/libreqwest-96a78f7ef7633c92.rlib" "/opt/rustwide/target/debug/deps/libhyper_tls-f5b4cca2ac19d6c1.rlib" "/opt/rustwide/target/debug/deps/libbase64-1d8778d69d34a396.rlib" "/opt/rustwide/target/debug/deps/libipnet-c447aff94ce34889.rlib" "/opt/rustwide/target/debug/deps/libtokio_native_tls-e6a8989fd706cf09.rlib" "/opt/rustwide/target/debug/deps/libserde_urlencoded-8ca0ccb987596eae.rlib" "/opt/rustwide/target/debug/deps/libmime-04f26b0b15f93981.rlib" "/opt/rustwide/target/debug/deps/libencoding_rs-b0d41797c1da8834.rlib" "/opt/rustwide/target/debug/deps/libnative_tls-67e42acbdf9d1946.rlib" "/opt/rustwide/target/debug/deps/libopenssl_probe-361016bdcb077fee.rlib" "/opt/rustwide/target/debug/deps/libopenssl-df876cf789f6ae17.rlib" "/opt/rustwide/target/debug/deps/libbitflags-610a73087f46ba3b.rlib" "/opt/rustwide/target/debug/deps/libforeign_types-3138d685ddde873e.rlib" "/opt/rustwide/target/debug/deps/libforeign_types_shared-1df85ef0ce08cbc3.rlib" "/opt/rustwide/target/debug/deps/libopenssl_sys-ae4a74adbee44cd7.rlib" "/opt/rustwide/target/debug/deps/libhyper-c41a2140e31fc57d.rlib" "/opt/rustwide/target/debug/deps/libwant-751c04441b3dc539.rlib" "/opt/rustwide/target/debug/deps/libtry_lock-bcd858d644546236.rlib" "/opt/rustwide/target/debug/deps/libhttparse-463bd4a7f2c72ba2.rlib" "/opt/rustwide/target/debug/deps/libh2-b9ab0aed803ffab9.rlib" "/opt/rustwide/target/debug/deps/libindexmap-483d6a6f45855717.rlib" "/opt/rustwide/target/debug/deps/libhashbrown-14a936eea4e6bab4.rlib" "/opt/rustwide/target/debug/deps/libtokio_util-83590d32e6a01325.rlib" "/opt/rustwide/target/debug/deps/libfutures_sink-443c30cbd423d6ef.rlib" "/opt/rustwide/target/debug/deps/libtower_service-6e0b9a8ac2b0d4d0.rlib" "/opt/rustwide/target/debug/deps/libtracing-a41c580693de99d0.rlib" "/opt/rustwide/target/debug/deps/libtracing_core-420c8912b6569db3.rlib" "/opt/rustwide/target/debug/deps/libonce_cell-4515fa40a5ce4b0c.rlib" "/opt/rustwide/target/debug/deps/libfutures_channel-d4bad6ccc77bb14d.rlib" "/opt/rustwide/target/debug/deps/libtokio-38ce526a6b4cdb63.rlib" "/opt/rustwide/target/debug/deps/libnum_cpus-f4115bed07ed9459.rlib" "/opt/rustwide/target/debug/deps/libsocket2-1b0387b73112eaa4.rlib" "/opt/rustwide/target/debug/deps/libmio-a099621ab0d03a62.rlib" "/opt/rustwide/target/debug/deps/liblibc-437468c9c78eaf61.rlib" "/opt/rustwide/target/debug/deps/libhttp_body-4061b89499f36d44.rlib" "/opt/rustwide/target/debug/deps/liblog-6f3e788ba8b980aa.rlib" "/opt/rustwide/target/debug/deps/libcfg_if-97437e183f3ae6e4.rlib" "/opt/rustwide/target/debug/deps/libfutures_util-4155684cbb1a11a5.rlib" "/opt/rustwide/target/debug/deps/libmemchr-f4ebff342237ab92.rlib" "/opt/rustwide/target/debug/deps/libfutures_io-d4a990e19af7fc59.rlib" "/opt/rustwide/target/debug/deps/libslab-7f8e952f3c0ab3c4.rlib" "/opt/rustwide/target/debug/deps/libpin_project_lite-3a747526c5b5aadd.rlib" "/opt/rustwide/target/debug/deps/libfutures_task-34a0ee1d6c1607f4.rlib" "/opt/rustwide/target/debug/deps/libpin_utils-501725f4e360d46d.rlib" "/opt/rustwide/target/debug/deps/libfutures_core-63bdc54a682e7df4.rlib" "/opt/rustwide/target/debug/deps/liburl-d94be37c9a9a891b.rlib" "/opt/rustwide/target/debug/deps/libidna-03b9880e1a6c6c5a.rlib" "/opt/rustwide/target/debug/deps/libunicode_normalization-b37b8c0875a4acb3.rlib" "/opt/rustwide/target/debug/deps/libtinyvec-7b8097d45487fe96.rlib" "/opt/rustwide/target/debug/deps/libtinyvec_macros-ece230c108b3ca46.rlib" "/opt/rustwide/target/debug/deps/libunicode_bidi-ea0067a9d9ceb7ae.rlib" "/opt/rustwide/target/debug/deps/libform_urlencoded-c6dce5f233f9dc81.rlib" "/opt/rustwide/target/debug/deps/libpercent_encoding-4a77b5e8a25d80c2.rlib" "/opt/rustwide/target/debug/deps/libhttp-df05c4d3a64fcb1b.rlib" "/opt/rustwide/target/debug/deps/libbytes-ae855e71327d1b48.rlib" "/opt/rustwide/target/debug/deps/libfnv-bb690c336855f248.rlib" "/opt/rustwide/target/debug/deps/libserde_json-62e0a0fa907be005.rlib" "/opt/rustwide/target/debug/deps/libryu-b5fa14faef1dcf3b.rlib" "/opt/rustwide/target/debug/deps/libitoa-ef51536650fd4ae2.rlib" "/opt/rustwide/target/debug/deps/libserde-2bcec6960fa9535b.rlib" "/opt/rustwide/rustup-home/toolchains/beta-2023-04-20-x86_64-unknown-linux-gnu/lib/rustlib/x86_64-unknown-linux-gnu/lib/libstd-0e29cc23c5e02021.rlib" "/opt/rustwide/rustup-home/toolchains/beta-2023-04-20-x86_64-unknown-linux-gnu/lib/rustlib/x86_64-unknown-linux-gnu/lib/libpanic_unwind-d903621768a861d9.rlib" "/opt/rustwide/rustup-home/toolchains/beta-2023-04-20-x86_64-unknown-linux-gnu/lib/rustlib/x86_64-unknown-linux-gnu/lib/libobject-6d0225e655f31c13.rlib" "/opt/rustwide/rustup-home/toolchains/beta-2023-04-20-x86_64-unknown-linux-gnu/lib/rustlib/x86_64-unknown-linux-gnu/lib/libmemchr-9dbaf4eac7eaa079.rlib" "/opt/rustwide/rustup-home/toolchains/beta-2023-04-20-x86_64-unknown-linux-gnu/lib/rustlib/x86_64-unknown-linux-gnu/lib/libaddr2line-27f05b3d42a66dd0.rlib" "/opt/rustwide/rustup-home/toolchains/beta-2023-04-20-x86_64-unknown-linux-gnu/lib/rustlib/x86_64-unknown-linux-gnu/lib/libgimli-4d73f1030321c9a2.rlib" "/opt/rustwide/rustup-home/toolchains/beta-2023-04-20-x86_64-unknown-linux-gnu/lib/rustlib/x86_64-unknown-linux-gnu/lib/librustc_demangle-2846c9e58abd0acb.rlib" "/opt/rustwide/rustup-home/toolchains/beta-2023-04-20-x86_64-unknown-linux-gnu/lib/rustlib/x86_64-unknown-linux-gnu/lib/libstd_detect-a53d0f50415947be.rlib" "/opt/rustwide/rustup-home/toolchains/beta-2023-04-20-x86_64-unknown-linux-gnu/lib/rustlib/x86_64-unknown-linux-gnu/lib/libhashbrown-d48e4b6abc25b9dc.rlib" "/opt/rustwide/rustup-home/toolchains/beta-2023-04-20-x86_64-unknown-linux-gnu/lib/rustlib/x86_64-unknown-linux-gnu/lib/libminiz_oxide-2991859439ef1207.rlib" "/opt/rustwide/rustup-home/toolchains/beta-2023-04-20-x86_64-unknown-linux-gnu/lib/rustlib/x86_64-unknown-linux-gnu/lib/libadler-8a687517e4221bae.rlib" "/opt/rustwide/rustup-home/toolchains/beta-2023-04-20-x86_64-unknown-linux-gnu/lib/rustlib/x86_64-unknown-linux-gnu/lib/librustc_std_workspace_alloc-e07b554f6a67f5b3.rlib" "/opt/rustwide/rustup-home/toolchains/beta-2023-04-20-x86_64-unknown-linux-gnu/lib/rustlib/x86_64-unknown-linux-gnu/lib/libunwind-b68238b7c3c619dd.rlib" "/opt/rustwide/rustup-home/toolchains/beta-2023-04-20-x86_64-unknown-linux-gnu/lib/rustlib/x86_64-unknown-linux-gnu/lib/libcfg_if-d5e213e896c017e4.rlib" "/opt/rustwide/rustup-home/toolchains/beta-2023-04-20-x86_64-unknown-linux-gnu/lib/rustlib/x86_64-unknown-linux-gnu/lib/liblibc-0211a3b2e61d8689.rlib" "/opt/rustwide/rustup-home/toolchains/beta-2023-04-20-x86_64-unknown-linux-gnu/lib/rustlib/x86_64-unknown-linux-gnu/lib/liballoc-b371f055239ba51f.rlib" "/opt/rustwide/rustup-home/toolchains/beta-2023-04-20-x86_64-unknown-linux-gnu/lib/rustlib/x86_64-unknown-linux-gnu/lib/librustc_std_workspace_core-e60518d2760eb01e.rlib" "/opt/rustwide/rustup-home/toolchains/beta-2023-04-20-x86_64-unknown-linux-gnu/lib/rustlib/x86_64-unknown-linux-gnu/lib/libcore-1ad943f92a4b1081.rlib" "/opt/rustwide/rustup-home/toolchains/beta-2023-04-20-x86_64-unknown-linux-gnu/lib/rustlib/x86_64-unknown-linux-gnu/lib/libcompiler_builtins-f0d6e4d0fc1e80b4.rlib" "-Wl,-Bdynamic" "-lssl" "-lcrypto" "-lgcc_s" "-lutil" "-lrt" "-lpthread" "-lm" "-ldl" "-lc" "-Wl,--eh-frame-hdr" "-Wl,-z,noexecstack" "-L" "/opt/rustwide/rustup-home/toolchains/beta-2023-04-20-x86_64-unknown-linux-gnu/lib/rustlib/x86_64-unknown-linux-gnu/lib" "-o" "/tmp/rustdoctestPXI7CI/rust_out" "-Wl,--gc-sections" "-pie" "-Wl,-z,relro,-z,now" "-nodefaultlibs"
[INFO] [stdout]   = note: collect2: fatal error: ld terminated with signal 9 [Killed]
[INFO] [stdout]           compilation terminated.
[INFO] [stdout]           
[INFO] [stdout] 
[INFO] [stdout] error: aborting due to previous error
[INFO] [stdout] 
[INFO] [stdout] Couldn't compile the test.
[INFO] [stdout] ---- src/lib.rs - Sendgrid::send (line 500) stdout ----
[INFO] [stdout] error: linking with `cc` failed: exit status: 1
[INFO] [stdout]   |
[INFO] [stdout]   = note: LC_ALL="C" PATH="/opt/rustwide/rustup-home/toolchains/beta-2023-04-20-x86_64-unknown-linux-gnu/lib/rustlib/x86_64-unknown-linux-gnu/bin:/opt/rustwide/cargo-home/bin:/usr/local/sbin:/usr/local/bin:/usr/sbin:/usr/bin:/sbin:/bin" VSLANG="1033" "cc" "-m64" "/tmp/rustcd869K1/symbols.o" "/tmp/rustdoctestrpYj1T/rust_out.rust_out.c38b68ff-cgu.0.rcgu.o" "/tmp/rustdoctestrpYj1T/rust_out.38a7fyhsvjn6z0qy.rcgu.o" "-Wl,--as-needed" "-L" "/opt/rustwide/target/debug/deps" "-L" "/opt/rustwide/target/debug/deps" "-L" "/opt/rustwide/rustup-home/toolchains/beta-2023-04-20-x86_64-unknown-linux-gnu/lib/rustlib/x86_64-unknown-linux-gnu/lib" "-Wl,-Bstatic" "/opt/rustwide/target/debug/deps/libsendgrid_thin-552de38b17af6c9e.rlib" "/opt/rustwide/target/debug/deps/libreqwest-96a78f7ef7633c92.rlib" "/opt/rustwide/target/debug/deps/libhyper_tls-f5b4cca2ac19d6c1.rlib" "/opt/rustwide/target/debug/deps/libbase64-1d8778d69d34a396.rlib" "/opt/rustwide/target/debug/deps/libipnet-c447aff94ce34889.rlib" "/opt/rustwide/target/debug/deps/libtokio_native_tls-e6a8989fd706cf09.rlib" "/opt/rustwide/target/debug/deps/libserde_urlencoded-8ca0ccb987596eae.rlib" "/opt/rustwide/target/debug/deps/libmime-04f26b0b15f93981.rlib" "/opt/rustwide/target/debug/deps/libencoding_rs-b0d41797c1da8834.rlib" "/opt/rustwide/target/debug/deps/libnative_tls-67e42acbdf9d1946.rlib" "/opt/rustwide/target/debug/deps/libopenssl_probe-361016bdcb077fee.rlib" "/opt/rustwide/target/debug/deps/libopenssl-df876cf789f6ae17.rlib" "/opt/rustwide/target/debug/deps/libbitflags-610a73087f46ba3b.rlib" "/opt/rustwide/target/debug/deps/libforeign_types-3138d685ddde873e.rlib" "/opt/rustwide/target/debug/deps/libforeign_types_shared-1df85ef0ce08cbc3.rlib" "/opt/rustwide/target/debug/deps/libopenssl_sys-ae4a74adbee44cd7.rlib" "/opt/rustwide/target/debug/deps/libhyper-c41a2140e31fc57d.rlib" "/opt/rustwide/target/debug/deps/libwant-751c04441b3dc539.rlib" "/opt/rustwide/target/debug/deps/libtry_lock-bcd858d644546236.rlib" "/opt/rustwide/target/debug/deps/libhttparse-463bd4a7f2c72ba2.rlib" "/opt/rustwide/target/debug/deps/libh2-b9ab0aed803ffab9.rlib" "/opt/rustwide/target/debug/deps/libindexmap-483d6a6f45855717.rlib" "/opt/rustwide/target/debug/deps/libhashbrown-14a936eea4e6bab4.rlib" "/opt/rustwide/target/debug/deps/libtokio_util-83590d32e6a01325.rlib" "/opt/rustwide/target/debug/deps/libfutures_sink-443c30cbd423d6ef.rlib" "/opt/rustwide/target/debug/deps/libtower_service-6e0b9a8ac2b0d4d0.rlib" "/opt/rustwide/target/debug/deps/libtracing-a41c580693de99d0.rlib" "/opt/rustwide/target/debug/deps/libtracing_core-420c8912b6569db3.rlib" "/opt/rustwide/target/debug/deps/libonce_cell-4515fa40a5ce4b0c.rlib" "/opt/rustwide/target/debug/deps/libfutures_channel-d4bad6ccc77bb14d.rlib" "/opt/rustwide/target/debug/deps/libtokio-38ce526a6b4cdb63.rlib" "/opt/rustwide/target/debug/deps/libnum_cpus-f4115bed07ed9459.rlib" "/opt/rustwide/target/debug/deps/libsocket2-1b0387b73112eaa4.rlib" "/opt/rustwide/target/debug/deps/libmio-a099621ab0d03a62.rlib" "/opt/rustwide/target/debug/deps/liblibc-437468c9c78eaf61.rlib" "/opt/rustwide/target/debug/deps/libhttp_body-4061b89499f36d44.rlib" "/opt/rustwide/target/debug/deps/liblog-6f3e788ba8b980aa.rlib" "/opt/rustwide/target/debug/deps/libcfg_if-97437e183f3ae6e4.rlib" "/opt/rustwide/target/debug/deps/libfutures_util-4155684cbb1a11a5.rlib" "/opt/rustwide/target/debug/deps/libmemchr-f4ebff342237ab92.rlib" "/opt/rustwide/target/debug/deps/libfutures_io-d4a990e19af7fc59.rlib" "/opt/rustwide/target/debug/deps/libslab-7f8e952f3c0ab3c4.rlib" "/opt/rustwide/target/debug/deps/libpin_project_lite-3a747526c5b5aadd.rlib" "/opt/rustwide/target/debug/deps/libfutures_task-34a0ee1d6c1607f4.rlib" "/opt/rustwide/target/debug/deps/libpin_utils-501725f4e360d46d.rlib" "/opt/rustwide/target/debug/deps/libfutures_core-63bdc54a682e7df4.rlib" "/opt/rustwide/target/debug/deps/liburl-d94be37c9a9a891b.rlib" "/opt/rustwide/target/debug/deps/libidna-03b9880e1a6c6c5a.rlib" "/opt/rustwide/target/debug/deps/libunicode_normalization-b37b8c0875a4acb3.rlib" "/opt/rustwide/target/debug/deps/libtinyvec-7b8097d45487fe96.rlib" "/opt/rustwide/target/debug/deps/libtinyvec_macros-ece230c108b3ca46.rlib" "/opt/rustwide/target/debug/deps/libunicode_bidi-ea0067a9d9ceb7ae.rlib" "/opt/rustwide/target/debug/deps/libform_urlencoded-c6dce5f233f9dc81.rlib" "/opt/rustwide/target/debug/deps/libpercent_encoding-4a77b5e8a25d80c2.rlib" "/opt/rustwide/target/debug/deps/libhttp-df05c4d3a64fcb1b.rlib" "/opt/rustwide/target/debug/deps/libbytes-ae855e71327d1b48.rlib" "/opt/rustwide/target/debug/deps/libfnv-bb690c336855f248.rlib" "/opt/rustwide/target/debug/deps/libserde_json-62e0a0fa907be005.rlib" "/opt/rustwide/target/debug/deps/libryu-b5fa14faef1dcf3b.rlib" "/opt/rustwide/target/debug/deps/libitoa-ef51536650fd4ae2.rlib" "/opt/rustwide/target/debug/deps/libserde-2bcec6960fa9535b.rlib" "/opt/rustwide/rustup-home/toolchains/beta-2023-04-20-x86_64-unknown-linux-gnu/lib/rustlib/x86_64-unknown-linux-gnu/lib/libstd-0e29cc23c5e02021.rlib" "/opt/rustwide/rustup-home/toolchains/beta-2023-04-20-x86_64-unknown-linux-gnu/lib/rustlib/x86_64-unknown-linux-gnu/lib/libpanic_unwind-d903621768a861d9.rlib" "/opt/rustwide/rustup-home/toolchains/beta-2023-04-20-x86_64-unknown-linux-gnu/lib/rustlib/x86_64-unknown-linux-gnu/lib/libobject-6d0225e655f31c13.rlib" "/opt/rustwide/rustup-home/toolchains/beta-2023-04-20-x86_64-unknown-linux-gnu/lib/rustlib/x86_64-unknown-linux-gnu/lib/libmemchr-9dbaf4eac7eaa079.rlib" "/opt/rustwide/rustup-home/toolchains/beta-2023-04-20-x86_64-unknown-linux-gnu/lib/rustlib/x86_64-unknown-linux-gnu/lib/libaddr2line-27f05b3d42a66dd0.rlib" "/opt/rustwide/rustup-home/toolchains/beta-2023-04-20-x86_64-unknown-linux-gnu/lib/rustlib/x86_64-unknown-linux-gnu/lib/libgimli-4d73f1030321c9a2.rlib" "/opt/rustwide/rustup-home/toolchains/beta-2023-04-20-x86_64-unknown-linux-gnu/lib/rustlib/x86_64-unknown-linux-gnu/lib/librustc_demangle-2846c9e58abd0acb.rlib" "/opt/rustwide/rustup-home/toolchains/beta-2023-04-20-x86_64-unknown-linux-gnu/lib/rustlib/x86_64-unknown-linux-gnu/lib/libstd_detect-a53d0f50415947be.rlib" "/opt/rustwide/rustup-home/toolchains/beta-2023-04-20-x86_64-unknown-linux-gnu/lib/rustlib/x86_64-unknown-linux-gnu/lib/libhashbrown-d48e4b6abc25b9dc.rlib" "/opt/rustwide/rustup-home/toolchains/beta-2023-04-20-x86_64-unknown-linux-gnu/lib/rustlib/x86_64-unknown-linux-gnu/lib/libminiz_oxide-2991859439ef1207.rlib" "/opt/rustwide/rustup-home/toolchains/beta-2023-04-20-x86_64-unknown-linux-gnu/lib/rustlib/x86_64-unknown-linux-gnu/lib/libadler-8a687517e4221bae.rlib" "/opt/rustwide/rustup-home/toolchains/beta-2023-04-20-x86_64-unknown-linux-gnu/lib/rustlib/x86_64-unknown-linux-gnu/lib/librustc_std_workspace_alloc-e07b554f6a67f5b3.rlib" "/opt/rustwide/rustup-home/toolchains/beta-2023-04-20-x86_64-unknown-linux-gnu/lib/rustlib/x86_64-unknown-linux-gnu/lib/libunwind-b68238b7c3c619dd.rlib" "/opt/rustwide/rustup-home/toolchains/beta-2023-04-20-x86_64-unknown-linux-gnu/lib/rustlib/x86_64-unknown-linux-gnu/lib/libcfg_if-d5e213e896c017e4.rlib" "/opt/rustwide/rustup-home/toolchains/beta-2023-04-20-x86_64-unknown-linux-gnu/lib/rustlib/x86_64-unknown-linux-gnu/lib/liblibc-0211a3b2e61d8689.rlib" "/opt/rustwide/rustup-home/toolchains/beta-2023-04-20-x86_64-unknown-linux-gnu/lib/rustlib/x86_64-unknown-linux-gnu/lib/liballoc-b371f055239ba51f.rlib" "/opt/rustwide/rustup-home/toolchains/beta-2023-04-20-x86_64-unknown-linux-gnu/lib/rustlib/x86_64-unknown-linux-gnu/lib/librustc_std_workspace_core-e60518d2760eb01e.rlib" "/opt/rustwide/rustup-home/toolchains/beta-2023-04-20-x86_64-unknown-linux-gnu/lib/rustlib/x86_64-unknown-linux-gnu/lib/libcore-1ad943f92a4b1081.rlib" "/opt/rustwide/rustup-home/toolchains/beta-2023-04-20-x86_64-unknown-linux-gnu/lib/rustlib/x86_64-unknown-linux-gnu/lib/libcompiler_builtins-f0d6e4d0fc1e80b4.rlib" "-Wl,-Bdynamic" "-lssl" "-lcrypto" "-lgcc_s" "-lutil" "-lrt" "-lpthread" "-lm" "-ldl" "-lc" "-Wl,--eh-frame-hdr" "-Wl,-z,noexecstack" "-L" "/opt/rustwide/rustup-home/toolchains/beta-2023-04-20-x86_64-unknown-linux-gnu/lib/rustlib/x86_64-unknown-linux-gnu/lib" "-o" "/tmp/rustdoctestrpYj1T/rust_out" "-Wl,--gc-sections" "-pie" "-Wl,-z,relro,-z,now" "-nodefaultlibs"
[INFO] [stdout]   = note: collect2: fatal error: ld terminated with signal 9 [Killed]
[INFO] [stdout]           compilation terminated.
[INFO] [stdout]           
[INFO] [stdout] 
[INFO] [stdout] error: aborting due to previous error
[INFO] [stdout] 
[INFO] [stdout] Couldn't compile the test.
[INFO] [stdout] 
[INFO] [stdout] failures:
[INFO] [stdout]     src/lib.rs - Sendgrid::send (line 500)
[INFO] [stdout]     src/lib.rs - Sendgrid::send_blocking (line 430)
[INFO] [stdout]     src/lib.rs - SendgridBuilder::set_cc_emails (line 196)
[INFO] [stdout]     src/lib.rs - SendgridBuilder::set_send_at (line 270)
[INFO] [stdout] 
[INFO] [stdout] test result: FAILED. 5 passed; 4 failed; 0 ignored; 0 measured; 0 filtered out; finished in 3.58s
[INFO] [stdout] 
[INFO] [stderr] error: doctest failed, to rerun pass `--doc`
[INFO] running `Command { std: "docker" "inspect" "e1c700f9d6e8e243c9c4c7c9d61c445d1463fdcfb621e92ef3af89ddf8ffabd2", kill_on_drop: false }`
[INFO] running `Command { std: "docker" "rm" "-f" "e1c700f9d6e8e243c9c4c7c9d61c445d1463fdcfb621e92ef3af89ddf8ffabd2", kill_on_drop: false }`
[INFO] [stdout] e1c700f9d6e8e243c9c4c7c9d61c445d1463fdcfb621e92ef3af89ddf8ffabd2
