[INFO] fetching crate selog 0.1.1-beta.1...
[INFO] testing selog-0.1.1-beta.1 against beta-2023-04-20 for beta-1.70-1
[INFO] extracting crate selog 0.1.1-beta.1 into /workspace/builds/worker-1-tc2/source
[INFO] validating manifest of crates.io crate selog 0.1.1-beta.1 on toolchain beta-2023-04-20
[INFO] running `Command { std: CARGO_HOME="/workspace/cargo-home" RUSTUP_HOME="/workspace/rustup-home" "/workspace/cargo-home/bin/cargo" "+beta-2023-04-20" "metadata" "--manifest-path" "Cargo.toml" "--no-deps", kill_on_drop: false }`
[INFO] started tweaking crates.io crate selog 0.1.1-beta.1
[INFO] finished tweaking crates.io crate selog 0.1.1-beta.1
[INFO] tweaked toml for crates.io crate selog 0.1.1-beta.1 written to /workspace/builds/worker-1-tc2/source/Cargo.toml
[INFO] running `Command { std: CARGO_HOME="/workspace/cargo-home" RUSTUP_HOME="/workspace/rustup-home" __CARGO_TEST_CHANNEL_OVERRIDE_DO_NOT_USE_THIS="nightly" "/workspace/cargo-home/bin/cargo" "+beta-2023-04-20" "generate-lockfile" "--manifest-path" "Cargo.toml" "-Zno-index-update", kill_on_drop: false }`
[INFO] running `Command { std: CARGO_HOME="/workspace/cargo-home" RUSTUP_HOME="/workspace/rustup-home" "/workspace/cargo-home/bin/cargo" "+beta-2023-04-20" "fetch" "--manifest-path" "Cargo.toml", kill_on_drop: false }`
[INFO] running `Command { std: "docker" "create" "-v" "/var/lib/crater-agent-workspace/builds/worker-1-tc2/target:/opt/rustwide/target:rw,Z" "-v" "/var/lib/crater-agent-workspace/builds/worker-1-tc2/source:/opt/rustwide/workdir:ro,Z" "-v" "/var/lib/crater-agent-workspace/cargo-home:/opt/rustwide/cargo-home:ro,Z" "-v" "/var/lib/crater-agent-workspace/rustup-home:/opt/rustwide/rustup-home:ro,Z" "-e" "SOURCE_DIR=/opt/rustwide/workdir" "-e" "CARGO_TARGET_DIR=/opt/rustwide/target" "-e" "CARGO_HOME=/opt/rustwide/cargo-home" "-e" "RUSTUP_HOME=/opt/rustwide/rustup-home" "-w" "/opt/rustwide/workdir" "-m" "1610612736" "--user" "0:0" "--network" "none" "ghcr.io/rust-lang/crates-build-env/linux@sha256:5ff2268d62e97bff2cde7d5815dd6ed5b47097566f13b8d0ca110b04b60e07ed" "/opt/rustwide/cargo-home/bin/cargo" "+beta-2023-04-20" "metadata" "--no-deps" "--format-version=1", kill_on_drop: false }`
[INFO] [stdout] 050f1003cd679c2f0f4423242854f0e9484366e7b57fcdedca1f26b25095ac29
[INFO] running `Command { std: "docker" "start" "-a" "050f1003cd679c2f0f4423242854f0e9484366e7b57fcdedca1f26b25095ac29", kill_on_drop: false }`
[INFO] running `Command { std: "docker" "inspect" "050f1003cd679c2f0f4423242854f0e9484366e7b57fcdedca1f26b25095ac29", kill_on_drop: false }`
[INFO] running `Command { std: "docker" "rm" "-f" "050f1003cd679c2f0f4423242854f0e9484366e7b57fcdedca1f26b25095ac29", kill_on_drop: false }`
[INFO] [stdout] 050f1003cd679c2f0f4423242854f0e9484366e7b57fcdedca1f26b25095ac29
[INFO] running `Command { std: "docker" "create" "-v" "/var/lib/crater-agent-workspace/builds/worker-1-tc2/target:/opt/rustwide/target:rw,Z" "-v" "/var/lib/crater-agent-workspace/builds/worker-1-tc2/source:/opt/rustwide/workdir:ro,Z" "-v" "/var/lib/crater-agent-workspace/cargo-home:/opt/rustwide/cargo-home:ro,Z" "-v" "/var/lib/crater-agent-workspace/rustup-home:/opt/rustwide/rustup-home:ro,Z" "-e" "SOURCE_DIR=/opt/rustwide/workdir" "-e" "CARGO_TARGET_DIR=/opt/rustwide/target" "-e" "CARGO_INCREMENTAL=0" "-e" "RUST_BACKTRACE=full" "-e" "RUSTFLAGS=--cap-lints=warn" "-e" "RUSTDOCFLAGS=--cap-lints=warn" "-e" "CARGO_HOME=/opt/rustwide/cargo-home" "-e" "RUSTUP_HOME=/opt/rustwide/rustup-home" "-w" "/opt/rustwide/workdir" "-m" "1610612736" "--user" "0:0" "--network" "none" "ghcr.io/rust-lang/crates-build-env/linux@sha256:5ff2268d62e97bff2cde7d5815dd6ed5b47097566f13b8d0ca110b04b60e07ed" "/opt/rustwide/cargo-home/bin/cargo" "+beta-2023-04-20" "build" "--frozen" "--message-format=json", kill_on_drop: false }`
[INFO] [stdout] 3cf615524d7a6a82a26d12741998bcadb084870d2182f8934ab87c07b0366ec0
[INFO] running `Command { std: "docker" "start" "-a" "3cf615524d7a6a82a26d12741998bcadb084870d2182f8934ab87c07b0366ec0", kill_on_drop: false }`
[INFO] [stderr]    Compiling atty v0.2.14
[INFO] [stderr]    Compiling selog v0.1.1-beta.1 (/opt/rustwide/workdir)
[INFO] [stderr]     Finished dev [unoptimized + debuginfo] target(s) in 0.58s
[INFO] running `Command { std: "docker" "inspect" "3cf615524d7a6a82a26d12741998bcadb084870d2182f8934ab87c07b0366ec0", kill_on_drop: false }`
[INFO] running `Command { std: "docker" "rm" "-f" "3cf615524d7a6a82a26d12741998bcadb084870d2182f8934ab87c07b0366ec0", kill_on_drop: false }`
[INFO] [stdout] 3cf615524d7a6a82a26d12741998bcadb084870d2182f8934ab87c07b0366ec0
[INFO] running `Command { std: "docker" "create" "-v" "/var/lib/crater-agent-workspace/builds/worker-1-tc2/target:/opt/rustwide/target:rw,Z" "-v" "/var/lib/crater-agent-workspace/builds/worker-1-tc2/source:/opt/rustwide/workdir:ro,Z" "-v" "/var/lib/crater-agent-workspace/cargo-home:/opt/rustwide/cargo-home:ro,Z" "-v" "/var/lib/crater-agent-workspace/rustup-home:/opt/rustwide/rustup-home:ro,Z" "-e" "SOURCE_DIR=/opt/rustwide/workdir" "-e" "CARGO_TARGET_DIR=/opt/rustwide/target" "-e" "CARGO_INCREMENTAL=0" "-e" "RUST_BACKTRACE=full" "-e" "RUSTFLAGS=--cap-lints=warn" "-e" "RUSTDOCFLAGS=--cap-lints=warn" "-e" "CARGO_HOME=/opt/rustwide/cargo-home" "-e" "RUSTUP_HOME=/opt/rustwide/rustup-home" "-w" "/opt/rustwide/workdir" "-m" "1610612736" "--user" "0:0" "--network" "none" "ghcr.io/rust-lang/crates-build-env/linux@sha256:5ff2268d62e97bff2cde7d5815dd6ed5b47097566f13b8d0ca110b04b60e07ed" "/opt/rustwide/cargo-home/bin/cargo" "+beta-2023-04-20" "test" "--frozen" "--no-run" "--message-format=json", kill_on_drop: false }`
[INFO] [stdout] 8f06d913d50cdee786a725c197a00e5d4a9369c1697bdddf1f142a04ee61b650
[INFO] running `Command { std: "docker" "start" "-a" "8f06d913d50cdee786a725c197a00e5d4a9369c1697bdddf1f142a04ee61b650", kill_on_drop: false }`
[INFO] [stderr]    Compiling os_str_bytes v6.5.0
[INFO] [stderr]    Compiling termcolor v1.2.0
[INFO] [stderr]    Compiling textwrap v0.16.0
[INFO] [stderr]    Compiling clap_lex v0.2.4
[INFO] [stderr]    Compiling clap v3.2.25
[INFO] [stderr]    Compiling selog v0.1.1-beta.1 (/opt/rustwide/workdir)
[INFO] [stderr]     Finished test [unoptimized + debuginfo] target(s) in 8.04s
[INFO] running `Command { std: "docker" "inspect" "8f06d913d50cdee786a725c197a00e5d4a9369c1697bdddf1f142a04ee61b650", kill_on_drop: false }`
[INFO] running `Command { std: "docker" "rm" "-f" "8f06d913d50cdee786a725c197a00e5d4a9369c1697bdddf1f142a04ee61b650", kill_on_drop: false }`
[INFO] [stdout] 8f06d913d50cdee786a725c197a00e5d4a9369c1697bdddf1f142a04ee61b650
[INFO] running `Command { std: "docker" "create" "-v" "/var/lib/crater-agent-workspace/builds/worker-1-tc2/target:/opt/rustwide/target:rw,Z" "-v" "/var/lib/crater-agent-workspace/builds/worker-1-tc2/source:/opt/rustwide/workdir:ro,Z" "-v" "/var/lib/crater-agent-workspace/cargo-home:/opt/rustwide/cargo-home:ro,Z" "-v" "/var/lib/crater-agent-workspace/rustup-home:/opt/rustwide/rustup-home:ro,Z" "-e" "SOURCE_DIR=/opt/rustwide/workdir" "-e" "CARGO_TARGET_DIR=/opt/rustwide/target" "-e" "CARGO_INCREMENTAL=0" "-e" "RUST_BACKTRACE=full" "-e" "RUSTFLAGS=--cap-lints=warn" "-e" "RUSTDOCFLAGS=--cap-lints=warn" "-e" "CARGO_HOME=/opt/rustwide/cargo-home" "-e" "RUSTUP_HOME=/opt/rustwide/rustup-home" "-w" "/opt/rustwide/workdir" "-m" "1610612736" "--user" "0:0" "--network" "none" "ghcr.io/rust-lang/crates-build-env/linux@sha256:5ff2268d62e97bff2cde7d5815dd6ed5b47097566f13b8d0ca110b04b60e07ed" "/opt/rustwide/cargo-home/bin/cargo" "+beta-2023-04-20" "test" "--frozen", kill_on_drop: false }`
[INFO] [stdout] 4668cb67e59361e8c0aefcc4d7b2165c3836315a527a01113a82a23bf652893d
[INFO] running `Command { std: "docker" "start" "-a" "4668cb67e59361e8c0aefcc4d7b2165c3836315a527a01113a82a23bf652893d", kill_on_drop: false }`
[INFO] [stdout] 
[INFO] [stderr]     Finished test [unoptimized + debuginfo] target(s) in 0.05s
[INFO] [stdout] running 6 tests
[INFO] [stderr]      Running unittests src/lib.rs (/opt/rustwide/target/debug/deps/selog-a7e8f3a024c4f098)
[INFO] [stdout] test tests::selevel_off ... ok
[INFO] [stdout] test tests::selevel_error ... ok
[INFO] [stdout] test tests::selevel_info ... ok
[INFO] [stdout] test tests::selevel_debug ... ok
[INFO] [stdout] test tests::selevel_warn ... ok
[INFO] [stdout] test tests::selevel_trace ... ok
[INFO] [stdout] 
[INFO] [stdout] test result: ok. 6 passed; 0 failed; 0 ignored; 0 measured; 0 filtered out; finished in 0.01s
[INFO] [stdout] 
[INFO] [stderr]    Doc-tests selog
[INFO] [stdout] 
[INFO] [stdout] running 3 tests
[INFO] [stdout] test src/lib.rs - (line 77) ... FAILED
[INFO] [stdout] test src/lib.rs - (line 31) ... FAILED
[INFO] [stdout] test src/lib.rs - (line 12) ... ok
[INFO] [stdout] 
[INFO] [stdout] failures:
[INFO] [stdout] 
[INFO] [stdout] ---- src/lib.rs - (line 77) stdout ----
[INFO] [stdout] error: cannot find macro `opts` in this scope
[INFO] [stdout]  --> src/lib.rs:85:1
[INFO] [stdout]   |
[INFO] [stdout] 9 | opts! {
[INFO] [stdout]   | ^^^^
[INFO] [stdout] 
[INFO] [stdout] error[E0433]: failed to resolve: use of undeclared type `Opts`
[INFO] [stdout]   --> src/lib.rs:92:16
[INFO] [stdout]    |
[INFO] [stdout] 16 |     let opts = Opts::parse();
[INFO] [stdout]    |                ^^^^ use of undeclared type `Opts`
[INFO] [stdout] 
[INFO] [stdout] error: aborting due to 2 previous errors
[INFO] [stdout] 
[INFO] [stdout] For more information about this error, try `rustc --explain E0433`.
[INFO] [stdout] Couldn't compile the test.
[INFO] [stdout] ---- src/lib.rs - (line 31) stdout ----
[INFO] [stdout] error[E0432]: unresolved import `clap::Clap`
[INFO] [stdout]  --> src/lib.rs:37:5
[INFO] [stdout]   |
[INFO] [stdout] 7 | use clap::Clap;
[INFO] [stdout]   |     ^^^^^^^^^^ no `Clap` in the root
[INFO] [stdout] 
[INFO] [stdout] error: cannot determine resolution for the derive macro `Clap`
[INFO] [stdout]   --> src/lib.rs:40:10
[INFO] [stdout]    |
[INFO] [stdout] 10 | #[derive(Clap)]
[INFO] [stdout]    |          ^^^^
[INFO] [stdout]    |
[INFO] [stdout]    = note: import resolution is stuck, try simplifying macro imports
[INFO] [stdout] 
[INFO] [stdout] error: cannot find attribute `clap` in this scope
[INFO] [stdout]   --> src/lib.rs:42:7
[INFO] [stdout]    |
[INFO] [stdout] 12 |     #[clap(short, long, about = "More verbose output.")]
[INFO] [stdout]    |       ^^^^
[INFO] [stdout]    |
[INFO] [stdout] note: `clap` is imported here, but it is a crate, not an attribute
[INFO] [stdout]   --> src/lib.rs:34:1
[INFO] [stdout]    |
[INFO] [stdout] 4  | extern crate clap;
[INFO] [stdout]    | ^^^^^^^^^^^^^^^^^^
[INFO] [stdout] 
[INFO] [stdout] error: cannot find attribute `clap` in this scope
[INFO] [stdout]   --> src/lib.rs:44:7
[INFO] [stdout]    |
[INFO] [stdout] 14 |     #[clap(short, long, about = "Less output.")]
[INFO] [stdout]    |       ^^^^
[INFO] [stdout]    |
[INFO] [stdout] note: `clap` is imported here, but it is a crate, not an attribute
[INFO] [stdout]   --> src/lib.rs:34:1
[INFO] [stdout]    |
[INFO] [stdout] 4  | extern crate clap;
[INFO] [stdout]    | ^^^^^^^^^^^^^^^^^^
[INFO] [stdout] 
[INFO] [stdout] error: cannot find attribute `clap` in this scope
[INFO] [stdout]   --> src/lib.rs:46:7
[INFO] [stdout]    |
[INFO] [stdout] 16 |     #[clap(short, long, about = "Output debug log.")]
[INFO] [stdout]    |       ^^^^
[INFO] [stdout]    |
[INFO] [stdout] note: `clap` is imported here, but it is a crate, not an attribute
[INFO] [stdout]   --> src/lib.rs:34:1
[INFO] [stdout]    |
[INFO] [stdout] 4  | extern crate clap;
[INFO] [stdout]    | ^^^^^^^^^^^^^^^^^^
[INFO] [stdout] 
[INFO] [stdout] error: cannot find attribute `clap` in this scope
[INFO] [stdout]   --> src/lib.rs:48:7
[INFO] [stdout]    |
[INFO] [stdout] 18 |     #[clap(long, about = "Control color of output.",
[INFO] [stdout]    |       ^^^^
[INFO] [stdout]    |
[INFO] [stdout] note: `clap` is imported here, but it is a crate, not an attribute
[INFO] [stdout]   --> src/lib.rs:34:1
[INFO] [stdout]    |
[INFO] [stdout] 4  | extern crate clap;
[INFO] [stdout]    | ^^^^^^^^^^^^^^^^^^
[INFO] [stdout] 
[INFO] [stdout] error[E0599]: no function or associated item named `parse` found for struct `Opts` in the current scope
[INFO] [stdout]   --> src/lib.rs:56:22
[INFO] [stdout]    |
[INFO] [stdout] 11 | struct Opts {
[INFO] [stdout]    | ----------- function or associated item `parse` not found for this struct
[INFO] [stdout] ...
[INFO] [stdout] 26 |     let opts = Opts::parse();
[INFO] [stdout]    |                      ^^^^^ function or associated item not found in `Opts`
[INFO] [stdout]    |
[INFO] [stdout]    = help: items from traits can only be used if the trait is implemented and in scope
[INFO] [stdout]    = note: the following traits define an item `parse`, perhaps you need to implement one of them:
[INFO] [stdout]            candidate #1: `Parser`
[INFO] [stdout]            candidate #2: `TypedValueParser`
[INFO] [stdout] 
[INFO] [stdout] error: aborting due to 7 previous errors
[INFO] [stdout] 
[INFO] [stdout] Some errors have detailed explanations: E0432, E0599.
[INFO] [stdout] For more information about an error, try `rustc --explain E0432`.
[INFO] [stdout] Couldn't compile the test.
[INFO] [stdout] 
[INFO] [stdout] failures:
[INFO] [stdout]     src/lib.rs - (line 31)
[INFO] [stdout]     src/lib.rs - (line 77)
[INFO] [stdout] 
[INFO] [stdout] test result: FAILED. 1 passed; 2 failed; 0 ignored; 0 measured; 0 filtered out; finished in 0.39s
[INFO] [stdout] 
[INFO] [stderr] error: doctest failed, to rerun pass `--doc`
[INFO] running `Command { std: "docker" "inspect" "4668cb67e59361e8c0aefcc4d7b2165c3836315a527a01113a82a23bf652893d", kill_on_drop: false }`
[INFO] running `Command { std: "docker" "rm" "-f" "4668cb67e59361e8c0aefcc4d7b2165c3836315a527a01113a82a23bf652893d", kill_on_drop: false }`
[INFO] [stdout] 4668cb67e59361e8c0aefcc4d7b2165c3836315a527a01113a82a23bf652893d
