[INFO] fetching crate segment 0.2.2...
[INFO] testing segment-0.2.2 against beta-2023-04-20 for beta-1.70-1
[INFO] extracting crate segment 0.2.2 into /workspace/builds/worker-6-tc2/source
[INFO] validating manifest of crates.io crate segment 0.2.2 on toolchain beta-2023-04-20
[INFO] running `Command { std: CARGO_HOME="/workspace/cargo-home" RUSTUP_HOME="/workspace/rustup-home" "/workspace/cargo-home/bin/cargo" "+beta-2023-04-20" "metadata" "--manifest-path" "Cargo.toml" "--no-deps", kill_on_drop: false }`
[INFO] started tweaking crates.io crate segment 0.2.2
[INFO] finished tweaking crates.io crate segment 0.2.2
[INFO] tweaked toml for crates.io crate segment 0.2.2 written to /workspace/builds/worker-6-tc2/source/Cargo.toml
[INFO] crate crates.io crate segment 0.2.2 already has a lockfile, it will not be regenerated
[INFO] running `Command { std: CARGO_HOME="/workspace/cargo-home" RUSTUP_HOME="/workspace/rustup-home" "/workspace/cargo-home/bin/cargo" "+beta-2023-04-20" "fetch" "--manifest-path" "Cargo.toml", kill_on_drop: false }`
[INFO] [stderr]     Blocking waiting for file lock on package cache
[INFO] running `Command { std: "docker" "create" "-v" "/var/lib/crater-agent-workspace/builds/worker-6-tc2/target:/opt/rustwide/target:rw,Z" "-v" "/var/lib/crater-agent-workspace/builds/worker-6-tc2/source:/opt/rustwide/workdir:ro,Z" "-v" "/var/lib/crater-agent-workspace/cargo-home:/opt/rustwide/cargo-home:ro,Z" "-v" "/var/lib/crater-agent-workspace/rustup-home:/opt/rustwide/rustup-home:ro,Z" "-e" "SOURCE_DIR=/opt/rustwide/workdir" "-e" "CARGO_TARGET_DIR=/opt/rustwide/target" "-e" "CARGO_HOME=/opt/rustwide/cargo-home" "-e" "RUSTUP_HOME=/opt/rustwide/rustup-home" "-w" "/opt/rustwide/workdir" "-m" "1610612736" "--user" "0:0" "--network" "none" "ghcr.io/rust-lang/crates-build-env/linux@sha256:5ff2268d62e97bff2cde7d5815dd6ed5b47097566f13b8d0ca110b04b60e07ed" "/opt/rustwide/cargo-home/bin/cargo" "+beta-2023-04-20" "metadata" "--no-deps" "--format-version=1", kill_on_drop: false }`
[INFO] [stdout] 8e875b62aed5c61ae87d5e1c7fbaaf2c081cba580a9011a9b10c8c5b677af276
[INFO] running `Command { std: "docker" "start" "-a" "8e875b62aed5c61ae87d5e1c7fbaaf2c081cba580a9011a9b10c8c5b677af276", kill_on_drop: false }`
[INFO] running `Command { std: "docker" "inspect" "8e875b62aed5c61ae87d5e1c7fbaaf2c081cba580a9011a9b10c8c5b677af276", kill_on_drop: false }`
[INFO] running `Command { std: "docker" "rm" "-f" "8e875b62aed5c61ae87d5e1c7fbaaf2c081cba580a9011a9b10c8c5b677af276", kill_on_drop: false }`
[INFO] [stdout] 8e875b62aed5c61ae87d5e1c7fbaaf2c081cba580a9011a9b10c8c5b677af276
[INFO] running `Command { std: "docker" "create" "-v" "/var/lib/crater-agent-workspace/builds/worker-6-tc2/target:/opt/rustwide/target:rw,Z" "-v" "/var/lib/crater-agent-workspace/builds/worker-6-tc2/source:/opt/rustwide/workdir:ro,Z" "-v" "/var/lib/crater-agent-workspace/cargo-home:/opt/rustwide/cargo-home:ro,Z" "-v" "/var/lib/crater-agent-workspace/rustup-home:/opt/rustwide/rustup-home:ro,Z" "-e" "SOURCE_DIR=/opt/rustwide/workdir" "-e" "CARGO_TARGET_DIR=/opt/rustwide/target" "-e" "CARGO_INCREMENTAL=0" "-e" "RUST_BACKTRACE=full" "-e" "RUSTFLAGS=--cap-lints=warn" "-e" "RUSTDOCFLAGS=--cap-lints=warn" "-e" "CARGO_HOME=/opt/rustwide/cargo-home" "-e" "RUSTUP_HOME=/opt/rustwide/rustup-home" "-w" "/opt/rustwide/workdir" "-m" "1610612736" "--user" "0:0" "--network" "none" "ghcr.io/rust-lang/crates-build-env/linux@sha256:5ff2268d62e97bff2cde7d5815dd6ed5b47097566f13b8d0ca110b04b60e07ed" "/opt/rustwide/cargo-home/bin/cargo" "+beta-2023-04-20" "build" "--frozen" "--message-format=json", kill_on_drop: false }`
[INFO] [stdout] 41247ff1c683345292790ddc7bc0e3f8e38550fab1d2d93bdcde7297c334859f
[INFO] running `Command { std: "docker" "start" "-a" "41247ff1c683345292790ddc7bc0e3f8e38550fab1d2d93bdcde7297c334859f", kill_on_drop: false }`
[INFO] [stderr]     Blocking waiting for file lock on package cache
[INFO] [stderr]    Compiling proc-macro2 v1.0.49
[INFO] [stderr]    Compiling quote v1.0.23
[INFO] [stderr]    Compiling unicode-ident v1.0.6
[INFO] [stderr]    Compiling syn v1.0.107
[INFO] [stderr]    Compiling libc v0.2.139
[INFO] [stderr]    Compiling autocfg v1.1.0
[INFO] [stderr]    Compiling cfg-if v1.0.0
[INFO] [stderr]    Compiling once_cell v1.17.0
[INFO] [stderr]    Compiling log v0.4.17
[INFO] [stderr]    Compiling cc v1.0.78
[INFO] [stderr]    Compiling pin-project-lite v0.2.9
[INFO] [stderr]    Compiling bytes v1.3.0
[INFO] [stderr]    Compiling memchr v2.5.0
[INFO] [stderr]    Compiling futures-core v0.3.25
[INFO] [stderr]    Compiling itoa v1.0.5
[INFO] [stderr]    Compiling tokio v1.24.1
[INFO] [stderr]    Compiling spin v0.5.2
[INFO] [stderr]    Compiling untrusted v0.7.1
[INFO] [stderr]    Compiling serde_derive v1.0.152
[INFO] [stderr]    Compiling futures-task v0.3.25
[INFO] [stderr]    Compiling socket2 v0.4.7
[INFO] [stderr]    Compiling mio v0.8.5
[INFO] [stderr]    Compiling indexmap v1.9.2
[INFO] [stderr]    Compiling slab v0.4.7
[INFO] [stderr]    Compiling tracing-core v0.1.30
[INFO] [stderr]    Compiling serde v1.0.152
[INFO] [stderr]    Compiling ring v0.16.20
[INFO] [stderr]    Compiling fnv v1.0.7
[INFO] [stderr]    Compiling futures-util v0.3.25
[INFO] [stderr]    Compiling http v0.2.8
[INFO] [stderr]    Compiling tracing v0.1.37
[INFO] [stderr]    Compiling futures-sink v0.3.25
[INFO] [stderr]    Compiling rustls v0.20.7
[INFO] [stderr]    Compiling httparse v1.8.0
[INFO] [stderr]    Compiling pin-utils v0.1.0
[INFO] [stderr]    Compiling futures-channel v0.3.25
[INFO] [stderr]    Compiling tinyvec_macros v0.1.0
[INFO] [stderr]    Compiling hashbrown v0.12.3
[INFO] [stderr]    Compiling tinyvec v1.6.0
[INFO] [stderr]    Compiling percent-encoding v2.2.0
[INFO] [stderr]    Compiling try-lock v0.2.4
[INFO] [stderr]    Compiling http-body v0.4.5
[INFO] [stderr]    Compiling want v0.3.0
[INFO] [stderr]    Compiling form_urlencoded v1.1.0
[INFO] [stderr]    Compiling unicode-normalization v0.1.22
[INFO] [stderr]    Compiling unicode-bidi v0.3.8
[INFO] [stderr]    Compiling httpdate v1.0.2
[INFO] [stderr]    Compiling encoding_rs v0.8.31
[INFO] [stderr]    Compiling tower-service v0.3.2
[INFO] [stderr]    Compiling ryu v1.0.12
[INFO] [stderr]    Compiling serde_json v1.0.91
[INFO] [stderr]    Compiling idna v0.3.0
[INFO] [stderr]    Compiling async-trait v0.1.61
[INFO] [stderr]    Compiling thiserror v1.0.38
[INFO] [stderr]    Compiling base64 v0.13.1
[INFO] [stderr]    Compiling ipnet v2.7.1
[INFO] [stderr]    Compiling mime v0.3.16
[INFO] [stderr]    Compiling rustls-pemfile v1.0.1
[INFO] [stderr]    Compiling url v2.3.1
[INFO] [stderr]    Compiling time-core v0.1.0
[INFO] [stderr]    Compiling webpki v0.22.0
[INFO] [stderr]    Compiling sct v0.7.0
[INFO] [stderr]    Compiling tokio-macros v1.8.2
[INFO] [stderr]    Compiling thiserror-impl v1.0.38
[INFO] [stderr]    Compiling webpki-roots v0.22.6
[INFO] [stderr]    Compiling tokio-util v0.7.4
[INFO] [stderr]    Compiling tokio-rustls v0.23.4
[INFO] [stderr]    Compiling h2 v0.3.15
[INFO] [stderr]    Compiling serde_urlencoded v0.7.1
[INFO] [stderr]    Compiling time v0.3.17
[INFO] [stderr]    Compiling hyper v0.14.23
[INFO] [stderr]    Compiling hyper-rustls v0.23.2
[INFO] [stderr]    Compiling reqwest v0.11.13
[INFO] [stderr]    Compiling segment v0.2.2 (/opt/rustwide/workdir)
[INFO] [stderr]     Finished dev [unoptimized + debuginfo] target(s) in 45.71s
[INFO] running `Command { std: "docker" "inspect" "41247ff1c683345292790ddc7bc0e3f8e38550fab1d2d93bdcde7297c334859f", kill_on_drop: false }`
[INFO] running `Command { std: "docker" "rm" "-f" "41247ff1c683345292790ddc7bc0e3f8e38550fab1d2d93bdcde7297c334859f", kill_on_drop: false }`
[INFO] [stdout] 41247ff1c683345292790ddc7bc0e3f8e38550fab1d2d93bdcde7297c334859f
[INFO] running `Command { std: "docker" "create" "-v" "/var/lib/crater-agent-workspace/builds/worker-6-tc2/target:/opt/rustwide/target:rw,Z" "-v" "/var/lib/crater-agent-workspace/builds/worker-6-tc2/source:/opt/rustwide/workdir:ro,Z" "-v" "/var/lib/crater-agent-workspace/cargo-home:/opt/rustwide/cargo-home:ro,Z" "-v" "/var/lib/crater-agent-workspace/rustup-home:/opt/rustwide/rustup-home:ro,Z" "-e" "SOURCE_DIR=/opt/rustwide/workdir" "-e" "CARGO_TARGET_DIR=/opt/rustwide/target" "-e" "CARGO_INCREMENTAL=0" "-e" "RUST_BACKTRACE=full" "-e" "RUSTFLAGS=--cap-lints=warn" "-e" "RUSTDOCFLAGS=--cap-lints=warn" "-e" "CARGO_HOME=/opt/rustwide/cargo-home" "-e" "RUSTUP_HOME=/opt/rustwide/rustup-home" "-w" "/opt/rustwide/workdir" "-m" "1610612736" "--user" "0:0" "--network" "none" "ghcr.io/rust-lang/crates-build-env/linux@sha256:5ff2268d62e97bff2cde7d5815dd6ed5b47097566f13b8d0ca110b04b60e07ed" "/opt/rustwide/cargo-home/bin/cargo" "+beta-2023-04-20" "test" "--frozen" "--no-run" "--message-format=json", kill_on_drop: false }`
[INFO] [stdout] 4ceeafccc63587c526b9652b24c5b2b7a02faaa57bc1b98d25ccdcccf4e1f8be
[INFO] running `Command { std: "docker" "start" "-a" "4ceeafccc63587c526b9652b24c5b2b7a02faaa57bc1b98d25ccdcccf4e1f8be", kill_on_drop: false }`
[INFO] [stderr]     Blocking waiting for file lock on package cache
[INFO] [stderr]    Compiling segment v0.2.2 (/opt/rustwide/workdir)
[INFO] [stderr]     Finished test [unoptimized + debuginfo] target(s) in 3.67s
[INFO] running `Command { std: "docker" "inspect" "4ceeafccc63587c526b9652b24c5b2b7a02faaa57bc1b98d25ccdcccf4e1f8be", kill_on_drop: false }`
[INFO] running `Command { std: "docker" "rm" "-f" "4ceeafccc63587c526b9652b24c5b2b7a02faaa57bc1b98d25ccdcccf4e1f8be", kill_on_drop: false }`
[INFO] [stdout] 4ceeafccc63587c526b9652b24c5b2b7a02faaa57bc1b98d25ccdcccf4e1f8be
[INFO] running `Command { std: "docker" "create" "-v" "/var/lib/crater-agent-workspace/builds/worker-6-tc2/target:/opt/rustwide/target:rw,Z" "-v" "/var/lib/crater-agent-workspace/builds/worker-6-tc2/source:/opt/rustwide/workdir:ro,Z" "-v" "/var/lib/crater-agent-workspace/cargo-home:/opt/rustwide/cargo-home:ro,Z" "-v" "/var/lib/crater-agent-workspace/rustup-home:/opt/rustwide/rustup-home:ro,Z" "-e" "SOURCE_DIR=/opt/rustwide/workdir" "-e" "CARGO_TARGET_DIR=/opt/rustwide/target" "-e" "CARGO_INCREMENTAL=0" "-e" "RUST_BACKTRACE=full" "-e" "RUSTFLAGS=--cap-lints=warn" "-e" "RUSTDOCFLAGS=--cap-lints=warn" "-e" "CARGO_HOME=/opt/rustwide/cargo-home" "-e" "RUSTUP_HOME=/opt/rustwide/rustup-home" "-w" "/opt/rustwide/workdir" "-m" "1610612736" "--user" "0:0" "--network" "none" "ghcr.io/rust-lang/crates-build-env/linux@sha256:5ff2268d62e97bff2cde7d5815dd6ed5b47097566f13b8d0ca110b04b60e07ed" "/opt/rustwide/cargo-home/bin/cargo" "+beta-2023-04-20" "test" "--frozen", kill_on_drop: false }`
[INFO] [stdout] 5e6766ec4271fe9f3aa499ebd4e4ba3fa1d6a0ccfe636bb0998328900b62beaf
[INFO] running `Command { std: "docker" "start" "-a" "5e6766ec4271fe9f3aa499ebd4e4ba3fa1d6a0ccfe636bb0998328900b62beaf", kill_on_drop: false }`
[INFO] [stderr]     Finished test [unoptimized + debuginfo] target(s) in 0.08s
[INFO] [stderr]      Running unittests src/lib.rs (/opt/rustwide/target/debug/deps/segment-a6961d6b95a2b138)
[INFO] [stdout] 
[INFO] [stdout] running 4 tests
[INFO] [stdout] test message::tests::serialize ... ok
[INFO] [stdout] test batcher::tests::test_push_and_into ... ok
[INFO] [stdout] test batcher::tests::test_bad_message_size ... ok
[INFO] [stdout] test batcher::tests::test_max_buffer ... ok
[INFO] [stdout] 
[INFO] [stdout] test result: ok. 4 passed; 0 failed; 0 ignored; 0 measured; 0 filtered out; finished in 0.02s
[INFO] [stdout] 
[INFO] [stderr]    Doc-tests segment
[INFO] [stdout] 
[INFO] [stdout] running 7 tests
[INFO] [stdout] test src/auto_batcher.rs - auto_batcher::AutoBatcher::new (line 57) ... FAILED
[INFO] [stdout] test src/lib.rs - (line 49) ... FAILED
[INFO] [stdout] test src/auto_batcher.rs - auto_batcher::AutoBatcher::push (line 78) ... ok
[INFO] [stdout] test src/auto_batcher.rs - auto_batcher::AutoBatcher::flush (line 111) ... ok
[INFO] [stdout] test src/auto_batcher.rs - auto_batcher::AutoBatcher (line 19) ... ok
[INFO] [stdout] test src/batcher.rs - batcher::Batcher (line 16) ... ok
[INFO] [stderr] error: doctest failed, to rerun pass `--doc`
[INFO] [stdout] test src/lib.rs - (line 12) ... FAILED
[INFO] [stdout] 
[INFO] [stdout] failures:
[INFO] [stdout] 
[INFO] [stdout] ---- src/auto_batcher.rs - auto_batcher::AutoBatcher::new (line 57) stdout ----
[INFO] [stdout] error: linking with `cc` failed: exit status: 1
[INFO] [stdout]   |
[INFO] [stdout]   = note: LC_ALL="C" PATH="/opt/rustwide/rustup-home/toolchains/beta-2023-04-20-x86_64-unknown-linux-gnu/lib/rustlib/x86_64-unknown-linux-gnu/bin:/opt/rustwide/cargo-home/bin:/usr/local/sbin:/usr/local/bin:/usr/sbin:/usr/bin:/sbin:/bin" VSLANG="1033" "cc" "-m64" "/tmp/rustcMDKhRH/symbols.o" "/tmp/rustdoctestOb6h2e/rust_out.rust_out.c38b68ff-cgu.0.rcgu.o" "/tmp/rustdoctestOb6h2e/rust_out.38a7fyhsvjn6z0qy.rcgu.o" "-Wl,--as-needed" "-L" "/opt/rustwide/target/debug/deps" "-L" "/opt/rustwide/target/debug/deps" "-L" "/opt/rustwide/target/debug/build/ring-6905fdd6d047ee82/out" "-L" "/opt/rustwide/rustup-home/toolchains/beta-2023-04-20-x86_64-unknown-linux-gnu/lib/rustlib/x86_64-unknown-linux-gnu/lib" "-Wl,-Bstatic" "/opt/rustwide/target/debug/deps/libsegment-ab215abdd42112d0.rlib" "/opt/rustwide/target/debug/deps/libreqwest-7fa6df2d8e1a7d81.rlib" "/opt/rustwide/target/debug/deps/librustls_pemfile-5bf3558b2fb63536.rlib" "/opt/rustwide/target/debug/deps/libhyper_rustls-8a36b8ee2fe527a3.rlib" "/opt/rustwide/target/debug/deps/libserde_urlencoded-9a1cada01e8eb347.rlib" "/opt/rustwide/target/debug/deps/libwebpki_roots-a47a4a71025f1f48.rlib" "/opt/rustwide/target/debug/deps/libipnet-d453c6045f112e9c.rlib" "/opt/rustwide/target/debug/deps/libtokio_rustls-7a5bb4b84e030e10.rlib" "/opt/rustwide/target/debug/deps/libmime-6adaefd5c465bdcc.rlib" "/opt/rustwide/target/debug/deps/libencoding_rs-f492db31e71be9dd.rlib" "/opt/rustwide/target/debug/deps/libbase64-0c872e3f7d1ba17a.rlib" "/opt/rustwide/target/debug/deps/librustls-c67deb90d72e9bbe.rlib" "/opt/rustwide/target/debug/deps/libsct-1681d568873a52e9.rlib" "/opt/rustwide/target/debug/deps/libwebpki-69ab23fbc4bfd587.rlib" "/opt/rustwide/target/debug/deps/libring-db22798246acc46f.rlib" "/opt/rustwide/target/debug/deps/libspin-0ce7eed86e654be1.rlib" "/opt/rustwide/target/debug/deps/libuntrusted-299fbcd347deffe0.rlib" "/opt/rustwide/target/debug/deps/libhyper-b5a17fa0904a2d06.rlib" "/opt/rustwide/target/debug/deps/libwant-751c04441b3dc539.rlib" "/opt/rustwide/target/debug/deps/libtry_lock-bcd858d644546236.rlib" "/opt/rustwide/target/debug/deps/libhttparse-463bd4a7f2c72ba2.rlib" "/opt/rustwide/target/debug/deps/libh2-0dc471e8e7804550.rlib" "/opt/rustwide/target/debug/deps/libindexmap-6cea9ae2975046a1.rlib" "/opt/rustwide/target/debug/deps/libhashbrown-14a936eea4e6bab4.rlib" "/opt/rustwide/target/debug/deps/libslab-f707bf0c16d9b9e8.rlib" "/opt/rustwide/target/debug/deps/libtokio_util-f49419dbe31cedb4.rlib" "/opt/rustwide/target/debug/deps/libfutures_sink-8795813b1cefede0.rlib" "/opt/rustwide/target/debug/deps/libtower_service-6e0b9a8ac2b0d4d0.rlib" "/opt/rustwide/target/debug/deps/libtracing-a10c2da8e1a1bbbd.rlib" "/opt/rustwide/target/debug/deps/libtracing_core-f36930e35577b519.rlib" "/opt/rustwide/target/debug/deps/libonce_cell-aab2d926ec727be6.rlib" "/opt/rustwide/target/debug/deps/libfutures_channel-6a0a1237ca9c7f65.rlib" "/opt/rustwide/target/debug/deps/libfutures_util-b0bbdce659008dd2.rlib" "/opt/rustwide/target/debug/deps/libfutures_task-7ca1a8b330df657b.rlib" "/opt/rustwide/target/debug/deps/libpin_utils-501725f4e360d46d.rlib" "/opt/rustwide/target/debug/deps/libtokio-5754dc6367f8c028.rlib" "/opt/rustwide/target/debug/deps/libsocket2-4eda4aa0e5d3308d.rlib" "/opt/rustwide/target/debug/deps/libmemchr-f4ebff342237ab92.rlib" "/opt/rustwide/target/debug/deps/libmio-823a0db1783f4d70.rlib" "/opt/rustwide/target/debug/deps/liblibc-e95620791e8937ab.rlib" "/opt/rustwide/target/debug/deps/libhttp_body-24f64059089ecd07.rlib" "/opt/rustwide/target/debug/deps/libpin_project_lite-3a747526c5b5aadd.rlib" "/opt/rustwide/target/debug/deps/liblog-6f3e788ba8b980aa.rlib" "/opt/rustwide/target/debug/deps/libcfg_if-97437e183f3ae6e4.rlib" "/opt/rustwide/target/debug/deps/libfutures_core-cc887ab330e320a3.rlib" "/opt/rustwide/target/debug/deps/liburl-54e6c50546bb79ad.rlib" "/opt/rustwide/target/debug/deps/libidna-59d0d2f4fea0a975.rlib" "/opt/rustwide/target/debug/deps/libunicode_normalization-6c3f1f506de52d5b.rlib" "/opt/rustwide/target/debug/deps/libtinyvec-4ebd66a73cc74e35.rlib" "/opt/rustwide/target/debug/deps/libtinyvec_macros-c8728763a1cfbcab.rlib" "/opt/rustwide/target/debug/deps/libunicode_bidi-064678f529798c53.rlib" "/opt/rustwide/target/debug/deps/libform_urlencoded-c6dce5f233f9dc81.rlib" "/opt/rustwide/target/debug/deps/libpercent_encoding-4a77b5e8a25d80c2.rlib" "/opt/rustwide/target/debug/deps/libhttp-8df267a973763f3b.rlib" "/opt/rustwide/target/debug/deps/libbytes-cce29d61567ceedd.rlib" "/opt/rustwide/target/debug/deps/libfnv-bb690c336855f248.rlib" "/opt/rustwide/target/debug/deps/libthiserror-1267f1a04b9b87cd.rlib" "/opt/rustwide/target/debug/deps/libtime-2aacc7e291722522.rlib" "/opt/rustwide/target/debug/deps/libtime_core-a3d7b585438a9184.rlib" "/opt/rustwide/target/debug/deps/libserde_json-95a2a52a213ac60c.rlib" "/opt/rustwide/target/debug/deps/libryu-c78937d74caa9f3f.rlib" "/opt/rustwide/target/debug/deps/libitoa-eb68ddfe016730e8.rlib" "/opt/rustwide/target/debug/deps/libserde-ac70795f1941e90d.rlib" "/opt/rustwide/rustup-home/toolchains/beta-2023-04-20-x86_64-unknown-linux-gnu/lib/rustlib/x86_64-unknown-linux-gnu/lib/libstd-0e29cc23c5e02021.rlib" "/opt/rustwide/rustup-home/toolchains/beta-2023-04-20-x86_64-unknown-linux-gnu/lib/rustlib/x86_64-unknown-linux-gnu/lib/libpanic_unwind-d903621768a861d9.rlib" "/opt/rustwide/rustup-home/toolchains/beta-2023-04-20-x86_64-unknown-linux-gnu/lib/rustlib/x86_64-unknown-linux-gnu/lib/libobject-6d0225e655f31c13.rlib" "/opt/rustwide/rustup-home/toolchains/beta-2023-04-20-x86_64-unknown-linux-gnu/lib/rustlib/x86_64-unknown-linux-gnu/lib/libmemchr-9dbaf4eac7eaa079.rlib" "/opt/rustwide/rustup-home/toolchains/beta-2023-04-20-x86_64-unknown-linux-gnu/lib/rustlib/x86_64-unknown-linux-gnu/lib/libaddr2line-27f05b3d42a66dd0.rlib" "/opt/rustwide/rustup-home/toolchains/beta-2023-04-20-x86_64-unknown-linux-gnu/lib/rustlib/x86_64-unknown-linux-gnu/lib/libgimli-4d73f1030321c9a2.rlib" "/opt/rustwide/rustup-home/toolchains/beta-2023-04-20-x86_64-unknown-linux-gnu/lib/rustlib/x86_64-unknown-linux-gnu/lib/librustc_demangle-2846c9e58abd0acb.rlib" "/opt/rustwide/rustup-home/toolchains/beta-2023-04-20-x86_64-unknown-linux-gnu/lib/rustlib/x86_64-unknown-linux-gnu/lib/libstd_detect-a53d0f50415947be.rlib" "/opt/rustwide/rustup-home/toolchains/beta-2023-04-20-x86_64-unknown-linux-gnu/lib/rustlib/x86_64-unknown-linux-gnu/lib/libhashbrown-d48e4b6abc25b9dc.rlib" "/opt/rustwide/rustup-home/toolchains/beta-2023-04-20-x86_64-unknown-linux-gnu/lib/rustlib/x86_64-unknown-linux-gnu/lib/libminiz_oxide-2991859439ef1207.rlib" "/opt/rustwide/rustup-home/toolchains/beta-2023-04-20-x86_64-unknown-linux-gnu/lib/rustlib/x86_64-unknown-linux-gnu/lib/libadler-8a687517e4221bae.rlib" "/opt/rustwide/rustup-home/toolchains/beta-2023-04-20-x86_64-unknown-linux-gnu/lib/rustlib/x86_64-unknown-linux-gnu/lib/librustc_std_workspace_alloc-e07b554f6a67f5b3.rlib" "/opt/rustwide/rustup-home/toolchains/beta-2023-04-20-x86_64-unknown-linux-gnu/lib/rustlib/x86_64-unknown-linux-gnu/lib/libunwind-b68238b7c3c619dd.rlib" "/opt/rustwide/rustup-home/toolchains/beta-2023-04-20-x86_64-unknown-linux-gnu/lib/rustlib/x86_64-unknown-linux-gnu/lib/libcfg_if-d5e213e896c017e4.rlib" "/opt/rustwide/rustup-home/toolchains/beta-2023-04-20-x86_64-unknown-linux-gnu/lib/rustlib/x86_64-unknown-linux-gnu/lib/liblibc-0211a3b2e61d8689.rlib" "/opt/rustwide/rustup-home/toolchains/beta-2023-04-20-x86_64-unknown-linux-gnu/lib/rustlib/x86_64-unknown-linux-gnu/lib/liballoc-b371f055239ba51f.rlib" "/opt/rustwide/rustup-home/toolchains/beta-2023-04-20-x86_64-unknown-linux-gnu/lib/rustlib/x86_64-unknown-linux-gnu/lib/librustc_std_workspace_core-e60518d2760eb01e.rlib" "/opt/rustwide/rustup-home/toolchains/beta-2023-04-20-x86_64-unknown-linux-gnu/lib/rustlib/x86_64-unknown-linux-gnu/lib/libcore-1ad943f92a4b1081.rlib" "/opt/rustwide/rustup-home/toolchains/beta-2023-04-20-x86_64-unknown-linux-gnu/lib/rustlib/x86_64-unknown-linux-gnu/lib/libcompiler_builtins-f0d6e4d0fc1e80b4.rlib" "-Wl,-Bdynamic" "-lgcc_s" "-lutil" "-lrt" "-lpthread" "-lm" "-ldl" "-lc" "-Wl,--eh-frame-hdr" "-Wl,-z,noexecstack" "-L" "/opt/rustwide/rustup-home/toolchains/beta-2023-04-20-x86_64-unknown-linux-gnu/lib/rustlib/x86_64-unknown-linux-gnu/lib" "-o" "/tmp/rustdoctestOb6h2e/rust_out" "-Wl,--gc-sections" "-pie" "-Wl,-z,relro,-z,now" "-nodefaultlibs"
[INFO] [stdout]   = note: collect2: fatal error: ld terminated with signal 9 [Killed]
[INFO] [stdout]           compilation terminated.
[INFO] [stdout]           
[INFO] [stdout] 
[INFO] [stdout] error: aborting due to previous error
[INFO] [stdout] 
[INFO] [stdout] Couldn't compile the test.
[INFO] [stdout] ---- src/lib.rs - (line 49) stdout ----
[INFO] [stdout] error: linking with `cc` failed: exit status: 1
[INFO] [stdout]   |
[INFO] [stdout]   = note: LC_ALL="C" PATH="/opt/rustwide/rustup-home/toolchains/beta-2023-04-20-x86_64-unknown-linux-gnu/lib/rustlib/x86_64-unknown-linux-gnu/bin:/opt/rustwide/cargo-home/bin:/usr/local/sbin:/usr/local/bin:/usr/sbin:/usr/bin:/sbin:/bin" VSLANG="1033" "cc" "-m64" "/tmp/rustczy2RTA/symbols.o" "/tmp/rustdoctest1KKLt5/rust_out.rust_out.c38b68ff-cgu.0.rcgu.o" "/tmp/rustdoctest1KKLt5/rust_out.38a7fyhsvjn6z0qy.rcgu.o" "-Wl,--as-needed" "-L" "/opt/rustwide/target/debug/deps" "-L" "/opt/rustwide/target/debug/deps" "-L" "/opt/rustwide/target/debug/build/ring-6905fdd6d047ee82/out" "-L" "/opt/rustwide/rustup-home/toolchains/beta-2023-04-20-x86_64-unknown-linux-gnu/lib/rustlib/x86_64-unknown-linux-gnu/lib" "-Wl,-Bstatic" "/opt/rustwide/target/debug/deps/libsegment-ab215abdd42112d0.rlib" "/opt/rustwide/target/debug/deps/libreqwest-7fa6df2d8e1a7d81.rlib" "/opt/rustwide/target/debug/deps/librustls_pemfile-5bf3558b2fb63536.rlib" "/opt/rustwide/target/debug/deps/libhyper_rustls-8a36b8ee2fe527a3.rlib" "/opt/rustwide/target/debug/deps/libserde_urlencoded-9a1cada01e8eb347.rlib" "/opt/rustwide/target/debug/deps/libwebpki_roots-a47a4a71025f1f48.rlib" "/opt/rustwide/target/debug/deps/libipnet-d453c6045f112e9c.rlib" "/opt/rustwide/target/debug/deps/libtokio_rustls-7a5bb4b84e030e10.rlib" "/opt/rustwide/target/debug/deps/libmime-6adaefd5c465bdcc.rlib" "/opt/rustwide/target/debug/deps/libencoding_rs-f492db31e71be9dd.rlib" "/opt/rustwide/target/debug/deps/libbase64-0c872e3f7d1ba17a.rlib" "/opt/rustwide/target/debug/deps/librustls-c67deb90d72e9bbe.rlib" "/opt/rustwide/target/debug/deps/libsct-1681d568873a52e9.rlib" "/opt/rustwide/target/debug/deps/libwebpki-69ab23fbc4bfd587.rlib" "/opt/rustwide/target/debug/deps/libring-db22798246acc46f.rlib" "/opt/rustwide/target/debug/deps/libspin-0ce7eed86e654be1.rlib" "/opt/rustwide/target/debug/deps/libuntrusted-299fbcd347deffe0.rlib" "/opt/rustwide/target/debug/deps/libhyper-b5a17fa0904a2d06.rlib" "/opt/rustwide/target/debug/deps/libwant-751c04441b3dc539.rlib" "/opt/rustwide/target/debug/deps/libtry_lock-bcd858d644546236.rlib" "/opt/rustwide/target/debug/deps/libhttparse-463bd4a7f2c72ba2.rlib" "/opt/rustwide/target/debug/deps/libh2-0dc471e8e7804550.rlib" "/opt/rustwide/target/debug/deps/libindexmap-6cea9ae2975046a1.rlib" "/opt/rustwide/target/debug/deps/libhashbrown-14a936eea4e6bab4.rlib" "/opt/rustwide/target/debug/deps/libslab-f707bf0c16d9b9e8.rlib" "/opt/rustwide/target/debug/deps/libtokio_util-f49419dbe31cedb4.rlib" "/opt/rustwide/target/debug/deps/libfutures_sink-8795813b1cefede0.rlib" "/opt/rustwide/target/debug/deps/libtower_service-6e0b9a8ac2b0d4d0.rlib" "/opt/rustwide/target/debug/deps/libtracing-a10c2da8e1a1bbbd.rlib" "/opt/rustwide/target/debug/deps/libtracing_core-f36930e35577b519.rlib" "/opt/rustwide/target/debug/deps/libonce_cell-aab2d926ec727be6.rlib" "/opt/rustwide/target/debug/deps/libfutures_channel-6a0a1237ca9c7f65.rlib" "/opt/rustwide/target/debug/deps/libfutures_util-b0bbdce659008dd2.rlib" "/opt/rustwide/target/debug/deps/libfutures_task-7ca1a8b330df657b.rlib" "/opt/rustwide/target/debug/deps/libpin_utils-501725f4e360d46d.rlib" "/opt/rustwide/target/debug/deps/libtokio-5754dc6367f8c028.rlib" "/opt/rustwide/target/debug/deps/libsocket2-4eda4aa0e5d3308d.rlib" "/opt/rustwide/target/debug/deps/libmemchr-f4ebff342237ab92.rlib" "/opt/rustwide/target/debug/deps/libmio-823a0db1783f4d70.rlib" "/opt/rustwide/target/debug/deps/liblibc-e95620791e8937ab.rlib" "/opt/rustwide/target/debug/deps/libhttp_body-24f64059089ecd07.rlib" "/opt/rustwide/target/debug/deps/libpin_project_lite-3a747526c5b5aadd.rlib" "/opt/rustwide/target/debug/deps/liblog-6f3e788ba8b980aa.rlib" "/opt/rustwide/target/debug/deps/libcfg_if-97437e183f3ae6e4.rlib" "/opt/rustwide/target/debug/deps/libfutures_core-cc887ab330e320a3.rlib" "/opt/rustwide/target/debug/deps/liburl-54e6c50546bb79ad.rlib" "/opt/rustwide/target/debug/deps/libidna-59d0d2f4fea0a975.rlib" "/opt/rustwide/target/debug/deps/libunicode_normalization-6c3f1f506de52d5b.rlib" "/opt/rustwide/target/debug/deps/libtinyvec-4ebd66a73cc74e35.rlib" "/opt/rustwide/target/debug/deps/libtinyvec_macros-c8728763a1cfbcab.rlib" "/opt/rustwide/target/debug/deps/libunicode_bidi-064678f529798c53.rlib" "/opt/rustwide/target/debug/deps/libform_urlencoded-c6dce5f233f9dc81.rlib" "/opt/rustwide/target/debug/deps/libpercent_encoding-4a77b5e8a25d80c2.rlib" "/opt/rustwide/target/debug/deps/libhttp-8df267a973763f3b.rlib" "/opt/rustwide/target/debug/deps/libbytes-cce29d61567ceedd.rlib" "/opt/rustwide/target/debug/deps/libfnv-bb690c336855f248.rlib" "/opt/rustwide/target/debug/deps/libthiserror-1267f1a04b9b87cd.rlib" "/opt/rustwide/target/debug/deps/libtime-2aacc7e291722522.rlib" "/opt/rustwide/target/debug/deps/libtime_core-a3d7b585438a9184.rlib" "/opt/rustwide/target/debug/deps/libserde_json-95a2a52a213ac60c.rlib" "/opt/rustwide/target/debug/deps/libryu-c78937d74caa9f3f.rlib" "/opt/rustwide/target/debug/deps/libitoa-eb68ddfe016730e8.rlib" "/opt/rustwide/target/debug/deps/libserde-ac70795f1941e90d.rlib" "/opt/rustwide/rustup-home/toolchains/beta-2023-04-20-x86_64-unknown-linux-gnu/lib/rustlib/x86_64-unknown-linux-gnu/lib/libstd-0e29cc23c5e02021.rlib" "/opt/rustwide/rustup-home/toolchains/beta-2023-04-20-x86_64-unknown-linux-gnu/lib/rustlib/x86_64-unknown-linux-gnu/lib/libpanic_unwind-d903621768a861d9.rlib" "/opt/rustwide/rustup-home/toolchains/beta-2023-04-20-x86_64-unknown-linux-gnu/lib/rustlib/x86_64-unknown-linux-gnu/lib/libobject-6d0225e655f31c13.rlib" "/opt/rustwide/rustup-home/toolchains/beta-2023-04-20-x86_64-unknown-linux-gnu/lib/rustlib/x86_64-unknown-linux-gnu/lib/libmemchr-9dbaf4eac7eaa079.rlib" "/opt/rustwide/rustup-home/toolchains/beta-2023-04-20-x86_64-unknown-linux-gnu/lib/rustlib/x86_64-unknown-linux-gnu/lib/libaddr2line-27f05b3d42a66dd0.rlib" "/opt/rustwide/rustup-home/toolchains/beta-2023-04-20-x86_64-unknown-linux-gnu/lib/rustlib/x86_64-unknown-linux-gnu/lib/libgimli-4d73f1030321c9a2.rlib" "/opt/rustwide/rustup-home/toolchains/beta-2023-04-20-x86_64-unknown-linux-gnu/lib/rustlib/x86_64-unknown-linux-gnu/lib/librustc_demangle-2846c9e58abd0acb.rlib" "/opt/rustwide/rustup-home/toolchains/beta-2023-04-20-x86_64-unknown-linux-gnu/lib/rustlib/x86_64-unknown-linux-gnu/lib/libstd_detect-a53d0f50415947be.rlib" "/opt/rustwide/rustup-home/toolchains/beta-2023-04-20-x86_64-unknown-linux-gnu/lib/rustlib/x86_64-unknown-linux-gnu/lib/libhashbrown-d48e4b6abc25b9dc.rlib" "/opt/rustwide/rustup-home/toolchains/beta-2023-04-20-x86_64-unknown-linux-gnu/lib/rustlib/x86_64-unknown-linux-gnu/lib/libminiz_oxide-2991859439ef1207.rlib" "/opt/rustwide/rustup-home/toolchains/beta-2023-04-20-x86_64-unknown-linux-gnu/lib/rustlib/x86_64-unknown-linux-gnu/lib/libadler-8a687517e4221bae.rlib" "/opt/rustwide/rustup-home/toolchains/beta-2023-04-20-x86_64-unknown-linux-gnu/lib/rustlib/x86_64-unknown-linux-gnu/lib/librustc_std_workspace_alloc-e07b554f6a67f5b3.rlib" "/opt/rustwide/rustup-home/toolchains/beta-2023-04-20-x86_64-unknown-linux-gnu/lib/rustlib/x86_64-unknown-linux-gnu/lib/libunwind-b68238b7c3c619dd.rlib" "/opt/rustwide/rustup-home/toolchains/beta-2023-04-20-x86_64-unknown-linux-gnu/lib/rustlib/x86_64-unknown-linux-gnu/lib/libcfg_if-d5e213e896c017e4.rlib" "/opt/rustwide/rustup-home/toolchains/beta-2023-04-20-x86_64-unknown-linux-gnu/lib/rustlib/x86_64-unknown-linux-gnu/lib/liblibc-0211a3b2e61d8689.rlib" "/opt/rustwide/rustup-home/toolchains/beta-2023-04-20-x86_64-unknown-linux-gnu/lib/rustlib/x86_64-unknown-linux-gnu/lib/liballoc-b371f055239ba51f.rlib" "/opt/rustwide/rustup-home/toolchains/beta-2023-04-20-x86_64-unknown-linux-gnu/lib/rustlib/x86_64-unknown-linux-gnu/lib/librustc_std_workspace_core-e60518d2760eb01e.rlib" "/opt/rustwide/rustup-home/toolchains/beta-2023-04-20-x86_64-unknown-linux-gnu/lib/rustlib/x86_64-unknown-linux-gnu/lib/libcore-1ad943f92a4b1081.rlib" "/opt/rustwide/rustup-home/toolchains/beta-2023-04-20-x86_64-unknown-linux-gnu/lib/rustlib/x86_64-unknown-linux-gnu/lib/libcompiler_builtins-f0d6e4d0fc1e80b4.rlib" "-Wl,-Bdynamic" "-lgcc_s" "-lutil" "-lrt" "-lpthread" "-lm" "-ldl" "-lc" "-Wl,--eh-frame-hdr" "-Wl,-z,noexecstack" "-L" "/opt/rustwide/rustup-home/toolchains/beta-2023-04-20-x86_64-unknown-linux-gnu/lib/rustlib/x86_64-unknown-linux-gnu/lib" "-o" "/tmp/rustdoctest1KKLt5/rust_out" "-Wl,--gc-sections" "-pie" "-Wl,-z,relro,-z,now" "-nodefaultlibs"
[INFO] [stdout]   = note: collect2: fatal error: ld terminated with signal 9 [Killed]
[INFO] [stdout]           compilation terminated.
[INFO] [stdout]           
[INFO] [stdout] 
[INFO] [stdout] error: aborting due to previous error
[INFO] [stdout] 
[INFO] [stdout] Couldn't compile the test.
[INFO] [stdout] ---- src/lib.rs - (line 12) stdout ----
[INFO] [stdout] Test executable failed (exit status: 101).
[INFO] [stdout] 
[INFO] [stdout] stderr:
[INFO] [stdout] thread 'main' panicked at 'called `Result::unwrap()` on an `Err` value: NetworkError(reqwest::Error { kind: Request, url: Url { scheme: "https", cannot_be_a_base: false, username: "", password: None, host: Some(Domain("api.segment.io")), port: None, path: "/v1/batch", query: None, fragment: None }, source: hyper::Error(Connect, ConnectError("dns error", Custom { kind: Uncategorized, error: "failed to lookup address information: Temporary failure in name resolution" })) })', src/lib.rs:33:27
[INFO] [stdout] stack backtrace:
[INFO] [stdout]    0:     0x55d6769f29fa - std::backtrace_rs::backtrace::libunwind::trace::h2f05d0192276a8f6
[INFO] [stdout]                                at /rustc/1b7dd2252b99671ce5d1cb9664c5f8636329436d/library/std/src/../../backtrace/src/backtrace/libunwind.rs:93:5
[INFO] [stdout]    1:     0x55d6769f29fa - std::backtrace_rs::backtrace::trace_unsynchronized::hedc23dff7a1af150
[INFO] [stdout]                                at /rustc/1b7dd2252b99671ce5d1cb9664c5f8636329436d/library/std/src/../../backtrace/src/backtrace/mod.rs:66:5
[INFO] [stdout]    2:     0x55d6769f29fa - std::sys_common::backtrace::_print_fmt::h17541ef7592f3ce2
[INFO] [stdout]                                at /rustc/1b7dd2252b99671ce5d1cb9664c5f8636329436d/library/std/src/sys_common/backtrace.rs:65:5
[INFO] [stdout]    3:     0x55d6769f29fa - <std::sys_common::backtrace::_print::DisplayBacktrace as core::fmt::Display>::fmt::h20f75df5ab0c0792
[INFO] [stdout]                                at /rustc/1b7dd2252b99671ce5d1cb9664c5f8636329436d/library/std/src/sys_common/backtrace.rs:44:22
[INFO] [stdout]    4:     0x55d676a14baf - core::fmt::write::h78109e6f466b3af6
[INFO] [stdout]                                at /rustc/1b7dd2252b99671ce5d1cb9664c5f8636329436d/library/core/src/fmt/mod.rs:1254:17
[INFO] [stdout]    5:     0x55d6769efcb5 - std::io::Write::write_fmt::hc59e1b02dd273c8a
[INFO] [stdout]                                at /rustc/1b7dd2252b99671ce5d1cb9664c5f8636329436d/library/std/src/io/mod.rs:1698:15
[INFO] [stdout]    6:     0x55d6769f27c5 - std::sys_common::backtrace::_print::h8dac57a9f8fbf9a5
[INFO] [stdout]                                at /rustc/1b7dd2252b99671ce5d1cb9664c5f8636329436d/library/std/src/sys_common/backtrace.rs:47:5
[INFO] [stdout]    7:     0x55d6769f27c5 - std::sys_common::backtrace::print::hf9ecbf41d1aa712f
[INFO] [stdout]                                at /rustc/1b7dd2252b99671ce5d1cb9664c5f8636329436d/library/std/src/sys_common/backtrace.rs:34:9
[INFO] [stdout]    8:     0x55d6769f3e6e - std::panicking::default_hook::{{closure}}::h04c07acfc84ca028
[INFO] [stdout]                                at /rustc/1b7dd2252b99671ce5d1cb9664c5f8636329436d/library/std/src/panicking.rs:269:22
[INFO] [stdout]    9:     0x55d6769f3c15 - std::panicking::default_hook::h01f6bb23e1eceb2c
[INFO] [stdout]                                at /rustc/1b7dd2252b99671ce5d1cb9664c5f8636329436d/library/std/src/panicking.rs:288:9
[INFO] [stdout]   10:     0x55d6769f43ce - std::panicking::rust_panic_with_hook::h2bb3722bbaf2f6df
[INFO] [stdout]                                at /rustc/1b7dd2252b99671ce5d1cb9664c5f8636329436d/library/std/src/panicking.rs:691:13
[INFO] [stdout]   11:     0x55d6769f42c9 - std::panicking::begin_panic_handler::{{closure}}::h91bc7f36a4be011b
[INFO] [stdout]                                at /rustc/1b7dd2252b99671ce5d1cb9664c5f8636329436d/library/std/src/panicking.rs:582:13
[INFO] [stdout]   12:     0x55d6769f2e66 - std::sys_common::backtrace::__rust_end_short_backtrace::h8b3d3717114f9e59
[INFO] [stdout]                                at /rustc/1b7dd2252b99671ce5d1cb9664c5f8636329436d/library/std/src/sys_common/backtrace.rs:150:18
[INFO] [stdout]   13:     0x55d6769f4022 - rust_begin_unwind
[INFO] [stdout]                                at /rustc/1b7dd2252b99671ce5d1cb9664c5f8636329436d/library/std/src/panicking.rs:578:5
[INFO] [stdout]   14:     0x55d6764de8a3 - core::panicking::panic_fmt::hfd368e3fbdabea26
[INFO] [stdout]                                at /rustc/1b7dd2252b99671ce5d1cb9664c5f8636329436d/library/core/src/panicking.rs:67:14
[INFO] [stdout]   15:     0x55d6764dee43 - core::result::unwrap_failed::he54eb4b2f125b26f
[INFO] [stdout]                                at /rustc/1b7dd2252b99671ce5d1cb9664c5f8636329436d/library/core/src/result.rs:1687:5
[INFO] [stdout]   16:     0x55d6764e0977 - core::result::Result<T,E>::unwrap::h2b8fb060270bab52
[INFO] [stdout]   17:     0x55d6764e81b5 - rust_out::main::{{closure}}::he95d86d57c7b4241
[INFO] [stdout]   18:     0x55d6764e4d8a - <core::pin::Pin<P> as core::future::future::Future>::poll::h6151999aead8aaa0
[INFO] [stdout]   19:     0x55d6764e465a - tokio::runtime::scheduler::current_thread::CoreGuard::block_on::{{closure}}::{{closure}}::{{closure}}::hfbca175db9882d9f
[INFO] [stdout]   20:     0x55d6764e459e - tokio::runtime::scheduler::current_thread::CoreGuard::block_on::{{closure}}::{{closure}}::hc91b5e5833c21e1b
[INFO] [stdout]   21:     0x55d6764e2d6d - tokio::runtime::scheduler::current_thread::Context::enter::h6f1251de6895e88a
[INFO] [stdout]   22:     0x55d6764e3b02 - tokio::runtime::scheduler::current_thread::CoreGuard::block_on::{{closure}}::hbb85cc8a693184a0
[INFO] [stdout]   23:     0x55d6764e383b - tokio::runtime::scheduler::current_thread::CoreGuard::enter::{{closure}}::hbea96100a2a9b730
[INFO] [stdout]   24:     0x55d6764e1b0d - tokio::macros::scoped_tls::ScopedKey<T>::set::h3187be9d51d7f5fe
[INFO] [stdout]   25:     0x55d6764e35de - tokio::runtime::scheduler::current_thread::CoreGuard::enter::h18a5f63259f77d27
[INFO] [stdout]   26:     0x55d6764e3867 - tokio::runtime::scheduler::current_thread::CoreGuard::block_on::h202dd129ac973e6c
[INFO] [stdout]   27:     0x55d6764e2843 - tokio::runtime::scheduler::current_thread::CurrentThread::block_on::hcb41fb5b46f09a43
[INFO] [stdout]   28:     0x55d6764e265d - tokio::runtime::runtime::Runtime::block_on::h0b991af985454253
[INFO] [stdout]   29:     0x55d6764e7389 - rust_out::main::h2731449a68dfa004
[INFO] [stdout]   30:     0x55d6764dff53 - core::ops::function::FnOnce::call_once::hd1715aa1b26fc35c
[INFO] [stdout]   31:     0x55d6764df546 - std::sys_common::backtrace::__rust_begin_short_backtrace::h8d2b4d09ce515535
[INFO] [stdout]   32:     0x55d6764df599 - std::rt::lang_start::{{closure}}::hc9a918c63b0dc835
[INFO] [stdout]   33:     0x55d6769ed77e - core::ops::function::impls::<impl core::ops::function::FnOnce<A> for &F>::call_once::h2eb19b8ce4148df4
[INFO] [stdout]                                at /rustc/1b7dd2252b99671ce5d1cb9664c5f8636329436d/library/core/src/ops/function.rs:287:13
[INFO] [stdout]   34:     0x55d6769ed77e - std::panicking::try::do_call::h2e900feff5d504c5
[INFO] [stdout]                                at /rustc/1b7dd2252b99671ce5d1cb9664c5f8636329436d/library/std/src/panicking.rs:485:40
[INFO] [stdout]   35:     0x55d6769ed77e - std::panicking::try::h8854836cb85aa9f2
[INFO] [stdout]                                at /rustc/1b7dd2252b99671ce5d1cb9664c5f8636329436d/library/std/src/panicking.rs:449:19
[INFO] [stdout]   36:     0x55d6769ed77e - std::panic::catch_unwind::h706025dd4c48f64b
[INFO] [stdout]                                at /rustc/1b7dd2252b99671ce5d1cb9664c5f8636329436d/library/std/src/panic.rs:140:14
[INFO] [stdout]   37:     0x55d6769ed77e - std::rt::lang_start_internal::{{closure}}::h7be5b97f4a07a91a
[INFO] [stdout]                                at /rustc/1b7dd2252b99671ce5d1cb9664c5f8636329436d/library/std/src/rt.rs:148:48
[INFO] [stdout]   38:     0x55d6769ed77e - std::panicking::try::do_call::h59847e9d0a176965
[INFO] [stdout]                                at /rustc/1b7dd2252b99671ce5d1cb9664c5f8636329436d/library/std/src/panicking.rs:485:40
[INFO] [stdout]   39:     0x55d6769ed77e - std::panicking::try::h399a918ba8522823
[INFO] [stdout]                                at /rustc/1b7dd2252b99671ce5d1cb9664c5f8636329436d/library/std/src/panicking.rs:449:19
[INFO] [stdout]   40:     0x55d6769ed77e - std::panic::catch_unwind::hca7ca6c55b2a2e26
[INFO] [stdout]                                at /rustc/1b7dd2252b99671ce5d1cb9664c5f8636329436d/library/std/src/panic.rs:140:14
[INFO] [stdout]   41:     0x55d6769ed77e - std::rt::lang_start_internal::h2c807a81560459eb
[INFO] [stdout]                                at /rustc/1b7dd2252b99671ce5d1cb9664c5f8636329436d/library/std/src/rt.rs:148:20
[INFO] [stdout]   42:     0x55d6764df577 - std::rt::lang_start::hc4bd3329ce767e23
[INFO] [stdout]   43:     0x55d6764e8235 - main
[INFO] [stdout]   44:     0x7f23dd0a4d90 - <unknown>
[INFO] [stdout]   45:     0x7f23dd0a4e40 - __libc_start_main
[INFO] [stdout]   46:     0x55d6764df025 - _start
[INFO] [stdout]   47:                0x0 - <unknown>
[INFO] [stdout] 
[INFO] [stdout] 
[INFO] [stdout] 
[INFO] [stdout] failures:
[INFO] [stdout]     src/auto_batcher.rs - auto_batcher::AutoBatcher::new (line 57)
[INFO] [stdout]     src/lib.rs - (line 12)
[INFO] [stdout]     src/lib.rs - (line 49)
[INFO] [stdout] 
[INFO] [stdout] test result: FAILED. 4 passed; 3 failed; 0 ignored; 0 measured; 0 filtered out; finished in 4.52s
[INFO] [stdout] 
[INFO] running `Command { std: "docker" "inspect" "5e6766ec4271fe9f3aa499ebd4e4ba3fa1d6a0ccfe636bb0998328900b62beaf", kill_on_drop: false }`
[INFO] running `Command { std: "docker" "rm" "-f" "5e6766ec4271fe9f3aa499ebd4e4ba3fa1d6a0ccfe636bb0998328900b62beaf", kill_on_drop: false }`
[INFO] [stdout] 5e6766ec4271fe9f3aa499ebd4e4ba3fa1d6a0ccfe636bb0998328900b62beaf
