[INFO] fetching crate see_derive 0.0.5...
[INFO] testing see_derive-0.0.5 against beta-2023-04-20 for beta-1.70-1
[INFO] extracting crate see_derive 0.0.5 into /workspace/builds/worker-0-tc2/source
[INFO] validating manifest of crates.io crate see_derive 0.0.5 on toolchain beta-2023-04-20
[INFO] running `Command { std: CARGO_HOME="/workspace/cargo-home" RUSTUP_HOME="/workspace/rustup-home" "/workspace/cargo-home/bin/cargo" "+beta-2023-04-20" "metadata" "--manifest-path" "Cargo.toml" "--no-deps", kill_on_drop: false }`
[INFO] started tweaking crates.io crate see_derive 0.0.5
[INFO] finished tweaking crates.io crate see_derive 0.0.5
[INFO] tweaked toml for crates.io crate see_derive 0.0.5 written to /workspace/builds/worker-0-tc2/source/Cargo.toml
[INFO] running `Command { std: CARGO_HOME="/workspace/cargo-home" RUSTUP_HOME="/workspace/rustup-home" __CARGO_TEST_CHANNEL_OVERRIDE_DO_NOT_USE_THIS="nightly" "/workspace/cargo-home/bin/cargo" "+beta-2023-04-20" "generate-lockfile" "--manifest-path" "Cargo.toml" "-Zno-index-update", kill_on_drop: false }`
[INFO] running `Command { std: CARGO_HOME="/workspace/cargo-home" RUSTUP_HOME="/workspace/rustup-home" "/workspace/cargo-home/bin/cargo" "+beta-2023-04-20" "fetch" "--manifest-path" "Cargo.toml", kill_on_drop: false }`
[INFO] running `Command { std: "docker" "create" "-v" "/var/lib/crater-agent-workspace/builds/worker-0-tc2/target:/opt/rustwide/target:rw,Z" "-v" "/var/lib/crater-agent-workspace/builds/worker-0-tc2/source:/opt/rustwide/workdir:ro,Z" "-v" "/var/lib/crater-agent-workspace/cargo-home:/opt/rustwide/cargo-home:ro,Z" "-v" "/var/lib/crater-agent-workspace/rustup-home:/opt/rustwide/rustup-home:ro,Z" "-e" "SOURCE_DIR=/opt/rustwide/workdir" "-e" "CARGO_TARGET_DIR=/opt/rustwide/target" "-e" "CARGO_HOME=/opt/rustwide/cargo-home" "-e" "RUSTUP_HOME=/opt/rustwide/rustup-home" "-w" "/opt/rustwide/workdir" "-m" "1610612736" "--user" "0:0" "--network" "none" "ghcr.io/rust-lang/crates-build-env/linux@sha256:5ff2268d62e97bff2cde7d5815dd6ed5b47097566f13b8d0ca110b04b60e07ed" "/opt/rustwide/cargo-home/bin/cargo" "+beta-2023-04-20" "metadata" "--no-deps" "--format-version=1", kill_on_drop: false }`
[INFO] [stdout] 8e04e0b38bc35e7c66e5c88746bf8f8d14f69fbdde24ff15376b2f7e68999c3d
[INFO] running `Command { std: "docker" "start" "-a" "8e04e0b38bc35e7c66e5c88746bf8f8d14f69fbdde24ff15376b2f7e68999c3d", kill_on_drop: false }`
[INFO] running `Command { std: "docker" "inspect" "8e04e0b38bc35e7c66e5c88746bf8f8d14f69fbdde24ff15376b2f7e68999c3d", kill_on_drop: false }`
[INFO] running `Command { std: "docker" "rm" "-f" "8e04e0b38bc35e7c66e5c88746bf8f8d14f69fbdde24ff15376b2f7e68999c3d", kill_on_drop: false }`
[INFO] [stdout] 8e04e0b38bc35e7c66e5c88746bf8f8d14f69fbdde24ff15376b2f7e68999c3d
[INFO] running `Command { std: "docker" "create" "-v" "/var/lib/crater-agent-workspace/builds/worker-0-tc2/target:/opt/rustwide/target:rw,Z" "-v" "/var/lib/crater-agent-workspace/builds/worker-0-tc2/source:/opt/rustwide/workdir:ro,Z" "-v" "/var/lib/crater-agent-workspace/cargo-home:/opt/rustwide/cargo-home:ro,Z" "-v" "/var/lib/crater-agent-workspace/rustup-home:/opt/rustwide/rustup-home:ro,Z" "-e" "SOURCE_DIR=/opt/rustwide/workdir" "-e" "CARGO_TARGET_DIR=/opt/rustwide/target" "-e" "CARGO_INCREMENTAL=0" "-e" "RUST_BACKTRACE=full" "-e" "RUSTFLAGS=--cap-lints=warn" "-e" "RUSTDOCFLAGS=--cap-lints=warn" "-e" "CARGO_HOME=/opt/rustwide/cargo-home" "-e" "RUSTUP_HOME=/opt/rustwide/rustup-home" "-w" "/opt/rustwide/workdir" "-m" "1610612736" "--user" "0:0" "--network" "none" "ghcr.io/rust-lang/crates-build-env/linux@sha256:5ff2268d62e97bff2cde7d5815dd6ed5b47097566f13b8d0ca110b04b60e07ed" "/opt/rustwide/cargo-home/bin/cargo" "+beta-2023-04-20" "build" "--frozen" "--message-format=json", kill_on_drop: false }`
[INFO] [stdout] 1cad778535761633c9c52520543c332010a0260d99f09a80e14c4e71c2989e0a
[INFO] running `Command { std: "docker" "start" "-a" "1cad778535761633c9c52520543c332010a0260d99f09a80e14c4e71c2989e0a", kill_on_drop: false }`
[INFO] [stderr]    Compiling proc-macro2 v1.0.56
[INFO] [stderr]    Compiling quote v1.0.26
[INFO] [stderr]    Compiling unicode-ident v1.0.8
[INFO] [stderr]    Compiling syn v1.0.109
[INFO] [stderr]    Compiling see_derive v0.0.5 (/opt/rustwide/workdir)
[INFO] [stderr]     Finished dev [unoptimized + debuginfo] target(s) in 3.41s
[INFO] running `Command { std: "docker" "inspect" "1cad778535761633c9c52520543c332010a0260d99f09a80e14c4e71c2989e0a", kill_on_drop: false }`
[INFO] running `Command { std: "docker" "rm" "-f" "1cad778535761633c9c52520543c332010a0260d99f09a80e14c4e71c2989e0a", kill_on_drop: false }`
[INFO] [stdout] 1cad778535761633c9c52520543c332010a0260d99f09a80e14c4e71c2989e0a
[INFO] running `Command { std: "docker" "create" "-v" "/var/lib/crater-agent-workspace/builds/worker-0-tc2/target:/opt/rustwide/target:rw,Z" "-v" "/var/lib/crater-agent-workspace/builds/worker-0-tc2/source:/opt/rustwide/workdir:ro,Z" "-v" "/var/lib/crater-agent-workspace/cargo-home:/opt/rustwide/cargo-home:ro,Z" "-v" "/var/lib/crater-agent-workspace/rustup-home:/opt/rustwide/rustup-home:ro,Z" "-e" "SOURCE_DIR=/opt/rustwide/workdir" "-e" "CARGO_TARGET_DIR=/opt/rustwide/target" "-e" "CARGO_INCREMENTAL=0" "-e" "RUST_BACKTRACE=full" "-e" "RUSTFLAGS=--cap-lints=warn" "-e" "RUSTDOCFLAGS=--cap-lints=warn" "-e" "CARGO_HOME=/opt/rustwide/cargo-home" "-e" "RUSTUP_HOME=/opt/rustwide/rustup-home" "-w" "/opt/rustwide/workdir" "-m" "1610612736" "--user" "0:0" "--network" "none" "ghcr.io/rust-lang/crates-build-env/linux@sha256:5ff2268d62e97bff2cde7d5815dd6ed5b47097566f13b8d0ca110b04b60e07ed" "/opt/rustwide/cargo-home/bin/cargo" "+beta-2023-04-20" "test" "--frozen" "--no-run" "--message-format=json", kill_on_drop: false }`
[INFO] [stdout] e399ea816fd265c3184310f97f08374702298cf99fb6855e25fdc528237bcd4f
[INFO] running `Command { std: "docker" "start" "-a" "e399ea816fd265c3184310f97f08374702298cf99fb6855e25fdc528237bcd4f", kill_on_drop: false }`
[INFO] [stderr]    Compiling see_derive v0.0.5 (/opt/rustwide/workdir)
[INFO] [stderr]     Finished test [unoptimized + debuginfo] target(s) in 0.50s
[INFO] running `Command { std: "docker" "inspect" "e399ea816fd265c3184310f97f08374702298cf99fb6855e25fdc528237bcd4f", kill_on_drop: false }`
[INFO] running `Command { std: "docker" "rm" "-f" "e399ea816fd265c3184310f97f08374702298cf99fb6855e25fdc528237bcd4f", kill_on_drop: false }`
[INFO] [stdout] e399ea816fd265c3184310f97f08374702298cf99fb6855e25fdc528237bcd4f
[INFO] running `Command { std: "docker" "create" "-v" "/var/lib/crater-agent-workspace/builds/worker-0-tc2/target:/opt/rustwide/target:rw,Z" "-v" "/var/lib/crater-agent-workspace/builds/worker-0-tc2/source:/opt/rustwide/workdir:ro,Z" "-v" "/var/lib/crater-agent-workspace/cargo-home:/opt/rustwide/cargo-home:ro,Z" "-v" "/var/lib/crater-agent-workspace/rustup-home:/opt/rustwide/rustup-home:ro,Z" "-e" "SOURCE_DIR=/opt/rustwide/workdir" "-e" "CARGO_TARGET_DIR=/opt/rustwide/target" "-e" "CARGO_INCREMENTAL=0" "-e" "RUST_BACKTRACE=full" "-e" "RUSTFLAGS=--cap-lints=warn" "-e" "RUSTDOCFLAGS=--cap-lints=warn" "-e" "CARGO_HOME=/opt/rustwide/cargo-home" "-e" "RUSTUP_HOME=/opt/rustwide/rustup-home" "-w" "/opt/rustwide/workdir" "-m" "1610612736" "--user" "0:0" "--network" "none" "ghcr.io/rust-lang/crates-build-env/linux@sha256:5ff2268d62e97bff2cde7d5815dd6ed5b47097566f13b8d0ca110b04b60e07ed" "/opt/rustwide/cargo-home/bin/cargo" "+beta-2023-04-20" "test" "--frozen", kill_on_drop: false }`
[INFO] [stdout] 1d44f0a03e10fd3744e332623a59f51f90a9275083b611d1dec0d56f86f7916d
[INFO] running `Command { std: "docker" "start" "-a" "1d44f0a03e10fd3744e332623a59f51f90a9275083b611d1dec0d56f86f7916d", kill_on_drop: false }`
[INFO] [stderr]     Finished test [unoptimized + debuginfo] target(s) in 0.01s
[INFO] [stderr]      Running unittests src/lib.rs (/opt/rustwide/target/debug/deps/see_derive-1775364cad8503b4)
[INFO] [stderr]    Doc-tests see_derive
[INFO] [stdout] 
[INFO] [stdout] running 0 tests
[INFO] [stdout] 
[INFO] [stdout] test result: ok. 0 passed; 0 failed; 0 ignored; 0 measured; 0 filtered out; finished in 0.00s
[INFO] [stdout] 
[INFO] [stdout] 
[INFO] [stdout] running 3 tests
[INFO] [stdout] test src/lib.rs - look_derive (line 43) ... FAILED
[INFO] [stdout] test src/lib.rs - see_derive (line 20) ... FAILED
[INFO] [stderr] error: doctest failed, to rerun pass `--doc`
[INFO] [stdout] test src/lib.rs - load_fields (line 71) ... ok
[INFO] [stdout] 
[INFO] [stdout] failures:
[INFO] [stdout] 
[INFO] [stdout] ---- src/lib.rs - look_derive (line 43) stdout ----
[INFO] [stdout] error[E0433]: failed to resolve: could not find `see_t` in the crate root
[INFO] [stdout]  --> src/lib.rs:44:10
[INFO] [stdout]   |
[INFO] [stdout] 4 | #[derive(see_derive::Look)]
[INFO] [stdout]   |          ^^^^^^^^^^^^^^^^ could not find `see_t` in the crate root
[INFO] [stdout]   |
[INFO] [stdout]   = note: this error originates in the derive macro `see_derive::Look` (in Nightly builds, run with -Z macro-backtrace for more info)
[INFO] [stdout] 
[INFO] [stdout] error[E0405]: cannot find trait `See` in this scope
[INFO] [stdout]  --> src/lib.rs:44:10
[INFO] [stdout]   |
[INFO] [stdout] 4 | #[derive(see_derive::Look)]
[INFO] [stdout]   |          ^^^^^^^^^^^^^^^^ not found in this scope
[INFO] [stdout]   |
[INFO] [stdout]   = note: this error originates in the derive macro `see_derive::Look` (in Nightly builds, run with -Z macro-backtrace for more info)
[INFO] [stdout] 
[INFO] [stdout] error: aborting due to 2 previous errors
[INFO] [stdout] 
[INFO] [stdout] Some errors have detailed explanations: E0405, E0433.
[INFO] [stdout] For more information about an error, try `rustc --explain E0405`.
[INFO] [stdout] Couldn't compile the test.
[INFO] [stdout] ---- src/lib.rs - see_derive (line 20) stdout ----
[INFO] [stdout] error[E0433]: failed to resolve: could not find `see_t` in the crate root
[INFO] [stdout]  --> src/lib.rs:22:10
[INFO] [stdout]   |
[INFO] [stdout] 5 | #[derive(see_derive::See)]
[INFO] [stdout]   |          ^^^^^^^^^^^^^^^ could not find `see_t` in the crate root
[INFO] [stdout]   |
[INFO] [stdout]   = note: this error originates in the derive macro `see_derive::See` (in Nightly builds, run with -Z macro-backtrace for more info)
[INFO] [stdout] 
[INFO] [stdout] error[E0405]: cannot find trait `See` in this scope
[INFO] [stdout]  --> src/lib.rs:22:10
[INFO] [stdout]   |
[INFO] [stdout] 5 | #[derive(see_derive::See)]
[INFO] [stdout]   |          ^^^^^^^^^^^^^^^ not found in this scope
[INFO] [stdout]   |
[INFO] [stdout]   = note: this error originates in the derive macro `see_derive::See` (in Nightly builds, run with -Z macro-backtrace for more info)
[INFO] [stdout] 
[INFO] [stdout] error: aborting due to 2 previous errors
[INFO] [stdout] 
[INFO] [stdout] Some errors have detailed explanations: E0405, E0433.
[INFO] [stdout] For more information about an error, try `rustc --explain E0405`.
[INFO] [stdout] Couldn't compile the test.
[INFO] [stdout] 
[INFO] [stdout] failures:
[INFO] [stdout]     src/lib.rs - look_derive (line 43)
[INFO] [stdout]     src/lib.rs - see_derive (line 20)
[INFO] [stdout] 
[INFO] [stdout] test result: FAILED. 1 passed; 2 failed; 0 ignored; 0 measured; 0 filtered out; finished in 0.25s
[INFO] [stdout] 
[INFO] running `Command { std: "docker" "inspect" "1d44f0a03e10fd3744e332623a59f51f90a9275083b611d1dec0d56f86f7916d", kill_on_drop: false }`
[INFO] running `Command { std: "docker" "rm" "-f" "1d44f0a03e10fd3744e332623a59f51f90a9275083b611d1dec0d56f86f7916d", kill_on_drop: false }`
[INFO] [stdout] 1d44f0a03e10fd3744e332623a59f51f90a9275083b611d1dec0d56f86f7916d
