[INFO] fetching crate secret-loader 0.1.0...
[INFO] testing secret-loader-0.1.0 against 1.69.0 for beta-1.70-1
[INFO] extracting crate secret-loader 0.1.0 into /workspace/builds/worker-5-tc1/source
[INFO] validating manifest of crates.io crate secret-loader 0.1.0 on toolchain 1.69.0
[INFO] running `Command { std: CARGO_HOME="/workspace/cargo-home" RUSTUP_HOME="/workspace/rustup-home" "/workspace/cargo-home/bin/cargo" "+1.69.0" "metadata" "--manifest-path" "Cargo.toml" "--no-deps", kill_on_drop: false }`
[INFO] started tweaking crates.io crate secret-loader 0.1.0
[INFO] finished tweaking crates.io crate secret-loader 0.1.0
[INFO] tweaked toml for crates.io crate secret-loader 0.1.0 written to /workspace/builds/worker-5-tc1/source/Cargo.toml
[INFO] running `Command { std: CARGO_HOME="/workspace/cargo-home" RUSTUP_HOME="/workspace/rustup-home" __CARGO_TEST_CHANNEL_OVERRIDE_DO_NOT_USE_THIS="nightly" "/workspace/cargo-home/bin/cargo" "+1.69.0" "generate-lockfile" "--manifest-path" "Cargo.toml" "-Zno-index-update", kill_on_drop: false }`
[INFO] running `Command { std: CARGO_HOME="/workspace/cargo-home" RUSTUP_HOME="/workspace/rustup-home" "/workspace/cargo-home/bin/cargo" "+1.69.0" "fetch" "--manifest-path" "Cargo.toml", kill_on_drop: false }`
[INFO] [stderr]     Blocking waiting for file lock on package cache
[INFO] running `Command { std: "docker" "create" "-v" "/var/lib/crater-agent-workspace/builds/worker-5-tc1/target:/opt/rustwide/target:rw,Z" "-v" "/var/lib/crater-agent-workspace/builds/worker-5-tc1/source:/opt/rustwide/workdir:ro,Z" "-v" "/var/lib/crater-agent-workspace/cargo-home:/opt/rustwide/cargo-home:ro,Z" "-v" "/var/lib/crater-agent-workspace/rustup-home:/opt/rustwide/rustup-home:ro,Z" "-e" "SOURCE_DIR=/opt/rustwide/workdir" "-e" "CARGO_TARGET_DIR=/opt/rustwide/target" "-e" "CARGO_HOME=/opt/rustwide/cargo-home" "-e" "RUSTUP_HOME=/opt/rustwide/rustup-home" "-w" "/opt/rustwide/workdir" "-m" "1610612736" "--user" "0:0" "--network" "none" "ghcr.io/rust-lang/crates-build-env/linux@sha256:5ff2268d62e97bff2cde7d5815dd6ed5b47097566f13b8d0ca110b04b60e07ed" "/opt/rustwide/cargo-home/bin/cargo" "+1.69.0" "metadata" "--no-deps" "--format-version=1", kill_on_drop: false }`
[INFO] [stdout] 8b8c1e65c0744639ed36fc9a06559201d1fe6b9b83bd928cd17a4d463c26879b
[INFO] running `Command { std: "docker" "start" "-a" "8b8c1e65c0744639ed36fc9a06559201d1fe6b9b83bd928cd17a4d463c26879b", kill_on_drop: false }`
[INFO] running `Command { std: "docker" "inspect" "8b8c1e65c0744639ed36fc9a06559201d1fe6b9b83bd928cd17a4d463c26879b", kill_on_drop: false }`
[INFO] running `Command { std: "docker" "rm" "-f" "8b8c1e65c0744639ed36fc9a06559201d1fe6b9b83bd928cd17a4d463c26879b", kill_on_drop: false }`
[INFO] [stdout] 8b8c1e65c0744639ed36fc9a06559201d1fe6b9b83bd928cd17a4d463c26879b
[INFO] running `Command { std: "docker" "create" "-v" "/var/lib/crater-agent-workspace/builds/worker-5-tc1/target:/opt/rustwide/target:rw,Z" "-v" "/var/lib/crater-agent-workspace/builds/worker-5-tc1/source:/opt/rustwide/workdir:ro,Z" "-v" "/var/lib/crater-agent-workspace/cargo-home:/opt/rustwide/cargo-home:ro,Z" "-v" "/var/lib/crater-agent-workspace/rustup-home:/opt/rustwide/rustup-home:ro,Z" "-e" "SOURCE_DIR=/opt/rustwide/workdir" "-e" "CARGO_TARGET_DIR=/opt/rustwide/target" "-e" "CARGO_INCREMENTAL=0" "-e" "RUST_BACKTRACE=full" "-e" "RUSTFLAGS=--cap-lints=warn" "-e" "RUSTDOCFLAGS=--cap-lints=warn" "-e" "CARGO_HOME=/opt/rustwide/cargo-home" "-e" "RUSTUP_HOME=/opt/rustwide/rustup-home" "-w" "/opt/rustwide/workdir" "-m" "1610612736" "--user" "0:0" "--network" "none" "ghcr.io/rust-lang/crates-build-env/linux@sha256:5ff2268d62e97bff2cde7d5815dd6ed5b47097566f13b8d0ca110b04b60e07ed" "/opt/rustwide/cargo-home/bin/cargo" "+1.69.0" "build" "--frozen" "--message-format=json", kill_on_drop: false }`
[INFO] [stdout] e2fb29a25a35edc4ff9592f4853342b0d6374f42f9b8e10947ef380fe503d709
[INFO] running `Command { std: "docker" "start" "-a" "e2fb29a25a35edc4ff9592f4853342b0d6374f42f9b8e10947ef380fe503d709", kill_on_drop: false }`
[INFO] [stderr]    Compiling camino v1.1.4
[INFO] [stderr]    Compiling zeroize v1.6.0
[INFO] [stderr]    Compiling secrecy v0.8.0
[INFO] [stderr]    Compiling secret-loader v0.1.0 (/opt/rustwide/workdir)
[INFO] [stderr]     Finished dev [unoptimized + debuginfo] target(s) in 2.02s
[INFO] running `Command { std: "docker" "inspect" "e2fb29a25a35edc4ff9592f4853342b0d6374f42f9b8e10947ef380fe503d709", kill_on_drop: false }`
[INFO] running `Command { std: "docker" "rm" "-f" "e2fb29a25a35edc4ff9592f4853342b0d6374f42f9b8e10947ef380fe503d709", kill_on_drop: false }`
[INFO] [stdout] e2fb29a25a35edc4ff9592f4853342b0d6374f42f9b8e10947ef380fe503d709
[INFO] running `Command { std: "docker" "create" "-v" "/var/lib/crater-agent-workspace/builds/worker-5-tc1/target:/opt/rustwide/target:rw,Z" "-v" "/var/lib/crater-agent-workspace/builds/worker-5-tc1/source:/opt/rustwide/workdir:ro,Z" "-v" "/var/lib/crater-agent-workspace/cargo-home:/opt/rustwide/cargo-home:ro,Z" "-v" "/var/lib/crater-agent-workspace/rustup-home:/opt/rustwide/rustup-home:ro,Z" "-e" "SOURCE_DIR=/opt/rustwide/workdir" "-e" "CARGO_TARGET_DIR=/opt/rustwide/target" "-e" "CARGO_INCREMENTAL=0" "-e" "RUST_BACKTRACE=full" "-e" "RUSTFLAGS=--cap-lints=warn" "-e" "RUSTDOCFLAGS=--cap-lints=warn" "-e" "CARGO_HOME=/opt/rustwide/cargo-home" "-e" "RUSTUP_HOME=/opt/rustwide/rustup-home" "-w" "/opt/rustwide/workdir" "-m" "1610612736" "--user" "0:0" "--network" "none" "ghcr.io/rust-lang/crates-build-env/linux@sha256:5ff2268d62e97bff2cde7d5815dd6ed5b47097566f13b8d0ca110b04b60e07ed" "/opt/rustwide/cargo-home/bin/cargo" "+1.69.0" "test" "--frozen" "--no-run" "--message-format=json", kill_on_drop: false }`
[INFO] [stdout] a75cfebbda77f8a670d4a7fd3b68aefec9e9361eacfcf2127acfcd4e97861119
[INFO] running `Command { std: "docker" "start" "-a" "a75cfebbda77f8a670d4a7fd3b68aefec9e9361eacfcf2127acfcd4e97861119", kill_on_drop: false }`
[INFO] [stderr]    Compiling io-lifetimes v1.0.10
[INFO] [stderr]    Compiling syn v1.0.109
[INFO] [stderr]    Compiling lock_api v0.4.9
[INFO] [stderr]    Compiling parking_lot_core v0.8.6
[INFO] [stderr]    Compiling instant v0.1.12
[INFO] [stderr]    Compiling smallvec v1.10.0
[INFO] [stderr]    Compiling rustix v0.37.18
[INFO] [stderr]    Compiling linux-raw-sys v0.3.6
[INFO] [stderr]    Compiling fastrand v1.9.0
[INFO] [stderr]    Compiling toml v0.5.11
[INFO] [stderr]    Compiling parking_lot v0.11.2
[INFO] [stderr]    Compiling tempfile v3.5.0
[INFO] [stderr]    Compiling serial_test_derive v0.5.1
[INFO] [stderr]    Compiling serial_test v0.5.1
[INFO] [stderr]    Compiling secret-loader v0.1.0 (/opt/rustwide/workdir)
[INFO] [stderr]     Finished test [unoptimized + debuginfo] target(s) in 15.99s
[INFO] running `Command { std: "docker" "inspect" "a75cfebbda77f8a670d4a7fd3b68aefec9e9361eacfcf2127acfcd4e97861119", kill_on_drop: false }`
[INFO] running `Command { std: "docker" "rm" "-f" "a75cfebbda77f8a670d4a7fd3b68aefec9e9361eacfcf2127acfcd4e97861119", kill_on_drop: false }`
[INFO] [stdout] a75cfebbda77f8a670d4a7fd3b68aefec9e9361eacfcf2127acfcd4e97861119
[INFO] running `Command { std: "docker" "create" "-v" "/var/lib/crater-agent-workspace/builds/worker-5-tc1/target:/opt/rustwide/target:rw,Z" "-v" "/var/lib/crater-agent-workspace/builds/worker-5-tc1/source:/opt/rustwide/workdir:ro,Z" "-v" "/var/lib/crater-agent-workspace/cargo-home:/opt/rustwide/cargo-home:ro,Z" "-v" "/var/lib/crater-agent-workspace/rustup-home:/opt/rustwide/rustup-home:ro,Z" "-e" "SOURCE_DIR=/opt/rustwide/workdir" "-e" "CARGO_TARGET_DIR=/opt/rustwide/target" "-e" "CARGO_INCREMENTAL=0" "-e" "RUST_BACKTRACE=full" "-e" "RUSTFLAGS=--cap-lints=warn" "-e" "RUSTDOCFLAGS=--cap-lints=warn" "-e" "CARGO_HOME=/opt/rustwide/cargo-home" "-e" "RUSTUP_HOME=/opt/rustwide/rustup-home" "-w" "/opt/rustwide/workdir" "-m" "1610612736" "--user" "0:0" "--network" "none" "ghcr.io/rust-lang/crates-build-env/linux@sha256:5ff2268d62e97bff2cde7d5815dd6ed5b47097566f13b8d0ca110b04b60e07ed" "/opt/rustwide/cargo-home/bin/cargo" "+1.69.0" "test" "--frozen", kill_on_drop: false }`
[INFO] [stdout] a6b71852b63de962271f340be4727cdeabcbee2a4554ef1a318aa3d4dfaf5f97
[INFO] running `Command { std: "docker" "start" "-a" "a6b71852b63de962271f340be4727cdeabcbee2a4554ef1a318aa3d4dfaf5f97", kill_on_drop: false }`
[INFO] [stderr]     Blocking waiting for file lock on package cache
[INFO] [stderr]     Finished test [unoptimized + debuginfo] target(s) in 0.23s
[INFO] [stderr]      Running unittests src/lib.rs (/opt/rustwide/target/debug/deps/secret_loader-af68cfaec9d2c4ea)
[INFO] [stdout] 
[INFO] [stdout] running 8 tests
[INFO] [stdout] test loader::tests::parse_env ... ok
[INFO] [stdout] test loader::tests::secret_from_plain ... ok
[INFO] [stdout] test loader::tests::secret_from_file_present ... ok
[INFO] [stdout] test loader::tests::parse_plain ... ok
[INFO] [stdout] test loader::tests::secret_from_env_missing ... ok
[INFO] [stdout] test loader::tests::secret_from_env_present ... ok
[INFO] [stdout] test loader::tests::parse_file ... ok
[INFO] [stderr]    Doc-tests secret-loader
[INFO] [stdout] test loader::tests::secret_from_file_missing ... ok
[INFO] [stdout] 
[INFO] [stdout] test result: ok. 8 passed; 0 failed; 0 ignored; 0 measured; 0 filtered out; finished in 0.02s
[INFO] [stdout] 
[INFO] [stdout] 
[INFO] [stdout] running 7 tests
[INFO] [stdout] test src/lib.rs - (line 33) ... FAILED
[INFO] [stdout] test src/lib.rs - (line 79) ... FAILED
[INFO] [stdout] test src/loader.rs - loader::SecretLoader::is_env (line 61) ... ok
[INFO] [stdout] test src/loader.rs - loader::SecretLoader::new (line 36) ... ok
[INFO] [stdout] test src/error.rs - error::LoadError (line 17) ... ok
[INFO] [stdout] test src/loader.rs - loader::SecretLoader::is_plain (line 81) ... ok
[INFO] [stdout] test src/loader.rs - loader::SecretLoader::is_file (line 71) ... ok
[INFO] [stdout] 
[INFO] [stdout] failures:
[INFO] [stdout] 
[INFO] [stdout] ---- src/lib.rs - (line 33) stdout ----
[INFO] [stdout] error[E0277]: the trait bound `SecretLoader: Deserialize<'_>` is not satisfied
[INFO] [stdout]     --> src/lib.rs:49:13
[INFO] [stdout]      |
[INFO] [stdout] 19   |        key: SecretLoader,
[INFO] [stdout]      |             ^^^^^^^^^^^^ the trait `Deserialize<'_>` is not implemented for `SecretLoader`
[INFO] [stdout]      |
[INFO] [stdout]      = help: the following other types implement trait `Deserialize<'de>`:
[INFO] [stdout]                &'a Path
[INFO] [stdout]                &'a [u8]
[INFO] [stdout]                &'a str
[INFO] [stdout]                ()
[INFO] [stdout]                (T0, T1)
[INFO] [stdout]                (T0, T1, T2)
[INFO] [stdout]                (T0, T1, T2, T3)
[INFO] [stdout]                (T0, T1, T2, T3, T4)
[INFO] [stdout]              and 133 others
[INFO] [stdout] note: required by a bound in `next_element`
[INFO] [stdout]     --> /opt/rustwide/cargo-home/registry/src/github.com-1ecc6299db9ec823/serde-1.0.160/src/de/mod.rs:1729:12
[INFO] [stdout]      |
[INFO] [stdout] 1729 |         T: Deserialize<'de>,
[INFO] [stdout]      |            ^^^^^^^^^^^^^^^^ required by this bound in `SeqAccess::next_element`
[INFO] [stdout] 
[INFO] [stdout] error[E0277]: the trait bound `SecretLoader: Deserialize<'_>` is not satisfied
[INFO] [stdout]     --> src/lib.rs:49:13
[INFO] [stdout]      |
[INFO] [stdout] 19   |        key: SecretLoader,
[INFO] [stdout]      |             ^^^^^^^^^^^^ the trait `Deserialize<'_>` is not implemented for `SecretLoader`
[INFO] [stdout]      |
[INFO] [stdout]      = help: the following other types implement trait `Deserialize<'de>`:
[INFO] [stdout]                &'a Path
[INFO] [stdout]                &'a [u8]
[INFO] [stdout]                &'a str
[INFO] [stdout]                ()
[INFO] [stdout]                (T0, T1)
[INFO] [stdout]                (T0, T1, T2)
[INFO] [stdout]                (T0, T1, T2, T3)
[INFO] [stdout]                (T0, T1, T2, T3, T4)
[INFO] [stdout]              and 133 others
[INFO] [stdout] note: required by a bound in `next_value`
[INFO] [stdout]     --> /opt/rustwide/cargo-home/registry/src/github.com-1ecc6299db9ec823/serde-1.0.160/src/de/mod.rs:1868:12
[INFO] [stdout]      |
[INFO] [stdout] 1868 |         V: Deserialize<'de>,
[INFO] [stdout]      |            ^^^^^^^^^^^^^^^^ required by this bound in `MapAccess::next_value`
[INFO] [stdout] 
[INFO] [stdout] error[E0277]: the trait bound `SecretLoader: Deserialize<'_>` is not satisfied
[INFO] [stdout]   --> src/lib.rs:49:8
[INFO] [stdout]    |
[INFO] [stdout] 19 |        key: SecretLoader,
[INFO] [stdout]    |        ^^^ the trait `Deserialize<'_>` is not implemented for `SecretLoader`
[INFO] [stdout]    |
[INFO] [stdout]    = help: the following other types implement trait `Deserialize<'de>`:
[INFO] [stdout]              &'a Path
[INFO] [stdout]              &'a [u8]
[INFO] [stdout]              &'a str
[INFO] [stdout]              ()
[INFO] [stdout]              (T0, T1)
[INFO] [stdout]              (T0, T1, T2)
[INFO] [stdout]              (T0, T1, T2, T3)
[INFO] [stdout]              (T0, T1, T2, T3, T4)
[INFO] [stdout]            and 133 others
[INFO] [stdout] note: required by a bound in `_doctest_main_src_lib_rs_33_0::_::_serde::__private::de::missing_field`
[INFO] [stdout]   --> /opt/rustwide/cargo-home/registry/src/github.com-1ecc6299db9ec823/serde-1.0.160/src/private/de.rs:22:8
[INFO] [stdout]    |
[INFO] [stdout] 22 |     V: Deserialize<'de>,
[INFO] [stdout]    |        ^^^^^^^^^^^^^^^^ required by this bound in `missing_field`
[INFO] [stdout] 
[INFO] [stdout] error: aborting due to 3 previous errors
[INFO] [stdout] 
[INFO] [stdout] For more information about this error, try `rustc --explain E0277`.
[INFO] [stdout] Couldn't compile the test.
[INFO] [stdout] ---- src/lib.rs - (line 79) stdout ----
[INFO] [stdout] error[E0599]: no variant or associated item named `deserialize` found for enum `SecretLoader` in the current scope
[INFO] [stdout]   --> src/lib.rs:111:22
[INFO] [stdout]    |
[INFO] [stdout] 35 |        SecretLoader::deserialize(deserializer)?.into_secret().map_err(DeError::custom)
[INFO] [stdout]    |                      ^^^^^^^^^^^ variant or associated item not found in `SecretLoader`
[INFO] [stdout] 
[INFO] [stdout] error: aborting due to previous error
[INFO] [stdout] 
[INFO] [stdout] For more information about this error, try `rustc --explain E0599`.
[INFO] [stdout] Couldn't compile the test.
[INFO] [stdout] 
[INFO] [stdout] failures:
[INFO] [stdout]     src/lib.rs - (line 33)
[INFO] [stdout]     src/lib.rs - (line 79)
[INFO] [stdout] 
[INFO] [stdout] test result: FAILED. 5 passed; 2 failed; 0 ignored; 0 measured; 0 filtered out; finished in 1.00s
[INFO] [stdout] 
[INFO] [stderr] error: doctest failed, to rerun pass `--doc`
[INFO] running `Command { std: "docker" "inspect" "a6b71852b63de962271f340be4727cdeabcbee2a4554ef1a318aa3d4dfaf5f97", kill_on_drop: false }`
[INFO] running `Command { std: "docker" "rm" "-f" "a6b71852b63de962271f340be4727cdeabcbee2a4554ef1a318aa3d4dfaf5f97", kill_on_drop: false }`
[INFO] [stdout] a6b71852b63de962271f340be4727cdeabcbee2a4554ef1a318aa3d4dfaf5f97
