[INFO] fetching crate search_blame 0.2.0...
[INFO] testing search_blame-0.2.0 against beta-2023-04-20 for beta-1.70-1
[INFO] extracting crate search_blame 0.2.0 into /workspace/builds/worker-3-tc2/source
[INFO] validating manifest of crates.io crate search_blame 0.2.0 on toolchain beta-2023-04-20
[INFO] running `Command { std: CARGO_HOME="/workspace/cargo-home" RUSTUP_HOME="/workspace/rustup-home" "/workspace/cargo-home/bin/cargo" "+beta-2023-04-20" "metadata" "--manifest-path" "Cargo.toml" "--no-deps", kill_on_drop: false }`
[INFO] started tweaking crates.io crate search_blame 0.2.0
[INFO] finished tweaking crates.io crate search_blame 0.2.0
[INFO] tweaked toml for crates.io crate search_blame 0.2.0 written to /workspace/builds/worker-3-tc2/source/Cargo.toml
[INFO] crate crates.io crate search_blame 0.2.0 already has a lockfile, it will not be regenerated
[INFO] running `Command { std: CARGO_HOME="/workspace/cargo-home" RUSTUP_HOME="/workspace/rustup-home" "/workspace/cargo-home/bin/cargo" "+beta-2023-04-20" "fetch" "--manifest-path" "Cargo.toml", kill_on_drop: false }`
[INFO] [stderr]     Updating crates.io index
[INFO] [stderr]     Blocking waiting for file lock on package cache
[INFO] [stderr]  Downloading crates ...
[INFO] [stderr]   Downloaded grep-matcher v0.1.5
[INFO] [stderr]   Downloaded grep-printer v0.1.6
[INFO] [stderr]   Downloaded assert_cmd v2.0.7
[INFO] [stderr]   Downloaded grep-cli v0.1.6
[INFO] [stderr]   Downloaded assert_fs v1.0.10
[INFO] [stderr]   Downloaded grep v0.2.10
[INFO] [stderr]   Downloaded grep-searcher v0.1.10
[INFO] [stderr]   Downloaded grep-regex v0.1.10
[INFO] [stderr]   Downloaded predicates v2.1.4
[INFO] running `Command { std: "docker" "create" "-v" "/var/lib/crater-agent-workspace/builds/worker-3-tc2/target:/opt/rustwide/target:rw,Z" "-v" "/var/lib/crater-agent-workspace/builds/worker-3-tc2/source:/opt/rustwide/workdir:ro,Z" "-v" "/var/lib/crater-agent-workspace/cargo-home:/opt/rustwide/cargo-home:ro,Z" "-v" "/var/lib/crater-agent-workspace/rustup-home:/opt/rustwide/rustup-home:ro,Z" "-e" "SOURCE_DIR=/opt/rustwide/workdir" "-e" "CARGO_TARGET_DIR=/opt/rustwide/target" "-e" "CARGO_HOME=/opt/rustwide/cargo-home" "-e" "RUSTUP_HOME=/opt/rustwide/rustup-home" "-w" "/opt/rustwide/workdir" "-m" "1610612736" "--user" "0:0" "--network" "none" "ghcr.io/rust-lang/crates-build-env/linux@sha256:5ff2268d62e97bff2cde7d5815dd6ed5b47097566f13b8d0ca110b04b60e07ed" "/opt/rustwide/cargo-home/bin/cargo" "+beta-2023-04-20" "metadata" "--no-deps" "--format-version=1", kill_on_drop: false }`
[INFO] [stdout] b14f3b88b2eb217e072d647f1f9ef58e6fd0f0a5a15ee3a3cbef91e168470bbd
[INFO] running `Command { std: "docker" "start" "-a" "b14f3b88b2eb217e072d647f1f9ef58e6fd0f0a5a15ee3a3cbef91e168470bbd", kill_on_drop: false }`
[INFO] running `Command { std: "docker" "inspect" "b14f3b88b2eb217e072d647f1f9ef58e6fd0f0a5a15ee3a3cbef91e168470bbd", kill_on_drop: false }`
[INFO] running `Command { std: "docker" "rm" "-f" "b14f3b88b2eb217e072d647f1f9ef58e6fd0f0a5a15ee3a3cbef91e168470bbd", kill_on_drop: false }`
[INFO] [stdout] b14f3b88b2eb217e072d647f1f9ef58e6fd0f0a5a15ee3a3cbef91e168470bbd
[INFO] running `Command { std: "docker" "create" "-v" "/var/lib/crater-agent-workspace/builds/worker-3-tc2/target:/opt/rustwide/target:rw,Z" "-v" "/var/lib/crater-agent-workspace/builds/worker-3-tc2/source:/opt/rustwide/workdir:ro,Z" "-v" "/var/lib/crater-agent-workspace/cargo-home:/opt/rustwide/cargo-home:ro,Z" "-v" "/var/lib/crater-agent-workspace/rustup-home:/opt/rustwide/rustup-home:ro,Z" "-e" "SOURCE_DIR=/opt/rustwide/workdir" "-e" "CARGO_TARGET_DIR=/opt/rustwide/target" "-e" "CARGO_INCREMENTAL=0" "-e" "RUST_BACKTRACE=full" "-e" "RUSTFLAGS=--cap-lints=warn" "-e" "RUSTDOCFLAGS=--cap-lints=warn" "-e" "CARGO_HOME=/opt/rustwide/cargo-home" "-e" "RUSTUP_HOME=/opt/rustwide/rustup-home" "-w" "/opt/rustwide/workdir" "-m" "1610612736" "--user" "0:0" "--network" "none" "ghcr.io/rust-lang/crates-build-env/linux@sha256:5ff2268d62e97bff2cde7d5815dd6ed5b47097566f13b8d0ca110b04b60e07ed" "/opt/rustwide/cargo-home/bin/cargo" "+beta-2023-04-20" "build" "--frozen" "--message-format=json", kill_on_drop: false }`
[INFO] [stdout] 2fae3d534ebbde45699235eb610c12449711b0f20d26eddca4dd39bd3a920a7a
[INFO] running `Command { std: "docker" "start" "-a" "2fae3d534ebbde45699235eb610c12449711b0f20d26eddca4dd39bd3a920a7a", kill_on_drop: false }`
[INFO] [stderr]    Compiling libc v0.2.139
[INFO] [stderr]    Compiling memchr v2.5.0
[INFO] [stderr]    Compiling pkg-config v0.3.26
[INFO] [stderr]    Compiling proc-macro2 v1.0.49
[INFO] [stderr]    Compiling quote v1.0.23
[INFO] [stderr]    Compiling unicode-ident v1.0.6
[INFO] [stderr]    Compiling autocfg v1.1.0
[INFO] [stderr]    Compiling cfg-if v1.0.0
[INFO] [stderr]    Compiling syn v1.0.107
[INFO] [stderr]    Compiling log v0.4.17
[INFO] [stderr]    Compiling lazy_static v1.4.0
[INFO] [stderr]    Compiling version_check v0.9.4
[INFO] [stderr]    Compiling regex-automata v0.1.10
[INFO] [stderr]    Compiling encoding_rs v0.8.31
[INFO] [stderr]    Compiling regex-syntax v0.6.28
[INFO] [stderr]    Compiling serde_derive v1.0.152
[INFO] [stderr]    Compiling tinyvec_macros v0.1.0
[INFO] [stderr]    Compiling serde v1.0.152
[INFO] [stderr]    Compiling once_cell v1.16.0
[INFO] [stderr]    Compiling tinyvec v1.6.0
[INFO] [stderr]    Compiling serde_json v1.0.91
[INFO] [stderr]    Compiling proc-macro-error-attr v1.0.4
[INFO] [stderr]    Compiling proc-macro-error v1.0.4
[INFO] [stderr]    Compiling termcolor v1.1.3
[INFO] [stderr]    Compiling indexmap v1.9.2
[INFO] [stderr]    Compiling same-file v1.0.6
[INFO] [stderr]    Compiling itoa v1.0.5
[INFO] [stderr]    Compiling percent-encoding v2.2.0
[INFO] [stderr]    Compiling fnv v1.0.7
[INFO] [stderr]    Compiling bytecount v0.6.3
[INFO] [stderr]    Compiling unicode-bidi v0.3.8
[INFO] [stderr]    Compiling ryu v1.0.12
[INFO] [stderr]    Compiling form_urlencoded v1.1.0
[INFO] [stderr]    Compiling thread_local v1.1.4
[INFO] [stderr]    Compiling hashbrown v0.12.3
[INFO] [stderr]    Compiling unicode-width v0.1.10
[INFO] [stderr]    Compiling bitflags v1.3.2
[INFO] [stderr]    Compiling bstr v0.2.17
[INFO] [stderr]    Compiling aho-corasick v0.7.20
[INFO] [stderr]    Compiling grep-matcher v0.1.5
[INFO] [stderr]    Compiling base64 v0.13.1
[INFO] [stderr]    Compiling os_str_bytes v6.4.1
[INFO] [stderr]    Compiling heck v0.4.0
[INFO] [stderr]    Compiling openssl-probe v0.1.5
[INFO] [stderr]    Compiling jobserver v0.1.25
[INFO] [stderr]    Compiling unicode-normalization v0.1.22
[INFO] [stderr]    Compiling atty v0.2.14
[INFO] [stderr]    Compiling memmap2 v0.5.8
[INFO] [stderr]    Compiling terminal_size v0.1.17
[INFO] [stderr]    Compiling clap_lex v0.2.4
[INFO] [stderr]    Compiling strsim v0.10.0
[INFO] [stderr]    Compiling textwrap v0.16.0
[INFO] [stderr]    Compiling cc v1.0.78
[INFO] [stderr]    Compiling console v0.15.2
[INFO] [stderr]    Compiling number_prefix v0.4.0
[INFO] [stderr]    Compiling walkdir v2.3.2
[INFO] [stderr]    Compiling encoding_rs_io v0.1.7
[INFO] [stderr]    Compiling grep-searcher v0.1.10
[INFO] [stderr]    Compiling idna v0.3.0
[INFO] [stderr]    Compiling regex v1.7.0
[INFO] [stderr]    Compiling url v2.3.1
[INFO] [stderr]    Compiling openssl-sys v0.9.80
[INFO] [stderr]    Compiling libz-sys v1.1.8
[INFO] [stderr]    Compiling libssh2-sys v0.2.23
[INFO] [stderr]    Compiling libgit2-sys v0.13.4+1.4.2
[INFO] [stderr]    Compiling globset v0.4.9
[INFO] [stderr]    Compiling grep-regex v0.1.10
[INFO] [stderr]    Compiling indicatif v0.16.2
[INFO] [stderr]    Compiling grep-cli v0.1.6
[INFO] [stderr]    Compiling clap_derive v3.2.18
[INFO] [stderr]    Compiling git2 v0.14.4
[INFO] [stderr]    Compiling clap v3.2.23
[INFO] [stderr]    Compiling grep-printer v0.1.6
[INFO] [stderr]    Compiling grep v0.2.10
[INFO] [stderr]    Compiling search_blame v0.2.0 (/opt/rustwide/workdir)
[INFO] [stdout] warning: unused import: `ProgressStyle`
[INFO] [stdout]  --> src/git.rs:5:30
[INFO] [stdout]   |
[INFO] [stdout] 5 | use indicatif::{ProgressBar, ProgressStyle};
[INFO] [stdout]   |                              ^^^^^^^^^^^^^
[INFO] [stdout]   |
[INFO] [stdout]   = note: `#[warn(unused_imports)]` on by default
[INFO] [stdout] 
[INFO] [stdout] 
[INFO] [stdout] warning: constant `end_blame_message` should have an upper case name
[INFO] [stdout]  --> src/git.rs:8:7
[INFO] [stdout]   |
[INFO] [stdout] 8 | const end_blame_message: &str = "Done with blaming";
[INFO] [stdout]   |       ^^^^^^^^^^^^^^^^^ help: convert the identifier to upper case: `END_BLAME_MESSAGE`
[INFO] [stdout]   |
[INFO] [stdout]   = note: `#[warn(non_upper_case_globals)]` on by default
[INFO] [stdout] 
[INFO] [stdout] 
[INFO] [stdout] warning: constant `end_search_message` should have an upper case name
[INFO] [stdout]   --> src/search.rs:10:7
[INFO] [stdout]    |
[INFO] [stdout] 10 | const end_search_message: &str = "Done with searching";
[INFO] [stdout]    |       ^^^^^^^^^^^^^^^^^^ help: convert the identifier to upper case: `END_SEARCH_MESSAGE`
[INFO] [stdout] 
[INFO] [stdout] 
[INFO] [stdout] warning: 3 warnings emitted
[INFO] [stdout] 
[INFO] [stdout] 
[INFO] [stderr]     Finished dev [unoptimized + debuginfo] target(s) in 38.46s
[INFO] running `Command { std: "docker" "inspect" "2fae3d534ebbde45699235eb610c12449711b0f20d26eddca4dd39bd3a920a7a", kill_on_drop: false }`
[INFO] running `Command { std: "docker" "rm" "-f" "2fae3d534ebbde45699235eb610c12449711b0f20d26eddca4dd39bd3a920a7a", kill_on_drop: false }`
[INFO] [stdout] 2fae3d534ebbde45699235eb610c12449711b0f20d26eddca4dd39bd3a920a7a
[INFO] running `Command { std: "docker" "create" "-v" "/var/lib/crater-agent-workspace/builds/worker-3-tc2/target:/opt/rustwide/target:rw,Z" "-v" "/var/lib/crater-agent-workspace/builds/worker-3-tc2/source:/opt/rustwide/workdir:ro,Z" "-v" "/var/lib/crater-agent-workspace/cargo-home:/opt/rustwide/cargo-home:ro,Z" "-v" "/var/lib/crater-agent-workspace/rustup-home:/opt/rustwide/rustup-home:ro,Z" "-e" "SOURCE_DIR=/opt/rustwide/workdir" "-e" "CARGO_TARGET_DIR=/opt/rustwide/target" "-e" "CARGO_INCREMENTAL=0" "-e" "RUST_BACKTRACE=full" "-e" "RUSTFLAGS=--cap-lints=warn" "-e" "RUSTDOCFLAGS=--cap-lints=warn" "-e" "CARGO_HOME=/opt/rustwide/cargo-home" "-e" "RUSTUP_HOME=/opt/rustwide/rustup-home" "-w" "/opt/rustwide/workdir" "-m" "1610612736" "--user" "0:0" "--network" "none" "ghcr.io/rust-lang/crates-build-env/linux@sha256:5ff2268d62e97bff2cde7d5815dd6ed5b47097566f13b8d0ca110b04b60e07ed" "/opt/rustwide/cargo-home/bin/cargo" "+beta-2023-04-20" "test" "--frozen" "--no-run" "--message-format=json", kill_on_drop: false }`
[INFO] [stdout] 7b1c57255686cb764e77aa3ea81ab8ecc2c4293c6e5e6d5555e7ec97eb8f3a58
[INFO] running `Command { std: "docker" "start" "-a" "7b1c57255686cb764e77aa3ea81ab8ecc2c4293c6e5e6d5555e7ec97eb8f3a58", kill_on_drop: false }`
[INFO] [stderr]    Compiling syn v1.0.107
[INFO] [stderr]    Compiling futures-core v0.3.25
[INFO] [stderr]    Compiling semver v1.0.16
[INFO] [stderr]    Compiling slab v0.4.7
[INFO] [stderr]    Compiling num-traits v0.2.15
[INFO] [stderr]    Compiling futures-task v0.3.25
[INFO] [stderr]    Compiling futures-channel v0.3.25
[INFO] [stderr]    Compiling crossbeam-utils v0.8.14
[INFO] [stderr]    Compiling futures-sink v0.3.25
[INFO] [stderr]    Compiling futures-util v0.3.25
[INFO] [stderr]    Compiling pin-project-lite v0.2.9
[INFO] [stderr]    Compiling either v1.8.0
[INFO] [stderr]    Compiling doc-comment v0.3.3
[INFO] [stderr]    Compiling predicates-core v1.0.5
[INFO] [stderr]    Compiling futures-io v0.3.25
[INFO] [stderr]    Compiling pin-utils v0.1.0
[INFO] [stderr]    Compiling difflib v0.4.0
[INFO] [stderr]    Compiling normalize-line-endings v0.3.0
[INFO] [stderr]    Compiling termtree v0.4.0
[INFO] [stderr]    Compiling itertools v0.10.5
[INFO] [stderr]    Compiling fastrand v1.8.0
[INFO] [stderr]    Compiling predicates-tree v1.0.7
[INFO] [stderr]    Compiling remove_dir_all v0.5.3
[INFO] [stderr]    Compiling bstr v1.1.0
[INFO] [stderr]    Compiling wait-timeout v0.2.0
[INFO] [stderr]    Compiling futures-timer v3.0.2
[INFO] [stderr]    Compiling tempfile v3.3.0
[INFO] [stderr]    Compiling rustc_version v0.4.0
[INFO] [stderr]    Compiling ignore v0.4.18
[INFO] [stderr]    Compiling rstest_macros v0.14.0
[INFO] [stderr]    Compiling globwalk v0.8.1
[INFO] [stderr]    Compiling float-cmp v0.9.0
[INFO] [stderr]    Compiling predicates v2.1.4
[INFO] [stderr]    Compiling assert_fs v1.0.10
[INFO] [stderr]    Compiling assert_cmd v2.0.7
[INFO] [stderr]    Compiling proc-macro-error v1.0.4
[INFO] [stderr]    Compiling serde_derive v1.0.152
[INFO] [stderr]    Compiling futures-macro v0.3.25
[INFO] [stderr]    Compiling clap_derive v3.2.18
[INFO] [stderr]    Compiling clap v3.2.23
[INFO] [stderr]    Compiling serde v1.0.152
[INFO] [stderr]    Compiling futures-executor v0.3.25
[INFO] [stderr]    Compiling futures v0.3.25
[INFO] [stderr]    Compiling rstest v0.15.0
[INFO] [stderr]    Compiling serde_json v1.0.91
[INFO] [stderr]    Compiling grep-printer v0.1.6
[INFO] [stderr]    Compiling grep v0.2.10
[INFO] [stderr]    Compiling search_blame v0.2.0 (/opt/rustwide/workdir)
[INFO] [stdout] warning: unused import: `ProgressStyle`
[INFO] [stdout]  --> src/git.rs:5:30
[INFO] [stdout]   |
[INFO] [stdout] 5 | use indicatif::{ProgressBar, ProgressStyle};
[INFO] [stdout]   |                              ^^^^^^^^^^^^^
[INFO] [stdout]   |
[INFO] [stdout]   = note: `#[warn(unused_imports)]` on by default
[INFO] [stdout] 
[INFO] [stdout] 
[INFO] [stdout] warning: unused import: `ProgressStyle`
[INFO] [stdout]  --> src/git.rs:5:30
[INFO] [stdout]   |
[INFO] [stdout] 5 | use indicatif::{ProgressBar, ProgressStyle};
[INFO] [stdout]   |                              ^^^^^^^^^^^^^
[INFO] [stdout]   |
[INFO] [stdout]   = note: `#[warn(unused_imports)]` on by default
[INFO] [stdout] 
[INFO] [stdout] 
[INFO] [stdout] warning: constant `end_blame_message` should have an upper case name
[INFO] [stdout]  --> src/git.rs:8:7
[INFO] [stdout]   |
[INFO] [stdout] 8 | const end_blame_message: &str = "Done with blaming";
[INFO] [stdout]   |       ^^^^^^^^^^^^^^^^^ help: convert the identifier to upper case: `END_BLAME_MESSAGE`
[INFO] [stdout]   |
[INFO] [stdout]   = note: `#[warn(non_upper_case_globals)]` on by default
[INFO] [stdout] 
[INFO] [stdout] 
[INFO] [stdout] warning: constant `end_search_message` should have an upper case name
[INFO] [stdout]   --> src/search.rs:10:7
[INFO] [stdout]    |
[INFO] [stdout] 10 | const end_search_message: &str = "Done with searching";
[INFO] [stdout]    |       ^^^^^^^^^^^^^^^^^^ help: convert the identifier to upper case: `END_SEARCH_MESSAGE`
[INFO] [stdout] 
[INFO] [stdout] 
[INFO] [stdout] warning: constant `end_blame_message` should have an upper case name
[INFO] [stdout]  --> src/git.rs:8:7
[INFO] [stdout]   |
[INFO] [stdout] 8 | const end_blame_message: &str = "Done with blaming";
[INFO] [stdout]   |       ^^^^^^^^^^^^^^^^^ help: convert the identifier to upper case: `END_BLAME_MESSAGE`
[INFO] [stdout]   |
[INFO] [stdout]   = note: `#[warn(non_upper_case_globals)]` on by default
[INFO] [stdout] 
[INFO] [stdout] 
[INFO] [stdout] warning: constant `end_search_message` should have an upper case name
[INFO] [stdout]   --> src/search.rs:10:7
[INFO] [stdout]    |
[INFO] [stdout] 10 | const end_search_message: &str = "Done with searching";
[INFO] [stdout]    |       ^^^^^^^^^^^^^^^^^^ help: convert the identifier to upper case: `END_SEARCH_MESSAGE`
[INFO] [stdout] 
[INFO] [stdout] 
[INFO] [stdout] warning: 3 warnings emitted
[INFO] [stdout] 
[INFO] [stdout] 
[INFO] [stdout] warning: 3 warnings emitted
[INFO] [stdout] 
[INFO] [stdout] 
[INFO] [stdout] warning: unused variable: `setup_files`
[INFO] [stdout]   --> tests/git.rs:91:5
[INFO] [stdout]    |
[INFO] [stdout] 91 |     setup_files: &PathBuf,
[INFO] [stdout]    |     ^^^^^^^^^^^ help: if this is intentional, prefix it with an underscore: `_setup_files`
[INFO] [stdout]    |
[INFO] [stdout]    = note: `#[warn(unused_variables)]` on by default
[INFO] [stdout] 
[INFO] [stdout] 
[INFO] [stdout] warning: unused variable: `uns`
[INFO] [stdout]    --> tests/git.rs:162:9
[INFO] [stdout]     |
[INFO] [stdout] 162 |     let uns = unstaged_files;
[INFO] [stdout]     |         ^^^ help: if this is intentional, prefix it with an underscore: `_uns`
[INFO] [stdout] 
[INFO] [stdout] 
[INFO] [stdout] warning: unused variable: `setup_files_second_user`
[INFO] [stdout]    --> tests/git.rs:173:5
[INFO] [stdout]     |
[INFO] [stdout] 173 |     setup_files_second_user: &PathBuf,
[INFO] [stdout]     |     ^^^^^^^^^^^^^^^^^^^^^^^ help: if this is intentional, prefix it with an underscore: `_setup_files_second_user`
[INFO] [stdout] 
[INFO] [stdout] 
[INFO] [stdout] warning: unused variable: `unstaged_files`
[INFO] [stdout]    --> tests/git.rs:174:5
[INFO] [stdout]     |
[INFO] [stdout] 174 |     unstaged_files: &PathBuf,
[INFO] [stdout]     |     ^^^^^^^^^^^^^^ help: if this is intentional, prefix it with an underscore: `_unstaged_files`
[INFO] [stdout] 
[INFO] [stdout] 
[INFO] [stdout] warning: 4 warnings emitted
[INFO] [stdout] 
[INFO] [stdout] 
[INFO] [stderr]     Finished test [unoptimized + debuginfo] target(s) in 21.97s
[INFO] running `Command { std: "docker" "inspect" "7b1c57255686cb764e77aa3ea81ab8ecc2c4293c6e5e6d5555e7ec97eb8f3a58", kill_on_drop: false }`
[INFO] running `Command { std: "docker" "rm" "-f" "7b1c57255686cb764e77aa3ea81ab8ecc2c4293c6e5e6d5555e7ec97eb8f3a58", kill_on_drop: false }`
[INFO] [stdout] 7b1c57255686cb764e77aa3ea81ab8ecc2c4293c6e5e6d5555e7ec97eb8f3a58
[INFO] running `Command { std: "docker" "create" "-v" "/var/lib/crater-agent-workspace/builds/worker-3-tc2/target:/opt/rustwide/target:rw,Z" "-v" "/var/lib/crater-agent-workspace/builds/worker-3-tc2/source:/opt/rustwide/workdir:ro,Z" "-v" "/var/lib/crater-agent-workspace/cargo-home:/opt/rustwide/cargo-home:ro,Z" "-v" "/var/lib/crater-agent-workspace/rustup-home:/opt/rustwide/rustup-home:ro,Z" "-e" "SOURCE_DIR=/opt/rustwide/workdir" "-e" "CARGO_TARGET_DIR=/opt/rustwide/target" "-e" "CARGO_INCREMENTAL=0" "-e" "RUST_BACKTRACE=full" "-e" "RUSTFLAGS=--cap-lints=warn" "-e" "RUSTDOCFLAGS=--cap-lints=warn" "-e" "CARGO_HOME=/opt/rustwide/cargo-home" "-e" "RUSTUP_HOME=/opt/rustwide/rustup-home" "-w" "/opt/rustwide/workdir" "-m" "1610612736" "--user" "0:0" "--network" "none" "ghcr.io/rust-lang/crates-build-env/linux@sha256:5ff2268d62e97bff2cde7d5815dd6ed5b47097566f13b8d0ca110b04b60e07ed" "/opt/rustwide/cargo-home/bin/cargo" "+beta-2023-04-20" "test" "--frozen", kill_on_drop: false }`
[INFO] [stdout] 7470484c2b07f7392a6af088646c594d960407e29ccb9cc908f1f43b9edd35a4
[INFO] running `Command { std: "docker" "start" "-a" "7470484c2b07f7392a6af088646c594d960407e29ccb9cc908f1f43b9edd35a4", kill_on_drop: false }`
[INFO] [stderr]     Blocking waiting for file lock on package cache
[INFO] [stderr] warning: unused import: `ProgressStyle`
[INFO] [stderr]  --> src/git.rs:5:30
[INFO] [stderr]   |
[INFO] [stderr] 5 | use indicatif::{ProgressBar, ProgressStyle};
[INFO] [stderr]   |                              ^^^^^^^^^^^^^
[INFO] [stderr]   |
[INFO] [stderr]   = note: `#[warn(unused_imports)]` on by default
[INFO] [stderr] 
[INFO] [stderr] warning: constant `end_blame_message` should have an upper case name
[INFO] [stderr]  --> src/git.rs:8:7
[INFO] [stderr]   |
[INFO] [stderr] 8 | const end_blame_message: &str = "Done with blaming";
[INFO] [stderr]   |       ^^^^^^^^^^^^^^^^^ help: convert the identifier to upper case: `END_BLAME_MESSAGE`
[INFO] [stderr]   |
[INFO] [stderr]   = note: `#[warn(non_upper_case_globals)]` on by default
[INFO] [stderr] 
[INFO] [stderr] warning: constant `end_search_message` should have an upper case name
[INFO] [stderr]   --> src/search.rs:10:7
[INFO] [stderr]    |
[INFO] [stderr] 10 | const end_search_message: &str = "Done with searching";
[INFO] [stderr]    |       ^^^^^^^^^^^^^^^^^^ help: convert the identifier to upper case: `END_SEARCH_MESSAGE`
[INFO] [stderr] 
[INFO] [stderr] warning: `search_blame` (lib) generated 3 warnings (run `cargo fix --lib -p search_blame` to apply 1 suggestion)
[INFO] [stderr] warning: unused variable: `setup_files`
[INFO] [stderr]   --> tests/git.rs:91:5
[INFO] [stderr]    |
[INFO] [stderr] 91 |     setup_files: &PathBuf,
[INFO] [stderr]    |     ^^^^^^^^^^^ help: if this is intentional, prefix it with an underscore: `_setup_files`
[INFO] [stderr]    |
[INFO] [stderr]    = note: `#[warn(unused_variables)]` on by default
[INFO] [stderr] 
[INFO] [stderr] warning: unused variable: `uns`
[INFO] [stderr]    --> tests/git.rs:162:9
[INFO] [stderr]     |
[INFO] [stderr] 162 |     let uns = unstaged_files;
[INFO] [stderr]     |         ^^^ help: if this is intentional, prefix it with an underscore: `_uns`
[INFO] [stderr] 
[INFO] [stderr] warning: unused variable: `setup_files_second_user`
[INFO] [stderr]    --> tests/git.rs:173:5
[INFO] [stderr]     |
[INFO] [stderr] 173 |     setup_files_second_user: &PathBuf,
[INFO] [stderr]     |     ^^^^^^^^^^^^^^^^^^^^^^^ help: if this is intentional, prefix it with an underscore: `_setup_files_second_user`
[INFO] [stderr] 
[INFO] [stderr] warning: unused variable: `unstaged_files`
[INFO] [stderr]    --> tests/git.rs:174:5
[INFO] [stderr]     |
[INFO] [stderr] 174 |     unstaged_files: &PathBuf,
[INFO] [stderr]     |     ^^^^^^^^^^^^^^ help: if this is intentional, prefix it with an underscore: `_unstaged_files`
[INFO] [stderr] 
[INFO] [stderr] warning: `search_blame` (test "git") generated 4 warnings (run `cargo fix --test "git"` to apply 4 suggestions)
[INFO] [stderr] warning: `search_blame` (lib test) generated 3 warnings (3 duplicates)
[INFO] [stderr]     Finished test [unoptimized + debuginfo] target(s) in 0.54s
[INFO] [stderr]      Running unittests src/lib.rs (/opt/rustwide/target/debug/deps/search_blame-cea140b188c3ae3c)
[INFO] [stdout] 
[INFO] [stderr]      Running unittests src/bin.rs (/opt/rustwide/target/debug/deps/search_blame-5f4000f2f8292514)
[INFO] [stdout] running 0 tests
[INFO] [stdout] 
[INFO] [stdout] test result: ok. 0 passed; 0 failed; 0 ignored; 0 measured; 0 filtered out; finished in 0.00s
[INFO] [stdout] 
[INFO] [stdout] 
[INFO] [stdout] running 0 tests
[INFO] [stdout] 
[INFO] [stdout] test result: ok. 0 passed; 0 failed; 0 ignored; 0 measured; 0 filtered out; finished in 0.00s
[INFO] [stdout] 
[INFO] [stderr]      Running tests/git.rs (/opt/rustwide/target/debug/deps/git-b3ed040927515d86)
[INFO] [stdout] 
[INFO] [stdout] running 3 tests
[INFO] [stdout] test search_text_staged ... ok
[INFO] [stdout] test search_text_unstaged ... ok
[INFO] [stdout] test blame_user ... FAILED
[INFO] [stdout] 
[INFO] [stdout] failures:
[INFO] [stdout] 
[INFO] [stdout] ---- blame_user stdout ----
[INFO] [stdout] -------------- TEST START --------------
[INFO] [stdout] thread 'blame_user' panicked at 'called `Result::unwrap()` on an `Err` value: Error { code: -3, klass: 7, message: "config value 'user.name' was not found" }', src/git.rs:34:33
[INFO] [stdout] stack backtrace:
[INFO] [stdout]    0:     0x55ce0d315b9a - std::backtrace_rs::backtrace::libunwind::trace::h2f05d0192276a8f6
[INFO] [stdout]                                at /rustc/1b7dd2252b99671ce5d1cb9664c5f8636329436d/library/std/src/../../backtrace/src/backtrace/libunwind.rs:93:5
[INFO] [stdout]    1:     0x55ce0d315b9a - std::backtrace_rs::backtrace::trace_unsynchronized::hedc23dff7a1af150
[INFO] [stdout]                                at /rustc/1b7dd2252b99671ce5d1cb9664c5f8636329436d/library/std/src/../../backtrace/src/backtrace/mod.rs:66:5
[INFO] [stdout]    2:     0x55ce0d315b9a - std::sys_common::backtrace::_print_fmt::h17541ef7592f3ce2
[INFO] [stdout]                                at /rustc/1b7dd2252b99671ce5d1cb9664c5f8636329436d/library/std/src/sys_common/backtrace.rs:65:5
[INFO] [stdout]    3:     0x55ce0d315b9a - <std::sys_common::backtrace::_print::DisplayBacktrace as core::fmt::Display>::fmt::h20f75df5ab0c0792
[INFO] [stdout]                                at /rustc/1b7dd2252b99671ce5d1cb9664c5f8636329436d/library/std/src/sys_common/backtrace.rs:44:22
[INFO] [stdout]    4:     0x55ce0d33a92f - core::fmt::write::h78109e6f466b3af6
[INFO] [stdout]                                at /rustc/1b7dd2252b99671ce5d1cb9664c5f8636329436d/library/core/src/fmt/mod.rs:1254:17
[INFO] [stdout]    5:     0x55ce0d312c55 - std::io::Write::write_fmt::hd24bfb68a1b35a25
[INFO] [stdout]                                at /rustc/1b7dd2252b99671ce5d1cb9664c5f8636329436d/library/std/src/io/mod.rs:1698:15
[INFO] [stdout]    6:     0x55ce0d315965 - std::sys_common::backtrace::_print::h8dac57a9f8fbf9a5
[INFO] [stdout]                                at /rustc/1b7dd2252b99671ce5d1cb9664c5f8636329436d/library/std/src/sys_common/backtrace.rs:47:5
[INFO] [stdout]    7:     0x55ce0d315965 - std::sys_common::backtrace::print::hf9ecbf41d1aa712f
[INFO] [stdout]                                at /rustc/1b7dd2252b99671ce5d1cb9664c5f8636329436d/library/std/src/sys_common/backtrace.rs:34:9
[INFO] [stdout]    8:     0x55ce0d31761e - std::panicking::default_hook::{{closure}}::h04c07acfc84ca028
[INFO] [stdout]                                at /rustc/1b7dd2252b99671ce5d1cb9664c5f8636329436d/library/std/src/panicking.rs:269:22
[INFO] [stdout]    9:     0x55ce0d317351 - std::panicking::default_hook::h01f6bb23e1eceb2c
[INFO] [stdout]                                at /rustc/1b7dd2252b99671ce5d1cb9664c5f8636329436d/library/std/src/panicking.rs:285:9
[INFO] [stdout]   10:     0x55ce0cfa3e1b - <alloc::boxed::Box<F,A> as core::ops::function::Fn<Args>>::call::h87fe9f7b2fd49e4c
[INFO] [stdout]                                at /rustc/1b7dd2252b99671ce5d1cb9664c5f8636329436d/library/alloc/src/boxed.rs:1987:9
[INFO] [stdout]   11:     0x55ce0cfa3e1b - test::test_main::{{closure}}::he94d679243a7531b
[INFO] [stdout]                                at /rustc/1b7dd2252b99671ce5d1cb9664c5f8636329436d/library/test/src/lib.rs:134:21
[INFO] [stdout]   12:     0x55ce0d317d04 - <alloc::boxed::Box<F,A> as core::ops::function::Fn<Args>>::call::h3f2d6d8b14c4769f
[INFO] [stdout]                                at /rustc/1b7dd2252b99671ce5d1cb9664c5f8636329436d/library/alloc/src/boxed.rs:1987:9
[INFO] [stdout]   13:     0x55ce0d317d04 - std::panicking::rust_panic_with_hook::h2bb3722bbaf2f6df
[INFO] [stdout]                                at /rustc/1b7dd2252b99671ce5d1cb9664c5f8636329436d/library/std/src/panicking.rs:695:13
[INFO] [stdout]   14:     0x55ce0d317a79 - std::panicking::begin_panic_handler::{{closure}}::h91bc7f36a4be011b
[INFO] [stdout]                                at /rustc/1b7dd2252b99671ce5d1cb9664c5f8636329436d/library/std/src/panicking.rs:582:13
[INFO] [stdout]   15:     0x55ce0d316006 - std::sys_common::backtrace::__rust_end_short_backtrace::h8b3d3717114f9e59
[INFO] [stdout]                                at /rustc/1b7dd2252b99671ce5d1cb9664c5f8636329436d/library/std/src/sys_common/backtrace.rs:150:18
[INFO] [stdout]   16:     0x55ce0d3177d2 - rust_begin_unwind
[INFO] [stdout]                                at /rustc/1b7dd2252b99671ce5d1cb9664c5f8636329436d/library/std/src/panicking.rs:578:5
[INFO] [stdout]   17:     0x55ce0cf69d43 - core::panicking::panic_fmt::hfd368e3fbdabea26
[INFO] [stdout]                                at /rustc/1b7dd2252b99671ce5d1cb9664c5f8636329436d/library/core/src/panicking.rs:67:14
[INFO] [stdout]   18:     0x55ce0cf6a2e3 - core::result::unwrap_failed::he54eb4b2f125b26f
[INFO] [stdout]                                at /rustc/1b7dd2252b99671ce5d1cb9664c5f8636329436d/library/core/src/result.rs:1687:5
[INFO] [stdout]   19:     0x55ce0cfad77a - core::result::Result<T,E>::unwrap::h201e6418810f616f
[INFO] [stdout]                                at /rustc/1b7dd2252b99671ce5d1cb9664c5f8636329436d/library/core/src/result.rs:1089:23
[INFO] [stdout]   20:     0x55ce0cfbf20f - search_blame::git::blame::h6965a1c8ab57da7d
[INFO] [stdout]                                at /opt/rustwide/workdir/src/git.rs:34:16
[INFO] [stdout]   21:     0x55ce0cf6df41 - git::blame_user::blame_user::h29b980cf44dbead1
[INFO] [stdout]                                at /opt/rustwide/workdir/tests/git.rs:180:21
[INFO] [stdout]   22:     0x55ce0cf6dd03 - git::blame_user::h3a72ae15b3cad7c3
[INFO] [stdout]                                at /opt/rustwide/workdir/tests/git.rs:169:1
[INFO] [stdout]   23:     0x55ce0cf6db37 - git::blame_user::{{closure}}::h19f272c8f3bf889d
[INFO] [stdout]                                at /opt/rustwide/workdir/tests/git.rs:169:1
[INFO] [stdout]   24:     0x55ce0cf6e825 - core::ops::function::FnOnce::call_once::h04d72d34c56c0b73
[INFO] [stdout]                                at /rustc/1b7dd2252b99671ce5d1cb9664c5f8636329436d/library/core/src/ops/function.rs:250:5
[INFO] [stdout]   25:     0x55ce0cfa8cef - core::ops::function::FnOnce::call_once::ha6a70e79f7481a7e
[INFO] [stdout]                                at /rustc/1b7dd2252b99671ce5d1cb9664c5f8636329436d/library/core/src/ops/function.rs:250:5
[INFO] [stdout]   26:     0x55ce0cfa8cef - test::__rust_begin_short_backtrace::hce33033019b61e69
[INFO] [stdout]                                at /rustc/1b7dd2252b99671ce5d1cb9664c5f8636329436d/library/test/src/lib.rs:655:18
[INFO] [stdout]   27:     0x55ce0cf764dc - test::run_test::{{closure}}::h858d3528838ae3e5
[INFO] [stdout]                                at /rustc/1b7dd2252b99671ce5d1cb9664c5f8636329436d/library/test/src/lib.rs:646:30
[INFO] [stdout]   28:     0x55ce0cf764dc - core::ops::function::FnOnce::call_once{{vtable.shim}}::he8ac2b00f01ae79e
[INFO] [stdout]                                at /rustc/1b7dd2252b99671ce5d1cb9664c5f8636329436d/library/core/src/ops/function.rs:250:5
[INFO] [stdout]   29:     0x55ce0cfa7dc6 - <alloc::boxed::Box<F,A> as core::ops::function::FnOnce<Args>>::call_once::h8093d25b522725ef
[INFO] [stdout]                                at /rustc/1b7dd2252b99671ce5d1cb9664c5f8636329436d/library/alloc/src/boxed.rs:1973:9
[INFO] [stdout]   30:     0x55ce0cfa7dc6 - <core::panic::unwind_safe::AssertUnwindSafe<F> as core::ops::function::FnOnce<()>>::call_once::h5c334c204e4a3913
[INFO] [stdout]                                at /rustc/1b7dd2252b99671ce5d1cb9664c5f8636329436d/library/core/src/panic/unwind_safe.rs:271:9
[INFO] [stdout]   31:     0x55ce0cfa7dc6 - std::panicking::try::do_call::ha8b740c7b9478074
[INFO] [stdout]                                at /rustc/1b7dd2252b99671ce5d1cb9664c5f8636329436d/library/std/src/panicking.rs:485:40
[INFO] [stdout]   32:     0x55ce0cfa7dc6 - std::panicking::try::h5d34f63d0e41b64e
[INFO] [stdout]                                at /rustc/1b7dd2252b99671ce5d1cb9664c5f8636329436d/library/std/src/panicking.rs:449:19
[INFO] [stdout]   33:     0x55ce0cfa7dc6 - std::panic::catch_unwind::hcfbb511e1aa7fc67
[INFO] [stdout]                                at /rustc/1b7dd2252b99671ce5d1cb9664c5f8636329436d/library/std/src/panic.rs:140:14
[INFO] [stdout]   34:     0x55ce0cfa7dc6 - test::run_test_in_process::h9abda90f802eaf21
[INFO] [stdout]                                at /rustc/1b7dd2252b99671ce5d1cb9664c5f8636329436d/library/test/src/lib.rs:678:27
[INFO] [stdout]   35:     0x55ce0cfa7dc6 - test::run_test::run_test_inner::{{closure}}::h0f058de91f6c6edf
[INFO] [stdout]                                at /rustc/1b7dd2252b99671ce5d1cb9664c5f8636329436d/library/test/src/lib.rs:572:39
[INFO] [stdout]   36:     0x55ce0cf70ce5 - test::run_test::run_test_inner::{{closure}}::h5ca48a4c59c6c1fb
[INFO] [stdout]                                at /rustc/1b7dd2252b99671ce5d1cb9664c5f8636329436d/library/test/src/lib.rs:599:37
[INFO] [stdout]   37:     0x55ce0cf70ce5 - std::sys_common::backtrace::__rust_begin_short_backtrace::h32bd51e1495d4a33
[INFO] [stdout]                                at /rustc/1b7dd2252b99671ce5d1cb9664c5f8636329436d/library/std/src/sys_common/backtrace.rs:134:18
[INFO] [stdout]   38:     0x55ce0cf76221 - std::thread::Builder::spawn_unchecked_::{{closure}}::{{closure}}::hc086fae9b128b2db
[INFO] [stdout]                                at /rustc/1b7dd2252b99671ce5d1cb9664c5f8636329436d/library/std/src/thread/mod.rs:526:17
[INFO] [stdout]   39:     0x55ce0cf76221 - <core::panic::unwind_safe::AssertUnwindSafe<F> as core::ops::function::FnOnce<()>>::call_once::hb66571888d270d43
[INFO] [stdout]                                at /rustc/1b7dd2252b99671ce5d1cb9664c5f8636329436d/library/core/src/panic/unwind_safe.rs:271:9
[INFO] [stdout]   40:     0x55ce0cf76221 - std::panicking::try::do_call::h4fa2ef4f6e51fecf
[INFO] [stdout]                                at /rustc/1b7dd2252b99671ce5d1cb9664c5f8636329436d/library/std/src/panicking.rs:485:40
[INFO] [stdout]   41:     0x55ce0cf76221 - std::panicking::try::h1e9e22b8584489b5
[INFO] [stdout]                                at /rustc/1b7dd2252b99671ce5d1cb9664c5f8636329436d/library/std/src/panicking.rs:449:19
[INFO] [stdout]   42:     0x55ce0cf76221 - std::panic::catch_unwind::h44698a3de0e0769e
[INFO] [stdout]                                at /rustc/1b7dd2252b99671ce5d1cb9664c5f8636329436d/library/std/src/panic.rs:140:14
[INFO] [stdout]   43:     0x55ce0cf76221 - std::thread::Builder::spawn_unchecked_::{{closure}}::h50153abde3fe239e
[INFO] [stdout]                                at /rustc/1b7dd2252b99671ce5d1cb9664c5f8636329436d/library/std/src/thread/mod.rs:525:30
[INFO] [stdout]   44:     0x55ce0cf76221 - core::ops::function::FnOnce::call_once{{vtable.shim}}::hbe5bbf6f38394364
[INFO] [stdout]                                at /rustc/1b7dd2252b99671ce5d1cb9664c5f8636329436d/library/core/src/ops/function.rs:250:5
[INFO] [stdout]   45:     0x55ce0d31d055 - <alloc::boxed::Box<F,A> as core::ops::function::FnOnce<Args>>::call_once::h0d83cb2920a49046
[INFO] [stdout]                                at /rustc/1b7dd2252b99671ce5d1cb9664c5f8636329436d/library/alloc/src/boxed.rs:1973:9
[INFO] [stdout]   46:     0x55ce0d31d055 - <alloc::boxed::Box<F,A> as core::ops::function::FnOnce<Args>>::call_once::hbe0a008aa7d9ef59
[INFO] [stdout]                                at /rustc/1b7dd2252b99671ce5d1cb9664c5f8636329436d/library/alloc/src/boxed.rs:1973:9
[INFO] [stdout]   47:     0x55ce0d31d055 - std::sys::unix::thread::Thread::new::thread_start::h3a466996bdf6b1f9
[INFO] [stdout]                                at /rustc/1b7dd2252b99671ce5d1cb9664c5f8636329436d/library/std/src/sys/unix/thread.rs:108:17
[INFO] [stdout]   48:     0x7fd9a3004b43 - <unknown>
[INFO] [stdout]   49:     0x7fd9a3095bb4 - __clone
[INFO] [stdout]   50:                0x0 - <unknown>
[INFO] [stdout] 
[INFO] [stdout] 
[INFO] [stdout] failures:
[INFO] [stdout]     blame_user
[INFO] [stdout] 
[INFO] [stdout] test result: FAILED. 2 passed; 1 failed; 0 ignored; 0 measured; 0 filtered out; finished in 0.15s
[INFO] [stdout] 
[INFO] [stderr] error: test failed, to rerun pass `--test git`
[INFO] running `Command { std: "docker" "inspect" "7470484c2b07f7392a6af088646c594d960407e29ccb9cc908f1f43b9edd35a4", kill_on_drop: false }`
[INFO] running `Command { std: "docker" "rm" "-f" "7470484c2b07f7392a6af088646c594d960407e29ccb9cc908f1f43b9edd35a4", kill_on_drop: false }`
[INFO] [stdout] 7470484c2b07f7392a6af088646c594d960407e29ccb9cc908f1f43b9edd35a4
