[INFO] fetching crate seacan 0.1.0...
[INFO] testing seacan-0.1.0 against beta-2023-04-20 for beta-1.70-1
[INFO] extracting crate seacan 0.1.0 into /workspace/builds/worker-0-tc2/source
[INFO] validating manifest of crates.io crate seacan 0.1.0 on toolchain beta-2023-04-20
[INFO] running `Command { std: CARGO_HOME="/workspace/cargo-home" RUSTUP_HOME="/workspace/rustup-home" "/workspace/cargo-home/bin/cargo" "+beta-2023-04-20" "metadata" "--manifest-path" "Cargo.toml" "--no-deps", kill_on_drop: false }`
[INFO] started tweaking crates.io crate seacan 0.1.0
[INFO] finished tweaking crates.io crate seacan 0.1.0
[INFO] tweaked toml for crates.io crate seacan 0.1.0 written to /workspace/builds/worker-0-tc2/source/Cargo.toml
[INFO] running `Command { std: CARGO_HOME="/workspace/cargo-home" RUSTUP_HOME="/workspace/rustup-home" __CARGO_TEST_CHANNEL_OVERRIDE_DO_NOT_USE_THIS="nightly" "/workspace/cargo-home/bin/cargo" "+beta-2023-04-20" "generate-lockfile" "--manifest-path" "Cargo.toml" "-Zno-index-update", kill_on_drop: false }`
[INFO] running `Command { std: CARGO_HOME="/workspace/cargo-home" RUSTUP_HOME="/workspace/rustup-home" "/workspace/cargo-home/bin/cargo" "+beta-2023-04-20" "fetch" "--manifest-path" "Cargo.toml", kill_on_drop: false }`
[INFO] [stderr]  Downloading crates ...
[INFO] [stderr]   Downloaded cargo_metadata v0.13.1
[INFO] [stderr]   Downloaded pretty_assertions v0.7.2
[INFO] running `Command { std: "docker" "create" "-v" "/var/lib/crater-agent-workspace/builds/worker-0-tc2/target:/opt/rustwide/target:rw,Z" "-v" "/var/lib/crater-agent-workspace/builds/worker-0-tc2/source:/opt/rustwide/workdir:ro,Z" "-v" "/var/lib/crater-agent-workspace/cargo-home:/opt/rustwide/cargo-home:ro,Z" "-v" "/var/lib/crater-agent-workspace/rustup-home:/opt/rustwide/rustup-home:ro,Z" "-e" "SOURCE_DIR=/opt/rustwide/workdir" "-e" "CARGO_TARGET_DIR=/opt/rustwide/target" "-e" "CARGO_HOME=/opt/rustwide/cargo-home" "-e" "RUSTUP_HOME=/opt/rustwide/rustup-home" "-w" "/opt/rustwide/workdir" "-m" "1610612736" "--user" "0:0" "--network" "none" "ghcr.io/rust-lang/crates-build-env/linux@sha256:5ff2268d62e97bff2cde7d5815dd6ed5b47097566f13b8d0ca110b04b60e07ed" "/opt/rustwide/cargo-home/bin/cargo" "+beta-2023-04-20" "metadata" "--no-deps" "--format-version=1", kill_on_drop: false }`
[INFO] [stdout] a4055ccc8eb9d01f4d7c7f519921f5291b7d2567b6f430d07626213b77009de2
[INFO] running `Command { std: "docker" "start" "-a" "a4055ccc8eb9d01f4d7c7f519921f5291b7d2567b6f430d07626213b77009de2", kill_on_drop: false }`
[INFO] running `Command { std: "docker" "inspect" "a4055ccc8eb9d01f4d7c7f519921f5291b7d2567b6f430d07626213b77009de2", kill_on_drop: false }`
[INFO] running `Command { std: "docker" "rm" "-f" "a4055ccc8eb9d01f4d7c7f519921f5291b7d2567b6f430d07626213b77009de2", kill_on_drop: false }`
[INFO] [stdout] a4055ccc8eb9d01f4d7c7f519921f5291b7d2567b6f430d07626213b77009de2
[INFO] running `Command { std: "docker" "create" "-v" "/var/lib/crater-agent-workspace/builds/worker-0-tc2/target:/opt/rustwide/target:rw,Z" "-v" "/var/lib/crater-agent-workspace/builds/worker-0-tc2/source:/opt/rustwide/workdir:ro,Z" "-v" "/var/lib/crater-agent-workspace/cargo-home:/opt/rustwide/cargo-home:ro,Z" "-v" "/var/lib/crater-agent-workspace/rustup-home:/opt/rustwide/rustup-home:ro,Z" "-e" "SOURCE_DIR=/opt/rustwide/workdir" "-e" "CARGO_TARGET_DIR=/opt/rustwide/target" "-e" "CARGO_INCREMENTAL=0" "-e" "RUST_BACKTRACE=full" "-e" "RUSTFLAGS=--cap-lints=warn" "-e" "RUSTDOCFLAGS=--cap-lints=warn" "-e" "CARGO_HOME=/opt/rustwide/cargo-home" "-e" "RUSTUP_HOME=/opt/rustwide/rustup-home" "-w" "/opt/rustwide/workdir" "-m" "1610612736" "--user" "0:0" "--network" "none" "ghcr.io/rust-lang/crates-build-env/linux@sha256:5ff2268d62e97bff2cde7d5815dd6ed5b47097566f13b8d0ca110b04b60e07ed" "/opt/rustwide/cargo-home/bin/cargo" "+beta-2023-04-20" "build" "--frozen" "--message-format=json", kill_on_drop: false }`
[INFO] [stdout] 10179d6561cdb38be88ac3aebf0fcce01cf293171bbddfff6d2ffb2d4fed4887
[INFO] running `Command { std: "docker" "start" "-a" "10179d6561cdb38be88ac3aebf0fcce01cf293171bbddfff6d2ffb2d4fed4887", kill_on_drop: false }`
[INFO] [stderr]    Compiling proc-macro2 v1.0.56
[INFO] [stderr]    Compiling unicode-ident v1.0.8
[INFO] [stderr]    Compiling quote v1.0.26
[INFO] [stderr]    Compiling serde_derive v1.0.160
[INFO] [stderr]    Compiling serde v1.0.160
[INFO] [stderr]    Compiling thiserror v1.0.40
[INFO] [stderr]    Compiling ucd-trie v0.1.5
[INFO] [stderr]    Compiling syn v1.0.109
[INFO] [stderr]    Compiling camino v1.1.4
[INFO] [stderr]    Compiling serde_json v1.0.96
[INFO] [stderr]    Compiling once_cell v1.17.1
[INFO] [stderr]    Compiling itoa v1.0.6
[INFO] [stderr]    Compiling ryu v1.0.13
[INFO] [stderr]    Compiling regex-syntax v0.7.1
[INFO] [stderr]    Compiling pin-project-lite v0.2.9
[INFO] [stderr]    Compiling aho-corasick v1.0.1
[INFO] [stderr]    Compiling tracing-core v0.1.30
[INFO] [stderr]    Compiling syn v2.0.15
[INFO] [stderr]    Compiling regex v1.8.1
[INFO] [stderr]    Compiling displaydoc v0.2.3
[INFO] [stderr]    Compiling derivative v2.2.0
[INFO] [stderr]    Compiling thiserror-impl v1.0.40
[INFO] [stderr]    Compiling tracing-attributes v0.1.24
[INFO] [stderr]    Compiling pest v2.6.0
[INFO] [stderr]    Compiling tracing v0.1.37
[INFO] [stderr]    Compiling semver-parser v0.10.2
[INFO] [stderr]    Compiling semver v0.11.0
[INFO] [stderr]    Compiling cargo-platform v0.1.2
[INFO] [stderr]    Compiling cargo_metadata v0.13.1
[INFO] [stderr]    Compiling seacan v0.1.0 (/opt/rustwide/workdir)
[INFO] [stderr]     Finished dev [unoptimized + debuginfo] target(s) in 11.99s
[INFO] running `Command { std: "docker" "inspect" "10179d6561cdb38be88ac3aebf0fcce01cf293171bbddfff6d2ffb2d4fed4887", kill_on_drop: false }`
[INFO] running `Command { std: "docker" "rm" "-f" "10179d6561cdb38be88ac3aebf0fcce01cf293171bbddfff6d2ffb2d4fed4887", kill_on_drop: false }`
[INFO] [stdout] 10179d6561cdb38be88ac3aebf0fcce01cf293171bbddfff6d2ffb2d4fed4887
[INFO] running `Command { std: "docker" "create" "-v" "/var/lib/crater-agent-workspace/builds/worker-0-tc2/target:/opt/rustwide/target:rw,Z" "-v" "/var/lib/crater-agent-workspace/builds/worker-0-tc2/source:/opt/rustwide/workdir:ro,Z" "-v" "/var/lib/crater-agent-workspace/cargo-home:/opt/rustwide/cargo-home:ro,Z" "-v" "/var/lib/crater-agent-workspace/rustup-home:/opt/rustwide/rustup-home:ro,Z" "-e" "SOURCE_DIR=/opt/rustwide/workdir" "-e" "CARGO_TARGET_DIR=/opt/rustwide/target" "-e" "CARGO_INCREMENTAL=0" "-e" "RUST_BACKTRACE=full" "-e" "RUSTFLAGS=--cap-lints=warn" "-e" "RUSTDOCFLAGS=--cap-lints=warn" "-e" "CARGO_HOME=/opt/rustwide/cargo-home" "-e" "RUSTUP_HOME=/opt/rustwide/rustup-home" "-w" "/opt/rustwide/workdir" "-m" "1610612736" "--user" "0:0" "--network" "none" "ghcr.io/rust-lang/crates-build-env/linux@sha256:5ff2268d62e97bff2cde7d5815dd6ed5b47097566f13b8d0ca110b04b60e07ed" "/opt/rustwide/cargo-home/bin/cargo" "+beta-2023-04-20" "test" "--frozen" "--no-run" "--message-format=json", kill_on_drop: false }`
[INFO] [stdout] a3a2dd933934f9acb4de3660b1e8a168f7dc9ad19843211f4836f1339d76dbf0
[INFO] running `Command { std: "docker" "start" "-a" "a3a2dd933934f9acb4de3660b1e8a168f7dc9ad19843211f4836f1339d76dbf0", kill_on_drop: false }`
[INFO] [stderr]    Compiling log v0.4.17
[INFO] [stderr]    Compiling num-integer v0.1.45
[INFO] [stderr]    Compiling regex-syntax v0.6.29
[INFO] [stderr]    Compiling iana-time-zone v0.1.56
[INFO] [stderr]    Compiling ansi_term v0.12.1
[INFO] [stderr]    Compiling thread_local v1.1.7
[INFO] [stderr]    Compiling sharded-slab v0.1.4
[INFO] [stderr]    Compiling cc v1.0.79
[INFO] [stderr]    Compiling smallvec v1.10.0
[INFO] [stderr]    Compiling adler v1.0.2
[INFO] [stderr]    Compiling gimli v0.27.2
[INFO] [stderr]    Compiling eyre v0.6.8
[INFO] [stderr]    Compiling tracing-serde v0.1.3
[INFO] [stderr]    Compiling object v0.30.3
[INFO] [stderr]    Compiling rustc-demangle v0.1.23
[INFO] [stderr]    Compiling owo-colors v1.3.0
[INFO] [stderr]    Compiling miniz_oxide v0.6.2
[INFO] [stderr]    Compiling indenter v0.3.3
[INFO] [stderr]    Compiling diff v0.1.13
[INFO] [stderr]    Compiling pretty_assertions v0.7.2
[INFO] [stderr]    Compiling tracing-log v0.1.3
[INFO] [stderr]    Compiling chrono v0.4.24
[INFO] [stderr]    Compiling backtrace v0.3.67
[INFO] [stderr]    Compiling regex-automata v0.1.10
[INFO] [stderr]    Compiling addr2line v0.19.0
[INFO] [stderr]    Compiling matchers v0.0.1
[INFO] [stderr]    Compiling tracing-subscriber v0.2.25
[INFO] [stderr]    Compiling tracing-error v0.1.2
[INFO] [stderr]    Compiling color-spantrace v0.1.6
[INFO] [stderr]    Compiling color-eyre v0.5.11
[INFO] [stderr]    Compiling seacan v0.1.0 (/opt/rustwide/workdir)
[INFO] [stderr]     Finished test [unoptimized + debuginfo] target(s) in 12.90s
[INFO] running `Command { std: "docker" "inspect" "a3a2dd933934f9acb4de3660b1e8a168f7dc9ad19843211f4836f1339d76dbf0", kill_on_drop: false }`
[INFO] running `Command { std: "docker" "rm" "-f" "a3a2dd933934f9acb4de3660b1e8a168f7dc9ad19843211f4836f1339d76dbf0", kill_on_drop: false }`
[INFO] [stdout] a3a2dd933934f9acb4de3660b1e8a168f7dc9ad19843211f4836f1339d76dbf0
[INFO] running `Command { std: "docker" "create" "-v" "/var/lib/crater-agent-workspace/builds/worker-0-tc2/target:/opt/rustwide/target:rw,Z" "-v" "/var/lib/crater-agent-workspace/builds/worker-0-tc2/source:/opt/rustwide/workdir:ro,Z" "-v" "/var/lib/crater-agent-workspace/cargo-home:/opt/rustwide/cargo-home:ro,Z" "-v" "/var/lib/crater-agent-workspace/rustup-home:/opt/rustwide/rustup-home:ro,Z" "-e" "SOURCE_DIR=/opt/rustwide/workdir" "-e" "CARGO_TARGET_DIR=/opt/rustwide/target" "-e" "CARGO_INCREMENTAL=0" "-e" "RUST_BACKTRACE=full" "-e" "RUSTFLAGS=--cap-lints=warn" "-e" "RUSTDOCFLAGS=--cap-lints=warn" "-e" "CARGO_HOME=/opt/rustwide/cargo-home" "-e" "RUSTUP_HOME=/opt/rustwide/rustup-home" "-w" "/opt/rustwide/workdir" "-m" "1610612736" "--user" "0:0" "--network" "none" "ghcr.io/rust-lang/crates-build-env/linux@sha256:5ff2268d62e97bff2cde7d5815dd6ed5b47097566f13b8d0ca110b04b60e07ed" "/opt/rustwide/cargo-home/bin/cargo" "+beta-2023-04-20" "test" "--frozen", kill_on_drop: false }`
[INFO] [stdout] 47d3e1bb5f8755bc7906dbdae1dcaab8adeb67eeed237f6a19f4ac3344d515b7
[INFO] running `Command { std: "docker" "start" "-a" "47d3e1bb5f8755bc7906dbdae1dcaab8adeb67eeed237f6a19f4ac3344d515b7", kill_on_drop: false }`
[INFO] [stderr]     Finished test [unoptimized + debuginfo] target(s) in 0.10s
[INFO] [stderr]      Running unittests src/lib.rs (/opt/rustwide/target/debug/deps/seacan-b59c5b016a5636f0)
[INFO] [stdout] 
[INFO] [stdout] running 33 tests
[INFO] [stdout] test bin::tests::test_cargo_error ... ok
[INFO] [stdout] test bin::tests::test_release_default ... FAILED
[INFO] [stdout] test bin::tests::test_release_false ... FAILED
[INFO] [stdout] test bin::tests::test_features ... FAILED
[INFO] [stdout] test bin::tests::test_bin_main ... FAILED
[INFO] [stdout] test test::tests::test_disabled_feature ... FAILED
[INFO] [stdout] test bin::tests::test_no_default_features ... FAILED
[INFO] [stdout] test bin::tests::test_example ... FAILED
[INFO] [stdout] test test::tests::test_in_example ... FAILED
[INFO] [stdout] test test::tests::test_enabled_feature ... FAILED
[INFO] [stdout] test bin::tests::test_ws_member_main ... FAILED
[INFO] [stdout] test bin::tests::test_example_nonexistent_package ... FAILED
[INFO] [stdout] test test::tests::test_artifact_run_args ... FAILED
[INFO] [stdout] test test::tests::test_exact_name ... FAILED
[INFO] [stdout] test test::tests::test_bin_2 ... FAILED
[INFO] [stdout] test bin::tests::test_bin_nonexistent_package ... FAILED
[INFO] [stdout] test test::tests::test_lib ... FAILED
[INFO] [stdout] test bin::tests::test_bin_nonexistent ... FAILED
[INFO] [stdout] test bin::tests::test_release_true ... FAILED
[INFO] [stdout] test test::tests::test_multiple_artifacts ... FAILED
[INFO] [stdout] test test::tests::test_any_name ... FAILED
[INFO] [stdout] test test::tests::test_no_default_features ... FAILED
[INFO] [stdout] test test::tests::test_module ... FAILED
[INFO] [stdout] test test::tests::test_partial_name ... FAILED
[INFO] [stdout] test test::tests::test_integration ... FAILED
[INFO] [stdout] test test::tests::test_release_false ... FAILED
[INFO] [stdout] test bin::tests::test_example_nonexistent ... FAILED
[INFO] [stdout] test bin::tests::test_bin_2 ... FAILED
[INFO] [stdout] test test::tests::test_release_true ... FAILED
[INFO] [stdout] test test::tests::test_release_default ... FAILED
[INFO] [stdout] test test::tests::test_ws_member ... FAILED
[INFO] [stdout] test test::tests::test_main ... FAILED
[INFO] [stdout] test test::tests::test_unspecified ... FAILED
[INFO] [stdout] 
[INFO] [stdout] failures:
[INFO] [stdout] 
[INFO] [stdout] ---- bin::tests::test_release_default stdout ----
[INFO] [stdout]   [2mApr 30 05:44:03.684[0m [31mERROR[0m [1;31mseacan::bin[0m[31m: [1;31merror[0m[31m: Failed to run cargo[0m
[INFO] [stdout]     [2;3mat[0m src/bin.rs:122[2;3m
[INFO] [stdout] [0m    [2;3min[0m seacan::bin::[1mcompile[0m [2;3mwith[0m [1mself[0m: Compiler { workspace: Some("samples/hello_world"), package: Any, name: "hello_world", is_example: false, target_dir: None, features: None, is_release: false }
[INFO] [stdout] 
[INFO] [stdout] Error: 
[INFO] [stdout]    0: [91mFailed to run cargo[0m
[INFO] [stdout]    1: [91mNo such file or directory (os error 2)[0m
[INFO] [stdout] 
[INFO] [stdout] Location:
[INFO] [stdout]    [35msrc/bin.rs[0m:[35m250[0m
[INFO] [stdout] 
[INFO] [stdout]   ━━━━━━━━━━━━━━━━━━━━━━━━━━━━━━━━━━ BACKTRACE ━━━━━━━━━━━━━━━━━━━━━━━━━━━━━━━━━━━
[INFO] [stdout]   [96m                              ⋮ 5 frames hidden ⋮                               [0m
[INFO] [stdout]    6: [32m<core::result::Result<T,F> as core::ops::try_trait::FromResidual<core::result::Result<core::convert::Infallible,E>>>::from_residual[0m[90m::h28819d2b53b33cc1[0m
[INFO] [stdout]       at [35m/rustc/1b7dd2252b99671ce5d1cb9664c5f8636329436d/library/core/src/result.rs[0m:[35m2002[0m
[INFO] [stdout]    7: [91mseacan::bin::tests::test_release_default[0m[90m::h7d79c8adf2f61f38[0m
[INFO] [stdout]       at [35m/opt/rustwide/workdir/src/bin.rs[0m:[35m250[0m
[INFO] [stdout]        248 │     fn test_release_default() -> Result {
[INFO] [stdout]        249 │         init();
[INFO] [stdout]   [37m[1m     250[0m [37m[1m>[0m [37m[1m        let artifact = Compiler::bin("hello_world")[0m
[INFO] [stdout]        251 │             .workspace("samples/hello_world")
[INFO] [stdout]        252 │             .compile()?;
[INFO] [stdout]    8: [91mseacan::bin::tests::test_release_default::{{closure}}[0m[90m::hf4a5663d4682d830[0m
[INFO] [stdout]       at [35m/opt/rustwide/workdir/src/bin.rs[0m:[35m248[0m
[INFO] [stdout]        246 │ 
[INFO] [stdout]        247 │     #[test]
[INFO] [stdout]   [37m[1m     248[0m [37m[1m>[0m [37m[1m    fn test_release_default() -> Result {[0m
[INFO] [stdout]        249 │         init();
[INFO] [stdout]        250 │         let artifact = Compiler::bin("hello_world")
[INFO] [stdout]    9: [32mcore::ops::function::FnOnce::call_once[0m[90m::hf5c5929bae96671b[0m
[INFO] [stdout]       at [35m/rustc/1b7dd2252b99671ce5d1cb9664c5f8636329436d/library/core/src/ops/function.rs[0m:[35m250[0m
[INFO] [stdout]   10: [32mcore::ops::function::FnOnce::call_once[0m[90m::ha6a70e79f7481a7e[0m
[INFO] [stdout]       at [35m/rustc/1b7dd2252b99671ce5d1cb9664c5f8636329436d/library/core/src/ops/function.rs[0m:[35m250[0m
[INFO] [stdout]   11: [32mtest::__rust_begin_short_backtrace[0m[90m::hce33033019b61e69[0m
[INFO] [stdout]       at [35m/rustc/1b7dd2252b99671ce5d1cb9664c5f8636329436d/library/test/src/lib.rs[0m:[35m655[0m
[INFO] [stdout]   12: [32mtest::run_test::{{closure}}[0m[90m::h858d3528838ae3e5[0m
[INFO] [stdout]       at [35m/rustc/1b7dd2252b99671ce5d1cb9664c5f8636329436d/library/test/src/lib.rs[0m:[35m646[0m
[INFO] [stdout]   13: [32mcore::ops::function::FnOnce::call_once{{vtable.shim}}[0m[90m::he8ac2b00f01ae79e[0m
[INFO] [stdout]       at [35m/rustc/1b7dd2252b99671ce5d1cb9664c5f8636329436d/library/core/src/ops/function.rs[0m:[35m250[0m
[INFO] [stdout]   14: [32m<alloc::boxed::Box<F,A> as core::ops::function::FnOnce<Args>>::call_once[0m[90m::h8093d25b522725ef[0m
[INFO] [stdout]       at [35m/rustc/1b7dd2252b99671ce5d1cb9664c5f8636329436d/library/alloc/src/boxed.rs[0m:[35m1973[0m
[INFO] [stdout]   15: [32m<core::panic::unwind_safe::AssertUnwindSafe<F> as core::ops::function::FnOnce<()>>::call_once[0m[90m::h5c334c204e4a3913[0m
[INFO] [stdout]       at [35m/rustc/1b7dd2252b99671ce5d1cb9664c5f8636329436d/library/core/src/panic/unwind_safe.rs[0m:[35m271[0m
[INFO] [stdout]   16: [32mstd::panicking::try::do_call[0m[90m::ha8b740c7b9478074[0m
[INFO] [stdout]       at [35m/rustc/1b7dd2252b99671ce5d1cb9664c5f8636329436d/library/std/src/panicking.rs[0m:[35m485[0m
[INFO] [stdout]   17: [32mstd::panicking::try[0m[90m::h5d34f63d0e41b64e[0m
[INFO] [stdout]       at [35m/rustc/1b7dd2252b99671ce5d1cb9664c5f8636329436d/library/std/src/panicking.rs[0m:[35m449[0m
[INFO] [stdout]   18: [32mstd::panic::catch_unwind[0m[90m::hcfbb511e1aa7fc67[0m
[INFO] [stdout]       at [35m/rustc/1b7dd2252b99671ce5d1cb9664c5f8636329436d/library/std/src/panic.rs[0m:[35m140[0m
[INFO] [stdout]   19: [32mtest::run_test_in_process[0m[90m::h9abda90f802eaf21[0m
[INFO] [stdout]       at [35m/rustc/1b7dd2252b99671ce5d1cb9664c5f8636329436d/library/test/src/lib.rs[0m:[35m678[0m
[INFO] [stdout]   [96m                              ⋮ 14 frames hidden ⋮                              [0m
[INFO] [stdout] 
[INFO] [stdout] Run with COLORBT_SHOW_HIDDEN=1 environment variable to disable frame filtering.
[INFO] [stdout] 
[INFO] [stdout] ---- bin::tests::test_release_false stdout ----
[INFO] [stdout]   [2mApr 30 05:44:03.601[0m [31mERROR[0m [1;31mseacan::bin[0m[31m: [1;31merror[0m[31m: Failed to run cargo[0m
[INFO] [stdout]     [2;3mat[0m src/bin.rs:122[2;3m
[INFO] [stdout] [0m    [2;3min[0m seacan::bin::[1mcompile[0m [2;3mwith[0m [1mself[0m: Compiler { workspace: Some("samples/hello_world"), package: Any, name: "hello_world", is_example: false, target_dir: None, features: None, is_release: false }
[INFO] [stdout] 
[INFO] [stdout] Error: 
[INFO] [stdout]    0: [91mFailed to run cargo[0m
[INFO] [stdout]    1: [91mNo such file or directory (os error 2)[0m
[INFO] [stdout] 
[INFO] [stdout] Location:
[INFO] [stdout]    [35msrc/bin.rs[0m:[35m230[0m
[INFO] [stdout] 
[INFO] [stdout]   ━━━━━━━━━━━━━━━━━━━━━━━━━━━━━━━━━━ BACKTRACE ━━━━━━━━━━━━━━━━━━━━━━━━━━━━━━━━━━━
[INFO] [stdout]   [96m                              ⋮ 5 frames hidden ⋮                               [0m
[INFO] [stdout]    6: [32m<core::result::Result<T,F> as core::ops::try_trait::FromResidual<core::result::Result<core::convert::Infallible,E>>>::from_residual[0m[90m::h28819d2b53b33cc1[0m
[INFO] [stdout]       at [35m/rustc/1b7dd2252b99671ce5d1cb9664c5f8636329436d/library/core/src/result.rs[0m:[35m2002[0m
[INFO] [stdout]    7: [91mseacan::bin::tests::test_release_false[0m[90m::h7c55877e05e90ddb[0m
[INFO] [stdout]       at [35m/opt/rustwide/workdir/src/bin.rs[0m:[35m230[0m
[INFO] [stdout]        228 │     fn test_release_false() -> Result {
[INFO] [stdout]        229 │         init();
[INFO] [stdout]   [37m[1m     230[0m [37m[1m>[0m [37m[1m        let artifact = Compiler::bin("hello_world")[0m
[INFO] [stdout]        231 │             .workspace("samples/hello_world")
[INFO] [stdout]        232 │             .release(false)
[INFO] [stdout]    8: [91mseacan::bin::tests::test_release_false::{{closure}}[0m[90m::hb937a3512e5b316d[0m
[INFO] [stdout]       at [35m/opt/rustwide/workdir/src/bin.rs[0m:[35m228[0m
[INFO] [stdout]        226 │ 
[INFO] [stdout]        227 │     #[test]
[INFO] [stdout]   [37m[1m     228[0m [37m[1m>[0m [37m[1m    fn test_release_false() -> Result {[0m
[INFO] [stdout]        229 │         init();
[INFO] [stdout]        230 │         let artifact = Compiler::bin("hello_world")
[INFO] [stdout]    9: [32mcore::ops::function::FnOnce::call_once[0m[90m::h927070a8fe04b1d4[0m
[INFO] [stdout]       at [35m/rustc/1b7dd2252b99671ce5d1cb9664c5f8636329436d/library/core/src/ops/function.rs[0m:[35m250[0m
[INFO] [stdout]   10: [32mcore::ops::function::FnOnce::call_once[0m[90m::ha6a70e79f7481a7e[0m
[INFO] [stdout]       at [35m/rustc/1b7dd2252b99671ce5d1cb9664c5f8636329436d/library/core/src/ops/function.rs[0m:[35m250[0m
[INFO] [stdout]   11: [32mtest::__rust_begin_short_backtrace[0m[90m::hce33033019b61e69[0m
[INFO] [stdout]       at [35m/rustc/1b7dd2252b99671ce5d1cb9664c5f8636329436d/library/test/src/lib.rs[0m:[35m655[0m
[INFO] [stdout]   12: [32mtest::run_test::{{closure}}[0m[90m::h858d3528838ae3e5[0m
[INFO] [stdout]       at [35m/rustc/1b7dd2252b99671ce5d1cb9664c5f8636329436d/library/test/src/lib.rs[0m:[35m646[0m
[INFO] [stdout]   13: [32mcore::ops::function::FnOnce::call_once{{vtable.shim}}[0m[90m::he8ac2b00f01ae79e[0m
[INFO] [stdout]       at [35m/rustc/1b7dd2252b99671ce5d1cb9664c5f8636329436d/library/core/src/ops/function.rs[0m:[35m250[0m
[INFO] [stdout]   14: [32m<alloc::boxed::Box<F,A> as core::ops::function::FnOnce<Args>>::call_once[0m[90m::h8093d25b522725ef[0m
[INFO] [stdout]       at [35m/rustc/1b7dd2252b99671ce5d1cb9664c5f8636329436d/library/alloc/src/boxed.rs[0m:[35m1973[0m
[INFO] [stdout]   15: [32m<core::panic::unwind_safe::AssertUnwindSafe<F> as core::ops::function::FnOnce<()>>::call_once[0m[90m::h5c334c204e4a3913[0m
[INFO] [stdout]       at [35m/rustc/1b7dd2252b99671ce5d1cb9664c5f8636329436d/library/core/src/panic/unwind_safe.rs[0m:[35m271[0m
[INFO] [stdout]   16: [32mstd::panicking::try::do_call[0m[90m::ha8b740c7b9478074[0m
[INFO] [stdout]       at [35m/rustc/1b7dd2252b99671ce5d1cb9664c5f8636329436d/library/std/src/panicking.rs[0m:[35m485[0m
[INFO] [stdout]   17: [32mstd::panicking::try[0m[90m::h5d34f63d0e41b64e[0m
[INFO] [stdout]       at [35m/rustc/1b7dd2252b99671ce5d1cb9664c5f8636329436d/library/std/src/panicking.rs[0m:[35m449[0m
[INFO] [stdout]   18: [32mstd::panic::catch_unwind[0m[90m::hcfbb511e1aa7fc67[0m
[INFO] [stdout]       at [35m/rustc/1b7dd2252b99671ce5d1cb9664c5f8636329436d/library/std/src/panic.rs[0m:[35m140[0m
[INFO] [stdout]   19: [32mtest::run_test_in_process[0m[90m::h9abda90f802eaf21[0m
[INFO] [stdout]       at [35m/rustc/1b7dd2252b99671ce5d1cb9664c5f8636329436d/library/test/src/lib.rs[0m:[35m678[0m
[INFO] [stdout]   [96m                              ⋮ 14 frames hidden ⋮                              [0m
[INFO] [stdout] 
[INFO] [stdout] Run with COLORBT_SHOW_HIDDEN=1 environment variable to disable frame filtering.
[INFO] [stdout] 
[INFO] [stdout] ---- bin::tests::test_features stdout ----
[INFO] [stdout]   [2mApr 30 05:44:03.601[0m [31mERROR[0m [1;31mseacan::bin[0m[31m: [1;31merror[0m[31m: Failed to run cargo[0m
[INFO] [stdout]     [2;3mat[0m src/bin.rs:122[2;3m
[INFO] [stdout] [0m    [2;3min[0m seacan::bin::[1mcompile[0m [2;3mwith[0m [1mself[0m: Compiler { workspace: Some("samples/hello_world"), package: Any, name: "hello_world", is_example: false, target_dir: None, features: Some(FeatureSpec(Subset { include_default: true, features: ["non_default_feature"] })), is_release: false }
[INFO] [stdout] 
[INFO] [stdout] Error: 
[INFO] [stdout]    0: [91mFailed to run cargo[0m
[INFO] [stdout]    1: [91mNo such file or directory (os error 2)[0m
[INFO] [stdout] 
[INFO] [stdout] Location:
[INFO] [stdout]    [35msrc/bin.rs[0m:[35m202[0m
[INFO] [stdout] 
[INFO] [stdout]   ━━━━━━━━━━━━━━━━━━━━━━━━━━━━━━━━━━ BACKTRACE ━━━━━━━━━━━━━━━━━━━━━━━━━━━━━━━━━━━
[INFO] [stdout]   [96m                              ⋮ 5 frames hidden ⋮                               [0m
[INFO] [stdout]    6: [32m<core::result::Result<T,F> as core::ops::try_trait::FromResidual<core::result::Result<core::convert::Infallible,E>>>::from_residual[0m[90m::h28819d2b53b33cc1[0m
[INFO] [stdout]       at [35m/rustc/1b7dd2252b99671ce5d1cb9664c5f8636329436d/library/core/src/result.rs[0m:[35m2002[0m
[INFO] [stdout]    7: [91mseacan::bin::tests::test_features[0m[90m::h651b8a307ed37169[0m
[INFO] [stdout]       at [35m/opt/rustwide/workdir/src/bin.rs[0m:[35m202[0m
[INFO] [stdout]        200 │     #[test]
[INFO] [stdout]        201 │     fn test_features() -> Result {
[INFO] [stdout]   [37m[1m     202[0m [37m[1m>[0m [37m[1m        let artifact = Compiler::bin("hello_world")[0m
[INFO] [stdout]        203 │             .workspace("samples/hello_world")
[INFO] [stdout]        204 │             .features(FeatureSpec::new(vec!["non_default_feature".into()]))
[INFO] [stdout]    8: [91mseacan::bin::tests::test_features::{{closure}}[0m[90m::hb1739a751be94446[0m
[INFO] [stdout]       at [35m/opt/rustwide/workdir/src/bin.rs[0m:[35m201[0m
[INFO] [stdout]        199 │ 
[INFO] [stdout]        200 │     #[test]
[INFO] [stdout]   [37m[1m     201[0m [37m[1m>[0m [37m[1m    fn test_features() -> Result {[0m
[INFO] [stdout]        202 │         let artifact = Compiler::bin("hello_world")
[INFO] [stdout]        203 │             .workspace("samples/hello_world")
[INFO] [stdout]    9: [32mcore::ops::function::FnOnce::call_once[0m[90m::h062e99a615c439dd[0m
[INFO] [stdout]       at [35m/rustc/1b7dd2252b99671ce5d1cb9664c5f8636329436d/library/core/src/ops/function.rs[0m:[35m250[0m
[INFO] [stdout]   10: [32mcore::ops::function::FnOnce::call_once[0m[90m::ha6a70e79f7481a7e[0m
[INFO] [stdout]       at [35m/rustc/1b7dd2252b99671ce5d1cb9664c5f8636329436d/library/core/src/ops/function.rs[0m:[35m250[0m
[INFO] [stdout]   11: [32mtest::__rust_begin_short_backtrace[0m[90m::hce33033019b61e69[0m
[INFO] [stdout]       at [35m/rustc/1b7dd2252b99671ce5d1cb9664c5f8636329436d/library/test/src/lib.rs[0m:[35m655[0m
[INFO] [stdout]   12: [32mtest::run_test::{{closure}}[0m[90m::h858d3528838ae3e5[0m
[INFO] [stdout]       at [35m/rustc/1b7dd2252b99671ce5d1cb9664c5f8636329436d/library/test/src/lib.rs[0m:[35m646[0m
[INFO] [stdout]   13: [32mcore::ops::function::FnOnce::call_once{{vtable.shim}}[0m[90m::he8ac2b00f01ae79e[0m
[INFO] [stdout]       at [35m/rustc/1b7dd2252b99671ce5d1cb9664c5f8636329436d/library/core/src/ops/function.rs[0m:[35m250[0m
[INFO] [stdout]   14: [32m<alloc::boxed::Box<F,A> as core::ops::function::FnOnce<Args>>::call_once[0m[90m::h8093d25b522725ef[0m
[INFO] [stdout]       at [35m/rustc/1b7dd2252b99671ce5d1cb9664c5f8636329436d/library/alloc/src/boxed.rs[0m:[35m1973[0m
[INFO] [stdout]   15: [32m<core::panic::unwind_safe::AssertUnwindSafe<F> as core::ops::function::FnOnce<()>>::call_once[0m[90m::h5c334c204e4a3913[0m
[INFO] [stdout]       at [35m/rustc/1b7dd2252b99671ce5d1cb9664c5f8636329436d/library/core/src/panic/unwind_safe.rs[0m:[35m271[0m
[INFO] [stdout]   16: [32mstd::panicking::try::do_call[0m[90m::ha8b740c7b9478074[0m
[INFO] [stdout]       at [35m/rustc/1b7dd2252b99671ce5d1cb9664c5f8636329436d/library/std/src/panicking.rs[0m:[35m485[0m
[INFO] [stdout]   17: [32mstd::panicking::try[0m[90m::h5d34f63d0e41b64e[0m
[INFO] [stdout]       at [35m/rustc/1b7dd2252b99671ce5d1cb9664c5f8636329436d/library/std/src/panicking.rs[0m:[35m449[0m
[INFO] [stdout]   18: [32mstd::panic::catch_unwind[0m[90m::hcfbb511e1aa7fc67[0m
[INFO] [stdout]       at [35m/rustc/1b7dd2252b99671ce5d1cb9664c5f8636329436d/library/std/src/panic.rs[0m:[35m140[0m
[INFO] [stdout]   19: [32mtest::run_test_in_process[0m[90m::h9abda90f802eaf21[0m
[INFO] [stdout]       at [35m/rustc/1b7dd2252b99671ce5d1cb9664c5f8636329436d/library/test/src/lib.rs[0m:[35m678[0m
[INFO] [stdout]   [96m                              ⋮ 14 frames hidden ⋮                              [0m
[INFO] [stdout] 
[INFO] [stdout] Run with COLORBT_SHOW_HIDDEN=1 environment variable to disable frame filtering.
[INFO] [stdout] 
[INFO] [stdout] ---- bin::tests::test_bin_main stdout ----
[INFO] [stdout]   [2mApr 30 05:44:03.708[0m [31mERROR[0m [1;31mseacan::bin[0m[31m: [1;31merror[0m[31m: Failed to run cargo[0m
[INFO] [stdout]     [2;3mat[0m src/bin.rs:122[2;3m
[INFO] [stdout] [0m    [2;3min[0m seacan::bin::[1mcompile[0m [2;3mwith[0m [1mself[0m: Compiler { workspace: Some("samples/hello_world"), package: Any, name: "hello_world", is_example: false, target_dir: None, features: None, is_release: false }
[INFO] [stdout] 
[INFO] [stdout] Error: 
[INFO] [stdout]    0: [91mFailed to run cargo[0m
[INFO] [stdout]    1: [91mNo such file or directory (os error 2)[0m
[INFO] [stdout] 
[INFO] [stdout] Location:
[INFO] [stdout]    [35msrc/bin.rs[0m:[35m270[0m
[INFO] [stdout] 
[INFO] [stdout]   ━━━━━━━━━━━━━━━━━━━━━━━━━━━━━━━━━━ BACKTRACE ━━━━━━━━━━━━━━━━━━━━━━━━━━━━━━━━━━━
[INFO] [stdout]   [96m                              ⋮ 5 frames hidden ⋮                               [0m
[INFO] [stdout]    6: [32m<core::result::Result<T,F> as core::ops::try_trait::FromResidual<core::result::Result<core::convert::Infallible,E>>>::from_residual[0m[90m::h28819d2b53b33cc1[0m
[INFO] [stdout]       at [35m/rustc/1b7dd2252b99671ce5d1cb9664c5f8636329436d/library/core/src/result.rs[0m:[35m2002[0m
[INFO] [stdout]    7: [91mseacan::bin::tests::test_bin_main[0m[90m::had04a63fc4da52fa[0m
[INFO] [stdout]       at [35m/opt/rustwide/workdir/src/bin.rs[0m:[35m270[0m
[INFO] [stdout]        268 │     fn test_bin_main() -> Result {
[INFO] [stdout]        269 │         init();
[INFO] [stdout]   [37m[1m     270[0m [37m[1m>[0m [37m[1m        let artifact = Compiler::bin("hello_world")[0m
[INFO] [stdout]        271 │             .workspace("samples/hello_world")
[INFO] [stdout]        272 │             .compile()?;
[INFO] [stdout]    8: [91mseacan::bin::tests::test_bin_main::{{closure}}[0m[90m::hb916f15df86f8487[0m
[INFO] [stdout]       at [35m/opt/rustwide/workdir/src/bin.rs[0m:[35m268[0m
[INFO] [stdout]        266 │ 
[INFO] [stdout]        267 │     #[test]
[INFO] [stdout]   [37m[1m     268[0m [37m[1m>[0m [37m[1m    fn test_bin_main() -> Result {[0m
[INFO] [stdout]        269 │         init();
[INFO] [stdout]        270 │         let artifact = Compiler::bin("hello_world")
[INFO] [stdout]    9: [32mcore::ops::function::FnOnce::call_once[0m[90m::h6259481311bd6d1b[0m
[INFO] [stdout]       at [35m/rustc/1b7dd2252b99671ce5d1cb9664c5f8636329436d/library/core/src/ops/function.rs[0m:[35m250[0m
[INFO] [stdout]   10: [32mcore::ops::function::FnOnce::call_once[0m[90m::ha6a70e79f7481a7e[0m
[INFO] [stdout]       at [35m/rustc/1b7dd2252b99671ce5d1cb9664c5f8636329436d/library/core/src/ops/function.rs[0m:[35m250[0m
[INFO] [stdout]   11: [32mtest::__rust_begin_short_backtrace[0m[90m::hce33033019b61e69[0m
[INFO] [stdout]       at [35m/rustc/1b7dd2252b99671ce5d1cb9664c5f8636329436d/library/test/src/lib.rs[0m:[35m655[0m
[INFO] [stdout]   12: [32mtest::run_test::{{closure}}[0m[90m::h858d3528838ae3e5[0m
[INFO] [stdout]       at [35m/rustc/1b7dd2252b99671ce5d1cb9664c5f8636329436d/library/test/src/lib.rs[0m:[35m646[0m
[INFO] [stdout]   13: [32mcore::ops::function::FnOnce::call_once{{vtable.shim}}[0m[90m::he8ac2b00f01ae79e[0m
[INFO] [stdout]       at [35m/rustc/1b7dd2252b99671ce5d1cb9664c5f8636329436d/library/core/src/ops/function.rs[0m:[35m250[0m
[INFO] [stdout]   14: [32m<alloc::boxed::Box<F,A> as core::ops::function::FnOnce<Args>>::call_once[0m[90m::h8093d25b522725ef[0m
[INFO] [stdout]       at [35m/rustc/1b7dd2252b99671ce5d1cb9664c5f8636329436d/library/alloc/src/boxed.rs[0m:[35m1973[0m
[INFO] [stdout]   15: [32m<core::panic::unwind_safe::AssertUnwindSafe<F> as core::ops::function::FnOnce<()>>::call_once[0m[90m::h5c334c204e4a3913[0m
[INFO] [stdout]       at [35m/rustc/1b7dd2252b99671ce5d1cb9664c5f8636329436d/library/core/src/panic/unwind_safe.rs[0m:[35m271[0m
[INFO] [stdout]   16: [32mstd::panicking::try::do_call[0m[90m::ha8b740c7b9478074[0m
[INFO] [stdout]       at [35m/rustc/1b7dd2252b99671ce5d1cb9664c5f8636329436d/library/std/src/panicking.rs[0m:[35m485[0m
[INFO] [stdout]   17: [32mstd::panicking::try[0m[90m::h5d34f63d0e41b64e[0m
[INFO] [stdout]       at [35m/rustc/1b7dd2252b99671ce5d1cb9664c5f8636329436d/library/std/src/panicking.rs[0m:[35m449[0m
[INFO] [stdout]   18: [32mstd::panic::catch_unwind[0m[90m::hcfbb511e1aa7fc67[0m
[INFO] [stdout]       at [35m/rustc/1b7dd2252b99671ce5d1cb9664c5f8636329436d/library/std/src/panic.rs[0m:[35m140[0m
[INFO] [stdout]   19: [32mtest::run_test_in_process[0m[90m::h9abda90f802eaf21[0m
[INFO] [stdout]       at [35m/rustc/1b7dd2252b99671ce5d1cb9664c5f8636329436d/library/test/src/lib.rs[0m:[35m678[0m
[INFO] [stdout]   [96m                              ⋮ 14 frames hidden ⋮                              [0m
[INFO] [stdout] 
[INFO] [stdout] Run with COLORBT_SHOW_HIDDEN=1 environment variable to disable frame filtering.
[INFO] [stdout] 
[INFO] [stdout] ---- test::tests::test_disabled_feature stdout ----
[INFO] [stdout]   [2mApr 30 05:44:04.173[0m [31mERROR[0m [1;31mseacan::test[0m[31m: [1;31merror[0m[31m: Failed to run cargo[0m
[INFO] [stdout]     [2;3mat[0m src/test.rs:297[2;3m
[INFO] [stdout] [0m    [2;3min[0m seacan::test::[1martifacts_ignoring_name[0m [2;3mwith[0m [1mself[0m: Compiler { target_dir: None, workspace: Some("samples/hello_world"), package: Any, name: Exact("test_non_default_feature"), test_type: Lib, features: None, is_release: false }
[INFO] [stdout]     [2;3min[0m seacan::test::[1mcompile[0m [2;3mwith[0m [1mself[0m: Compiler { target_dir: None, workspace: Some("samples/hello_world"), package: Any, name: Exact("test_non_default_feature"), test_type: Lib, features: None, is_release: false }
[INFO] [stdout] 
[INFO] [stdout]   [2mApr 30 05:44:04.173[0m [31mERROR[0m [1;31mseacan::test[0m[31m: [1;31merror[0m[31m: Failed to build[0m
[INFO] [stdout]     [2;3mat[0m src/test.rs:253[2;3m
[INFO] [stdout] [0m    [2;3min[0m seacan::test::[1mcompile[0m [2;3mwith[0m [1mself[0m: Compiler { target_dir: None, workspace: Some("samples/hello_world"), package: Any, name: Exact("test_non_default_feature"), test_type: Lib, features: None, is_release: false }
[INFO] [stdout] 
[INFO] [stdout] Error: 
[INFO] [stdout]    0: [91mFailed to build[0m
[INFO] [stdout]    1: [91mFailed to run cargo[0m
[INFO] [stdout]    2: [91mNo such file or directory (os error 2)[0m
[INFO] [stdout] 
[INFO] [stdout] Location:
[INFO] [stdout]    [35msrc/test.rs[0m:[35m427[0m
[INFO] [stdout] 
[INFO] [stdout]   ━━━━━━━━━━━━━━━━━━━━━━━━━━━━━━━━━━ BACKTRACE ━━━━━━━━━━━━━━━━━━━━━━━━━━━━━━━━━━━
[INFO] [stdout]   [96m                              ⋮ 5 frames hidden ⋮                               [0m
[INFO] [stdout]    6: [32m<core::result::Result<T,F> as core::ops::try_trait::FromResidual<core::result::Result<core::convert::Infallible,E>>>::from_residual[0m[90m::hd7fe02706bf4bf81[0m
[INFO] [stdout]       at [35m/rustc/1b7dd2252b99671ce5d1cb9664c5f8636329436d/library/core/src/result.rs[0m:[35m2002[0m
[INFO] [stdout]    7: [91mseacan::test::tests::test_disabled_feature[0m[90m::h6b9ce1ff34e726c3[0m
[INFO] [stdout]       at [35m/opt/rustwide/workdir/src/test.rs[0m:[35m427[0m
[INFO] [stdout]        425 │         init();
[INFO] [stdout]        426 │         let mut artifacts =
[INFO] [stdout]   [37m[1m     427[0m [37m[1m>[0m [37m[1m            Compiler::new(NameSpec::exact("test_non_default_feature"), TypeSpec::Lib)[0m
[INFO] [stdout]        428 │                 .workspace("samples/hello_world")
[INFO] [stdout]        429 │                 .compile()?;
[INFO] [stdout]    8: [91mseacan::test::tests::test_disabled_feature::{{closure}}[0m[90m::hf9523b8a1b956a81[0m
[INFO] [stdout]       at [35m/opt/rustwide/workdir/src/test.rs[0m:[35m424[0m
[INFO] [stdout]        422 │ 
[INFO] [stdout]        423 │     #[test]
[INFO] [stdout]   [37m[1m     424[0m [37m[1m>[0m [37m[1m    fn test_disabled_feature() -> Result {[0m
[INFO] [stdout]        425 │         init();
[INFO] [stdout]        426 │         let mut artifacts =
[INFO] [stdout]    9: [32mcore::ops::function::FnOnce::call_once[0m[90m::h12ad03cdb4d5d51f[0m
[INFO] [stdout]       at [35m/rustc/1b7dd2252b99671ce5d1cb9664c5f8636329436d/library/core/src/ops/function.rs[0m:[35m250[0m
[INFO] [stdout]   10: [32mcore::ops::function::FnOnce::call_once[0m[90m::ha6a70e79f7481a7e[0m
[INFO] [stdout]       at [35m/rustc/1b7dd2252b99671ce5d1cb9664c5f8636329436d/library/core/src/ops/function.rs[0m:[35m250[0m
[INFO] [stdout]   11: [32mtest::__rust_begin_short_backtrace[0m[90m::hce33033019b61e69[0m
[INFO] [stdout]       at [35m/rustc/1b7dd2252b99671ce5d1cb9664c5f8636329436d/library/test/src/lib.rs[0m:[35m655[0m
[INFO] [stdout]   12: [32mtest::run_test::{{closure}}[0m[90m::h858d3528838ae3e5[0m
[INFO] [stdout]       at [35m/rustc/1b7dd2252b99671ce5d1cb9664c5f8636329436d/library/test/src/lib.rs[0m:[35m646[0m
[INFO] [stdout]   13: [32mcore::ops::function::FnOnce::call_once{{vtable.shim}}[0m[90m::he8ac2b00f01ae79e[0m
[INFO] [stdout]       at [35m/rustc/1b7dd2252b99671ce5d1cb9664c5f8636329436d/library/core/src/ops/function.rs[0m:[35m250[0m
[INFO] [stdout]   14: [32m<alloc::boxed::Box<F,A> as core::ops::function::FnOnce<Args>>::call_once[0m[90m::h8093d25b522725ef[0m
[INFO] [stdout]       at [35m/rustc/1b7dd2252b99671ce5d1cb9664c5f8636329436d/library/alloc/src/boxed.rs[0m:[35m1973[0m
[INFO] [stdout]   15: [32m<core::panic::unwind_safe::AssertUnwindSafe<F> as core::ops::function::FnOnce<()>>::call_once[0m[90m::h5c334c204e4a3913[0m
[INFO] [stdout]       at [35m/rustc/1b7dd2252b99671ce5d1cb9664c5f8636329436d/library/core/src/panic/unwind_safe.rs[0m:[35m271[0m
[INFO] [stdout]   16: [32mstd::panicking::try::do_call[0m[90m::ha8b740c7b9478074[0m
[INFO] [stdout]       at [35m/rustc/1b7dd2252b99671ce5d1cb9664c5f8636329436d/library/std/src/panicking.rs[0m:[35m485[0m
[INFO] [stdout]   17: [32mstd::panicking::try[0m[90m::h5d34f63d0e41b64e[0m
[INFO] [stdout]       at [35m/rustc/1b7dd2252b99671ce5d1cb9664c5f8636329436d/library/std/src/panicking.rs[0m:[35m449[0m
[INFO] [stdout]   18: [32mstd::panic::catch_unwind[0m[90m::hcfbb511e1aa7fc67[0m
[INFO] [stdout]       at [35m/rustc/1b7dd2252b99671ce5d1cb9664c5f8636329436d/library/std/src/panic.rs[0m:[35m140[0m
[INFO] [stdout]   19: [32mtest::run_test_in_process[0m[90m::h9abda90f802eaf21[0m
[INFO] [stdout]       at [35m/rustc/1b7dd2252b99671ce5d1cb9664c5f8636329436d/library/test/src/lib.rs[0m:[35m678[0m
[INFO] [stdout]   [96m                              ⋮ 14 frames hidden ⋮                              [0m
[INFO] [stdout] 
[INFO] [stdout] Run with COLORBT_SHOW_HIDDEN=1 environment variable to disable frame filtering.
[INFO] [stdout] 
[INFO] [stdout] ---- bin::tests::test_no_default_features stdout ----
[INFO] [stdout]   [2mApr 30 05:44:03.712[0m [31mERROR[0m [1;31mseacan::bin[0m[31m: [1;31merror[0m[31m: Failed to run cargo[0m
[INFO] [stdout]     [2;3mat[0m src/bin.rs:122[2;3m
[INFO] [stdout] [0m    [2;3min[0m seacan::bin::[1mcompile[0m [2;3mwith[0m [1mself[0m: Compiler { workspace: Some("samples/hello_world"), package: Any, name: "hello_world", is_example: false, target_dir: None, features: Some(FeatureSpec(Subset { include_default: false, features: [] })), is_release: false }
[INFO] [stdout] 
[INFO] [stdout] Error: 
[INFO] [stdout]    0: [91mFailed to run cargo[0m
[INFO] [stdout]    1: [91mNo such file or directory (os error 2)[0m
[INFO] [stdout] 
[INFO] [stdout] Location:
[INFO] [stdout]    [35msrc/bin.rs[0m:[35m219[0m
[INFO] [stdout] 
[INFO] [stdout]   ━━━━━━━━━━━━━━━━━━━━━━━━━━━━━━━━━━ BACKTRACE ━━━━━━━━━━━━━━━━━━━━━━━━━━━━━━━━━━━
[INFO] [stdout]   [96m                              ⋮ 5 frames hidden ⋮                               [0m
[INFO] [stdout]    6: [32m<core::result::Result<T,F> as core::ops::try_trait::FromResidual<core::result::Result<core::convert::Infallible,E>>>::from_residual[0m[90m::h28819d2b53b33cc1[0m
[INFO] [stdout]       at [35m/rustc/1b7dd2252b99671ce5d1cb9664c5f8636329436d/library/core/src/result.rs[0m:[35m2002[0m
[INFO] [stdout]    7: [91mseacan::bin::tests::test_no_default_features[0m[90m::h34d8eb5792c6a4b0[0m
[INFO] [stdout]       at [35m/opt/rustwide/workdir/src/bin.rs[0m:[35m219[0m
[INFO] [stdout]        217 │     #[test]
[INFO] [stdout]        218 │     fn test_no_default_features() -> Result {
[INFO] [stdout]   [37m[1m     219[0m [37m[1m>[0m [37m[1m        let artifact = Compiler::bin("hello_world")[0m
[INFO] [stdout]        220 │             .workspace("samples/hello_world")
[INFO] [stdout]        221 │             .features(FeatureSpec::none())
[INFO] [stdout]    8: [91mseacan::bin::tests::test_no_default_features::{{closure}}[0m[90m::h50313d971394adc9[0m
[INFO] [stdout]       at [35m/opt/rustwide/workdir/src/bin.rs[0m:[35m218[0m
[INFO] [stdout]        216 │ 
[INFO] [stdout]        217 │     #[test]
[INFO] [stdout]   [37m[1m     218[0m [37m[1m>[0m [37m[1m    fn test_no_default_features() -> Result {[0m
[INFO] [stdout]        219 │         let artifact = Compiler::bin("hello_world")
[INFO] [stdout]        220 │             .workspace("samples/hello_world")
[INFO] [stdout]    9: [32mcore::ops::function::FnOnce::call_once[0m[90m::ha75a0fe69d271bf1[0m
[INFO] [stdout]       at [35m/rustc/1b7dd2252b99671ce5d1cb9664c5f8636329436d/library/core/src/ops/function.rs[0m:[35m250[0m
[INFO] [stdout]   10: [32mcore::ops::function::FnOnce::call_once[0m[90m::ha6a70e79f7481a7e[0m
[INFO] [stdout]       at [35m/rustc/1b7dd2252b99671ce5d1cb9664c5f8636329436d/library/core/src/ops/function.rs[0m:[35m250[0m
[INFO] [stdout]   11: [32mtest::__rust_begin_short_backtrace[0m[90m::hce33033019b61e69[0m
[INFO] [stdout]       at [35m/rustc/1b7dd2252b99671ce5d1cb9664c5f8636329436d/library/test/src/lib.rs[0m:[35m655[0m
[INFO] [stdout]   12: [32mtest::run_test::{{closure}}[0m[90m::h858d3528838ae3e5[0m
[INFO] [stdout]       at [35m/rustc/1b7dd2252b99671ce5d1cb9664c5f8636329436d/library/test/src/lib.rs[0m:[35m646[0m
[INFO] [stdout]   13: [32mcore::ops::function::FnOnce::call_once{{vtable.shim}}[0m[90m::he8ac2b00f01ae79e[0m
[INFO] [stdout]       at [35m/rustc/1b7dd2252b99671ce5d1cb9664c5f8636329436d/library/core/src/ops/function.rs[0m:[35m250[0m
[INFO] [stdout]   14: [32m<alloc::boxed::Box<F,A> as core::ops::function::FnOnce<Args>>::call_once[0m[90m::h8093d25b522725ef[0m
[INFO] [stdout]       at [35m/rustc/1b7dd2252b99671ce5d1cb9664c5f8636329436d/library/alloc/src/boxed.rs[0m:[35m1973[0m
[INFO] [stdout]   15: [32m<core::panic::unwind_safe::AssertUnwindSafe<F> as core::ops::function::FnOnce<()>>::call_once[0m[90m::h5c334c204e4a3913[0m
[INFO] [stdout]       at [35m/rustc/1b7dd2252b99671ce5d1cb9664c5f8636329436d/library/core/src/panic/unwind_safe.rs[0m:[35m271[0m
[INFO] [stdout]   16: [32mstd::panicking::try::do_call[0m[90m::ha8b740c7b9478074[0m
[INFO] [stdout]       at [35m/rustc/1b7dd2252b99671ce5d1cb9664c5f8636329436d/library/std/src/panicking.rs[0m:[35m485[0m
[INFO] [stdout]   17: [32mstd::panicking::try[0m[90m::h5d34f63d0e41b64e[0m
[INFO] [stdout]       at [35m/rustc/1b7dd2252b99671ce5d1cb9664c5f8636329436d/library/std/src/panicking.rs[0m:[35m449[0m
[INFO] [stdout]   18: [32mstd::panic::catch_unwind[0m[90m::hcfbb511e1aa7fc67[0m
[INFO] [stdout]       at [35m/rustc/1b7dd2252b99671ce5d1cb9664c5f8636329436d/library/std/src/panic.rs[0m:[35m140[0m
[INFO] [stdout]   19: [32mtest::run_test_in_process[0m[90m::h9abda90f802eaf21[0m
[INFO] [stdout]       at [35m/rustc/1b7dd2252b99671ce5d1cb9664c5f8636329436d/library/test/src/lib.rs[0m:[35m678[0m
[INFO] [stdout]   [96m                              ⋮ 14 frames hidden ⋮                              [0m
[INFO] [stdout] 
[INFO] [stdout] Run with COLORBT_SHOW_HIDDEN=1 environment variable to disable frame filtering.
[INFO] [stdout] 
[INFO] [stdout] ---- bin::tests::test_example stdout ----
[INFO] [stdout]   [2mApr 30 05:44:03.724[0m [31mERROR[0m [1;31mseacan::bin[0m[31m: [1;31merror[0m[31m: Failed to run cargo[0m
[INFO] [stdout]     [2;3mat[0m src/bin.rs:122[2;3m
[INFO] [stdout] [0m    [2;3min[0m seacan::bin::[1mcompile[0m [2;3mwith[0m [1mself[0m: Compiler { workspace: Some("samples/hello_world"), package: Any, name: "example_1", is_example: true, target_dir: None, features: None, is_release: false }
[INFO] [stdout] 
[INFO] [stdout] Error: 
[INFO] [stdout]    0: [91mFailed to run cargo[0m
[INFO] [stdout]    1: [91mNo such file or directory (os error 2)[0m
[INFO] [stdout] 
[INFO] [stdout] Location:
[INFO] [stdout]    [35msrc/bin.rs[0m:[35m310[0m
[INFO] [stdout] 
[INFO] [stdout]   ━━━━━━━━━━━━━━━━━━━━━━━━━━━━━━━━━━ BACKTRACE ━━━━━━━━━━━━━━━━━━━━━━━━━━━━━━━━━━━
[INFO] [stdout]   [96m                              ⋮ 5 frames hidden ⋮                               [0m
[INFO] [stdout]    6: [32m<core::result::Result<T,F> as core::ops::try_trait::FromResidual<core::result::Result<core::convert::Infallible,E>>>::from_residual[0m[90m::h28819d2b53b33cc1[0m
[INFO] [stdout]       at [35m/rustc/1b7dd2252b99671ce5d1cb9664c5f8636329436d/library/core/src/result.rs[0m:[35m2002[0m
[INFO] [stdout]    7: [91mseacan::bin::tests::test_example[0m[90m::haa37639f8ae11ad4[0m
[INFO] [stdout]       at [35m/opt/rustwide/workdir/src/bin.rs[0m:[35m310[0m
[INFO] [stdout]        308 │     fn test_example() -> Result {
[INFO] [stdout]        309 │         init();
[INFO] [stdout]   [37m[1m     310[0m [37m[1m>[0m [37m[1m        let artifact = Compiler::example("example_1")[0m
[INFO] [stdout]        311 │             .workspace("samples/hello_world")
[INFO] [stdout]        312 │             .compile()?;
[INFO] [stdout]    8: [91mseacan::bin::tests::test_example::{{closure}}[0m[90m::h1a008898837070b5[0m
[INFO] [stdout]       at [35m/opt/rustwide/workdir/src/bin.rs[0m:[35m308[0m
[INFO] [stdout]        306 │ 
[INFO] [stdout]        307 │     #[test]
[INFO] [stdout]   [37m[1m     308[0m [37m[1m>[0m [37m[1m    fn test_example() -> Result {[0m
[INFO] [stdout]        309 │         init();
[INFO] [stdout]        310 │         let artifact = Compiler::example("example_1")
[INFO] [stdout]    9: [32mcore::ops::function::FnOnce::call_once[0m[90m::hb6fd3f6d63a57c0d[0m
[INFO] [stdout]       at [35m/rustc/1b7dd2252b99671ce5d1cb9664c5f8636329436d/library/core/src/ops/function.rs[0m:[35m250[0m
[INFO] [stdout]   10: [32mcore::ops::function::FnOnce::call_once[0m[90m::ha6a70e79f7481a7e[0m
[INFO] [stdout]       at [35m/rustc/1b7dd2252b99671ce5d1cb9664c5f8636329436d/library/core/src/ops/function.rs[0m:[35m250[0m
[INFO] [stdout]   11: [32mtest::__rust_begin_short_backtrace[0m[90m::hce33033019b61e69[0m
[INFO] [stdout]       at [35m/rustc/1b7dd2252b99671ce5d1cb9664c5f8636329436d/library/test/src/lib.rs[0m:[35m655[0m
[INFO] [stdout]   12: [32mtest::run_test::{{closure}}[0m[90m::h858d3528838ae3e5[0m
[INFO] [stdout]       at [35m/rustc/1b7dd2252b99671ce5d1cb9664c5f8636329436d/library/test/src/lib.rs[0m:[35m646[0m
[INFO] [stdout]   13: [32mcore::ops::function::FnOnce::call_once{{vtable.shim}}[0m[90m::he8ac2b00f01ae79e[0m
[INFO] [stdout]       at [35m/rustc/1b7dd2252b99671ce5d1cb9664c5f8636329436d/library/core/src/ops/function.rs[0m:[35m250[0m
[INFO] [stdout]   14: [32m<alloc::boxed::Box<F,A> as core::ops::function::FnOnce<Args>>::call_once[0m[90m::h8093d25b522725ef[0m
[INFO] [stdout]       at [35m/rustc/1b7dd2252b99671ce5d1cb9664c5f8636329436d/library/alloc/src/boxed.rs[0m:[35m1973[0m
[INFO] [stdout]   15: [32m<core::panic::unwind_safe::AssertUnwindSafe<F> as core::ops::function::FnOnce<()>>::call_once[0m[90m::h5c334c204e4a3913[0m
[INFO] [stdout]       at [35m/rustc/1b7dd2252b99671ce5d1cb9664c5f8636329436d/library/core/src/panic/unwind_safe.rs[0m:[35m271[0m
[INFO] [stdout]   16: [32mstd::panicking::try::do_call[0m[90m::ha8b740c7b9478074[0m
[INFO] [stdout]       at [35m/rustc/1b7dd2252b99671ce5d1cb9664c5f8636329436d/library/std/src/panicking.rs[0m:[35m485[0m
[INFO] [stdout]   17: [32mstd::panicking::try[0m[90m::h5d34f63d0e41b64e[0m
[INFO] [stdout]       at [35m/rustc/1b7dd2252b99671ce5d1cb9664c5f8636329436d/library/std/src/panicking.rs[0m:[35m449[0m
[INFO] [stdout]   18: [32mstd::panic::catch_unwind[0m[90m::hcfbb511e1aa7fc67[0m
[INFO] [stdout]       at [35m/rustc/1b7dd2252b99671ce5d1cb9664c5f8636329436d/library/std/src/panic.rs[0m:[35m140[0m
[INFO] [stdout]   19: [32mtest::run_test_in_process[0m[90m::h9abda90f802eaf21[0m
[INFO] [stdout]       at [35m/rustc/1b7dd2252b99671ce5d1cb9664c5f8636329436d/library/test/src/lib.rs[0m:[35m678[0m
[INFO] [stdout]   [96m                              ⋮ 14 frames hidden ⋮                              [0m
[INFO] [stdout] 
[INFO] [stdout] Run with COLORBT_SHOW_HIDDEN=1 environment variable to disable frame filtering.
[INFO] [stdout] 
[INFO] [stdout] ---- test::tests::test_in_example stdout ----
[INFO] [stdout]   [2mApr 30 05:44:04.187[0m [31mERROR[0m [1;31mseacan::test[0m[31m: [1;31merror[0m[31m: Failed to run cargo[0m
[INFO] [stdout]     [2;3mat[0m src/test.rs:297[2;3m
[INFO] [stdout] [0m    [2;3min[0m seacan::test::[1martifacts_ignoring_name[0m [2;3mwith[0m [1mself[0m: Compiler { target_dir: None, workspace: Some("samples/hello_world"), package: Any, name: Substring("test_in_example_1"), test_type: Example("example_1"), features: None, is_release: false }
[INFO] [stdout]     [2;3min[0m seacan::test::[1mcompile[0m [2;3mwith[0m [1mself[0m: Compiler { target_dir: None, workspace: Some("samples/hello_world"), package: Any, name: Substring("test_in_example_1"), test_type: Example("example_1"), features: None, is_release: false }
[INFO] [stdout] 
[INFO] [stdout]   [2mApr 30 05:44:04.187[0m [31mERROR[0m [1;31mseacan::test[0m[31m: [1;31merror[0m[31m: Failed to build[0m
[INFO] [stdout]     [2;3mat[0m src/test.rs:253[2;3m
[INFO] [stdout] [0m    [2;3min[0m seacan::test::[1mcompile[0m [2;3mwith[0m [1mself[0m: Compiler { target_dir: None, workspace: Some("samples/hello_world"), package: Any, name: Substring("test_in_example_1"), test_type: Example("example_1"), features: None, is_release: false }
[INFO] [stdout] 
[INFO] [stdout] Error: 
[INFO] [stdout]    0: [91mFailed to build[0m
[INFO] [stdout]    1: [91mFailed to run cargo[0m
[INFO] [stdout]    2: [91mNo such file or directory (os error 2)[0m
[INFO] [stdout] 
[INFO] [stdout] Location:
[INFO] [stdout]    [35msrc/test.rs[0m:[35m538[0m
[INFO] [stdout] 
[INFO] [stdout]   ━━━━━━━━━━━━━━━━━━━━━━━━━━━━━━━━━━ BACKTRACE ━━━━━━━━━━━━━━━━━━━━━━━━━━━━━━━━━━━
[INFO] [stdout]   [96m                              ⋮ 5 frames hidden ⋮                               [0m
[INFO] [stdout]    6: [32m<core::result::Result<T,F> as core::ops::try_trait::FromResidual<core::result::Result<core::convert::Infallible,E>>>::from_residual[0m[90m::hd7fe02706bf4bf81[0m
[INFO] [stdout]       at [35m/rustc/1b7dd2252b99671ce5d1cb9664c5f8636329436d/library/core/src/result.rs[0m:[35m2002[0m
[INFO] [stdout]    7: [91mseacan::test::tests::test_in_example[0m[90m::h468f477d401620a5[0m
[INFO] [stdout]       at [35m/opt/rustwide/workdir/src/test.rs[0m:[35m538[0m
[INFO] [stdout]        536 │         init();
[INFO] [stdout]        537 │ 
[INFO] [stdout]   [37m[1m     538[0m [37m[1m>[0m [37m[1m        let mut artifacts = Compiler::new([0m
[INFO] [stdout]        539 │             NameSpec::substring("test_in_example_1"),
[INFO] [stdout]        540 │             TypeSpec::example("example_1"),
[INFO] [stdout]    8: [91mseacan::test::tests::test_in_example::{{closure}}[0m[90m::h7c3e0ae7fc245cfa[0m
[INFO] [stdout]       at [35m/opt/rustwide/workdir/src/test.rs[0m:[35m535[0m
[INFO] [stdout]        533 │ 
[INFO] [stdout]        534 │     #[test]
[INFO] [stdout]   [37m[1m     535[0m [37m[1m>[0m [37m[1m    fn test_in_example() -> Result {[0m
[INFO] [stdout]        536 │         init();
[INFO] [stdout]        537 │ 
[INFO] [stdout]    9: [32mcore::ops::function::FnOnce::call_once[0m[90m::hdfcdb24c470d01ef[0m
[INFO] [stdout]       at [35m/rustc/1b7dd2252b99671ce5d1cb9664c5f8636329436d/library/core/src/ops/function.rs[0m:[35m250[0m
[INFO] [stdout]   10: [32mcore::ops::function::FnOnce::call_once[0m[90m::ha6a70e79f7481a7e[0m
[INFO] [stdout]       at [35m/rustc/1b7dd2252b99671ce5d1cb9664c5f8636329436d/library/core/src/ops/function.rs[0m:[35m250[0m
[INFO] [stdout]   11: [32mtest::__rust_begin_short_backtrace[0m[90m::hce33033019b61e69[0m
[INFO] [stdout]       at [35m/rustc/1b7dd2252b99671ce5d1cb9664c5f8636329436d/library/test/src/lib.rs[0m:[35m655[0m
[INFO] [stdout]   12: [32mtest::run_test::{{closure}}[0m[90m::h858d3528838ae3e5[0m
[INFO] [stdout]       at [35m/rustc/1b7dd2252b99671ce5d1cb9664c5f8636329436d/library/test/src/lib.rs[0m:[35m646[0m
[INFO] [stdout]   13: [32mcore::ops::function::FnOnce::call_once{{vtable.shim}}[0m[90m::he8ac2b00f01ae79e[0m
[INFO] [stdout]       at [35m/rustc/1b7dd2252b99671ce5d1cb9664c5f8636329436d/library/core/src/ops/function.rs[0m:[35m250[0m
[INFO] [stdout]   14: [32m<alloc::boxed::Box<F,A> as core::ops::function::FnOnce<Args>>::call_once[0m[90m::h8093d25b522725ef[0m
[INFO] [stdout]       at [35m/rustc/1b7dd2252b99671ce5d1cb9664c5f8636329436d/library/alloc/src/boxed.rs[0m:[35m1973[0m
[INFO] [stdout]   15: [32m<core::panic::unwind_safe::AssertUnwindSafe<F> as core::ops::function::FnOnce<()>>::call_once[0m[90m::h5c334c204e4a3913[0m
[INFO] [stdout]       at [35m/rustc/1b7dd2252b99671ce5d1cb9664c5f8636329436d/library/core/src/panic/unwind_safe.rs[0m:[35m271[0m
[INFO] [stdout]   16: [32mstd::panicking::try::do_call[0m[90m::ha8b740c7b9478074[0m
[INFO] [stdout]       at [35m/rustc/1b7dd2252b99671ce5d1cb9664c5f8636329436d/library/std/src/panicking.rs[0m:[35m485[0m
[INFO] [stdout]   17: [32mstd::panicking::try[0m[90m::h5d34f63d0e41b64e[0m
[INFO] [stdout]       at [35m/rustc/1b7dd2252b99671ce5d1cb9664c5f8636329436d/library/std/src/panicking.rs[0m:[35m449[0m
[INFO] [stdout]   18: [32mstd::panic::catch_unwind[0m[90m::hcfbb511e1aa7fc67[0m
[INFO] [stdout]       at [35m/rustc/1b7dd2252b99671ce5d1cb9664c5f8636329436d/library/std/src/panic.rs[0m:[35m140[0m
[INFO] [stdout]   19: [32mtest::run_test_in_process[0m[90m::h9abda90f802eaf21[0m
[INFO] [stdout]       at [35m/rustc/1b7dd2252b99671ce5d1cb9664c5f8636329436d/library/test/src/lib.rs[0m:[35m678[0m
[INFO] [stdout]   [96m                              ⋮ 14 frames hidden ⋮                              [0m
[INFO] [stdout] 
[INFO] [stdout] Run with COLORBT_SHOW_HIDDEN=1 environment variable to disable frame filtering.
[INFO] [stdout] 
[INFO] [stdout] ---- test::tests::test_enabled_feature stdout ----
[INFO] [stdout]   [2mApr 30 05:44:04.184[0m [31mERROR[0m [1;31mseacan::test[0m[31m: [1;31merror[0m[31m: Failed to run cargo[0m
[INFO] [stdout]     [2;3mat[0m src/test.rs:297[2;3m
[INFO] [stdout] [0m    [2;3min[0m seacan::test::[1martifacts_ignoring_name[0m [2;3mwith[0m [1mself[0m: Compiler { target_dir: None, workspace: Some("samples/hello_world"), package: Any, name: Exact("test_non_default_feature"), test_type: Lib, features: Some(FeatureSpec(Subset { include_default: true, features: ["non_default_feature"] })), is_release: false }
[INFO] [stdout]     [2;3min[0m seacan::test::[1mcompile[0m [2;3mwith[0m [1mself[0m: Compiler { target_dir: None, workspace: Some("samples/hello_world"), package: Any, name: Exact("test_non_default_feature"), test_type: Lib, features: Some(FeatureSpec(Subset { include_default: true, features: ["non_default_feature"] })), is_release: false }
[INFO] [stdout] 
[INFO] [stdout]   [2mApr 30 05:44:04.184[0m [31mERROR[0m [1;31mseacan::test[0m[31m: [1;31merror[0m[31m: Failed to build[0m
[INFO] [stdout]     [2;3mat[0m src/test.rs:253[2;3m
[INFO] [stdout] [0m    [2;3min[0m seacan::test::[1mcompile[0m [2;3mwith[0m [1mself[0m: Compiler { target_dir: None, workspace: Some("samples/hello_world"), package: Any, name: Exact("test_non_default_feature"), test_type: Lib, features: Some(FeatureSpec(Subset { include_default: true, features: ["non_default_feature"] })), is_release: false }
[INFO] [stdout] 
[INFO] [stdout] Error: 
[INFO] [stdout]    0: [91mFailed to build[0m
[INFO] [stdout]    1: [91mFailed to run cargo[0m
[INFO] [stdout]    2: [91mNo such file or directory (os error 2)[0m
[INFO] [stdout] 
[INFO] [stdout] Location:
[INFO] [stdout]    [35msrc/test.rs[0m:[35m440[0m
[INFO] [stdout] 
[INFO] [stdout]   ━━━━━━━━━━━━━━━━━━━━━━━━━━━━━━━━━━ BACKTRACE ━━━━━━━━━━━━━━━━━━━━━━━━━━━━━━━━━━━
[INFO] [stdout]   [96m                              ⋮ 5 frames hidden ⋮                               [0m
[INFO] [stdout]    6: [32m<core::result::Result<T,F> as core::ops::try_trait::FromResidual<core::result::Result<core::convert::Infallible,E>>>::from_residual[0m[90m::hd7fe02706bf4bf81[0m
[INFO] [stdout]       at [35m/rustc/1b7dd2252b99671ce5d1cb9664c5f8636329436d/library/core/src/result.rs[0m:[35m2002[0m
[INFO] [stdout]    7: [91mseacan::test::tests::test_enabled_feature[0m[90m::h207bbbf902e6ffc1[0m
[INFO] [stdout]       at [35m/opt/rustwide/workdir/src/test.rs[0m:[35m440[0m
[INFO] [stdout]        438 │         init();
[INFO] [stdout]        439 │         let mut artifacts =
[INFO] [stdout]   [37m[1m     440[0m [37m[1m>[0m [37m[1m            Compiler::new(NameSpec::exact("test_non_default_feature"), TypeSpec::Lib)[0m
[INFO] [stdout]        441 │                 .features(FeatureSpec::new(vec!["non_default_feature".into()]))
[INFO] [stdout]        442 │                 .workspace("samples/hello_world")
[INFO] [stdout]    8: [91mseacan::test::tests::test_enabled_feature::{{closure}}[0m[90m::h226c99cd6b4746d1[0m
[INFO] [stdout]       at [35m/opt/rustwide/workdir/src/test.rs[0m:[35m437[0m
[INFO] [stdout]        435 │ 
[INFO] [stdout]        436 │     #[test]
[INFO] [stdout]   [37m[1m     437[0m [37m[1m>[0m [37m[1m    fn test_enabled_feature() -> Result {[0m
[INFO] [stdout]        438 │         init();
[INFO] [stdout]        439 │         let mut artifacts =
[INFO] [stdout]    9: [32mcore::ops::function::FnOnce::call_once[0m[90m::hb50f19343cba75da[0m
[INFO] [stdout]       at [35m/rustc/1b7dd2252b99671ce5d1cb9664c5f8636329436d/library/core/src/ops/function.rs[0m:[35m250[0m
[INFO] [stdout]   10: [32mcore::ops::function::FnOnce::call_once[0m[90m::ha6a70e79f7481a7e[0m
[INFO] [stdout]       at [35m/rustc/1b7dd2252b99671ce5d1cb9664c5f8636329436d/library/core/src/ops/function.rs[0m:[35m250[0m
[INFO] [stdout]   11: [32mtest::__rust_begin_short_backtrace[0m[90m::hce33033019b61e69[0m
[INFO] [stdout]       at [35m/rustc/1b7dd2252b99671ce5d1cb9664c5f8636329436d/library/test/src/lib.rs[0m:[35m655[0m
[INFO] [stdout]   12: [32mtest::run_test::{{closure}}[0m[90m::h858d3528838ae3e5[0m
[INFO] [stdout]       at [35m/rustc/1b7dd2252b99671ce5d1cb9664c5f8636329436d/library/test/src/lib.rs[0m:[35m646[0m
[INFO] [stdout]   13: [32mcore::ops::function::FnOnce::call_once{{vtable.shim}}[0m[90m::he8ac2b00f01ae79e[0m
[INFO] [stdout]       at [35m/rustc/1b7dd2252b99671ce5d1cb9664c5f8636329436d/library/core/src/ops/function.rs[0m:[35m250[0m
[INFO] [stdout]   14: [32m<alloc::boxed::Box<F,A> as core::ops::function::FnOnce<Args>>::call_once[0m[90m::h8093d25b522725ef[0m
[INFO] [stdout]       at [35m/rustc/1b7dd2252b99671ce5d1cb9664c5f8636329436d/library/alloc/src/boxed.rs[0m:[35m1973[0m
[INFO] [stdout]   15: [32m<core::panic::unwind_safe::AssertUnwindSafe<F> as core::ops::function::FnOnce<()>>::call_once[0m[90m::h5c334c204e4a3913[0m
[INFO] [stdout]       at [35m/rustc/1b7dd2252b99671ce5d1cb9664c5f8636329436d/library/core/src/panic/unwind_safe.rs[0m:[35m271[0m
[INFO] [stdout]   16: [32mstd::panicking::try::do_call[0m[90m::ha8b740c7b9478074[0m
[INFO] [stdout]       at [35m/rustc/1b7dd2252b99671ce5d1cb9664c5f8636329436d/library/std/src/panicking.rs[0m:[35m485[0m
[INFO] [stdout]   17: [32mstd::panicking::try[0m[90m::h5d34f63d0e41b64e[0m
[INFO] [stdout]       at [35m/rustc/1b7dd2252b99671ce5d1cb9664c5f8636329436d/library/std/src/panicking.rs[0m:[35m449[0m
[INFO] [stdout]   18: [32mstd::panic::catch_unwind[0m[90m::hcfbb511e1aa7fc67[0m
[INFO] [stdout]       at [35m/rustc/1b7dd2252b99671ce5d1cb9664c5f8636329436d/library/std/src/panic.rs[0m:[35m140[0m
[INFO] [stdout]   19: [32mtest::run_test_in_process[0m[90m::h9abda90f802eaf21[0m
[INFO] [stdout]       at [35m/rustc/1b7dd2252b99671ce5d1cb9664c5f8636329436d/library/test/src/lib.rs[0m:[35m678[0m
[INFO] [stdout]   [96m                              ⋮ 14 frames hidden ⋮                              [0m
[INFO] [stdout] 
[INFO] [stdout] Run with COLORBT_SHOW_HIDDEN=1 environment variable to disable frame filtering.
[INFO] [stdout] 
[INFO] [stdout] ---- bin::tests::test_ws_member_main stdout ----
[INFO] [stdout]   [2mApr 30 05:44:03.612[0m [31mERROR[0m [1;31mseacan::bin[0m[31m: [1;31merror[0m[31m: Failed to run cargo[0m
[INFO] [stdout]     [2;3mat[0m src/bin.rs:122[2;3m
[INFO] [stdout] [0m    [2;3min[0m seacan::bin::[1mcompile[0m [2;3mwith[0m [1mself[0m: Compiler { workspace: Some("samples/hello_world"), package: Name("ws_member"), name: "ws_member", is_example: false, target_dir: None, features: None, is_release: false }
[INFO] [stdout] 
[INFO] [stdout] Error: 
[INFO] [stdout]    0: [91mFailed to run cargo[0m
[INFO] [stdout]    1: [91mNo such file or directory (os error 2)[0m
[INFO] [stdout] 
[INFO] [stdout] Location:
[INFO] [stdout]    [35msrc/bin.rs[0m:[35m341[0m
[INFO] [stdout] 
[INFO] [stdout]   ━━━━━━━━━━━━━━━━━━━━━━━━━━━━━━━━━━ BACKTRACE ━━━━━━━━━━━━━━━━━━━━━━━━━━━━━━━━━━━
[INFO] [stdout]   [96m                              ⋮ 5 frames hidden ⋮                               [0m
[INFO] [stdout]    6: [32m<core::result::Result<T,F> as core::ops::try_trait::FromResidual<core::result::Result<core::convert::Infallible,E>>>::from_residual[0m[90m::h28819d2b53b33cc1[0m
[INFO] [stdout]       at [35m/rustc/1b7dd2252b99671ce5d1cb9664c5f8636329436d/library/core/src/result.rs[0m:[35m2002[0m
[INFO] [stdout]    7: [91mseacan::bin::tests::test_ws_member_main[0m[90m::h854ffc0ae2a69466[0m
[INFO] [stdout]       at [35m/opt/rustwide/workdir/src/bin.rs[0m:[35m341[0m
[INFO] [stdout]        339 │         init();
[INFO] [stdout]        340 │         init();
[INFO] [stdout]   [37m[1m     341[0m [37m[1m>[0m [37m[1m        let artifact = Compiler::bin("ws_member")[0m
[INFO] [stdout]        342 │             .package(PackageSpec::name("ws_member"))
[INFO] [stdout]        343 │             .workspace("samples/hello_world")
[INFO] [stdout]    8: [91mseacan::bin::tests::test_ws_member_main::{{closure}}[0m[90m::hf10da6c7e182ac3f[0m
[INFO] [stdout]       at [35m/opt/rustwide/workdir/src/bin.rs[0m:[35m338[0m
[INFO] [stdout]        336 │ 
[INFO] [stdout]        337 │     #[test]
[INFO] [stdout]   [37m[1m     338[0m [37m[1m>[0m [37m[1m    fn test_ws_member_main() -> Result {[0m
[INFO] [stdout]        339 │         init();
[INFO] [stdout]        340 │         init();
[INFO] [stdout]    9: [32mcore::ops::function::FnOnce::call_once[0m[90m::h19764b67e7c27e59[0m
[INFO] [stdout]       at [35m/rustc/1b7dd2252b99671ce5d1cb9664c5f8636329436d/library/core/src/ops/function.rs[0m:[35m250[0m
[INFO] [stdout]   10: [32mcore::ops::function::FnOnce::call_once[0m[90m::ha6a70e79f7481a7e[0m
[INFO] [stdout]       at [35m/rustc/1b7dd2252b99671ce5d1cb9664c5f8636329436d/library/core/src/ops/function.rs[0m:[35m250[0m
[INFO] [stdout]   11: [32mtest::__rust_begin_short_backtrace[0m[90m::hce33033019b61e69[0m
[INFO] [stdout]       at [35m/rustc/1b7dd2252b99671ce5d1cb9664c5f8636329436d/library/test/src/lib.rs[0m:[35m655[0m
[INFO] [stdout]   12: [32mtest::run_test::{{closure}}[0m[90m::h858d3528838ae3e5[0m
[INFO] [stdout]       at [35m/rustc/1b7dd2252b99671ce5d1cb9664c5f8636329436d/library/test/src/lib.rs[0m:[35m646[0m
[INFO] [stdout]   13: [32mcore::ops::function::FnOnce::call_once{{vtable.shim}}[0m[90m::he8ac2b00f01ae79e[0m
[INFO] [stdout]       at [35m/rustc/1b7dd2252b99671ce5d1cb9664c5f8636329436d/library/core/src/ops/function.rs[0m:[35m250[0m
[INFO] [stdout]   14: [32m<alloc::boxed::Box<F,A> as core::ops::function::FnOnce<Args>>::call_once[0m[90m::h8093d25b522725ef[0m
[INFO] [stdout]       at [35m/rustc/1b7dd2252b99671ce5d1cb9664c5f8636329436d/library/alloc/src/boxed.rs[0m:[35m1973[0m
[INFO] [stdout]   15: [32m<core::panic::unwind_safe::AssertUnwindSafe<F> as core::ops::function::FnOnce<()>>::call_once[0m[90m::h5c334c204e4a3913[0m
[INFO] [stdout]       at [35m/rustc/1b7dd2252b99671ce5d1cb9664c5f8636329436d/library/core/src/panic/unwind_safe.rs[0m:[35m271[0m
[INFO] [stdout]   16: [32mstd::panicking::try::do_call[0m[90m::ha8b740c7b9478074[0m
[INFO] [stdout]       at [35m/rustc/1b7dd2252b99671ce5d1cb9664c5f8636329436d/library/std/src/panicking.rs[0m:[35m485[0m
[INFO] [stdout]   17: [32mstd::panicking::try[0m[90m::h5d34f63d0e41b64e[0m
[INFO] [stdout]       at [35m/rustc/1b7dd2252b99671ce5d1cb9664c5f8636329436d/library/std/src/panicking.rs[0m:[35m449[0m
[INFO] [stdout]   18: [32mstd::panic::catch_unwind[0m[90m::hcfbb511e1aa7fc67[0m
[INFO] [stdout]       at [35m/rustc/1b7dd2252b99671ce5d1cb9664c5f8636329436d/library/std/src/panic.rs[0m:[35m140[0m
[INFO] [stdout]   19: [32mtest::run_test_in_process[0m[90m::h9abda90f802eaf21[0m
[INFO] [stdout]       at [35m/rustc/1b7dd2252b99671ce5d1cb9664c5f8636329436d/library/test/src/lib.rs[0m:[35m678[0m
[INFO] [stdout]   [96m                              ⋮ 14 frames hidden ⋮                              [0m
[INFO] [stdout] 
[INFO] [stdout] Run with COLORBT_SHOW_HIDDEN=1 environment variable to disable frame filtering.
[INFO] [stdout] 
[INFO] [stdout] ---- bin::tests::test_example_nonexistent_package stdout ----
[INFO] [stdout]   [2mApr 30 05:44:03.656[0m [31mERROR[0m [1;31mseacan::bin[0m[31m: [1;31merror[0m[31m: Failed to run cargo[0m
[INFO] [stdout]     [2;3mat[0m src/bin.rs:122[2;3m
[INFO] [stdout] [0m    [2;3min[0m seacan::bin::[1mcompile[0m [2;3mwith[0m [1mself[0m: Compiler { workspace: Some("samples/hello_world"), package: Name("nonexistent_package"), name: "example_1", is_example: true, target_dir: None, features: None, is_release: false }
[INFO] [stdout] 
[INFO] [stdout] [31mThe application panicked (crashed).[0m
[INFO] [stdout] Message:  [36massertion failed: matches!(result, Err(BuildError :: PackageNotFound(_)))[0m
[INFO] [stdout] Location: [35msrc/bin.rs[0m:[35m334[0m
[INFO] [stdout] 
[INFO] [stdout]   ━━━━━━━━━━━━━━━━━━━━━━━━━━━━━━━━━━ BACKTRACE ━━━━━━━━━━━━━━━━━━━━━━━━━━━━━━━━━━━
[INFO] [stdout]   [96m                              ⋮ 8 frames hidden ⋮                               [0m
[INFO] [stdout]    9: [32mcore::panicking::panic[0m[90m::h3f9042d09bd0bf2e[0m
[INFO] [stdout]       at [35m/rustc/1b7dd2252b99671ce5d1cb9664c5f8636329436d/library/core/src/panicking.rs[0m:[35m117[0m
[INFO] [stdout]   10: [91mseacan::bin::tests::test_example_nonexistent_package[0m[90m::hbc7ab67b5e3dd594[0m
[INFO] [stdout]       at [35m/opt/rustwide/workdir/src/bin.rs[0m:[35m334[0m
[INFO] [stdout]        332 │             .package(PackageSpec::name("nonexistent_package"))
[INFO] [stdout]        333 │             .compile();
[INFO] [stdout]   [37m[1m     334[0m [37m[1m>[0m [37m[1m        assert!(matches!(result, Err(BuildError::PackageNotFound(_))));[0m
[INFO] [stdout]        335 │     }
[INFO] [stdout]        336 │ 
[INFO] [stdout]   11: [91mseacan::bin::tests::test_example_nonexistent_package::{{closure}}[0m[90m::hcd84b503cc108637[0m
[INFO] [stdout]       at [35m/opt/rustwide/workdir/src/bin.rs[0m:[35m328[0m
[INFO] [stdout]        326 │ 
[INFO] [stdout]        327 │     #[test]
[INFO] [stdout]   [37m[1m     328[0m [37m[1m>[0m [37m[1m    fn test_example_nonexistent_package() {[0m
[INFO] [stdout]        329 │         init();
[INFO] [stdout]        330 │         let result = Compiler::example("example_1")
[INFO] [stdout]   12: [32mcore::ops::function::FnOnce::call_once[0m[90m::hde6813fd83d35cff[0m
[INFO] [stdout]       at [35m/rustc/1b7dd2252b99671ce5d1cb9664c5f8636329436d/library/core/src/ops/function.rs[0m:[35m250[0m
[INFO] [stdout]   13: [32mcore::ops::function::FnOnce::call_once[0m[90m::ha6a70e79f7481a7e[0m
[INFO] [stdout]       at [35m/rustc/1b7dd2252b99671ce5d1cb9664c5f8636329436d/library/core/src/ops/function.rs[0m:[35m250[0m
[INFO] [stdout]   14: [32mtest::__rust_begin_short_backtrace[0m[90m::hce33033019b61e69[0m
[INFO] [stdout]       at [35m/rustc/1b7dd2252b99671ce5d1cb9664c5f8636329436d/library/test/src/lib.rs[0m:[35m655[0m
[INFO] [stdout]   15: [32mtest::run_test::{{closure}}[0m[90m::h858d3528838ae3e5[0m
[INFO] [stdout]       at [35m/rustc/1b7dd2252b99671ce5d1cb9664c5f8636329436d/library/test/src/lib.rs[0m:[35m646[0m
[INFO] [stdout]   16: [32mcore::ops::function::FnOnce::call_once{{vtable.shim}}[0m[90m::he8ac2b00f01ae79e[0m
[INFO] [stdout]       at [35m/rustc/1b7dd2252b99671ce5d1cb9664c5f8636329436d/library/core/src/ops/function.rs[0m:[35m250[0m
[INFO] [stdout]   17: [32m<alloc::boxed::Box<F,A> as core::ops::function::FnOnce<Args>>::call_once[0m[90m::h8093d25b522725ef[0m
[INFO] [stdout]       at [35m/rustc/1b7dd2252b99671ce5d1cb9664c5f8636329436d/library/alloc/src/boxed.rs[0m:[35m1973[0m
[INFO] [stdout]   18: [32m<core::panic::unwind_safe::AssertUnwindSafe<F> as core::ops::function::FnOnce<()>>::call_once[0m[90m::h5c334c204e4a3913[0m
[INFO] [stdout]       at [35m/rustc/1b7dd2252b99671ce5d1cb9664c5f8636329436d/library/core/src/panic/unwind_safe.rs[0m:[35m271[0m
[INFO] [stdout]   19: [32mstd::panicking::try::do_call[0m[90m::ha8b740c7b9478074[0m
[INFO] [stdout]       at [35m/rustc/1b7dd2252b99671ce5d1cb9664c5f8636329436d/library/std/src/panicking.rs[0m:[35m485[0m
[INFO] [stdout]   20: [32mstd::panicking::try[0m[90m::h5d34f63d0e41b64e[0m
[INFO] [stdout]       at [35m/rustc/1b7dd2252b99671ce5d1cb9664c5f8636329436d/library/std/src/panicking.rs[0m:[35m449[0m
[INFO] [stdout]   21: [32mstd::panic::catch_unwind[0m[90m::hcfbb511e1aa7fc67[0m
[INFO] [stdout]       at [35m/rustc/1b7dd2252b99671ce5d1cb9664c5f8636329436d/library/std/src/panic.rs[0m:[35m140[0m
[INFO] [stdout]   22: [32mtest::run_test_in_process[0m[90m::h9abda90f802eaf21[0m
[INFO] [stdout]       at [35m/rustc/1b7dd2252b99671ce5d1cb9664c5f8636329436d/library/test/src/lib.rs[0m:[35m678[0m
[INFO] [stdout]   [96m                              ⋮ 14 frames hidden ⋮                              [0m
[INFO] [stdout] 
[INFO] [stdout] Run with COLORBT_SHOW_HIDDEN=1 environment variable to disable frame filtering.
[INFO] [stdout] 
[INFO] [stdout] ---- test::tests::test_artifact_run_args stdout ----
[INFO] [stdout]   [2mApr 30 05:44:03.724[0m [31mERROR[0m [1;31mseacan::test[0m[31m: [1;31merror[0m[31m: Failed to run cargo[0m
[INFO] [stdout]     [2;3mat[0m src/test.rs:297[2;3m
[INFO] [stdout] [0m    [2;3min[0m seacan::test::[1martifacts_ignoring_name[0m [2;3mwith[0m [1mself[0m: Compiler { target_dir: None, workspace: Some("samples/hello_world"), package: Any, name: Substring("test_in_example_1"), test_type: Example("example_1"), features: None, is_release: false }
[INFO] [stdout]     [2;3min[0m seacan::test::[1mcompile[0m [2;3mwith[0m [1mself[0m: Compiler { target_dir: None, workspace: Some("samples/hello_world"), package: Any, name: Substring("test_in_example_1"), test_type: Example("example_1"), features: None, is_release: false }
[INFO] [stdout] 
[INFO] [stdout]   [2mApr 30 05:44:03.724[0m [31mERROR[0m [1;31mseacan::test[0m[31m: [1;31merror[0m[31m: Failed to build[0m
[INFO] [stdout]     [2;3mat[0m src/test.rs:253[2;3m
[INFO] [stdout] [0m    [2;3min[0m seacan::test::[1mcompile[0m [2;3mwith[0m [1mself[0m: Compiler { target_dir: None, workspace: Some("samples/hello_world"), package: Any, name: Substring("test_in_example_1"), test_type: Example("example_1"), features: None, is_release: false }
[INFO] [stdout] 
[INFO] [stdout] Error: 
[INFO] [stdout]    0: [91mFailed to build[0m
[INFO] [stdout]    1: [91mFailed to run cargo[0m
[INFO] [stdout]    2: [91mNo such file or directory (os error 2)[0m
[INFO] [stdout] 
[INFO] [stdout] Location:
[INFO] [stdout]    [35msrc/test.rs[0m:[35m504[0m
[INFO] [stdout] 
[INFO] [stdout]   ━━━━━━━━━━━━━━━━━━━━━━━━━━━━━━━━━━ BACKTRACE ━━━━━━━━━━━━━━━━━━━━━━━━━━━━━━━━━━━
[INFO] [stdout]   [96m                              ⋮ 5 frames hidden ⋮                               [0m
[INFO] [stdout]    6: [32m<core::result::Result<T,F> as core::ops::try_trait::FromResidual<core::result::Result<core::convert::Infallible,E>>>::from_residual[0m[90m::hd7fe02706bf4bf81[0m
[INFO] [stdout]       at [35m/rustc/1b7dd2252b99671ce5d1cb9664c5f8636329436d/library/core/src/result.rs[0m:[35m2002[0m
[INFO] [stdout]    7: [91mseacan::test::tests::test_artifact_run_args[0m[90m::h2202d2167daaaaa8[0m
[INFO] [stdout]       at [35m/opt/rustwide/workdir/src/test.rs[0m:[35m504[0m
[INFO] [stdout]        502 │     fn test_artifact_run_args() -> Result {
[INFO] [stdout]        503 │         init();
[INFO] [stdout]   [37m[1m     504[0m [37m[1m>[0m [37m[1m        let mut artifacts = Compiler::new([0m
[INFO] [stdout]        505 │             NameSpec::substring("test_in_example_1"),
[INFO] [stdout]        506 │             TypeSpec::example("example_1"),
[INFO] [stdout]    8: [91mseacan::test::tests::test_artifact_run_args::{{closure}}[0m[90m::hd932edacd19cba0f[0m
[INFO] [stdout]       at [35m/opt/rustwide/workdir/src/test.rs[0m:[35m502[0m
[INFO] [stdout]        500 │ 
[INFO] [stdout]        501 │     #[test]
[INFO] [stdout]   [37m[1m     502[0m [37m[1m>[0m [37m[1m    fn test_artifact_run_args() -> Result {[0m
[INFO] [stdout]        503 │         init();
[INFO] [stdout]        504 │         let mut artifacts = Compiler::new(
[INFO] [stdout]    9: [32mcore::ops::function::FnOnce::call_once[0m[90m::h3d42795b66a3874d[0m
[INFO] [stdout]       at [35m/rustc/1b7dd2252b99671ce5d1cb9664c5f8636329436d/library/core/src/ops/function.rs[0m:[35m250[0m
[INFO] [stdout]   10: [32mcore::ops::function::FnOnce::call_once[0m[90m::ha6a70e79f7481a7e[0m
[INFO] [stdout]       at [35m/rustc/1b7dd2252b99671ce5d1cb9664c5f8636329436d/library/core/src/ops/function.rs[0m:[35m250[0m
[INFO] [stdout]   11: [32mtest::__rust_begin_short_backtrace[0m[90m::hce33033019b61e69[0m
[INFO] [stdout]       at [35m/rustc/1b7dd2252b99671ce5d1cb9664c5f8636329436d/library/test/src/lib.rs[0m:[35m655[0m
[INFO] [stdout]   12: [32mtest::run_test::{{closure}}[0m[90m::h858d3528838ae3e5[0m
[INFO] [stdout]       at [35m/rustc/1b7dd2252b99671ce5d1cb9664c5f8636329436d/library/test/src/lib.rs[0m:[35m646[0m
[INFO] [stdout]   13: [32mcore::ops::function::FnOnce::call_once{{vtable.shim}}[0m[90m::he8ac2b00f01ae79e[0m
[INFO] [stdout]       at [35m/rustc/1b7dd2252b99671ce5d1cb9664c5f8636329436d/library/core/src/ops/function.rs[0m:[35m250[0m
[INFO] [stdout]   14: [32m<alloc::boxed::Box<F,A> as core::ops::function::FnOnce<Args>>::call_once[0m[90m::h8093d25b522725ef[0m
[INFO] [stdout]       at [35m/rustc/1b7dd2252b99671ce5d1cb9664c5f8636329436d/library/alloc/src/boxed.rs[0m:[35m1973[0m
[INFO] [stdout]   15: [32m<core::panic::unwind_safe::AssertUnwindSafe<F> as core::ops::function::FnOnce<()>>::call_once[0m[90m::h5c334c204e4a3913[0m
[INFO] [stdout]       at [35m/rustc/1b7dd2252b99671ce5d1cb9664c5f8636329436d/library/core/src/panic/unwind_safe.rs[0m:[35m271[0m
[INFO] [stdout]   16: [32mstd::panicking::try::do_call[0m[90m::ha8b740c7b9478074[0m
[INFO] [stdout]       at [35m/rustc/1b7dd2252b99671ce5d1cb9664c5f8636329436d/library/std/src/panicking.rs[0m:[35m485[0m
[INFO] [stdout]   17: [32mstd::panicking::try[0m[90m::h5d34f63d0e41b64e[0m
[INFO] [stdout]       at [35m/rustc/1b7dd2252b99671ce5d1cb9664c5f8636329436d/library/std/src/panicking.rs[0m:[35m449[0m
[INFO] [stdout]   18: [32mstd::panic::catch_unwind[0m[90m::hcfbb511e1aa7fc67[0m
[INFO] [stdout]       at [35m/rustc/1b7dd2252b99671ce5d1cb9664c5f8636329436d/library/std/src/panic.rs[0m:[35m140[0m
[INFO] [stdout]   19: [32mtest::run_test_in_process[0m[90m::h9abda90f802eaf21[0m
[INFO] [stdout]       at [35m/rustc/1b7dd2252b99671ce5d1cb9664c5f8636329436d/library/test/src/lib.rs[0m:[35m678[0m
[INFO] [stdout]   [96m                              ⋮ 14 frames hidden ⋮                              [0m
[INFO] [stdout] 
[INFO] [stdout] Run with COLORBT_SHOW_HIDDEN=1 environment variable to disable frame filtering.
[INFO] [stdout] 
[INFO] [stdout] ---- test::tests::test_exact_name stdout ----
[INFO] [stdout]   [2mApr 30 05:44:04.180[0m [31mERROR[0m [1;31mseacan::test[0m[31m: [1;31merror[0m[31m: Failed to run cargo[0m
[INFO] [stdout]     [2;3mat[0m src/test.rs:297[2;3m
[INFO] [stdout] [0m    [2;3min[0m seacan::test::[1martifacts_ignoring_name[0m [2;3mwith[0m [1mself[0m: Compiler { target_dir: None, workspace: Some("samples/hello_world"), package: Any, name: Substring("test_in_lib_1"), test_type: Lib, features: None, is_release: false }
[INFO] [stdout]     [2;3min[0m seacan::test::[1mcompile[0m [2;3mwith[0m [1mself[0m: Compiler { target_dir: None, workspace: Some("samples/hello_world"), package: Any, name: Substring("test_in_lib_1"), test_type: Lib, features: None, is_release: false }
[INFO] [stdout] 
[INFO] [stdout]   [2mApr 30 05:44:04.180[0m [31mERROR[0m [1;31mseacan::test[0m[31m: [1;31merror[0m[31m: Failed to build[0m
[INFO] [stdout]     [2;3mat[0m src/test.rs:253[2;3m
[INFO] [stdout] [0m    [2;3min[0m seacan::test::[1mcompile[0m [2;3mwith[0m [1mself[0m: Compiler { target_dir: None, workspace: Some("samples/hello_world"), package: Any, name: Substring("test_in_lib_1"), test_type: Lib, features: None, is_release: false }
[INFO] [stdout] 
[INFO] [stdout] Error: 
[INFO] [stdout]    0: [91mFailed to build[0m
[INFO] [stdout]    1: [91mFailed to run cargo[0m
[INFO] [stdout]    2: [91mNo such file or directory (os error 2)[0m
[INFO] [stdout] 
[INFO] [stdout] Location:
[INFO] [stdout]    [35msrc/test.rs[0m:[35m670[0m
[INFO] [stdout] 
[INFO] [stdout]   ━━━━━━━━━━━━━━━━━━━━━━━━━━━━━━━━━━ BACKTRACE ━━━━━━━━━━━━━━━━━━━━━━━━━━━━━━━━━━━
[INFO] [stdout]   [96m                              ⋮ 5 frames hidden ⋮                               [0m
[INFO] [stdout]    6: [32m<core::result::Result<T,F> as core::ops::try_trait::FromResidual<core::result::Result<core::convert::Infallible,E>>>::from_residual[0m[90m::hd7fe02706bf4bf81[0m
[INFO] [stdout]       at [35m/rustc/1b7dd2252b99671ce5d1cb9664c5f8636329436d/library/core/src/result.rs[0m:[35m2002[0m
[INFO] [stdout]    7: [91mseacan::test::tests::test_exact_name[0m[90m::h2f1cdeb80b38ef02[0m
[INFO] [stdout]       at [35m/opt/rustwide/workdir/src/test.rs[0m:[35m670[0m
[INFO] [stdout]        668 │         init();
[INFO] [stdout]        669 │ 
[INFO] [stdout]   [37m[1m     670[0m [37m[1m>[0m [37m[1m        let mut artifacts = Compiler::new(NameSpec::substring("test_in_lib_1"), TypeSpec::Lib)[0m
[INFO] [stdout]        671 │             .workspace("samples/hello_world")
[INFO] [stdout]        672 │             .compile()?;
[INFO] [stdout]    8: [91mseacan::test::tests::test_exact_name::{{closure}}[0m[90m::h6531619a1b658381[0m
[INFO] [stdout]       at [35m/opt/rustwide/workdir/src/test.rs[0m:[35m667[0m
[INFO] [stdout]        665 │ 
[INFO] [stdout]        666 │     #[test]
[INFO] [stdout]   [37m[1m     667[0m [37m[1m>[0m [37m[1m    fn test_exact_name() -> Result {[0m
[INFO] [stdout]        668 │         init();
[INFO] [stdout]        669 │ 
[INFO] [stdout]    9: [32mcore::ops::function::FnOnce::call_once[0m[90m::hc941d54a537df317[0m
[INFO] [stdout]       at [35m/rustc/1b7dd2252b99671ce5d1cb9664c5f8636329436d/library/core/src/ops/function.rs[0m:[35m250[0m
[INFO] [stdout]   10: [32mcore::ops::function::FnOnce::call_once[0m[90m::ha6a70e79f7481a7e[0m
[INFO] [stdout]       at [35m/rustc/1b7dd2252b99671ce5d1cb9664c5f8636329436d/library/core/src/ops/function.rs[0m:[35m250[0m
[INFO] [stdout]   11: [32mtest::__rust_begin_short_backtrace[0m[90m::hce33033019b61e69[0m
[INFO] [stdout]       at [35m/rustc/1b7dd2252b99671ce5d1cb9664c5f8636329436d/library/test/src/lib.rs[0m:[35m655[0m
[INFO] [stdout]   12: [32mtest::run_test::{{closure}}[0m[90m::h858d3528838ae3e5[0m
[INFO] [stdout]       at [35m/rustc/1b7dd2252b99671ce5d1cb9664c5f8636329436d/library/test/src/lib.rs[0m:[35m646[0m
[INFO] [stdout]   13: [32mcore::ops::function::FnOnce::call_once{{vtable.shim}}[0m[90m::he8ac2b00f01ae79e[0m
[INFO] [stdout]       at [35m/rustc/1b7dd2252b99671ce5d1cb9664c5f8636329436d/library/core/src/ops/function.rs[0m:[35m250[0m
[INFO] [stdout]   14: [32m<alloc::boxed::Box<F,A> as core::ops::function::FnOnce<Args>>::call_once[0m[90m::h8093d25b522725ef[0m
[INFO] [stdout]       at [35m/rustc/1b7dd2252b99671ce5d1cb9664c5f8636329436d/library/alloc/src/boxed.rs[0m:[35m1973[0m
[INFO] [stdout]   15: [32m<core::panic::unwind_safe::AssertUnwindSafe<F> as core::ops::function::FnOnce<()>>::call_once[0m[90m::h5c334c204e4a3913[0m
[INFO] [stdout]       at [35m/rustc/1b7dd2252b99671ce5d1cb9664c5f8636329436d/library/core/src/panic/unwind_safe.rs[0m:[35m271[0m
[INFO] [stdout]   16: [32mstd::panicking::try::do_call[0m[90m::ha8b740c7b9478074[0m
[INFO] [stdout]       at [35m/rustc/1b7dd2252b99671ce5d1cb9664c5f8636329436d/library/std/src/panicking.rs[0m:[35m485[0m
[INFO] [stdout]   17: [32mstd::panicking::try[0m[90m::h5d34f63d0e41b64e[0m
[INFO] [stdout]       at [35m/rustc/1b7dd2252b99671ce5d1cb9664c5f8636329436d/library/std/src/panicking.rs[0m:[35m449[0m
[INFO] [stdout]   18: [32mstd::panic::catch_unwind[0m[90m::hcfbb511e1aa7fc67[0m
[INFO] [stdout]       at [35m/rustc/1b7dd2252b99671ce5d1cb9664c5f8636329436d/library/std/src/panic.rs[0m:[35m140[0m
[INFO] [stdout]   19: [32mtest::run_test_in_process[0m[90m::h9abda90f802eaf21[0m
[INFO] [stdout]       at [35m/rustc/1b7dd2252b99671ce5d1cb9664c5f8636329436d/library/test/src/lib.rs[0m:[35m678[0m
[INFO] [stdout]   [96m                              ⋮ 14 frames hidden ⋮                              [0m
[INFO] [stdout] 
[INFO] [stdout] Run with COLORBT_SHOW_HIDDEN=1 environment variable to disable frame filtering.
[INFO] [stdout] 
[INFO] [stdout] ---- test::tests::test_bin_2 stdout ----
[INFO] [stdout]   [2mApr 30 05:44:03.748[0m [31mERROR[0m [1;31mseacan::test[0m[31m: [1;31merror[0m[31m: Failed to run cargo[0m
[INFO] [stdout]     [2;3mat[0m src/test.rs:297[2;3m
[INFO] [stdout] [0m    [2;3min[0m seacan::test::[1martifacts_ignoring_name[0m [2;3mwith[0m [1mself[0m: Compiler { target_dir: None, workspace: Some("samples/hello_world"), package: Any, name: Any, test_type: Bin("bin_2"), features: None, is_release: false }
[INFO] [stdout]     [2;3min[0m seacan::test::[1mcompile[0m [2;3mwith[0m [1mself[0m: Compiler { target_dir: None, workspace: Some("samples/hello_world"), package: Any, name: Any, test_type: Bin("bin_2"), features: None, is_release: false }
[INFO] [stdout] 
[INFO] [stdout]   [2mApr 30 05:44:03.748[0m [31mERROR[0m [1;31mseacan::test[0m[31m: [1;31merror[0m[31m: Failed to build[0m
[INFO] [stdout]     [2;3mat[0m src/test.rs:253[2;3m
[INFO] [stdout] [0m    [2;3min[0m seacan::test::[1mcompile[0m [2;3mwith[0m [1mself[0m: Compiler { target_dir: None, workspace: Some("samples/hello_world"), package: Any, name: Any, test_type: Bin("bin_2"), features: None, is_release: false }
[INFO] [stdout] 
[INFO] [stdout] Error: 
[INFO] [stdout]    0: [91mFailed to build[0m
[INFO] [stdout]    1: [91mFailed to run cargo[0m
[INFO] [stdout]    2: [91mNo such file or directory (os error 2)[0m
[INFO] [stdout] 
[INFO] [stdout] Location:
[INFO] [stdout]    [35msrc/test.rs[0m:[35m559[0m
[INFO] [stdout] 
[INFO] [stdout]   ━━━━━━━━━━━━━━━━━━━━━━━━━━━━━━━━━━ BACKTRACE ━━━━━━━━━━━━━━━━━━━━━━━━━━━━━━━━━━━
[INFO] [stdout]   [96m                              ⋮ 5 frames hidden ⋮                               [0m
[INFO] [stdout]    6: [32m<core::result::Result<T,F> as core::ops::try_trait::FromResidual<core::result::Result<core::convert::Infallible,E>>>::from_residual[0m[90m::hd7fe02706bf4bf81[0m
[INFO] [stdout]       at [35m/rustc/1b7dd2252b99671ce5d1cb9664c5f8636329436d/library/core/src/result.rs[0m:[35m2002[0m
[INFO] [stdout]    7: [91mseacan::test::tests::test_bin_2[0m[90m::h98e8e83eb4de98db[0m
[INFO] [stdout]       at [35m/opt/rustwide/workdir/src/test.rs[0m:[35m559[0m
[INFO] [stdout]        557 │         init();
[INFO] [stdout]        558 │ 
[INFO] [stdout]   [37m[1m     559[0m [37m[1m>[0m [37m[1m        let mut artifacts = Compiler::new(NameSpec::Any, TypeSpec::bin("bin_2"))[0m
[INFO] [stdout]        560 │             .workspace("samples/hello_world")
[INFO] [stdout]        561 │             .compile()?;
[INFO] [stdout]    8: [91mseacan::test::tests::test_bin_2::{{closure}}[0m[90m::hf95f3cd37b8d8014[0m
[INFO] [stdout]       at [35m/opt/rustwide/workdir/src/test.rs[0m:[35m556[0m
[INFO] [stdout]        554 │ 
[INFO] [stdout]        555 │     #[test]
[INFO] [stdout]   [37m[1m     556[0m [37m[1m>[0m [37m[1m    fn test_bin_2() -> Result {[0m
[INFO] [stdout]        557 │         init();
[INFO] [stdout]        558 │ 
[INFO] [stdout]    9: [32mcore::ops::function::FnOnce::call_once[0m[90m::h70f1c6579f92294b[0m
[INFO] [stdout]       at [35m/rustc/1b7dd2252b99671ce5d1cb9664c5f8636329436d/library/core/src/ops/function.rs[0m:[35m250[0m
[INFO] [stdout]   10: [32mcore::ops::function::FnOnce::call_once[0m[90m::ha6a70e79f7481a7e[0m
[INFO] [stdout]       at [35m/rustc/1b7dd2252b99671ce5d1cb9664c5f8636329436d/library/core/src/ops/function.rs[0m:[35m250[0m
[INFO] [stdout]   11: [32mtest::__rust_begin_short_backtrace[0m[90m::hce33033019b61e69[0m
[INFO] [stdout]       at [35m/rustc/1b7dd2252b99671ce5d1cb9664c5f8636329436d/library/test/src/lib.rs[0m:[35m655[0m
[INFO] [stdout]   12: [32mtest::run_test::{{closure}}[0m[90m::h858d3528838ae3e5[0m
[INFO] [stdout]       at [35m/rustc/1b7dd2252b99671ce5d1cb9664c5f8636329436d/library/test/src/lib.rs[0m:[35m646[0m
[INFO] [stdout]   13: [32mcore::ops::function::FnOnce::call_once{{vtable.shim}}[0m[90m::he8ac2b00f01ae79e[0m
[INFO] [stdout]       at [35m/rustc/1b7dd2252b99671ce5d1cb9664c5f8636329436d/library/core/src/ops/function.rs[0m:[35m250[0m
[INFO] [stdout]   14: [32m<alloc::boxed::Box<F,A> as core::ops::function::FnOnce<Args>>::call_once[0m[90m::h8093d25b522725ef[0m
[INFO] [stdout]       at [35m/rustc/1b7dd2252b99671ce5d1cb9664c5f8636329436d/library/alloc/src/boxed.rs[0m:[35m1973[0m
[INFO] [stdout]   15: [32m<core::panic::unwind_safe::AssertUnwindSafe<F> as core::ops::function::FnOnce<()>>::call_once[0m[90m::h5c334c204e4a3913[0m
[INFO] [stdout]       at [35m/rustc/1b7dd2252b99671ce5d1cb9664c5f8636329436d/library/core/src/panic/unwind_safe.rs[0m:[35m271[0m
[INFO] [stdout]   16: [32mstd::panicking::try::do_call[0m[90m::ha8b740c7b9478074[0m
[INFO] [stdout]       at [35m/rustc/1b7dd2252b99671ce5d1cb9664c5f8636329436d/library/std/src/panicking.rs[0m:[35m485[0m
[INFO] [stdout]   17: [32mstd::panicking::try[0m[90m::h5d34f63d0e41b64e[0m
[INFO] [stdout]       at [35m/rustc/1b7dd2252b99671ce5d1cb9664c5f8636329436d/library/std/src/panicking.rs[0m:[35m449[0m
[INFO] [stdout]   18: [32mstd::panic::catch_unwind[0m[90m::hcfbb511e1aa7fc67[0m
[INFO] [stdout]       at [35m/rustc/1b7dd2252b99671ce5d1cb9664c5f8636329436d/library/std/src/panic.rs[0m:[35m140[0m
[INFO] [stdout]   19: [32mtest::run_test_in_process[0m[90m::h9abda90f802eaf21[0m
[INFO] [stdout]       at [35m/rustc/1b7dd2252b99671ce5d1cb9664c5f8636329436d/library/test/src/lib.rs[0m:[35m678[0m
[INFO] [stdout]   [96m                              ⋮ 14 frames hidden ⋮                              [0m
[INFO] [stdout] 
[INFO] [stdout] Run with COLORBT_SHOW_HIDDEN=1 environment variable to disable frame filtering.
[INFO] [stdout] 
[INFO] [stdout] ---- bin::tests::test_bin_nonexistent_package stdout ----
[INFO] [stdout]   [2mApr 30 05:44:03.656[0m [31mERROR[0m [1;31mseacan::bin[0m[31m: [1;31merror[0m[31m: Failed to run cargo[0m
[INFO] [stdout]     [2;3mat[0m src/bin.rs:122[2;3m
[INFO] [stdout] [0m    [2;3min[0m seacan::bin::[1mcompile[0m [2;3mwith[0m [1mself[0m: Compiler { workspace: Some("samples/hello_world"), package: Name("package_that_doesnt_exist"), name: "bin_that_doesnt_exist", is_example: false, target_dir: None, features: None, is_release: false }
[INFO] [stdout] 
[INFO] [stdout] [31mThe application panicked (crashed).[0m
[INFO] [stdout] Message:  [36massertion failed: matches!(result, Err(BuildError :: PackageNotFound(_)))[0m
[INFO] [stdout] Location: [35msrc/bin.rs[0m:[35m304[0m
[INFO] [stdout] 
[INFO] [stdout]   ━━━━━━━━━━━━━━━━━━━━━━━━━━━━━━━━━━ BACKTRACE ━━━━━━━━━━━━━━━━━━━━━━━━━━━━━━━━━━━
[INFO] [stdout]   [96m                              ⋮ 8 frames hidden ⋮                               [0m
[INFO] [stdout]    9: [32mcore::panicking::panic[0m[90m::h3f9042d09bd0bf2e[0m
[INFO] [stdout]       at [35m/rustc/1b7dd2252b99671ce5d1cb9664c5f8636329436d/library/core/src/panicking.rs[0m:[35m117[0m
[INFO] [stdout]   10: [91mseacan::bin::tests::test_bin_nonexistent_package[0m[90m::he8ba750b7494f799[0m
[INFO] [stdout]       at [35m/opt/rustwide/workdir/src/bin.rs[0m:[35m304[0m
[INFO] [stdout]        302 │             .workspace("samples/hello_world")
[INFO] [stdout]        303 │             .compile();
[INFO] [stdout]   [37m[1m     304[0m [37m[1m>[0m [37m[1m        assert!(matches!(result, Err(BuildError::PackageNotFound(_))));[0m
[INFO] [stdout]        305 │     }
[INFO] [stdout]        306 │ 
[INFO] [stdout]   11: [91mseacan::bin::tests::test_bin_nonexistent_package::{{closure}}[0m[90m::hb6e2d54c52270f54[0m
[INFO] [stdout]       at [35m/opt/rustwide/workdir/src/bin.rs[0m:[35m298[0m
[INFO] [stdout]        296 │ 
[INFO] [stdout]        297 │     #[test]
[INFO] [stdout]   [37m[1m     298[0m [37m[1m>[0m [37m[1m    fn test_bin_nonexistent_package() {[0m
[INFO] [stdout]        299 │         init();
[INFO] [stdout]        300 │         let result = Compiler::bin("bin_that_doesnt_exist")
[INFO] [stdout]   12: [32mcore::ops::function::FnOnce::call_once[0m[90m::h4ab41f89ac9651da[0m
[INFO] [stdout]       at [35m/rustc/1b7dd2252b99671ce5d1cb9664c5f8636329436d/library/core/src/ops/function.rs[0m:[35m250[0m
[INFO] [stdout]   13: [32mcore::ops::function::FnOnce::call_once[0m[90m::ha6a70e79f7481a7e[0m
[INFO] [stdout]       at [35m/rustc/1b7dd2252b99671ce5d1cb9664c5f8636329436d/library/core/src/ops/function.rs[0m:[35m250[0m
[INFO] [stdout]   14: [32mtest::__rust_begin_short_backtrace[0m[90m::hce33033019b61e69[0m
[INFO] [stdout]       at [35m/rustc/1b7dd2252b99671ce5d1cb9664c5f8636329436d/library/test/src/lib.rs[0m:[35m655[0m
[INFO] [stdout]   15: [32mtest::run_test::{{closure}}[0m[90m::h858d3528838ae3e5[0m
[INFO] [stdout]       at [35m/rustc/1b7dd2252b99671ce5d1cb9664c5f8636329436d/library/test/src/lib.rs[0m:[35m646[0m
[INFO] [stdout]   16: [32mcore::ops::function::FnOnce::call_once{{vtable.shim}}[0m[90m::he8ac2b00f01ae79e[0m
[INFO] [stdout]       at [35m/rustc/1b7dd2252b99671ce5d1cb9664c5f8636329436d/library/core/src/ops/function.rs[0m:[35m250[0m
[INFO] [stdout]   17: [32m<alloc::boxed::Box<F,A> as core::ops::function::FnOnce<Args>>::call_once[0m[90m::h8093d25b522725ef[0m
[INFO] [stdout]       at [35m/rustc/1b7dd2252b99671ce5d1cb9664c5f8636329436d/library/alloc/src/boxed.rs[0m:[35m1973[0m
[INFO] [stdout]   18: [32m<core::panic::unwind_safe::AssertUnwindSafe<F> as core::ops::function::FnOnce<()>>::call_once[0m[90m::h5c334c204e4a3913[0m
[INFO] [stdout]       at [35m/rustc/1b7dd2252b99671ce5d1cb9664c5f8636329436d/library/core/src/panic/unwind_safe.rs[0m:[35m271[0m
[INFO] [stdout]   19: [32mstd::panicking::try::do_call[0m[90m::ha8b740c7b9478074[0m
[INFO] [stdout]       at [35m/rustc/1b7dd2252b99671ce5d1cb9664c5f8636329436d/library/std/src/panicking.rs[0m:[35m485[0m
[INFO] [stdout]   20: [32mstd::panicking::try[0m[90m::h5d34f63d0e41b64e[0m
[INFO] [stdout]       at [35m/rustc/1b7dd2252b99671ce5d1cb9664c5f8636329436d/library/std/src/panicking.rs[0m:[35m449[0m
[INFO] [stdout]   21: [32mstd::panic::catch_unwind[0m[90m::hcfbb511e1aa7fc67[0m
[INFO] [stdout]       at [35m/rustc/1b7dd2252b99671ce5d1cb9664c5f8636329436d/library/std/src/panic.rs[0m:[35m140[0m
[INFO] [stdout]   22: [32mtest::run_test_in_process[0m[90m::h9abda90f802eaf21[0m
[INFO] [stdout]       at [35m/rustc/1b7dd2252b99671ce5d1cb9664c5f8636329436d/library/test/src/lib.rs[0m:[35m678[0m
[INFO] [stdout]   [96m                              ⋮ 14 frames hidden ⋮                              [0m
[INFO] [stdout] 
[INFO] [stdout] Run with COLORBT_SHOW_HIDDEN=1 environment variable to disable frame filtering.
[INFO] [stdout] 
[INFO] [stdout] ---- test::tests::test_lib stdout ----
[INFO] [stdout]   [2mApr 30 05:44:04.204[0m [31mERROR[0m [1;31mseacan::test[0m[31m: [1;31merror[0m[31m: Failed to run cargo[0m
[INFO] [stdout]     [2;3mat[0m src/test.rs:297[2;3m
[INFO] [stdout] [0m    [2;3min[0m seacan::test::[1martifacts_ignoring_name[0m [2;3mwith[0m [1mself[0m: Compiler { target_dir: None, workspace: Some("samples/hello_world"), package: Any, name: Substring("test_in_lib_2"), test_type: Lib, features: None, is_release: false }
[INFO] [stdout]     [2;3min[0m seacan::test::[1mcompile[0m [2;3mwith[0m [1mself[0m: Compiler { target_dir: None, workspace: Some("samples/hello_world"), package: Any, name: Substring("test_in_lib_2"), test_type: Lib, features: None, is_release: false }
[INFO] [stdout] 
[INFO] [stdout]   [2mApr 30 05:44:04.204[0m [31mERROR[0m [1;31mseacan::test[0m[31m: [1;31merror[0m[31m: Failed to build[0m
[INFO] [stdout]     [2;3mat[0m src/test.rs:253[2;3m
[INFO] [stdout] [0m    [2;3min[0m seacan::test::[1mcompile[0m [2;3mwith[0m [1mself[0m: Compiler { target_dir: None, workspace: Some("samples/hello_world"), package: Any, name: Substring("test_in_lib_2"), test_type: Lib, features: None, is_release: false }
[INFO] [stdout] 
[INFO] [stdout] Error: 
[INFO] [stdout]    0: [91mFailed to build[0m
[INFO] [stdout]    1: [91mFailed to run cargo[0m
[INFO] [stdout]    2: [91mNo such file or directory (os error 2)[0m
[INFO] [stdout] 
[INFO] [stdout] Location:
[INFO] [stdout]    [35msrc/test.rs[0m:[35m595[0m
[INFO] [stdout] 
[INFO] [stdout]   ━━━━━━━━━━━━━━━━━━━━━━━━━━━━━━━━━━ BACKTRACE ━━━━━━━━━━━━━━━━━━━━━━━━━━━━━━━━━━━
[INFO] [stdout]   [96m                              ⋮ 5 frames hidden ⋮                               [0m
[INFO] [stdout]    6: [32m<core::result::Result<T,F> as core::ops::try_trait::FromResidual<core::result::Result<core::convert::Infallible,E>>>::from_residual[0m[90m::hd7fe02706bf4bf81[0m
[INFO] [stdout]       at [35m/rustc/1b7dd2252b99671ce5d1cb9664c5f8636329436d/library/core/src/result.rs[0m:[35m2002[0m
[INFO] [stdout]    7: [91mseacan::test::tests::test_lib[0m[90m::h28ea989973331f69[0m
[INFO] [stdout]       at [35m/opt/rustwide/workdir/src/test.rs[0m:[35m595[0m
[INFO] [stdout]        593 │         init();
[INFO] [stdout]        594 │ 
[INFO] [stdout]   [37m[1m     595[0m [37m[1m>[0m [37m[1m        let mut artifacts = Compiler::new(NameSpec::substring("test_in_lib_2"), TypeSpec::Lib)[0m
[INFO] [stdout]        596 │             .workspace("samples/hello_world")
[INFO] [stdout]        597 │             .compile()?;
[INFO] [stdout]    8: [91mseacan::test::tests::test_lib::{{closure}}[0m[90m::hc3b2d6e54bae2f04[0m
[INFO] [stdout]       at [35m/opt/rustwide/workdir/src/test.rs[0m:[35m592[0m
[INFO] [stdout]        590 │ 
[INFO] [stdout]        591 │     #[test]
[INFO] [stdout]   [37m[1m     592[0m [37m[1m>[0m [37m[1m    fn test_lib() -> Result {[0m
[INFO] [stdout]        593 │         init();
[INFO] [stdout]        594 │ 
[INFO] [stdout]    9: [32mcore::ops::function::FnOnce::call_once[0m[90m::h3dd55eeb26bf52db[0m
[INFO] [stdout]       at [35m/rustc/1b7dd2252b99671ce5d1cb9664c5f8636329436d/library/core/src/ops/function.rs[0m:[35m250[0m
[INFO] [stdout]   10: [32mcore::ops::function::FnOnce::call_once[0m[90m::ha6a70e79f7481a7e[0m
[INFO] [stdout]       at [35m/rustc/1b7dd2252b99671ce5d1cb9664c5f8636329436d/library/core/src/ops/function.rs[0m:[35m250[0m
[INFO] [stdout]   11: [32mtest::__rust_begin_short_backtrace[0m[90m::hce33033019b61e69[0m
[INFO] [stdout]       at [35m/rustc/1b7dd2252b99671ce5d1cb9664c5f8636329436d/library/test/src/lib.rs[0m:[35m655[0m
[INFO] [stdout]   12: [32mtest::run_test::{{closure}}[0m[90m::h858d3528838ae3e5[0m
[INFO] [stdout]       at [35m/rustc/1b7dd2252b99671ce5d1cb9664c5f8636329436d/library/test/src/lib.rs[0m:[35m646[0m
[INFO] [stdout]   13: [32mcore::ops::function::FnOnce::call_once{{vtable.shim}}[0m[90m::he8ac2b00f01ae79e[0m
[INFO] [stdout]       at [35m/rustc/1b7dd2252b99671ce5d1cb9664c5f8636329436d/library/core/src/ops/function.rs[0m:[35m250[0m
[INFO] [stdout]   14: [32m<alloc::boxed::Box<F,A> as core::ops::function::FnOnce<Args>>::call_once[0m[90m::h8093d25b522725ef[0m
[INFO] [stdout]       at [35m/rustc/1b7dd2252b99671ce5d1cb9664c5f8636329436d/library/alloc/src/boxed.rs[0m:[35m1973[0m
[INFO] [stdout]   15: [32m<core::panic::unwind_safe::AssertUnwindSafe<F> as core::ops::function::FnOnce<()>>::call_once[0m[90m::h5c334c204e4a3913[0m
[INFO] [stdout]       at [35m/rustc/1b7dd2252b99671ce5d1cb9664c5f8636329436d/library/core/src/panic/unwind_safe.rs[0m:[35m271[0m
[INFO] [stdout]   16: [32mstd::panicking::try::do_call[0m[90m::ha8b740c7b9478074[0m
[INFO] [stdout]       at [35m/rustc/1b7dd2252b99671ce5d1cb9664c5f8636329436d/library/std/src/panicking.rs[0m:[35m485[0m
[INFO] [stdout]   17: [32mstd::panicking::try[0m[90m::h5d34f63d0e41b64e[0m
[INFO] [stdout]       at [35m/rustc/1b7dd2252b99671ce5d1cb9664c5f8636329436d/library/std/src/panicking.rs[0m:[35m449[0m
[INFO] [stdout]   18: [32mstd::panic::catch_unwind[0m[90m::hcfbb511e1aa7fc67[0m
[INFO] [stdout]       at [35m/rustc/1b7dd2252b99671ce5d1cb9664c5f8636329436d/library/std/src/panic.rs[0m:[35m140[0m
[INFO] [stdout]   19: [32mtest::run_test_in_process[0m[90m::h9abda90f802eaf21[0m
[INFO] [stdout]       at [35m/rustc/1b7dd2252b99671ce5d1cb9664c5f8636329436d/library/test/src/lib.rs[0m:[35m678[0m
[INFO] [stdout]   [96m                              ⋮ 14 frames hidden ⋮                              [0m
[INFO] [stdout] 
[INFO] [stdout] Run with COLORBT_SHOW_HIDDEN=1 environment variable to disable frame filtering.
[INFO] [stdout] 
[INFO] [stdout] ---- bin::tests::test_bin_nonexistent stdout ----
[INFO] [stdout]   [2mApr 30 05:44:03.688[0m [31mERROR[0m [1;31mseacan::bin[0m[31m: [1;31merror[0m[31m: Failed to run cargo[0m
[INFO] [stdout]     [2;3mat[0m src/bin.rs:122[2;3m
[INFO] [stdout] [0m    [2;3min[0m seacan::bin::[1mcompile[0m [2;3mwith[0m [1mself[0m: Compiler { workspace: Some("samples/hello_world"), package: Any, name: "bin_that_doesnt_exist", is_example: false, target_dir: None, features: None, is_release: false }
[INFO] [stdout] 
[INFO] [stdout] [31mThe application panicked (crashed).[0m
[INFO] [stdout] Message:  [36massertion failed: matches!(result, Err(BuildError :: NotFound(_)))[0m
[INFO] [stdout] Location: [35msrc/bin.rs[0m:[35m294[0m
[INFO] [stdout] 
[INFO] [stdout]   ━━━━━━━━━━━━━━━━━━━━━━━━━━━━━━━━━━ BACKTRACE ━━━━━━━━━━━━━━━━━━━━━━━━━━━━━━━━━━━
[INFO] [stdout]   [96m                              ⋮ 8 frames hidden ⋮                               [0m
[INFO] [stdout]    9: [32mcore::panicking::panic[0m[90m::h3f9042d09bd0bf2e[0m
[INFO] [stdout]       at [35m/rustc/1b7dd2252b99671ce5d1cb9664c5f8636329436d/library/core/src/panicking.rs[0m:[35m117[0m
[INFO] [stdout]   10: [91mseacan::bin::tests::test_bin_nonexistent[0m[90m::h885ebcf449f18bee[0m
[INFO] [stdout]       at [35m/opt/rustwide/workdir/src/bin.rs[0m:[35m294[0m
[INFO] [stdout]        292 │             .workspace("samples/hello_world")
[INFO] [stdout]        293 │             .compile();
[INFO] [stdout]   [37m[1m     294[0m [37m[1m>[0m [37m[1m        assert!(matches!(result, Err(BuildError::NotFound(_))));[0m
[INFO] [stdout]        295 │     }
[INFO] [stdout]        296 │ 
[INFO] [stdout]   11: [91mseacan::bin::tests::test_bin_nonexistent::{{closure}}[0m[90m::h04444847398b5fef[0m
[INFO] [stdout]       at [35m/opt/rustwide/workdir/src/bin.rs[0m:[35m290[0m
[INFO] [stdout]        288 │ 
[INFO] [stdout]        289 │     #[test]
[INFO] [stdout]   [37m[1m     290[0m [37m[1m>[0m [37m[1m    fn test_bin_nonexistent() {[0m
[INFO] [stdout]        291 │         let result = Compiler::bin("bin_that_doesnt_exist")
[INFO] [stdout]        292 │             .workspace("samples/hello_world")
[INFO] [stdout]   12: [32mcore::ops::function::FnOnce::call_once[0m[90m::h1d042d9c3862d0ec[0m
[INFO] [stdout]       at [35m/rustc/1b7dd2252b99671ce5d1cb9664c5f8636329436d/library/core/src/ops/function.rs[0m:[35m250[0m
[INFO] [stdout]   13: [32mcore::ops::function::FnOnce::call_once[0m[90m::ha6a70e79f7481a7e[0m
[INFO] [stdout]       at [35m/rustc/1b7dd2252b99671ce5d1cb9664c5f8636329436d/library/core/src/ops/function.rs[0m:[35m250[0m
[INFO] [stdout]   14: [32mtest::__rust_begin_short_backtrace[0m[90m::hce33033019b61e69[0m
[INFO] [stdout]       at [35m/rustc/1b7dd2252b99671ce5d1cb9664c5f8636329436d/library/test/src/lib.rs[0m:[35m655[0m
[INFO] [stdout]   15: [32mtest::run_test::{{closure}}[0m[90m::h858d3528838ae3e5[0m
[INFO] [stdout]       at [35m/rustc/1b7dd2252b99671ce5d1cb9664c5f8636329436d/library/test/src/lib.rs[0m:[35m646[0m
[INFO] [stdout]   16: [32mcore::ops::function::FnOnce::call_once{{vtable.shim}}[0m[90m::he8ac2b00f01ae79e[0m
[INFO] [stdout]       at [35m/rustc/1b7dd2252b99671ce5d1cb9664c5f8636329436d/library/core/src/ops/function.rs[0m:[35m250[0m
[INFO] [stdout]   17: [32m<alloc::boxed::Box<F,A> as core::ops::function::FnOnce<Args>>::call_once[0m[90m::h8093d25b522725ef[0m
[INFO] [stdout]       at [35m/rustc/1b7dd2252b99671ce5d1cb9664c5f8636329436d/library/alloc/src/boxed.rs[0m:[35m1973[0m
[INFO] [stdout]   18: [32m<core::panic::unwind_safe::AssertUnwindSafe<F> as core::ops::function::FnOnce<()>>::call_once[0m[90m::h5c334c204e4a3913[0m
[INFO] [stdout]       at [35m/rustc/1b7dd2252b99671ce5d1cb9664c5f8636329436d/library/core/src/panic/unwind_safe.rs[0m:[35m271[0m
[INFO] [stdout]   19: [32mstd::panicking::try::do_call[0m[90m::ha8b740c7b9478074[0m
[INFO] [stdout]       at [35m/rustc/1b7dd2252b99671ce5d1cb9664c5f8636329436d/library/std/src/panicking.rs[0m:[35m485[0m
[INFO] [stdout]   20: [32mstd::panicking::try[0m[90m::h5d34f63d0e41b64e[0m
[INFO] [stdout]       at [35m/rustc/1b7dd2252b99671ce5d1cb9664c5f8636329436d/library/std/src/panicking.rs[0m:[35m449[0m
[INFO] [stdout]   21: [32mstd::panic::catch_unwind[0m[90m::hcfbb511e1aa7fc67[0m
[INFO] [stdout]       at [35m/rustc/1b7dd2252b99671ce5d1cb9664c5f8636329436d/library/std/src/panic.rs[0m:[35m140[0m
[INFO] [stdout]   22: [32mtest::run_test_in_process[0m[90m::h9abda90f802eaf21[0m
[INFO] [stdout]       at [35m/rustc/1b7dd2252b99671ce5d1cb9664c5f8636329436d/library/test/src/lib.rs[0m:[35m678[0m
[INFO] [stdout]   [96m                              ⋮ 14 frames hidden ⋮                              [0m
[INFO] [stdout] 
[INFO] [stdout] Run with COLORBT_SHOW_HIDDEN=1 environment variable to disable frame filtering.
[INFO] [stdout] 
[INFO] [stdout] ---- bin::tests::test_release_true stdout ----
[INFO] [stdout]   [2mApr 30 05:44:03.601[0m [31mERROR[0m [1;31mseacan::bin[0m[31m: [1;31merror[0m[31m: Failed to run cargo[0m
[INFO] [stdout]     [2;3mat[0m src/bin.rs:122[2;3m
[INFO] [stdout] [0m    [2;3min[0m seacan::bin::[1mcompile[0m [2;3mwith[0m [1mself[0m: Compiler { workspace: Some("samples/hello_world"), package: Any, name: "hello_world", is_example: false, target_dir: None, features: None, is_release: true }
[INFO] [stdout] 
[INFO] [stdout] Error: 
[INFO] [stdout]    0: [91mFailed to run cargo[0m
[INFO] [stdout]    1: [91mNo such file or directory (os error 2)[0m
[INFO] [stdout] 
[INFO] [stdout] Location:
[INFO] [stdout]    [35msrc/bin.rs[0m:[35m239[0m
[INFO] [stdout] 
[INFO] [stdout]   ━━━━━━━━━━━━━━━━━━━━━━━━━━━━━━━━━━ BACKTRACE ━━━━━━━━━━━━━━━━━━━━━━━━━━━━━━━━━━━
[INFO] [stdout]   [96m                              ⋮ 5 frames hidden ⋮                               [0m
[INFO] [stdout]    6: [32m<core::result::Result<T,F> as core::ops::try_trait::FromResidual<core::result::Result<core::convert::Infallible,E>>>::from_residual[0m[90m::h28819d2b53b33cc1[0m
[INFO] [stdout]       at [35m/rustc/1b7dd2252b99671ce5d1cb9664c5f8636329436d/library/core/src/result.rs[0m:[35m2002[0m
[INFO] [stdout]    7: [91mseacan::bin::tests::test_release_true[0m[90m::h6c79cee62e1e1943[0m
[INFO] [stdout]       at [35m/opt/rustwide/workdir/src/bin.rs[0m:[35m239[0m
[INFO] [stdout]        237 │     #[test]
[INFO] [stdout]        238 │     fn test_release_true() -> Result {
[INFO] [stdout]   [37m[1m     239[0m [37m[1m>[0m [37m[1m        let artifact = Compiler::bin("hello_world")[0m
[INFO] [stdout]        240 │             .workspace("samples/hello_world")
[INFO] [stdout]        241 │             .release(true)
[INFO] [stdout]    8: [91mseacan::bin::tests::test_release_true::{{closure}}[0m[90m::hf69e44b1a66bb413[0m
[INFO] [stdout]       at [35m/opt/rustwide/workdir/src/bin.rs[0m:[35m238[0m
[INFO] [stdout]        236 │     }
[INFO] [stdout]        237 │     #[test]
[INFO] [stdout]   [37m[1m     238[0m [37m[1m>[0m [37m[1m    fn test_release_true() -> Result {[0m
[INFO] [stdout]        239 │         let artifact = Compiler::bin("hello_world")
[INFO] [stdout]        240 │             .workspace("samples/hello_world")
[INFO] [stdout]    9: [32mcore::ops::function::FnOnce::call_once[0m[90m::h6567b2b01bf32fff[0m
[INFO] [stdout]       at [35m/rustc/1b7dd2252b99671ce5d1cb9664c5f8636329436d/library/core/src/ops/function.rs[0m:[35m250[0m
[INFO] [stdout]   10: [32mcore::ops::function::FnOnce::call_once[0m[90m::ha6a70e79f7481a7e[0m
[INFO] [stdout]       at [35m/rustc/1b7dd2252b99671ce5d1cb9664c5f8636329436d/library/core/src/ops/function.rs[0m:[35m250[0m
[INFO] [stdout]   11: [32mtest::__rust_begin_short_backtrace[0m[90m::hce33033019b61e69[0m
[INFO] [stdout]       at [35m/rustc/1b7dd2252b99671ce5d1cb9664c5f8636329436d/library/test/src/lib.rs[0m:[35m655[0m
[INFO] [stdout]   12: [32mtest::run_test::{{closure}}[0m[90m::h858d3528838ae3e5[0m
[INFO] [stdout]       at [35m/rustc/1b7dd2252b99671ce5d1cb9664c5f8636329436d/library/test/src/lib.rs[0m:[35m646[0m
[INFO] [stdout]   13: [32mcore::ops::function::FnOnce::call_once{{vtable.shim}}[0m[90m::he8ac2b00f01ae79e[0m
[INFO] [stdout]       at [35m/rustc/1b7dd2252b99671ce5d1cb9664c5f8636329436d/library/core/src/ops/function.rs[0m:[35m250[0m
[INFO] [stdout]   14: [32m<alloc::boxed::Box<F,A> as core::ops::function::FnOnce<Args>>::call_once[0m[90m::h8093d25b522725ef[0m
[INFO] [stdout]       at [35m/rustc/1b7dd2252b99671ce5d1cb9664c5f8636329436d/library/alloc/src/boxed.rs[0m:[35m1973[0m
[INFO] [stdout]   15: [32m<core::panic::unwind_safe::AssertUnwindSafe<F> as core::ops::function::FnOnce<()>>::call_once[0m[90m::h5c334c204e4a3913[0m
[INFO] [stdout]       at [35m/rustc/1b7dd2252b99671ce5d1cb9664c5f8636329436d/library/core/src/panic/unwind_safe.rs[0m:[35m271[0m
[INFO] [stdout]   16: [32mstd::panicking::try::do_call[0m[90m::ha8b740c7b9478074[0m
[INFO] [stdout]       at [35m/rustc/1b7dd2252b99671ce5d1cb9664c5f8636329436d/library/std/src/panicking.rs[0m:[35m485[0m
[INFO] [stdout]   17: [32mstd::panicking::try[0m[90m::h5d34f63d0e41b64e[0m
[INFO] [stdout]       at [35m/rustc/1b7dd2252b99671ce5d1cb9664c5f8636329436d/library/std/src/panicking.rs[0m:[35m449[0m
[INFO] [stdout]   18: [32mstd::panic::catch_unwind[0m[90m::hcfbb511e1aa7fc67[0m
[INFO] [stdout]       at [35m/rustc/1b7dd2252b99671ce5d1cb9664c5f8636329436d/library/std/src/panic.rs[0m:[35m140[0m
[INFO] [stdout]   19: [32mtest::run_test_in_process[0m[90m::h9abda90f802eaf21[0m
[INFO] [stdout]       at [35m/rustc/1b7dd2252b99671ce5d1cb9664c5f8636329436d/library/test/src/lib.rs[0m:[35m678[0m
[INFO] [stdout]   [96m                              ⋮ 14 frames hidden ⋮                              [0m
[INFO] [stdout] 
[INFO] [stdout] Run with COLORBT_SHOW_HIDDEN=1 environment variable to disable frame filtering.
[INFO] [stdout] 
[INFO] [stdout] ---- test::tests::test_multiple_artifacts stdout ----
[INFO] [stdout]   [2mApr 30 05:44:04.216[0m [31mERROR[0m [1;31mseacan::test[0m[31m: [1;31merror[0m[31m: Failed to run cargo[0m
[INFO] [stdout]     [2;3mat[0m src/test.rs:297[2;3m
[INFO] [stdout] [0m    [2;3min[0m seacan::test::[1martifacts_ignoring_name[0m [2;3mwith[0m [1mself[0m: Compiler { target_dir: None, workspace: Some("samples/hello_world"), package: Any, name: Any, test_type: Integrations, features: None, is_release: false }
[INFO] [stdout]     [2;3min[0m seacan::test::[1mcompile[0m [2;3mwith[0m [1mself[0m: Compiler { target_dir: None, workspace: Some("samples/hello_world"), package: Any, name: Any, test_type: Integrations, features: None, is_release: false }
[INFO] [stdout] 
[INFO] [stdout]   [2mApr 30 05:44:04.216[0m [31mERROR[0m [1;31mseacan::test[0m[31m: [1;31merror[0m[31m: Failed to build[0m
[INFO] [stdout]     [2;3mat[0m src/test.rs:253[2;3m
[INFO] [stdout] [0m    [2;3min[0m seacan::test::[1mcompile[0m [2;3mwith[0m [1mself[0m: Compiler { target_dir: None, workspace: Some("samples/hello_world"), package: Any, name: Any, test_type: Integrations, features: None, is_release: false }
[INFO] [stdout] 
[INFO] [stdout] Error: 
[INFO] [stdout]    0: [91mFailed to build[0m
[INFO] [stdout]    1: [91mFailed to run cargo[0m
[INFO] [stdout]    2: [91mNo such file or directory (os error 2)[0m
[INFO] [stdout] 
[INFO] [stdout] Location:
[INFO] [stdout]    [35msrc/test.rs[0m:[35m714[0m
[INFO] [stdout] 
[INFO] [stdout]   ━━━━━━━━━━━━━━━━━━━━━━━━━━━━━━━━━━ BACKTRACE ━━━━━━━━━━━━━━━━━━━━━━━━━━━━━━━━━━━
[INFO] [stdout]   [96m                              ⋮ 5 frames hidden ⋮                               [0m
[INFO] [stdout]    6: [32m<core::result::Result<T,F> as core::ops::try_trait::FromResidual<core::result::Result<core::convert::Infallible,E>>>::from_residual[0m[90m::hd7fe02706bf4bf81[0m
[INFO] [stdout]       at [35m/rustc/1b7dd2252b99671ce5d1cb9664c5f8636329436d/library/core/src/result.rs[0m:[35m2002[0m
[INFO] [stdout]    7: [91mseacan::test::tests::test_multiple_artifacts[0m[90m::hdd29d8d6478b90ea[0m
[INFO] [stdout]       at [35m/opt/rustwide/workdir/src/test.rs[0m:[35m714[0m
[INFO] [stdout]        712 │         init();
[INFO] [stdout]        713 │ 
[INFO] [stdout]   [37m[1m     714[0m [37m[1m>[0m [37m[1m        let mut artifacts = Compiler::new(NameSpec::Any, TypeSpec::Integrations)[0m
[INFO] [stdout]        715 │             .workspace("samples/hello_world")
[INFO] [stdout]        716 │             .compile()?;
[INFO] [stdout]    8: [91mseacan::test::tests::test_multiple_artifacts::{{closure}}[0m[90m::hf37e78d5ba8d005a[0m
[INFO] [stdout]       at [35m/opt/rustwide/workdir/src/test.rs[0m:[35m711[0m
[INFO] [stdout]        709 │ 
[INFO] [stdout]        710 │     #[test]
[INFO] [stdout]   [37m[1m     711[0m [37m[1m>[0m [37m[1m    fn test_multiple_artifacts() -> Result {[0m
[INFO] [stdout]        712 │         init();
[INFO] [stdout]        713 │ 
[INFO] [stdout]    9: [32mcore::ops::function::FnOnce::call_once[0m[90m::hca2047424c3eb5ba[0m
[INFO] [stdout]       at [35m/rustc/1b7dd2252b99671ce5d1cb9664c5f8636329436d/library/core/src/ops/function.rs[0m:[35m250[0m
[INFO] [stdout]   10: [32mcore::ops::function::FnOnce::call_once[0m[90m::ha6a70e79f7481a7e[0m
[INFO] [stdout]       at [35m/rustc/1b7dd2252b99671ce5d1cb9664c5f8636329436d/library/core/src/ops/function.rs[0m:[35m250[0m
[INFO] [stdout]   11: [32mtest::__rust_begin_short_backtrace[0m[90m::hce33033019b61e69[0m
[INFO] [stdout]       at [35m/rustc/1b7dd2252b99671ce5d1cb9664c5f8636329436d/library/test/src/lib.rs[0m:[35m655[0m
[INFO] [stdout]   12: [32mtest::run_test::{{closure}}[0m[90m::h858d3528838ae3e5[0m
[INFO] [stdout]       at [35m/rustc/1b7dd2252b99671ce5d1cb9664c5f8636329436d/library/test/src/lib.rs[0m:[35m646[0m
[INFO] [stdout]   13: [32mcore::ops::function::FnOnce::call_once{{vtable.shim}}[0m[90m::he8ac2b00f01ae79e[0m
[INFO] [stdout]       at [35m/rustc/1b7dd2252b99671ce5d1cb9664c5f8636329436d/library/core/src/ops/function.rs[0m:[35m250[0m
[INFO] [stdout]   14: [32m<alloc::boxed::Box<F,A> as core::ops::function::FnOnce<Args>>::call_once[0m[90m::h8093d25b522725ef[0m
[INFO] [stdout]       at [35m/rustc/1b7dd2252b99671ce5d1cb9664c5f8636329436d/library/alloc/src/boxed.rs[0m:[35m1973[0m
[INFO] [stdout]   15: [32m<core::panic::unwind_safe::AssertUnwindSafe<F> as core::ops::function::FnOnce<()>>::call_once[0m[90m::h5c334c204e4a3913[0m
[INFO] [stdout]       at [35m/rustc/1b7dd2252b99671ce5d1cb9664c5f8636329436d/library/core/src/panic/unwind_safe.rs[0m:[35m271[0m
[INFO] [stdout]   16: [32mstd::panicking::try::do_call[0m[90m::ha8b740c7b9478074[0m
[INFO] [stdout]       at [35m/rustc/1b7dd2252b99671ce5d1cb9664c5f8636329436d/library/std/src/panicking.rs[0m:[35m485[0m
[INFO] [stdout]   17: [32mstd::panicking::try[0m[90m::h5d34f63d0e41b64e[0m
[INFO] [stdout]       at [35m/rustc/1b7dd2252b99671ce5d1cb9664c5f8636329436d/library/std/src/panicking.rs[0m:[35m449[0m
[INFO] [stdout]   18: [32mstd::panic::catch_unwind[0m[90m::hcfbb511e1aa7fc67[0m
[INFO] [stdout]       at [35m/rustc/1b7dd2252b99671ce5d1cb9664c5f8636329436d/library/std/src/panic.rs[0m:[35m140[0m
[INFO] [stdout]   19: [32mtest::run_test_in_process[0m[90m::h9abda90f802eaf21[0m
[INFO] [stdout]       at [35m/rustc/1b7dd2252b99671ce5d1cb9664c5f8636329436d/library/test/src/lib.rs[0m:[35m678[0m
[INFO] [stdout]   [96m                              ⋮ 14 frames hidden ⋮                              [0m
[INFO] [stdout] 
[INFO] [stdout] Run with COLORBT_SHOW_HIDDEN=1 environment variable to disable frame filtering.
[INFO] [stdout] 
[INFO] [stdout] ---- test::tests::test_any_name stdout ----
[INFO] [stdout]   [2mApr 30 05:44:03.668[0m [31mERROR[0m [1;31mseacan::test[0m[31m: [1;31merror[0m[31m: Failed to run cargo[0m
[INFO] [stdout]     [2;3mat[0m src/test.rs:297[2;3m
[INFO] [stdout] [0m    [2;3min[0m seacan::test::[1martifacts_ignoring_name[0m [2;3mwith[0m [1mself[0m: Compiler { target_dir: None, workspace: Some("samples/hello_world"), package: Any, name: Any, test_type: Lib, features: None, is_release: false }
[INFO] [stdout]     [2;3min[0m seacan::test::[1mcompile[0m [2;3mwith[0m [1mself[0m: Compiler { target_dir: None, workspace: Some("samples/hello_world"), package: Any, name: Any, test_type: Lib, features: None, is_release: false }
[INFO] [stdout] 
[INFO] [stdout]   [2mApr 30 05:44:03.668[0m [31mERROR[0m [1;31mseacan::test[0m[31m: [1;31merror[0m[31m: Failed to build[0m
[INFO] [stdout]     [2;3mat[0m src/test.rs:253[2;3m
[INFO] [stdout] [0m    [2;3min[0m seacan::test::[1mcompile[0m [2;3mwith[0m [1mself[0m: Compiler { target_dir: None, workspace: Some("samples/hello_world"), package: Any, name: Any, test_type: Lib, features: None, is_release: false }
[INFO] [stdout] 
[INFO] [stdout] Error: 
[INFO] [stdout]    0: [91mFailed to build[0m
[INFO] [stdout]    1: [91mFailed to run cargo[0m
[INFO] [stdout]    2: [91mNo such file or directory (os error 2)[0m
[INFO] [stdout] 
[INFO] [stdout] Location:
[INFO] [stdout]    [35msrc/test.rs[0m:[35m688[0m
[INFO] [stdout] 
[INFO] [stdout]   ━━━━━━━━━━━━━━━━━━━━━━━━━━━━━━━━━━ BACKTRACE ━━━━━━━━━━━━━━━━━━━━━━━━━━━━━━━━━━━
[INFO] [stdout]   [96m                              ⋮ 5 frames hidden ⋮                               [0m
[INFO] [stdout]    6: [32m<core::result::Result<T,F> as core::ops::try_trait::FromResidual<core::result::Result<core::convert::Infallible,E>>>::from_residual[0m[90m::hd7fe02706bf4bf81[0m
[INFO] [stdout]       at [35m/rustc/1b7dd2252b99671ce5d1cb9664c5f8636329436d/library/core/src/result.rs[0m:[35m2002[0m
[INFO] [stdout]    7: [91mseacan::test::tests::test_any_name[0m[90m::h4d861d641069719a[0m
[INFO] [stdout]       at [35m/opt/rustwide/workdir/src/test.rs[0m:[35m688[0m
[INFO] [stdout]        686 │         init();
[INFO] [stdout]        687 │ 
[INFO] [stdout]   [37m[1m     688[0m [37m[1m>[0m [37m[1m        let mut artifacts = Compiler::new(NameSpec::Any, TypeSpec::Lib)[0m
[INFO] [stdout]        689 │             .workspace("samples/hello_world")
[INFO] [stdout]        690 │             .compile()?;
[INFO] [stdout]    8: [91mseacan::test::tests::test_any_name::{{closure}}[0m[90m::hc55484338f72bb66[0m
[INFO] [stdout]       at [35m/opt/rustwide/workdir/src/test.rs[0m:[35m685[0m
[INFO] [stdout]        683 │ 
[INFO] [stdout]        684 │     #[test]
[INFO] [stdout]   [37m[1m     685[0m [37m[1m>[0m [37m[1m    fn test_any_name() -> Result {[0m
[INFO] [stdout]        686 │         init();
[INFO] [stdout]        687 │ 
[INFO] [stdout]    9: [32mcore::ops::function::FnOnce::call_once[0m[90m::hb0b6ffe71a62cb47[0m
[INFO] [stdout]       at [35m/rustc/1b7dd2252b99671ce5d1cb9664c5f8636329436d/library/core/src/ops/function.rs[0m:[35m250[0m
[INFO] [stdout]   10: [32mcore::ops::function::FnOnce::call_once[0m[90m::ha6a70e79f7481a7e[0m
[INFO] [stdout]       at [35m/rustc/1b7dd2252b99671ce5d1cb9664c5f8636329436d/library/core/src/ops/function.rs[0m:[35m250[0m
[INFO] [stdout]   11: [32mtest::__rust_begin_short_backtrace[0m[90m::hce33033019b61e69[0m
[INFO] [stdout]       at [35m/rustc/1b7dd2252b99671ce5d1cb9664c5f8636329436d/library/test/src/lib.rs[0m:[35m655[0m
[INFO] [stdout]   12: [32mtest::run_test::{{closure}}[0m[90m::h858d3528838ae3e5[0m
[INFO] [stdout]       at [35m/rustc/1b7dd2252b99671ce5d1cb9664c5f8636329436d/library/test/src/lib.rs[0m:[35m646[0m
[INFO] [stdout]   13: [32mcore::ops::function::FnOnce::call_once{{vtable.shim}}[0m[90m::he8ac2b00f01ae79e[0m
[INFO] [stdout]       at [35m/rustc/1b7dd2252b99671ce5d1cb9664c5f8636329436d/library/core/src/ops/function.rs[0m:[35m250[0m
[INFO] [stdout]   14: [32m<alloc::boxed::Box<F,A> as core::ops::function::FnOnce<Args>>::call_once[0m[90m::h8093d25b522725ef[0m
[INFO] [stdout]       at [35m/rustc/1b7dd2252b99671ce5d1cb9664c5f8636329436d/library/alloc/src/boxed.rs[0m:[35m1973[0m
[INFO] [stdout]   15: [32m<core::panic::unwind_safe::AssertUnwindSafe<F> as core::ops::function::FnOnce<()>>::call_once[0m[90m::h5c334c204e4a3913[0m
[INFO] [stdout]       at [35m/rustc/1b7dd2252b99671ce5d1cb9664c5f8636329436d/library/core/src/panic/unwind_safe.rs[0m:[35m271[0m
[INFO] [stdout]   16: [32mstd::panicking::try::do_call[0m[90m::ha8b740c7b9478074[0m
[INFO] [stdout]       at [35m/rustc/1b7dd2252b99671ce5d1cb9664c5f8636329436d/library/std/src/panicking.rs[0m:[35m485[0m
[INFO] [stdout]   17: [32mstd::panicking::try[0m[90m::h5d34f63d0e41b64e[0m
[INFO] [stdout]       at [35m/rustc/1b7dd2252b99671ce5d1cb9664c5f8636329436d/library/std/src/panicking.rs[0m:[35m449[0m
[INFO] [stdout]   18: [32mstd::panic::catch_unwind[0m[90m::hcfbb511e1aa7fc67[0m
[INFO] [stdout]       at [35m/rustc/1b7dd2252b99671ce5d1cb9664c5f8636329436d/library/std/src/panic.rs[0m:[35m140[0m
[INFO] [stdout]   19: [32mtest::run_test_in_process[0m[90m::h9abda90f802eaf21[0m
[INFO] [stdout]       at [35m/rustc/1b7dd2252b99671ce5d1cb9664c5f8636329436d/library/test/src/lib.rs[0m:[35m678[0m
[INFO] [stdout]   [96m                              ⋮ 14 frames hidden ⋮                              [0m
[INFO] [stdout] 
[INFO] [stdout] Run with COLORBT_SHOW_HIDDEN=1 environment variable to disable frame filtering.
[INFO] [stdout] 
[INFO] [stdout] ---- test::tests::test_no_default_features stdout ----
[INFO] [stdout]   [2mApr 30 05:44:04.233[0m [31mERROR[0m [1;31mseacan::test[0m[31m: [1;31merror[0m[31m: Failed to run cargo[0m
[INFO] [stdout]     [2;3mat[0m src/test.rs:297[2;3m
[INFO] [stdout] [0m    [2;3min[0m seacan::test::[1martifacts_ignoring_name[0m [2;3mwith[0m [1mself[0m: Compiler { target_dir: None, workspace: Some("samples/hello_world"), package: Any, name: Exact("test_default_feature"), test_type: Lib, features: Some(FeatureSpec(Subset { include_default: false, features: [] })), is_release: false }
[INFO] [stdout]     [2;3min[0m seacan::test::[1mcompile[0m [2;3mwith[0m [1mself[0m: Compiler { target_dir: None, workspace: Some("samples/hello_world"), package: Any, name: Exact("test_default_feature"), test_type: Lib, features: Some(FeatureSpec(Subset { include_default: false, features: [] })), is_release: false }
[INFO] [stdout] 
[INFO] [stdout]   [2mApr 30 05:44:04.239[0m [31mERROR[0m [1;31mseacan::test[0m[31m: [1;31merror[0m[31m: Failed to build[0m
[INFO] [stdout]     [2;3mat[0m src/test.rs:253[2;3m
[INFO] [stdout] [0m    [2;3min[0m seacan::test::[1mcompile[0m [2;3mwith[0m [1mself[0m: Compiler { target_dir: None, workspace: Some("samples/hello_world"), package: Any, name: Exact("test_default_feature"), test_type: Lib, features: Some(FeatureSpec(Subset { include_default: false, features: [] })), is_release: false }
[INFO] [stdout] 
[INFO] [stdout] Error: 
[INFO] [stdout]    0: [91mFailed to build[0m
[INFO] [stdout]    1: [91mFailed to run cargo[0m
[INFO] [stdout]    2: [91mNo such file or directory (os error 2)[0m
[INFO] [stdout] 
[INFO] [stdout] Location:
[INFO] [stdout]    [35msrc/test.rs[0m:[35m453[0m
[INFO] [stdout] 
[INFO] [stdout]   ━━━━━━━━━━━━━━━━━━━━━━━━━━━━━━━━━━ BACKTRACE ━━━━━━━━━━━━━━━━━━━━━━━━━━━━━━━━━━━
[INFO] [stdout]   [96m                              ⋮ 5 frames hidden ⋮                               [0m
[INFO] [stdout]    6: [32m<core::result::Result<T,F> as core::ops::try_trait::FromResidual<core::result::Result<core::convert::Infallible,E>>>::from_residual[0m[90m::hd7fe02706bf4bf81[0m
[INFO] [stdout]       at [35m/rustc/1b7dd2252b99671ce5d1cb9664c5f8636329436d/library/core/src/result.rs[0m:[35m2002[0m
[INFO] [stdout]    7: [91mseacan::test::tests::test_no_default_features[0m[90m::hc73b2a4b0eca2466[0m
[INFO] [stdout]       at [35m/opt/rustwide/workdir/src/test.rs[0m:[35m453[0m
[INFO] [stdout]        451 │     fn test_no_default_features() -> Result {
[INFO] [stdout]        452 │         init();
[INFO] [stdout]   [37m[1m     453[0m [37m[1m>[0m [37m[1m        let mut artifacts = Compiler::new(NameSpec::exact("test_default_feature"), TypeSpec::Lib)[0m
[INFO] [stdout]        454 │             .workspace("samples/hello_world")
[INFO] [stdout]        455 │             .features(FeatureSpec::none())
[INFO] [stdout]    8: [91mseacan::test::tests::test_no_default_features::{{closure}}[0m[90m::h67bb1759e824faa7[0m
[INFO] [stdout]       at [35m/opt/rustwide/workdir/src/test.rs[0m:[35m451[0m
[INFO] [stdout]        449 │ 
[INFO] [stdout]        450 │     #[test]
[INFO] [stdout]   [37m[1m     451[0m [37m[1m>[0m [37m[1m    fn test_no_default_features() -> Result {[0m
[INFO] [stdout]        452 │         init();
[INFO] [stdout]        453 │         let mut artifacts = Compiler::new(NameSpec::exact("test_default_feature"), TypeSpec::Lib)
[INFO] [stdout]    9: [32mcore::ops::function::FnOnce::call_once[0m[90m::h7a9f740ab5380c87[0m
[INFO] [stdout]       at [35m/rustc/1b7dd2252b99671ce5d1cb9664c5f8636329436d/library/core/src/ops/function.rs[0m:[35m250[0m
[INFO] [stdout]   10: [32mcore::ops::function::FnOnce::call_once[0m[90m::ha6a70e79f7481a7e[0m
[INFO] [stdout]       at [35m/rustc/1b7dd2252b99671ce5d1cb9664c5f8636329436d/library/core/src/ops/function.rs[0m:[35m250[0m
[INFO] [stdout]   11: [32mtest::__rust_begin_short_backtrace[0m[90m::hce33033019b61e69[0m
[INFO] [stdout]       at [35m/rustc/1b7dd2252b99671ce5d1cb9664c5f8636329436d/library/test/src/lib.rs[0m:[35m655[0m
[INFO] [stdout]   12: [32mtest::run_test::{{closure}}[0m[90m::h858d3528838ae3e5[0m
[INFO] [stdout]       at [35m/rustc/1b7dd2252b99671ce5d1cb9664c5f8636329436d/library/test/src/lib.rs[0m:[35m646[0m
[INFO] [stdout]   13: [32mcore::ops::function::FnOnce::call_once{{vtable.shim}}[0m[90m::he8ac2b00f01ae79e[0m
[INFO] [stdout]       at [35m/rustc/1b7dd2252b99671ce5d1cb9664c5f8636329436d/library/core/src/ops/function.rs[0m:[35m250[0m
[INFO] [stdout]   14: [32m<alloc::boxed::Box<F,A> as core::ops::function::FnOnce<Args>>::call_once[0m[90m::h8093d25b522725ef[0m
[INFO] [stdout]       at [35m/rustc/1b7dd2252b99671ce5d1cb9664c5f8636329436d/library/alloc/src/boxed.rs[0m:[35m1973[0m
[INFO] [stdout]   15: [32m<core::panic::unwind_safe::AssertUnwindSafe<F> as core::ops::function::FnOnce<()>>::call_once[0m[90m::h5c334c204e4a3913[0m
[INFO] [stdout]       at [35m/rustc/1b7dd2252b99671ce5d1cb9664c5f8636329436d/library/core/src/panic/unwind_safe.rs[0m:[35m271[0m
[INFO] [stdout]   16: [32mstd::panicking::try::do_call[0m[90m::ha8b740c7b9478074[0m
[INFO] [stdout]       at [35m/rustc/1b7dd2252b99671ce5d1cb9664c5f8636329436d/library/std/src/panicking.rs[0m:[35m485[0m
[INFO] [stdout]   17: [32mstd::panicking::try[0m[90m::h5d34f63d0e41b64e[0m
[INFO] [stdout]       at [35m/rustc/1b7dd2252b99671ce5d1cb9664c5f8636329436d/library/std/src/panicking.rs[0m:[35m449[0m
[INFO] [stdout]   18: [32mstd::panic::catch_unwind[0m[90m::hcfbb511e1aa7fc67[0m
[INFO] [stdout]       at [35m/rustc/1b7dd2252b99671ce5d1cb9664c5f8636329436d/library/std/src/panic.rs[0m:[35m140[0m
[INFO] [stdout]   19: [32mtest::run_test_in_process[0m[90m::h9abda90f802eaf21[0m
[INFO] [stdout]       at [35m/rustc/1b7dd2252b99671ce5d1cb9664c5f8636329436d/library/test/src/lib.rs[0m:[35m678[0m
[INFO] [stdout]   [96m                              ⋮ 14 frames hidden ⋮                              [0m
[INFO] [stdout] 
[INFO] [stdout] Run with COLORBT_SHOW_HIDDEN=1 environment variable to disable frame filtering.
[INFO] [stdout] 
[INFO] [stdout] ---- test::tests::test_module stdout ----
[INFO] [stdout]   [2mApr 30 05:44:04.192[0m [31mERROR[0m [1;31mseacan::test[0m[31m: [1;31merror[0m[31m: Failed to run cargo[0m
[INFO] [stdout]     [2;3mat[0m src/test.rs:297[2;3m
[INFO] [stdout] [0m    [2;3min[0m seacan::test::[1martifacts_ignoring_name[0m [2;3mwith[0m [1mself[0m: Compiler { target_dir: None, workspace: Some("samples/hello_world"), package: Any, name: Substring("test_in_module"), test_type: Lib, features: None, is_release: false }
[INFO] [stdout]     [2;3min[0m seacan::test::[1mcompile[0m [2;3mwith[0m [1mself[0m: Compiler { target_dir: None, workspace: Some("samples/hello_world"), package: Any, name: Substring("test_in_module"), test_type: Lib, features: None, is_release: false }
[INFO] [stdout] 
[INFO] [stdout]   [2mApr 30 05:44:04.193[0m [31mERROR[0m [1;31mseacan::test[0m[31m: [1;31merror[0m[31m: Failed to build[0m
[INFO] [stdout]     [2;3mat[0m src/test.rs:253[2;3m
[INFO] [stdout] [0m    [2;3min[0m seacan::test::[1mcompile[0m [2;3mwith[0m [1mself[0m: Compiler { target_dir: None, workspace: Some("samples/hello_world"), package: Any, name: Substring("test_in_module"), test_type: Lib, features: None, is_release: false }
[INFO] [stdout] 
[INFO] [stdout] Error: 
[INFO] [stdout]    0: [91mFailed to build[0m
[INFO] [stdout]    1: [91mFailed to run cargo[0m
[INFO] [stdout]    2: [91mNo such file or directory (os error 2)[0m
[INFO] [stdout] 
[INFO] [stdout] Location:
[INFO] [stdout]    [35msrc/test.rs[0m:[35m613[0m
[INFO] [stdout] 
[INFO] [stdout]   ━━━━━━━━━━━━━━━━━━━━━━━━━━━━━━━━━━ BACKTRACE ━━━━━━━━━━━━━━━━━━━━━━━━━━━━━━━━━━━
[INFO] [stdout]   [96m                              ⋮ 5 frames hidden ⋮                               [0m
[INFO] [stdout]    6: [32m<core::result::Result<T,F> as core::ops::try_trait::FromResidual<core::result::Result<core::convert::Infallible,E>>>::from_residual[0m[90m::hd7fe02706bf4bf81[0m
[INFO] [stdout]       at [35m/rustc/1b7dd2252b99671ce5d1cb9664c5f8636329436d/library/core/src/result.rs[0m:[35m2002[0m
[INFO] [stdout]    7: [91mseacan::test::tests::test_module[0m[90m::ha1359277f0c47552[0m
[INFO] [stdout]       at [35m/opt/rustwide/workdir/src/test.rs[0m:[35m613[0m
[INFO] [stdout]        611 │         init();
[INFO] [stdout]        612 │ 
[INFO] [stdout]   [37m[1m     613[0m [37m[1m>[0m [37m[1m        let mut artifacts = Compiler::new(NameSpec::substring("test_in_module"), TypeSpec::Lib)[0m
[INFO] [stdout]        614 │             .workspace("samples/hello_world")
[INFO] [stdout]        615 │             .compile()?;
[INFO] [stdout]    8: [91mseacan::test::tests::test_module::{{closure}}[0m[90m::ha703e052a89b6446[0m
[INFO] [stdout]       at [35m/opt/rustwide/workdir/src/test.rs[0m:[35m610[0m
[INFO] [stdout]        608 │ 
[INFO] [stdout]        609 │     #[test]
[INFO] [stdout]   [37m[1m     610[0m [37m[1m>[0m [37m[1m    fn test_module() -> Result {[0m
[INFO] [stdout]        611 │         init();
[INFO] [stdout]        612 │ 
[INFO] [stdout]    9: [32mcore::ops::function::FnOnce::call_once[0m[90m::h0bcc6aa0bf6dfc2b[0m
[INFO] [stdout]       at [35m/rustc/1b7dd2252b99671ce5d1cb9664c5f8636329436d/library/core/src/ops/function.rs[0m:[35m250[0m
[INFO] [stdout]   10: [32mcore::ops::function::FnOnce::call_once[0m[90m::ha6a70e79f7481a7e[0m
[INFO] [stdout]       at [35m/rustc/1b7dd2252b99671ce5d1cb9664c5f8636329436d/library/core/src/ops/function.rs[0m:[35m250[0m
[INFO] [stdout]   11: [32mtest::__rust_begin_short_backtrace[0m[90m::hce33033019b61e69[0m
[INFO] [stdout]       at [35m/rustc/1b7dd2252b99671ce5d1cb9664c5f8636329436d/library/test/src/lib.rs[0m:[35m655[0m
[INFO] [stdout]   12: [32mtest::run_test::{{closure}}[0m[90m::h858d3528838ae3e5[0m
[INFO] [stdout]       at [35m/rustc/1b7dd2252b99671ce5d1cb9664c5f8636329436d/library/test/src/lib.rs[0m:[35m646[0m
[INFO] [stdout]   13: [32mcore::ops::function::FnOnce::call_once{{vtable.shim}}[0m[90m::he8ac2b00f01ae79e[0m
[INFO] [stdout]       at [35m/rustc/1b7dd2252b99671ce5d1cb9664c5f8636329436d/library/core/src/ops/function.rs[0m:[35m250[0m
[INFO] [stdout]   14: [32m<alloc::boxed::Box<F,A> as core::ops::function::FnOnce<Args>>::call_once[0m[90m::h8093d25b522725ef[0m
[INFO] [stdout]       at [35m/rustc/1b7dd2252b99671ce5d1cb9664c5f8636329436d/library/alloc/src/boxed.rs[0m:[35m1973[0m
[INFO] [stdout]   15: [32m<core::panic::unwind_safe::AssertUnwindSafe<F> as core::ops::function::FnOnce<()>>::call_once[0m[90m::h5c334c204e4a3913[0m
[INFO] [stdout]       at [35m/rustc/1b7dd2252b99671ce5d1cb9664c5f8636329436d/library/core/src/panic/unwind_safe.rs[0m:[35m271[0m
[INFO] [stdout]   16: [32mstd::panicking::try::do_call[0m[90m::ha8b740c7b9478074[0m
[INFO] [stdout]       at [35m/rustc/1b7dd2252b99671ce5d1cb9664c5f8636329436d/library/std/src/panicking.rs[0m:[35m485[0m
[INFO] [stdout]   17: [32mstd::panicking::try[0m[90m::h5d34f63d0e41b64e[0m
[INFO] [stdout]       at [35m/rustc/1b7dd2252b99671ce5d1cb9664c5f8636329436d/library/std/src/panicking.rs[0m:[35m449[0m
[INFO] [stdout]   18: [32mstd::panic::catch_unwind[0m[90m::hcfbb511e1aa7fc67[0m
[INFO] [stdout]       at [35m/rustc/1b7dd2252b99671ce5d1cb9664c5f8636329436d/library/std/src/panic.rs[0m:[35m140[0m
[INFO] [stdout]   19: [32mtest::run_test_in_process[0m[90m::h9abda90f802eaf21[0m
[INFO] [stdout]       at [35m/rustc/1b7dd2252b99671ce5d1cb9664c5f8636329436d/library/test/src/lib.rs[0m:[35m678[0m
[INFO] [stdout]   [96m                              ⋮ 14 frames hidden ⋮                              [0m
[INFO] [stdout] 
[INFO] [stdout] Run with COLORBT_SHOW_HIDDEN=1 environment variable to disable frame filtering.
[INFO] [stdout] 
[INFO] [stdout] ---- test::tests::test_partial_name stdout ----
[INFO] [stdout]   [2mApr 30 05:44:04.240[0m [31mERROR[0m [1;31mseacan::test[0m[31m: [1;31merror[0m[31m: Failed to run cargo[0m
[INFO] [stdout]     [2;3mat[0m src/test.rs:297[2;3m
[INFO] [stdout] [0m    [2;3min[0m seacan::test::[1martifacts_ignoring_name[0m [2;3mwith[0m [1mself[0m: Compiler { target_dir: None, workspace: Some("samples/hello_world"), package: Any, name: Substring("in_lib_1"), test_type: Lib, features: None, is_release: false }
[INFO] [stdout]     [2;3min[0m seacan::test::[1mcompile[0m [2;3mwith[0m [1mself[0m: Compiler { target_dir: None, workspace: Some("samples/hello_world"), package: Any, name: Substring("in_lib_1"), test_type: Lib, features: None, is_release: false }
[INFO] [stdout] 
[INFO] [stdout]   [2mApr 30 05:44:04.240[0m [31mERROR[0m [1;31mseacan::test[0m[31m: [1;31merror[0m[31m: Failed to build[0m
[INFO] [stdout]     [2;3mat[0m src/test.rs:253[2;3m
[INFO] [stdout] [0m    [2;3min[0m seacan::test::[1mcompile[0m [2;3mwith[0m [1mself[0m: Compiler { target_dir: None, workspace: Some("samples/hello_world"), package: Any, name: Substring("in_lib_1"), test_type: Lib, features: None, is_release: false }
[INFO] [stdout] 
[INFO] [stdout] Error: 
[INFO] [stdout]    0: [91mFailed to build[0m
[INFO] [stdout]    1: [91mFailed to run cargo[0m
[INFO] [stdout]    2: [91mNo such file or directory (os error 2)[0m
[INFO] [stdout] 
[INFO] [stdout] Location:
[INFO] [stdout]    [35msrc/test.rs[0m:[35m652[0m
[INFO] [stdout] 
[INFO] [stdout]   ━━━━━━━━━━━━━━━━━━━━━━━━━━━━━━━━━━ BACKTRACE ━━━━━━━━━━━━━━━━━━━━━━━━━━━━━━━━━━━
[INFO] [stdout]   [96m                              ⋮ 5 frames hidden ⋮                               [0m
[INFO] [stdout]    6: [32m<core::result::Result<T,F> as core::ops::try_trait::FromResidual<core::result::Result<core::convert::Infallible,E>>>::from_residual[0m[90m::hd7fe02706bf4bf81[0m
[INFO] [stdout]       at [35m/rustc/1b7dd2252b99671ce5d1cb9664c5f8636329436d/library/core/src/result.rs[0m:[35m2002[0m
[INFO] [stdout]    7: [91mseacan::test::tests::test_partial_name[0m[90m::he45d304bc267ea11[0m
[INFO] [stdout]       at [35m/opt/rustwide/workdir/src/test.rs[0m:[35m652[0m
[INFO] [stdout]        650 │         init();
[INFO] [stdout]        651 │ 
[INFO] [stdout]   [37m[1m     652[0m [37m[1m>[0m [37m[1m        let mut artifacts = Compiler::new(NameSpec::substring("in_lib_1"), TypeSpec::Lib)[0m
[INFO] [stdout]        653 │             .workspace("samples/hello_world")
[INFO] [stdout]        654 │             .compile()?;
[INFO] [stdout]    8: [91mseacan::test::tests::test_partial_name::{{closure}}[0m[90m::h22080bc472a870aa[0m
[INFO] [stdout]       at [35m/opt/rustwide/workdir/src/test.rs[0m:[35m649[0m
[INFO] [stdout]        647 │ 
[INFO] [stdout]        648 │     #[test]
[INFO] [stdout]   [37m[1m     649[0m [37m[1m>[0m [37m[1m    fn test_partial_name() -> Result {[0m
[INFO] [stdout]        650 │         init();
[INFO] [stdout]        651 │ 
[INFO] [stdout]    9: [32mcore::ops::function::FnOnce::call_once[0m[90m::h1f643f5614f34bff[0m
[INFO] [stdout]       at [35m/rustc/1b7dd2252b99671ce5d1cb9664c5f8636329436d/library/core/src/ops/function.rs[0m:[35m250[0m
[INFO] [stdout]   10: [32mcore::ops::function::FnOnce::call_once[0m[90m::ha6a70e79f7481a7e[0m
[INFO] [stdout]       at [35m/rustc/1b7dd2252b99671ce5d1cb9664c5f8636329436d/library/core/src/ops/function.rs[0m:[35m250[0m
[INFO] [stdout]   11: [32mtest::__rust_begin_short_backtrace[0m[90m::hce33033019b61e69[0m
[INFO] [stdout]       at [35m/rustc/1b7dd2252b99671ce5d1cb9664c5f8636329436d/library/test/src/lib.rs[0m:[35m655[0m
[INFO] [stdout]   12: [32mtest::run_test::{{closure}}[0m[90m::h858d3528838ae3e5[0m
[INFO] [stdout]       at [35m/rustc/1b7dd2252b99671ce5d1cb9664c5f8636329436d/library/test/src/lib.rs[0m:[35m646[0m
[INFO] [stdout]   13: [32mcore::ops::function::FnOnce::call_once{{vtable.shim}}[0m[90m::he8ac2b00f01ae79e[0m
[INFO] [stdout]       at [35m/rustc/1b7dd2252b99671ce5d1cb9664c5f8636329436d/library/core/src/ops/function.rs[0m:[35m250[0m
[INFO] [stdout]   14: [32m<alloc::boxed::Box<F,A> as core::ops::function::FnOnce<Args>>::call_once[0m[90m::h8093d25b522725ef[0m
[INFO] [stdout]       at [35m/rustc/1b7dd2252b99671ce5d1cb9664c5f8636329436d/library/alloc/src/boxed.rs[0m:[35m1973[0m
[INFO] [stdout]   15: [32m<core::panic::unwind_safe::AssertUnwindSafe<F> as core::ops::function::FnOnce<()>>::call_once[0m[90m::h5c334c204e4a3913[0m
[INFO] [stdout]       at [35m/rustc/1b7dd2252b99671ce5d1cb9664c5f8636329436d/library/core/src/panic/unwind_safe.rs[0m:[35m271[0m
[INFO] [stdout]   16: [32mstd::panicking::try::do_call[0m[90m::ha8b740c7b9478074[0m
[INFO] [stdout]       at [35m/rustc/1b7dd2252b99671ce5d1cb9664c5f8636329436d/library/std/src/panicking.rs[0m:[35m485[0m
[INFO] [stdout]   17: [32mstd::panicking::try[0m[90m::h5d34f63d0e41b64e[0m
[INFO] [stdout]       at [35m/rustc/1b7dd2252b99671ce5d1cb9664c5f8636329436d/library/std/src/panicking.rs[0m:[35m449[0m
[INFO] [stdout]   18: [32mstd::panic::catch_unwind[0m[90m::hcfbb511e1aa7fc67[0m
[INFO] [stdout]       at [35m/rustc/1b7dd2252b99671ce5d1cb9664c5f8636329436d/library/std/src/panic.rs[0m:[35m140[0m
[INFO] [stdout]   19: [32mtest::run_test_in_process[0m[90m::h9abda90f802eaf21[0m
[INFO] [stdout]       at [35m/rustc/1b7dd2252b99671ce5d1cb9664c5f8636329436d/library/test/src/lib.rs[0m:[35m678[0m
[INFO] [stdout]   [96m                              ⋮ 14 frames hidden ⋮                              [0m
[INFO] [stdout] 
[INFO] [stdout] Run with COLORBT_SHOW_HIDDEN=1 environment variable to disable frame filtering.
[INFO] [stdout] 
[INFO] [stdout] ---- test::tests::test_integration stdout ----
[INFO] [stdout]   [2mApr 30 05:44:04.196[0m [31mERROR[0m [1;31mseacan::test[0m[31m: [1;31merror[0m[31m: Failed to run cargo[0m
[INFO] [stdout]     [2;3mat[0m src/test.rs:297[2;3m
[INFO] [stdout] [0m    [2;3min[0m seacan::test::[1martifacts_ignoring_name[0m [2;3mwith[0m [1mself[0m: Compiler { target_dir: None, workspace: Some("samples/hello_world"), package: Any, name: Substring("integration_tests_1_test"), test_type: Integration("integration_tests_1"), features: None, is_release: false }
[INFO] [stdout]     [2;3min[0m seacan::test::[1mcompile[0m [2;3mwith[0m [1mself[0m: Compiler { target_dir: None, workspace: Some("samples/hello_world"), package: Any, name: Substring("integration_tests_1_test"), test_type: Integration("integration_tests_1"), features: None, is_release: false }
[INFO] [stdout] 
[INFO] [stdout]   [2mApr 30 05:44:04.196[0m [31mERROR[0m [1;31mseacan::test[0m[31m: [1;31merror[0m[31m: Failed to build[0m
[INFO] [stdout]     [2;3mat[0m src/test.rs:253[2;3m
[INFO] [stdout] [0m    [2;3min[0m seacan::test::[1mcompile[0m [2;3mwith[0m [1mself[0m: Compiler { target_dir: None, workspace: Some("samples/hello_world"), package: Any, name: Substring("integration_tests_1_test"), test_type: Integration("integration_tests_1"), features: None, is_release: false }
[INFO] [stdout] 
[INFO] [stdout] Error: 
[INFO] [stdout]    0: [91mFailed to build[0m
[INFO] [stdout]    1: [91mFailed to run cargo[0m
[INFO] [stdout]    2: [91mNo such file or directory (os error 2)[0m
[INFO] [stdout] 
[INFO] [stdout] Location:
[INFO] [stdout]    [35msrc/test.rs[0m:[35m631[0m
[INFO] [stdout] 
[INFO] [stdout]   ━━━━━━━━━━━━━━━━━━━━━━━━━━━━━━━━━━ BACKTRACE ━━━━━━━━━━━━━━━━━━━━━━━━━━━━━━━━━━━
[INFO] [stdout]   [96m                              ⋮ 5 frames hidden ⋮                               [0m
[INFO] [stdout]    6: [32m<core::result::Result<T,F> as core::ops::try_trait::FromResidual<core::result::Result<core::convert::Infallible,E>>>::from_residual[0m[90m::hd7fe02706bf4bf81[0m
[INFO] [stdout]       at [35m/rustc/1b7dd2252b99671ce5d1cb9664c5f8636329436d/library/core/src/result.rs[0m:[35m2002[0m
[INFO] [stdout]    7: [91mseacan::test::tests::test_integration[0m[90m::h1e95469f9d354859[0m
[INFO] [stdout]       at [35m/opt/rustwide/workdir/src/test.rs[0m:[35m631[0m
[INFO] [stdout]        629 │         init();
[INFO] [stdout]        630 │ 
[INFO] [stdout]   [37m[1m     631[0m [37m[1m>[0m [37m[1m        let mut artifacts = Compiler::new([0m
[INFO] [stdout]        632 │             NameSpec::substring("integration_tests_1_test"),
[INFO] [stdout]        633 │             TypeSpec::integration("integration_tests_1"),
[INFO] [stdout]    8: [91mseacan::test::tests::test_integration::{{closure}}[0m[90m::h87ce080db417e74c[0m
[INFO] [stdout]       at [35m/opt/rustwide/workdir/src/test.rs[0m:[35m628[0m
[INFO] [stdout]        626 │ 
[INFO] [stdout]        627 │     #[test]
[INFO] [stdout]   [37m[1m     628[0m [37m[1m>[0m [37m[1m    fn test_integration() -> Result {[0m
[INFO] [stdout]        629 │         init();
[INFO] [stdout]        630 │ 
[INFO] [stdout]    9: [32mcore::ops::function::FnOnce::call_once[0m[90m::hd479d293ba6ef92a[0m
[INFO] [stdout]       at [35m/rustc/1b7dd2252b99671ce5d1cb9664c5f8636329436d/library/core/src/ops/function.rs[0m:[35m250[0m
[INFO] [stdout]   10: [32mcore::ops::function::FnOnce::call_once[0m[90m::ha6a70e79f7481a7e[0m
[INFO] [stdout]       at [35m/rustc/1b7dd2252b99671ce5d1cb9664c5f8636329436d/library/core/src/ops/function.rs[0m:[35m250[0m
[INFO] [stdout]   11: [32mtest::__rust_begin_short_backtrace[0m[90m::hce33033019b61e69[0m
[INFO] [stdout]       at [35m/rustc/1b7dd2252b99671ce5d1cb9664c5f8636329436d/library/test/src/lib.rs[0m:[35m655[0m
[INFO] [stdout]   12: [32mtest::run_test::{{closure}}[0m[90m::h858d3528838ae3e5[0m
[INFO] [stdout]       at [35m/rustc/1b7dd2252b99671ce5d1cb9664c5f8636329436d/library/test/src/lib.rs[0m:[35m646[0m
[INFO] [stdout]   13: [32mcore::ops::function::FnOnce::call_once{{vtable.shim}}[0m[90m::he8ac2b00f01ae79e[0m
[INFO] [stdout]       at [35m/rustc/1b7dd2252b99671ce5d1cb9664c5f8636329436d/library/core/src/ops/function.rs[0m:[35m250[0m
[INFO] [stdout]   14: [32m<alloc::boxed::Box<F,A> as core::ops::function::FnOnce<Args>>::call_once[0m[90m::h8093d25b522725ef[0m
[INFO] [stdout]       at [35m/rustc/1b7dd2252b99671ce5d1cb9664c5f8636329436d/library/alloc/src/boxed.rs[0m:[35m1973[0m
[INFO] [stdout]   15: [32m<core::panic::unwind_safe::AssertUnwindSafe<F> as core::ops::function::FnOnce<()>>::call_once[0m[90m::h5c334c204e4a3913[0m
[INFO] [stdout]       at [35m/rustc/1b7dd2252b99671ce5d1cb9664c5f8636329436d/library/core/src/panic/unwind_safe.rs[0m:[35m271[0m
[INFO] [stdout]   16: [32mstd::panicking::try::do_call[0m[90m::ha8b740c7b9478074[0m
[INFO] [stdout]       at [35m/rustc/1b7dd2252b99671ce5d1cb9664c5f8636329436d/library/std/src/panicking.rs[0m:[35m485[0m
[INFO] [stdout]   17: [32mstd::panicking::try[0m[90m::h5d34f63d0e41b64e[0m
[INFO] [stdout]       at [35m/rustc/1b7dd2252b99671ce5d1cb9664c5f8636329436d/library/std/src/panicking.rs[0m:[35m449[0m
[INFO] [stdout]   18: [32mstd::panic::catch_unwind[0m[90m::hcfbb511e1aa7fc67[0m
[INFO] [stdout]       at [35m/rustc/1b7dd2252b99671ce5d1cb9664c5f8636329436d/library/std/src/panic.rs[0m:[35m140[0m
[INFO] [stdout]   19: [32mtest::run_test_in_process[0m[90m::h9abda90f802eaf21[0m
[INFO] [stdout]       at [35m/rustc/1b7dd2252b99671ce5d1cb9664c5f8636329436d/library/test/src/lib.rs[0m:[35m678[0m
[INFO] [stdout]   [96m                              ⋮ 14 frames hidden ⋮                              [0m
[INFO] [stdout] 
[INFO] [stdout] Run with COLORBT_SHOW_HIDDEN=1 environment variable to disable frame filtering.
[INFO] [stdout] 
[INFO] [stdout] ---- test::tests::test_release_false stdout ----
[INFO] [stdout]   [2mApr 30 05:44:04.252[0m [31mERROR[0m [1;31mseacan::test[0m[31m: [1;31merror[0m[31m: Failed to run cargo[0m
[INFO] [stdout]     [2;3mat[0m src/test.rs:297[2;3m
[INFO] [stdout] [0m    [2;3min[0m seacan::test::[1martifacts_ignoring_name[0m [2;3mwith[0m [1mself[0m: Compiler { target_dir: None, workspace: Some("samples/hello_world"), package: Any, name: Any, test_type: Bin("hello_world"), features: None, is_release: false }
[INFO] [stdout]     [2;3min[0m seacan::test::[1mcompile[0m [2;3mwith[0m [1mself[0m: Compiler { target_dir: None, workspace: Some("samples/hello_world"), package: Any, name: Any, test_type: Bin("hello_world"), features: None, is_release: false }
[INFO] [stdout] 
[INFO] [stdout]   [2mApr 30 05:44:04.252[0m [31mERROR[0m [1;31mseacan::test[0m[31m: [1;31merror[0m[31m: Failed to build[0m
[INFO] [stdout]     [2;3mat[0m src/test.rs:253[2;3m
[INFO] [stdout] [0m    [2;3min[0m seacan::test::[1mcompile[0m [2;3mwith[0m [1mself[0m: Compiler { target_dir: None, workspace: Some("samples/hello_world"), package: Any, name: Any, test_type: Bin("hello_world"), features: None, is_release: false }
[INFO] [stdout] 
[INFO] [stdout] Error: 
[INFO] [stdout]    0: [91mFailed to build[0m
[INFO] [stdout]    1: [91mFailed to run cargo[0m
[INFO] [stdout]    2: [91mNo such file or directory (os error 2)[0m
[INFO] [stdout] 
[INFO] [stdout] Location:
[INFO] [stdout]    [35msrc/test.rs[0m:[35m466[0m
[INFO] [stdout] 
[INFO] [stdout]   ━━━━━━━━━━━━━━━━━━━━━━━━━━━━━━━━━━ BACKTRACE ━━━━━━━━━━━━━━━━━━━━━━━━━━━━━━━━━━━
[INFO] [stdout]   [96m                              ⋮ 5 frames hidden ⋮                               [0m
[INFO] [stdout]    6: [32m<core::result::Result<T,F> as core::ops::try_trait::FromResidual<core::result::Result<core::convert::Infallible,E>>>::from_residual[0m[90m::hd7fe02706bf4bf81[0m
[INFO] [stdout]       at [35m/rustc/1b7dd2252b99671ce5d1cb9664c5f8636329436d/library/core/src/result.rs[0m:[35m2002[0m
[INFO] [stdout]    7: [91mseacan::test::tests::test_release_false[0m[90m::hdf4b41d1f57b6b8e[0m
[INFO] [stdout]       at [35m/opt/rustwide/workdir/src/test.rs[0m:[35m466[0m
[INFO] [stdout]        464 │     fn test_release_false() -> Result {
[INFO] [stdout]        465 │         init();
[INFO] [stdout]   [37m[1m     466[0m [37m[1m>[0m [37m[1m        let artifact = Compiler::new(NameSpec::Any, TypeSpec::bin("hello_world"))[0m
[INFO] [stdout]        467 │             .workspace("samples/hello_world")
[INFO] [stdout]        468 │             .release(false)
[INFO] [stdout]    8: [91mseacan::test::tests::test_release_false::{{closure}}[0m[90m::h4cdbaa122b93d34c[0m
[INFO] [stdout]       at [35m/opt/rustwide/workdir/src/test.rs[0m:[35m464[0m
[INFO] [stdout]        462 │ 
[INFO] [stdout]        463 │     #[test]
[INFO] [stdout]   [37m[1m     464[0m [37m[1m>[0m [37m[1m    fn test_release_false() -> Result {[0m
[INFO] [stdout]        465 │         init();
[INFO] [stdout]        466 │         let artifact = Compiler::new(NameSpec::Any, TypeSpec::bin("hello_world"))
[INFO] [stdout]    9: [32mcore::ops::function::FnOnce::call_once[0m[90m::he319b031a69866eb[0m
[INFO] [stdout]       at [35m/rustc/1b7dd2252b99671ce5d1cb9664c5f8636329436d/library/core/src/ops/function.rs[0m:[35m250[0m
[INFO] [stdout]   10: [32mcore::ops::function::FnOnce::call_once[0m[90m::ha6a70e79f7481a7e[0m
[INFO] [stdout]       at [35m/rustc/1b7dd2252b99671ce5d1cb9664c5f8636329436d/library/core/src/ops/function.rs[0m:[35m250[0m
[INFO] [stdout]   11: [32mtest::__rust_begin_short_backtrace[0m[90m::hce33033019b61e69[0m
[INFO] [stdout]       at [35m/rustc/1b7dd2252b99671ce5d1cb9664c5f8636329436d/library/test/src/lib.rs[0m:[35m655[0m
[INFO] [stdout]   12: [32mtest::run_test::{{closure}}[0m[90m::h858d3528838ae3e5[0m
[INFO] [stdout]       at [35m/rustc/1b7dd2252b99671ce5d1cb9664c5f8636329436d/library/test/src/lib.rs[0m:[35m646[0m
[INFO] [stdout]   13: [32mcore::ops::function::FnOnce::call_once{{vtable.shim}}[0m[90m::he8ac2b00f01ae79e[0m
[INFO] [stdout]       at [35m/rustc/1b7dd2252b99671ce5d1cb9664c5f8636329436d/library/core/src/ops/function.rs[0m:[35m250[0m
[INFO] [stdout]   14: [32m<alloc::boxed::Box<F,A> as core::ops::function::FnOnce<Args>>::call_once[0m[90m::h8093d25b522725ef[0m
[INFO] [stdout]       at [35m/rustc/1b7dd2252b99671ce5d1cb9664c5f8636329436d/library/alloc/src/boxed.rs[0m:[35m1973[0m
[INFO] [stdout]   15: [32m<core::panic::unwind_safe::AssertUnwindSafe<F> as core::ops::function::FnOnce<()>>::call_once[0m[90m::h5c334c204e4a3913[0m
[INFO] [stdout]       at [35m/rustc/1b7dd2252b99671ce5d1cb9664c5f8636329436d/library/core/src/panic/unwind_safe.rs[0m:[35m271[0m
[INFO] [stdout]   16: [32mstd::panicking::try::do_call[0m[90m::ha8b740c7b9478074[0m
[INFO] [stdout]       at [35m/rustc/1b7dd2252b99671ce5d1cb9664c5f8636329436d/library/std/src/panicking.rs[0m:[35m485[0m
[INFO] [stdout]   17: [32mstd::panicking::try[0m[90m::h5d34f63d0e41b64e[0m
[INFO] [stdout]       at [35m/rustc/1b7dd2252b99671ce5d1cb9664c5f8636329436d/library/std/src/panicking.rs[0m:[35m449[0m
[INFO] [stdout]   18: [32mstd::panic::catch_unwind[0m[90m::hcfbb511e1aa7fc67[0m
[INFO] [stdout]       at [35m/rustc/1b7dd2252b99671ce5d1cb9664c5f8636329436d/library/std/src/panic.rs[0m:[35m140[0m
[INFO] [stdout]   19: [32mtest::run_test_in_process[0m[90m::h9abda90f802eaf21[0m
[INFO] [stdout]       at [35m/rustc/1b7dd2252b99671ce5d1cb9664c5f8636329436d/library/test/src/lib.rs[0m:[35m678[0m
[INFO] [stdout]   [96m                              ⋮ 14 frames hidden ⋮                              [0m
[INFO] [stdout] 
[INFO] [stdout] Run with COLORBT_SHOW_HIDDEN=1 environment variable to disable frame filtering.
[INFO] [stdout] 
[INFO] [stdout] ---- bin::tests::test_example_nonexistent stdout ----
[INFO] [stdout]   [2mApr 30 05:44:03.660[0m [31mERROR[0m [1;31mseacan::bin[0m[31m: [1;31merror[0m[31m: Failed to run cargo[0m
[INFO] [stdout]     [2;3mat[0m src/bin.rs:122[2;3m
[INFO] [stdout] [0m    [2;3min[0m seacan::bin::[1mcompile[0m [2;3mwith[0m [1mself[0m: Compiler { workspace: Some("samples/hello_world"), package: Any, name: "example_does_not_exist", is_example: true, target_dir: None, features: None, is_release: false }
[INFO] [stdout] 
[INFO] [stdout] [31mThe application panicked (crashed).[0m
[INFO] [stdout] Message:  [36massertion failed: matches!(result, Err(BuildError :: NotFound(_)))[0m
[INFO] [stdout] Location: [35msrc/bin.rs[0m:[35m324[0m
[INFO] [stdout] 
[INFO] [stdout]   ━━━━━━━━━━━━━━━━━━━━━━━━━━━━━━━━━━ BACKTRACE ━━━━━━━━━━━━━━━━━━━━━━━━━━━━━━━━━━━
[INFO] [stdout]   [96m                              ⋮ 8 frames hidden ⋮                               [0m
[INFO] [stdout]    9: [32mcore::panicking::panic[0m[90m::h3f9042d09bd0bf2e[0m
[INFO] [stdout]       at [35m/rustc/1b7dd2252b99671ce5d1cb9664c5f8636329436d/library/core/src/panicking.rs[0m:[35m117[0m
[INFO] [stdout]   10: [91mseacan::bin::tests::test_example_nonexistent[0m[90m::h540abb355bb0d967[0m
[INFO] [stdout]       at [35m/opt/rustwide/workdir/src/bin.rs[0m:[35m324[0m
[INFO] [stdout]        322 │             .workspace("samples/hello_world")
[INFO] [stdout]        323 │             .compile();
[INFO] [stdout]   [37m[1m     324[0m [37m[1m>[0m [37m[1m        assert!(matches!(result, Err(BuildError::NotFound(_))));[0m
[INFO] [stdout]        325 │     }
[INFO] [stdout]        326 │ 
[INFO] [stdout]   11: [91mseacan::bin::tests::test_example_nonexistent::{{closure}}[0m[90m::h9e636173ee8a031e[0m
[INFO] [stdout]       at [35m/opt/rustwide/workdir/src/bin.rs[0m:[35m319[0m
[INFO] [stdout]        317 │ 
[INFO] [stdout]        318 │     #[test]
[INFO] [stdout]   [37m[1m     319[0m [37m[1m>[0m [37m[1m    fn test_example_nonexistent() {[0m
[INFO] [stdout]        320 │         init();
[INFO] [stdout]        321 │         let result = Compiler::example("example_does_not_exist")
[INFO] [stdout]   12: [32mcore::ops::function::FnOnce::call_once[0m[90m::hf71a83eeb9a6eb71[0m
[INFO] [stdout]       at [35m/rustc/1b7dd2252b99671ce5d1cb9664c5f8636329436d/library/core/src/ops/function.rs[0m:[35m250[0m
[INFO] [stdout]   13: [32mcore::ops::function::FnOnce::call_once[0m[90m::ha6a70e79f7481a7e[0m
[INFO] [stdout]       at [35m/rustc/1b7dd2252b99671ce5d1cb9664c5f8636329436d/library/core/src/ops/function.rs[0m:[35m250[0m
[INFO] [stdout]   14: [32mtest::__rust_begin_short_backtrace[0m[90m::hce33033019b61e69[0m
[INFO] [stdout]       at [35m/rustc/1b7dd2252b99671ce5d1cb9664c5f8636329436d/library/test/src/lib.rs[0m:[35m655[0m
[INFO] [stdout]   15: [32mtest::run_test::{{closure}}[0m[90m::h858d3528838ae3e5[0m
[INFO] [stdout]       at [35m/rustc/1b7dd2252b99671ce5d1cb9664c5f8636329436d/library/test/src/lib.rs[0m:[35m646[0m
[INFO] [stdout]   16: [32mcore::ops::function::FnOnce::call_once{{vtable.shim}}[0m[90m::he8ac2b00f01ae79e[0m
[INFO] [stdout]       at [35m/rustc/1b7dd2252b99671ce5d1cb9664c5f8636329436d/library/core/src/ops/function.rs[0m:[35m250[0m
[INFO] [stdout]   17: [32m<alloc::boxed::Box<F,A> as core::ops::function::FnOnce<Args>>::call_once[0m[90m::h8093d25b522725ef[0m
[INFO] [stdout]       at [35m/rustc/1b7dd2252b99671ce5d1cb9664c5f8636329436d/library/alloc/src/boxed.rs[0m:[35m1973[0m
[INFO] [stdout]   18: [32m<core::panic::unwind_safe::AssertUnwindSafe<F> as core::ops::function::FnOnce<()>>::call_once[0m[90m::h5c334c204e4a3913[0m
[INFO] [stdout]       at [35m/rustc/1b7dd2252b99671ce5d1cb9664c5f8636329436d/library/core/src/panic/unwind_safe.rs[0m:[35m271[0m
[INFO] [stdout]   19: [32mstd::panicking::try::do_call[0m[90m::ha8b740c7b9478074[0m
[INFO] [stdout]       at [35m/rustc/1b7dd2252b99671ce5d1cb9664c5f8636329436d/library/std/src/panicking.rs[0m:[35m485[0m
[INFO] [stdout]   20: [32mstd::panicking::try[0m[90m::h5d34f63d0e41b64e[0m
[INFO] [stdout]       at [35m/rustc/1b7dd2252b99671ce5d1cb9664c5f8636329436d/library/std/src/panicking.rs[0m:[35m449[0m
[INFO] [stdout]   21: [32mstd::panic::catch_unwind[0m[90m::hcfbb511e1aa7fc67[0m
[INFO] [stdout]       at [35m/rustc/1b7dd2252b99671ce5d1cb9664c5f8636329436d/library/std/src/panic.rs[0m:[35m140[0m
[INFO] [stdout]   22: [32mtest::run_test_in_process[0m[90m::h9abda90f802eaf21[0m
[INFO] [stdout]       at [35m/rustc/1b7dd2252b99671ce5d1cb9664c5f8636329436d/library/test/src/lib.rs[0m:[35m678[0m
[INFO] [stdout]   [96m                              ⋮ 14 frames hidden ⋮                              [0m
[INFO] [stdout] 
[INFO] [stdout] Run with COLORBT_SHOW_HIDDEN=1 environment variable to disable frame filtering.
[INFO] [stdout] 
[INFO] [stdout] ---- bin::tests::test_bin_2 stdout ----
[INFO] [stdout]   [2mApr 30 05:44:03.708[0m [31mERROR[0m [1;31mseacan::bin[0m[31m: [1;31merror[0m[31m: Failed to run cargo[0m
[INFO] [stdout]     [2;3mat[0m src/bin.rs:122[2;3m
[INFO] [stdout] [0m    [2;3min[0m seacan::bin::[1mcompile[0m [2;3mwith[0m [1mself[0m: Compiler { workspace: Some("samples/hello_world"), package: Any, name: "bin_2", is_example: false, target_dir: None, features: None, is_release: false }
[INFO] [stdout] 
[INFO] [stdout] Error: 
[INFO] [stdout]    0: [91mFailed to run cargo[0m
[INFO] [stdout]    1: [91mNo such file or directory (os error 2)[0m
[INFO] [stdout] 
[INFO] [stdout] Location:
[INFO] [stdout]    [35msrc/bin.rs[0m:[35m281[0m
[INFO] [stdout] 
[INFO] [stdout]   ━━━━━━━━━━━━━━━━━━━━━━━━━━━━━━━━━━ BACKTRACE ━━━━━━━━━━━━━━━━━━━━━━━━━━━━━━━━━━━
[INFO] [stdout]   [96m                              ⋮ 5 frames hidden ⋮                               [0m
[INFO] [stdout]    6: [32m<core::result::Result<T,F> as core::ops::try_trait::FromResidual<core::result::Result<core::convert::Infallible,E>>>::from_residual[0m[90m::h28819d2b53b33cc1[0m
[INFO] [stdout]       at [35m/rustc/1b7dd2252b99671ce5d1cb9664c5f8636329436d/library/core/src/result.rs[0m:[35m2002[0m
[INFO] [stdout]    7: [91mseacan::bin::tests::test_bin_2[0m[90m::h98fe708d0fd59ccf[0m
[INFO] [stdout]       at [35m/opt/rustwide/workdir/src/bin.rs[0m:[35m281[0m
[INFO] [stdout]        279 │     fn test_bin_2() -> Result {
[INFO] [stdout]        280 │         init();
[INFO] [stdout]   [37m[1m     281[0m [37m[1m>[0m [37m[1m        let artifact = Compiler::bin("bin_2")[0m
[INFO] [stdout]        282 │             .workspace("samples/hello_world")
[INFO] [stdout]        283 │             .compile()?;
[INFO] [stdout]    8: [91mseacan::bin::tests::test_bin_2::{{closure}}[0m[90m::h21d758ea5063a4b8[0m
[INFO] [stdout]       at [35m/opt/rustwide/workdir/src/bin.rs[0m:[35m279[0m
[INFO] [stdout]        277 │ 
[INFO] [stdout]        278 │     #[test]
[INFO] [stdout]   [37m[1m     279[0m [37m[1m>[0m [37m[1m    fn test_bin_2() -> Result {[0m
[INFO] [stdout]        280 │         init();
[INFO] [stdout]        281 │         let artifact = Compiler::bin("bin_2")
[INFO] [stdout]    9: [32mcore::ops::function::FnOnce::call_once[0m[90m::h57e81b0ecd8ecdf2[0m
[INFO] [stdout]       at [35m/rustc/1b7dd2252b99671ce5d1cb9664c5f8636329436d/library/core/src/ops/function.rs[0m:[35m250[0m
[INFO] [stdout]   10: [32mcore::ops::function::FnOnce::call_once[0m[90m::ha6a70e79f7481a7e[0m
[INFO] [stdout]       at [35m/rustc/1b7dd2252b99671ce5d1cb9664c5f8636329436d/library/core/src/ops/function.rs[0m:[35m250[0m
[INFO] [stdout]   11: [32mtest::__rust_begin_short_backtrace[0m[90m::hce33033019b61e69[0m
[INFO] [stdout]       at [35m/rustc/1b7dd2252b99671ce5d1cb9664c5f8636329436d/library/test/src/lib.rs[0m:[35m655[0m
[INFO] [stdout]   12: [32mtest::run_test::{{closure}}[0m[90m::h858d3528838ae3e5[0m
[INFO] [stdout]       at [35m/rustc/1b7dd2252b99671ce5d1cb9664c5f8636329436d/library/test/src/lib.rs[0m:[35m646[0m
[INFO] [stdout]   13: [32mcore::ops::function::FnOnce::call_once{{vtable.shim}}[0m[90m::he8ac2b00f01ae79e[0m
[INFO] [stdout]       at [35m/rustc/1b7dd2252b99671ce5d1cb9664c5f8636329436d/library/core/src/ops/function.rs[0m:[35m250[0m
[INFO] [stdout]   14: [32m<alloc::boxed::Box<F,A> as core::ops::function::FnOnce<Args>>::call_once[0m[90m::h8093d25b522725ef[0m
[INFO] [stdout]       at [35m/rustc/1b7dd2252b99671ce5d1cb9664c5f8636329436d/library/alloc/src/boxed.rs[0m:[35m1973[0m
[INFO] [stdout]   15: [32m<core::panic::unwind_safe::AssertUnwindSafe<F> as core::ops::function::FnOnce<()>>::call_once[0m[90m::h5c334c204e4a3913[0m
[INFO] [stdout]       at [35m/rustc/1b7dd2252b99671ce5d1cb9664c5f8636329436d/library/core/src/panic/unwind_safe.rs[0m:[35m271[0m
[INFO] [stdout]   16: [32mstd::panicking::try::do_call[0m[90m::ha8b740c7b9478074[0m
[INFO] [stdout]       at [35m/rustc/1b7dd2252b99671ce5d1cb9664c5f8636329436d/library/std/src/panicking.rs[0m:[35m485[0m
[INFO] [stdout]   17: [32mstd::panicking::try[0m[90m::h5d34f63d0e41b64e[0m
[INFO] [stdout]       at [35m/rustc/1b7dd2252b99671ce5d1cb9664c5f8636329436d/library/std/src/panicking.rs[0m:[35m449[0m
[INFO] [stdout]   18: [32mstd::panic::catch_unwind[0m[90m::hcfbb511e1aa7fc67[0m
[INFO] [stdout]       at [35m/rustc/1b7dd2252b99671ce5d1cb9664c5f8636329436d/library/std/src/panic.rs[0m:[35m140[0m
[INFO] [stdout]   19: [32mtest::run_test_in_process[0m[90m::h9abda90f802eaf21[0m
[INFO] [stdout]       at [35m/rustc/1b7dd2252b99671ce5d1cb9664c5f8636329436d/library/test/src/lib.rs[0m:[35m678[0m
[INFO] [stdout]   [96m                              ⋮ 14 frames hidden ⋮                              [0m
[INFO] [stdout] 
[INFO] [stdout] Run with COLORBT_SHOW_HIDDEN=1 environment variable to disable frame filtering.
[INFO] [stdout] 
[INFO] [stdout] ---- test::tests::test_release_true stdout ----
[INFO] [stdout]   [2mApr 30 05:44:04.261[0m [31mERROR[0m [1;31mseacan::test[0m[31m: [1;31merror[0m[31m: Failed to run cargo[0m
[INFO] [stdout]     [2;3mat[0m src/test.rs:297[2;3m
[INFO] [stdout] [0m    [2;3min[0m seacan::test::[1martifacts_ignoring_name[0m [2;3mwith[0m [1mself[0m: Compiler { target_dir: None, workspace: Some("samples/hello_world"), package: Any, name: Any, test_type: Bin("hello_world"), features: None, is_release: true }
[INFO] [stdout]     [2;3min[0m seacan::test::[1mcompile[0m [2;3mwith[0m [1mself[0m: Compiler { target_dir: None, workspace: Some("samples/hello_world"), package: Any, name: Any, test_type: Bin("hello_world"), features: None, is_release: true }
[INFO] [stdout] 
[INFO] [stdout]   [2mApr 30 05:44:04.263[0m [31mERROR[0m [1;31mseacan::test[0m[31m: [1;31merror[0m[31m: Failed to build[0m
[INFO] [stdout]     [2;3mat[0m src/test.rs:253[2;3m
[INFO] [stdout] [0m    [2;3min[0m seacan::test::[1mcompile[0m [2;3mwith[0m [1mself[0m: Compiler { target_dir: None, workspace: Some("samples/hello_world"), package: Any, name: Any, test_type: Bin("hello_world"), features: None, is_release: true }
[INFO] [stdout] 
[INFO] [stdout] Error: 
[INFO] [stdout]    0: [91mFailed to build[0m
[INFO] [stdout]    1: [91mFailed to run cargo[0m
[INFO] [stdout]    2: [91mNo such file or directory (os error 2)[0m
[INFO] [stdout] 
[INFO] [stdout] Location:
[INFO] [stdout]    [35msrc/test.rs[0m:[35m479[0m
[INFO] [stdout] 
[INFO] [stdout]   ━━━━━━━━━━━━━━━━━━━━━━━━━━━━━━━━━━ BACKTRACE ━━━━━━━━━━━━━━━━━━━━━━━━━━━━━━━━━━━
[INFO] [stdout]   [96m                              ⋮ 5 frames hidden ⋮                               [0m
[INFO] [stdout]    6: [32m<core::result::Result<T,F> as core::ops::try_trait::FromResidual<core::result::Result<core::convert::Infallible,E>>>::from_residual[0m[90m::hd7fe02706bf4bf81[0m
[INFO] [stdout]       at [35m/rustc/1b7dd2252b99671ce5d1cb9664c5f8636329436d/library/core/src/result.rs[0m:[35m2002[0m
[INFO] [stdout]    7: [91mseacan::test::tests::test_release_true[0m[90m::h45627b7819b3513a[0m
[INFO] [stdout]       at [35m/opt/rustwide/workdir/src/test.rs[0m:[35m479[0m
[INFO] [stdout]        477 │     fn test_release_true() -> Result {
[INFO] [stdout]        478 │         init();
[INFO] [stdout]   [37m[1m     479[0m [37m[1m>[0m [37m[1m        let artifact = Compiler::new(NameSpec::Any, TypeSpec::bin("hello_world"))[0m
[INFO] [stdout]        480 │             .workspace("samples/hello_world")
[INFO] [stdout]        481 │             .release(true)
[INFO] [stdout]    8: [91mseacan::test::tests::test_release_true::{{closure}}[0m[90m::hff02f7f9b84432ac[0m
[INFO] [stdout]       at [35m/opt/rustwide/workdir/src/test.rs[0m:[35m477[0m
[INFO] [stdout]        475 │ 
[INFO] [stdout]        476 │     #[test]
[INFO] [stdout]   [37m[1m     477[0m [37m[1m>[0m [37m[1m    fn test_release_true() -> Result {[0m
[INFO] [stdout]        478 │         init();
[INFO] [stdout]        479 │         let artifact = Compiler::new(NameSpec::Any, TypeSpec::bin("hello_world"))
[INFO] [stdout]    9: [32mcore::ops::function::FnOnce::call_once[0m[90m::he9a623ec877b1fc2[0m
[INFO] [stdout]       at [35m/rustc/1b7dd2252b99671ce5d1cb9664c5f8636329436d/library/core/src/ops/function.rs[0m:[35m250[0m
[INFO] [stdout]   10: [32mcore::ops::function::FnOnce::call_once[0m[90m::ha6a70e79f7481a7e[0m
[INFO] [stdout]       at [35m/rustc/1b7dd2252b99671ce5d1cb9664c5f8636329436d/library/core/src/ops/function.rs[0m:[35m250[0m
[INFO] [stdout]   11: [32mtest::__rust_begin_short_backtrace[0m[90m::hce33033019b61e69[0m
[INFO] [stdout]       at [35m/rustc/1b7dd2252b99671ce5d1cb9664c5f8636329436d/library/test/src/lib.rs[0m:[35m655[0m
[INFO] [stdout]   12: [32mtest::run_test::{{closure}}[0m[90m::h858d3528838ae3e5[0m
[INFO] [stdout]       at [35m/rustc/1b7dd2252b99671ce5d1cb9664c5f8636329436d/library/test/src/lib.rs[0m:[35m646[0m
[INFO] [stdout]   13: [32mcore::ops::function::FnOnce::call_once{{vtable.shim}}[0m[90m::he8ac2b00f01ae79e[0m
[INFO] [stdout]       at [35m/rustc/1b7dd2252b99671ce5d1cb9664c5f8636329436d/library/core/src/ops/function.rs[0m:[35m250[0m
[INFO] [stdout]   14: [32m<alloc::boxed::Box<F,A> as core::ops::function::FnOnce<Args>>::call_once[0m[90m::h8093d25b522725ef[0m
[INFO] [stdout]       at [35m/rustc/1b7dd2252b99671ce5d1cb9664c5f8636329436d/library/alloc/src/boxed.rs[0m:[35m1973[0m
[INFO] [stdout]   15: [32m<core::panic::unwind_safe::AssertUnwindSafe<F> as core::ops::function::FnOnce<()>>::call_once[0m[90m::h5c334c204e4a3913[0m
[INFO] [stdout]       at [35m/rustc/1b7dd2252b99671ce5d1cb9664c5f8636329436d/library/core/src/panic/unwind_safe.rs[0m:[35m271[0m
[INFO] [stdout]   16: [32mstd::panicking::try::do_call[0m[90m::ha8b740c7b9478074[0m
[INFO] [stdout]       at [35m/rustc/1b7dd2252b99671ce5d1cb9664c5f8636329436d/library/std/src/panicking.rs[0m:[35m485[0m
[INFO] [stdout]   17: [32mstd::panicking::try[0m[90m::h5d34f63d0e41b64e[0m
[INFO] [stdout]       at [35m/rustc/1b7dd2252b99671ce5d1cb9664c5f8636329436d/library/std/src/panicking.rs[0m:[35m449[0m
[INFO] [stdout]   18: [32mstd::panic::catch_unwind[0m[90m::hcfbb511e1aa7fc67[0m
[INFO] [stdout]       at [35m/rustc/1b7dd2252b99671ce5d1cb9664c5f8636329436d/library/std/src/panic.rs[0m:[35m140[0m
[INFO] [stdout]   19: [32mtest::run_test_in_process[0m[90m::h9abda90f802eaf21[0m
[INFO] [stdout]       at [35m/rustc/1b7dd2252b99671ce5d1cb9664c5f8636329436d/library/test/src/lib.rs[0m:[35m678[0m
[INFO] [stdout]   [96m                              ⋮ 14 frames hidden ⋮                              [0m
[INFO] [stdout] 
[INFO] [stdout] Run with COLORBT_SHOW_HIDDEN=1 environment variable to disable frame filtering.
[INFO] [stdout] 
[INFO] [stdout] ---- test::tests::test_release_default stdout ----
[INFO] [stdout]   [2mApr 30 05:44:04.256[0m [31mERROR[0m [1;31mseacan::test[0m[31m: [1;31merror[0m[31m: Failed to run cargo[0m
[INFO] [stdout]     [2;3mat[0m src/test.rs:297[2;3m
[INFO] [stdout] [0m    [2;3min[0m seacan::test::[1martifacts_ignoring_name[0m [2;3mwith[0m [1mself[0m: Compiler { target_dir: None, workspace: Some("samples/hello_world"), package: Any, name: Any, test_type: Bin("hello_world"), features: None, is_release: false }
[INFO] [stdout]     [2;3min[0m seacan::test::[1mcompile[0m [2;3mwith[0m [1mself[0m: Compiler { target_dir: None, workspace: Some("samples/hello_world"), package: Any, name: Any, test_type: Bin("hello_world"), features: None, is_release: false }
[INFO] [stdout] 
[INFO] [stdout]   [2mApr 30 05:44:04.256[0m [31mERROR[0m [1;31mseacan::test[0m[31m: [1;31merror[0m[31m: Failed to build[0m
[INFO] [stdout]     [2;3mat[0m src/test.rs:253[2;3m
[INFO] [stdout] [0m    [2;3min[0m seacan::test::[1mcompile[0m [2;3mwith[0m [1mself[0m: Compiler { target_dir: None, workspace: Some("samples/hello_world"), package: Any, name: Any, test_type: Bin("hello_world"), features: None, is_release: false }
[INFO] [stdout] 
[INFO] [stdout] Error: 
[INFO] [stdout]    0: [91mFailed to build[0m
[INFO] [stdout]    1: [91mFailed to run cargo[0m
[INFO] [stdout]    2: [91mNo such file or directory (os error 2)[0m
[INFO] [stdout] 
[INFO] [stdout] Location:
[INFO] [stdout]    [35msrc/test.rs[0m:[35m492[0m
[INFO] [stdout] 
[INFO] [stdout]   ━━━━━━━━━━━━━━━━━━━━━━━━━━━━━━━━━━ BACKTRACE ━━━━━━━━━━━━━━━━━━━━━━━━━━━━━━━━━━━
[INFO] [stdout]   [96m                              ⋮ 5 frames hidden ⋮                               [0m
[INFO] [stdout]    6: [32m<core::result::Result<T,F> as core::ops::try_trait::FromResidual<core::result::Result<core::convert::Infallible,E>>>::from_residual[0m[90m::hd7fe02706bf4bf81[0m
[INFO] [stdout]       at [35m/rustc/1b7dd2252b99671ce5d1cb9664c5f8636329436d/library/core/src/result.rs[0m:[35m2002[0m
[INFO] [stdout]    7: [91mseacan::test::tests::test_release_default[0m[90m::hd00ac9b3ccf3f149[0m
[INFO] [stdout]       at [35m/opt/rustwide/workdir/src/test.rs[0m:[35m492[0m
[INFO] [stdout]        490 │     fn test_release_default() -> Result {
[INFO] [stdout]        491 │         init();
[INFO] [stdout]   [37m[1m     492[0m [37m[1m>[0m [37m[1m        let artifact = Compiler::new(NameSpec::Any, TypeSpec::bin("hello_world"))[0m
[INFO] [stdout]        493 │             .workspace("samples/hello_world")
[INFO] [stdout]        494 │             .compile()?
[INFO] [stdout]    8: [91mseacan::test::tests::test_release_default::{{closure}}[0m[90m::h89356d9c707d80d1[0m
[INFO] [stdout]       at [35m/opt/rustwide/workdir/src/test.rs[0m:[35m490[0m
[INFO] [stdout]        488 │ 
[INFO] [stdout]        489 │     #[test]
[INFO] [stdout]   [37m[1m     490[0m [37m[1m>[0m [37m[1m    fn test_release_default() -> Result {[0m
[INFO] [stdout]        491 │         init();
[INFO] [stdout]        492 │         let artifact = Compiler::new(NameSpec::Any, TypeSpec::bin("hello_world"))
[INFO] [stdout]    9: [32mcore::ops::function::FnOnce::call_once[0m[90m::h109f91e03c61f3bf[0m
[INFO] [stdout]       at [35m/rustc/1b7dd2252b99671ce5d1cb9664c5f8636329436d/library/core/src/ops/function.rs[0m:[35m250[0m
[INFO] [stdout]   10: [32mcore::ops::function::FnOnce::call_once[0m[90m::ha6a70e79f7481a7e[0m
[INFO] [stdout]       at [35m/rustc/1b7dd2252b99671ce5d1cb9664c5f8636329436d/library/core/src/ops/function.rs[0m:[35m250[0m
[INFO] [stdout]   11: [32mtest::__rust_begin_short_backtrace[0m[90m::hce33033019b61e69[0m
[INFO] [stdout]       at [35m/rustc/1b7dd2252b99671ce5d1cb9664c5f8636329436d/library/test/src/lib.rs[0m:[35m655[0m
[INFO] [stdout]   12: [32mtest::run_test::{{closure}}[0m[90m::h858d3528838ae3e5[0m
[INFO] [stdout]       at [35m/rustc/1b7dd2252b99671ce5d1cb9664c5f8636329436d/library/test/src/lib.rs[0m:[35m646[0m
[INFO] [stdout]   13: [32mcore::ops::function::FnOnce::call_once{{vtable.shim}}[0m[90m::he8ac2b00f01ae79e[0m
[INFO] [stdout]       at [35m/rustc/1b7dd2252b99671ce5d1cb9664c5f8636329436d/library/core/src/ops/function.rs[0m:[35m250[0m
[INFO] [stdout]   14: [32m<alloc::boxed::Box<F,A> as core::ops::function::FnOnce<Args>>::call_once[0m[90m::h8093d25b522725ef[0m
[INFO] [stdout]       at [35m/rustc/1b7dd2252b99671ce5d1cb9664c5f8636329436d/library/alloc/src/boxed.rs[0m:[35m1973[0m
[INFO] [stdout]   15: [32m<core::panic::unwind_safe::AssertUnwindSafe<F> as core::ops::function::FnOnce<()>>::call_once[0m[90m::h5c334c204e4a3913[0m
[INFO] [stdout]       at [35m/rustc/1b7dd2252b99671ce5d1cb9664c5f8636329436d/library/core/src/panic/unwind_safe.rs[0m:[35m271[0m
[INFO] [stdout]   16: [32mstd::panicking::try::do_call[0m[90m::ha8b740c7b9478074[0m
[INFO] [stdout]       at [35m/rustc/1b7dd2252b99671ce5d1cb9664c5f8636329436d/library/std/src/panicking.rs[0m:[35m485[0m
[INFO] [stdout]   17: [32mstd::panicking::try[0m[90m::h5d34f63d0e41b64e[0m
[INFO] [stdout]       at [35m/rustc/1b7dd2252b99671ce5d1cb9664c5f8636329436d/library/std/src/panicking.rs[0m:[35m449[0m
[INFO] [stdout]   18: [32mstd::panic::catch_unwind[0m[90m::hcfbb511e1aa7fc67[0m
[INFO] [stdout]       at [35m/rustc/1b7dd2252b99671ce5d1cb9664c5f8636329436d/library/std/src/panic.rs[0m:[35m140[0m
[INFO] [stdout]   19: [32mtest::run_test_in_process[0m[90m::h9abda90f802eaf21[0m
[INFO] [stdout]       at [35m/rustc/1b7dd2252b99671ce5d1cb9664c5f8636329436d/library/test/src/lib.rs[0m:[35m678[0m
[INFO] [stdout]   [96m                              ⋮ 14 frames hidden ⋮                              [0m
[INFO] [stdout] 
[INFO] [stdout] Run with COLORBT_SHOW_HIDDEN=1 environment variable to disable frame filtering.
[INFO] [stdout] 
[INFO] [stdout] ---- test::tests::test_ws_member stdout ----
[INFO] [stdout]   [2mApr 30 05:44:04.264[0m [31mERROR[0m [1;31mseacan::test[0m[31m: [1;31merror[0m[31m: Failed to run cargo[0m
[INFO] [stdout]     [2;3mat[0m src/test.rs:297[2;3m
[INFO] [stdout] [0m    [2;3min[0m seacan::test::[1martifacts_ignoring_name[0m [2;3mwith[0m [1mself[0m: Compiler { target_dir: None, workspace: Some("samples/hello_world"), package: Name("ws_member"), name: Any, test_type: Bin("ws_member"), features: None, is_release: false }
[INFO] [stdout]     [2;3min[0m seacan::test::[1mcompile[0m [2;3mwith[0m [1mself[0m: Compiler { target_dir: None, workspace: Some("samples/hello_world"), package: Name("ws_member"), name: Any, test_type: Bin("ws_member"), features: None, is_release: false }
[INFO] [stdout] 
[INFO] [stdout]   [2mApr 30 05:44:04.264[0m [31mERROR[0m [1;31mseacan::test[0m[31m: [1;31merror[0m[31m: Failed to build[0m
[INFO] [stdout]     [2;3mat[0m src/test.rs:253[2;3m
[INFO] [stdout] [0m    [2;3min[0m seacan::test::[1mcompile[0m [2;3mwith[0m [1mself[0m: Compiler { target_dir: None, workspace: Some("samples/hello_world"), package: Name("ws_member"), name: Any, test_type: Bin("ws_member"), features: None, is_release: false }
[INFO] [stdout] 
[INFO] [stdout] Error: 
[INFO] [stdout]    0: [91mFailed to build[0m
[INFO] [stdout]    1: [91mFailed to run cargo[0m
[INFO] [stdout]    2: [91mNo such file or directory (os error 2)[0m
[INFO] [stdout] 
[INFO] [stdout] Location:
[INFO] [stdout]    [35msrc/test.rs[0m:[35m736[0m
[INFO] [stdout] 
[INFO] [stdout]   ━━━━━━━━━━━━━━━━━━━━━━━━━━━━━━━━━━ BACKTRACE ━━━━━━━━━━━━━━━━━━━━━━━━━━━━━━━━━━━
[INFO] [stdout]   [96m                              ⋮ 5 frames hidden ⋮                               [0m
[INFO] [stdout]    6: [32m<core::result::Result<T,F> as core::ops::try_trait::FromResidual<core::result::Result<core::convert::Infallible,E>>>::from_residual[0m[90m::hd7fe02706bf4bf81[0m
[INFO] [stdout]       at [35m/rustc/1b7dd2252b99671ce5d1cb9664c5f8636329436d/library/core/src/result.rs[0m:[35m2002[0m
[INFO] [stdout]    7: [91mseacan::test::tests::test_ws_member[0m[90m::hc5ba1b9b6681396d[0m
[INFO] [stdout]       at [35m/opt/rustwide/workdir/src/test.rs[0m:[35m736[0m
[INFO] [stdout]        734 │         init();
[INFO] [stdout]        735 │ 
[INFO] [stdout]   [37m[1m     736[0m [37m[1m>[0m [37m[1m        let mut artifacts = Compiler::new(NameSpec::Any, TypeSpec::bin("ws_member"))[0m
[INFO] [stdout]        737 │             .workspace("samples/hello_world")
[INFO] [stdout]        738 │             .package(PackageSpec::name("ws_member"))
[INFO] [stdout]    8: [91mseacan::test::tests::test_ws_member::{{closure}}[0m[90m::hf6711e4c5687a56e[0m
[INFO] [stdout]       at [35m/opt/rustwide/workdir/src/test.rs[0m:[35m733[0m
[INFO] [stdout]        731 │ 
[INFO] [stdout]        732 │     #[test]
[INFO] [stdout]   [37m[1m     733[0m [37m[1m>[0m [37m[1m    fn test_ws_member() -> Result {[0m
[INFO] [stdout]        734 │         init();
[INFO] [stdout]        735 │ 
[INFO] [stdout]    9: [32mcore::ops::function::FnOnce::call_once[0m[90m::hf4ded5c37d729ad7[0m
[INFO] [stdout]       at [35m/rustc/1b7dd2252b99671ce5d1cb9664c5f8636329436d/library/core/src/ops/function.rs[0m:[35m250[0m
[INFO] [stdout]   10: [32mcore::ops::function::FnOnce::call_once[0m[90m::ha6a70e79f7481a7e[0m
[INFO] [stdout]       at [35m/rustc/1b7dd2252b99671ce5d1cb9664c5f8636329436d/library/core/src/ops/function.rs[0m:[35m250[0m
[INFO] [stdout]   11: [32mtest::__rust_begin_short_backtrace[0m[90m::hce33033019b61e69[0m
[INFO] [stdout]       at [35m/rustc/1b7dd2252b99671ce5d1cb9664c5f8636329436d/library/test/src/lib.rs[0m:[35m655[0m
[INFO] [stdout]   12: [32mtest::run_test::{{closure}}[0m[90m::h858d3528838ae3e5[0m
[INFO] [stdout]       at [35m/rustc/1b7dd2252b99671ce5d1cb9664c5f8636329436d/library/test/src/lib.rs[0m:[35m646[0m
[INFO] [stdout]   13: [32mcore::ops::function::FnOnce::call_once{{vtable.shim}}[0m[90m::he8ac2b00f01ae79e[0m
[INFO] [stdout]       at [35m/rustc/1b7dd2252b99671ce5d1cb9664c5f8636329436d/library/core/src/ops/function.rs[0m:[35m250[0m
[INFO] [stdout]   14: [32m<alloc::boxed::Box<F,A> as core::ops::function::FnOnce<Args>>::call_once[0m[90m::h8093d25b522725ef[0m
[INFO] [stdout]       at [35m/rustc/1b7dd2252b99671ce5d1cb9664c5f8636329436d/library/alloc/src/boxed.rs[0m:[35m1973[0m
[INFO] [stdout]   15: [32m<core::panic::unwind_safe::AssertUnwindSafe<F> as core::ops::function::FnOnce<()>>::call_once[0m[90m::h5c334c204e4a3913[0m
[INFO] [stdout]       at [35m/rustc/1b7dd2252b99671ce5d1cb9664c5f8636329436d/library/core/src/panic/unwind_safe.rs[0m:[35m271[0m
[INFO] [stdout]   16: [32mstd::panicking::try::do_call[0m[90m::ha8b740c7b9478074[0m
[INFO] [stdout]       at [35m/rustc/1b7dd2252b99671ce5d1cb9664c5f8636329436d/library/std/src/panicking.rs[0m:[35m485[0m
[INFO] [stdout]   17: [32mstd::panicking::try[0m[90m::h5d34f63d0e41b64e[0m
[INFO] [stdout]       at [35m/rustc/1b7dd2252b99671ce5d1cb9664c5f8636329436d/library/std/src/panicking.rs[0m:[35m449[0m
[INFO] [stdout]   18: [32mstd::panic::catch_unwind[0m[90m::hcfbb511e1aa7fc67[0m
[INFO] [stdout]       at [35m/rustc/1b7dd2252b99671ce5d1cb9664c5f8636329436d/library/std/src/panic.rs[0m:[35m140[0m
[INFO] [stdout]   19: [32mtest::run_test_in_process[0m[90m::h9abda90f802eaf21[0m
[INFO] [stdout]       at [35m/rustc/1b7dd2252b99671ce5d1cb9664c5f8636329436d/library/test/src/lib.rs[0m:[35m678[0m
[INFO] [stdout]   [96m                              ⋮ 14 frames hidden ⋮                              [0m
[INFO] [stdout] 
[INFO] [stdout] Run with COLORBT_SHOW_HIDDEN=1 environment variable to disable frame filtering.
[INFO] [stdout] 
[INFO] [stdout] ---- test::tests::test_main stdout ----
[INFO] [stdout]   [2mApr 30 05:44:04.200[0m [31mERROR[0m [1;31mseacan::test[0m[31m: [1;31merror[0m[31m: Failed to run cargo[0m
[INFO] [stdout]     [2;3mat[0m src/test.rs:297[2;3m
[INFO] [stdout] [0m    [2;3min[0m seacan::test::[1martifacts_ignoring_name[0m [2;3mwith[0m [1mself[0m: Compiler { target_dir: None, workspace: Some("samples/hello_world"), package: Any, name: Any, test_type: Bin("hello_world"), features: None, is_release: false }
[INFO] [stdout]     [2;3min[0m seacan::test::[1mcompile[0m [2;3mwith[0m [1mself[0m: Compiler { target_dir: None, workspace: Some("samples/hello_world"), package: Any, name: Any, test_type: Bin("hello_world"), features: None, is_release: false }
[INFO] [stdout] 
[INFO] [stdout]   [2mApr 30 05:44:04.200[0m [31mERROR[0m [1;31mseacan::test[0m[31m: [1;31merror[0m[31m: Failed to build[0m
[INFO] [stdout]     [2;3mat[0m src/test.rs:253[2;3m
[INFO] [stdout] [0m    [2;3min[0m seacan::test::[1mcompile[0m [2;3mwith[0m [1mself[0m: Compiler { target_dir: None, workspace: Some("samples/hello_world"), package: Any, name: Any, test_type: Bin("hello_world"), features: None, is_release: false }
[INFO] [stdout] 
[INFO] [stdout] Error: 
[INFO] [stdout]    0: [91mFailed to build[0m
[INFO] [stdout]    1: [91mFailed to run cargo[0m
[INFO] [stdout]    2: [91mNo such file or directory (os error 2)[0m
[INFO] [stdout] 
[INFO] [stdout] Location:
[INFO] [stdout]    [35msrc/test.rs[0m:[35m577[0m
[INFO] [stdout] 
[INFO] [stdout]   ━━━━━━━━━━━━━━━━━━━━━━━━━━━━━━━━━━ BACKTRACE ━━━━━━━━━━━━━━━━━━━━━━━━━━━━━━━━━━━
[INFO] [stdout]   [96m                              ⋮ 5 frames hidden ⋮                               [0m
[INFO] [stdout]    6: [32m<core::result::Result<T,F> as core::ops::try_trait::FromResidual<core::result::Result<core::convert::Infallible,E>>>::from_residual[0m[90m::hd7fe02706bf4bf81[0m
[INFO] [stdout]       at [35m/rustc/1b7dd2252b99671ce5d1cb9664c5f8636329436d/library/core/src/result.rs[0m:[35m2002[0m
[INFO] [stdout]    7: [91mseacan::test::tests::test_main[0m[90m::hb3147c8b4f876258[0m
[INFO] [stdout]       at [35m/opt/rustwide/workdir/src/test.rs[0m:[35m577[0m
[INFO] [stdout]        575 │         init();
[INFO] [stdout]        576 │ 
[INFO] [stdout]   [37m[1m     577[0m [37m[1m>[0m [37m[1m        let mut artifacts = Compiler::new(NameSpec::Any, TypeSpec::bin("hello_world"))[0m
[INFO] [stdout]        578 │             .workspace("samples/hello_world")
[INFO] [stdout]        579 │             .compile()?;
[INFO] [stdout]    8: [91mseacan::test::tests::test_main::{{closure}}[0m[90m::h5a53da4b064041e5[0m
[INFO] [stdout]       at [35m/opt/rustwide/workdir/src/test.rs[0m:[35m574[0m
[INFO] [stdout]        572 │ 
[INFO] [stdout]        573 │     #[test]
[INFO] [stdout]   [37m[1m     574[0m [37m[1m>[0m [37m[1m    fn test_main() -> Result {[0m
[INFO] [stdout]        575 │         init();
[INFO] [stdout]        576 │ 
[INFO] [stdout]    9: [32mcore::ops::function::FnOnce::call_once[0m[90m::h7b58b03c5b5a6aa0[0m
[INFO] [stdout]       at [35m/rustc/1b7dd2252b99671ce5d1cb9664c5f8636329436d/library/core/src/ops/function.rs[0m:[35m250[0m
[INFO] [stdout]   10: [32mcore::ops::function::FnOnce::call_once[0m[90m::ha6a70e79f7481a7e[0m
[INFO] [stdout]       at [35m/rustc/1b7dd2252b99671ce5d1cb9664c5f8636329436d/library/core/src/ops/function.rs[0m:[35m250[0m
[INFO] [stdout]   11: [32mtest::__rust_begin_short_backtrace[0m[90m::hce33033019b61e69[0m
[INFO] [stdout]       at [35m/rustc/1b7dd2252b99671ce5d1cb9664c5f8636329436d/library/test/src/lib.rs[0m:[35m655[0m
[INFO] [stdout]   12: [32mtest::run_test::{{closure}}[0m[90m::h858d3528838ae3e5[0m
[INFO] [stdout]       at [35m/rustc/1b7dd2252b99671ce5d1cb9664c5f8636329436d/library/test/src/lib.rs[0m:[35m646[0m
[INFO] [stdout]   13: [32mcore::ops::function::FnOnce::call_once{{vtable.shim}}[0m[90m::he8ac2b00f01ae79e[0m
[INFO] [stdout]       at [35m/rustc/1b7dd2252b99671ce5d1cb9664c5f8636329436d/library/core/src/ops/function.rs[0m:[35m250[0m
[INFO] [stdout]   14: [32m<alloc::boxed::Box<F,A> as core::ops::function::FnOnce<Args>>::call_once[0m[90m::h8093d25b522725ef[0m
[INFO] [stdout]       at [35m/rustc/1b7dd2252b99671ce5d1cb9664c5f8636329436d/library/alloc/src/boxed.rs[0m:[35m1973[0m
[INFO] [stdout]   15: [32m<core::panic::unwind_safe::AssertUnwindSafe<F> as core::ops::function::FnOnce<()>>::call_once[0m[90m::h5c334c204e4a3913[0m
[INFO] [stdout]       at [35m/rustc/1b7dd2252b99671ce5d1cb9664c5f8636329436d/library/core/src/panic/unwind_safe.rs[0m:[35m271[0m
[INFO] [stdout]   16: [32mstd::panicking::try::do_call[0m[90m::ha8b740c7b9478074[0m
[INFO] [stdout]       at [35m/rustc/1b7dd2252b99671ce5d1cb9664c5f8636329436d/library/std/src/panicking.rs[0m:[35m485[0m
[INFO] [stdout]   17: [32mstd::panicking::try[0m[90m::h5d34f63d0e41b64e[0m
[INFO] [stdout]       at [35m/rustc/1b7dd2252b99671ce5d1cb9664c5f8636329436d/library/std/src/panicking.rs[0m:[35m449[0m
[INFO] [stdout]   18: [32mstd::panic::catch_unwind[0m[90m::hcfbb511e1aa7fc67[0m
[INFO] [stdout]       at [35m/rustc/1b7dd2252b99671ce5d1cb9664c5f8636329436d/library/std/src/panic.rs[0m:[35m140[0m
[INFO] [stdout]   19: [32mtest::run_test_in_process[0m[90m::h9abda90f802eaf21[0m
[INFO] [stdout]       at [35m/rustc/1b7dd2252b99671ce5d1cb9664c5f8636329436d/library/test/src/lib.rs[0m:[35m678[0m
[INFO] [stdout]   [96m                              ⋮ 14 frames hidden ⋮                              [0m
[INFO] [stdout] 
[INFO] [stdout] Run with COLORBT_SHOW_HIDDEN=1 environment variable to disable frame filtering.
[INFO] [stdout] 
[INFO] [stdout] ---- test::tests::test_unspecified stdout ----
[INFO] [stdout]   [2mApr 30 05:44:04.264[0m [31mERROR[0m [1;31mseacan::test[0m[31m: [1;31merror[0m[31m: Failed to run cargo[0m
[INFO] [stdout]     [2;3mat[0m src/test.rs:297[2;3m
[INFO] [stdout] [0m    [2;3min[0m seacan::test::[1martifacts_ignoring_name[0m [2;3mwith[0m [1mself[0m: Compiler { target_dir: None, workspace: Some("samples/hello_world"), package: Any, name: Substring("test_in_lib"), test_type: Unspecified, features: None, is_release: false }
[INFO] [stdout]     [2;3min[0m seacan::test::[1mcompile[0m [2;3mwith[0m [1mself[0m: Compiler { target_dir: None, workspace: Some("samples/hello_world"), package: Any, name: Substring("test_in_lib"), test_type: Unspecified, features: None, is_release: false }
[INFO] [stdout] 
[INFO] [stdout]   [2mApr 30 05:44:04.264[0m [31mERROR[0m [1;31mseacan::test[0m[31m: [1;31merror[0m[31m: Failed to build[0m
[INFO] [stdout]     [2;3mat[0m src/test.rs:253[2;3m
[INFO] [stdout] [0m    [2;3min[0m seacan::test::[1mcompile[0m [2;3mwith[0m [1mself[0m: Compiler { target_dir: None, workspace: Some("samples/hello_world"), package: Any, name: Substring("test_in_lib"), test_type: Unspecified, features: None, is_release: false }
[INFO] [stdout] 
[INFO] [stdout] Error: 
[INFO] [stdout]    0: [91mFailed to build[0m
[INFO] [stdout]    1: [91mFailed to run cargo[0m
[INFO] [stdout]    2: [91mNo such file or directory (os error 2)[0m
[INFO] [stdout] 
[INFO] [stdout] Location:
[INFO] [stdout]    [35msrc/test.rs[0m:[35m524[0m
[INFO] [stdout] 
[INFO] [stdout]   ━━━━━━━━━━━━━━━━━━━━━━━━━━━━━━━━━━ BACKTRACE ━━━━━━━━━━━━━━━━━━━━━━━━━━━━━━━━━━━
[INFO] [stdout]   [96m                              ⋮ 5 frames hidden ⋮                               [0m
[INFO] [stdout]    6: [32m<core::result::Result<T,F> as core::ops::try_trait::FromResidual<core::result::Result<core::convert::Infallible,E>>>::from_residual[0m[90m::hd7fe02706bf4bf81[0m
[INFO] [stdout]       at [35m/rustc/1b7dd2252b99671ce5d1cb9664c5f8636329436d/library/core/src/result.rs[0m:[35m2002[0m
[INFO] [stdout]    7: [91mseacan::test::tests::test_unspecified[0m[90m::hf4f3c3da07ebd335[0m
[INFO] [stdout]       at [35m/opt/rustwide/workdir/src/test.rs[0m:[35m524[0m
[INFO] [stdout]        522 │         init();
[INFO] [stdout]        523 │ 
[INFO] [stdout]   [37m[1m     524[0m [37m[1m>[0m [37m[1m        let artifacts = Compiler::new(NameSpec::substring("test_in_lib"), TypeSpec::Unspecified)[0m
[INFO] [stdout]        525 │             .workspace("samples/hello_world")
[INFO] [stdout]        526 │             .compile()?;
[INFO] [stdout]    8: [91mseacan::test::tests::test_unspecified::{{closure}}[0m[90m::h1712ab56b7f6a4b7[0m
[INFO] [stdout]       at [35m/opt/rustwide/workdir/src/test.rs[0m:[35m521[0m
[INFO] [stdout]        519 │ 
[INFO] [stdout]        520 │     #[test]
[INFO] [stdout]   [37m[1m     521[0m [37m[1m>[0m [37m[1m    fn test_unspecified() -> Result {[0m
[INFO] [stdout]        522 │         init();
[INFO] [stdout]        523 │ 
[INFO] [stdout]    9: [32mcore::ops::function::FnOnce::call_once[0m[90m::h76c2273e70a551c3[0m
[INFO] [stdout]       at [35m/rustc/1b7dd2252b99671ce5d1cb9664c5f8636329436d/library/core/src/ops/function.rs[0m:[35m250[0m
[INFO] [stdout]   10: [32mcore::ops::function::FnOnce::call_once[0m[90m::ha6a70e79f7481a7e[0m
[INFO] [stdout]       at [35m/rustc/1b7dd2252b99671ce5d1cb9664c5f8636329436d/library/core/src/ops/function.rs[0m:[35m250[0m
[INFO] [stdout]   11: [32mtest::__rust_begin_short_backtrace[0m[90m::hce33033019b61e69[0m
[INFO] [stdout]       at [35m/rustc/1b7dd2252b99671ce5d1cb9664c5f8636329436d/library/test/src/lib.rs[0m:[35m655[0m
[INFO] [stdout]   12: [32mtest::run_test::{{closure}}[0m[90m::h858d3528838ae3e5[0m
[INFO] [stdout]       at [35m/rustc/1b7dd2252b99671ce5d1cb9664c5f8636329436d/library/test/src/lib.rs[0m:[35m646[0m
[INFO] [stdout]   13: [32mcore::ops::function::FnOnce::call_once{{vtable.shim}}[0m[90m::he8ac2b00f01ae79e[0m
[INFO] [stdout]       at [35m/rustc/1b7dd2252b99671ce5d1cb9664c5f8636329436d/library/core/src/ops/function.rs[0m:[35m250[0m
[INFO] [stdout]   14: [32m<alloc::boxed::Box<F,A> as core::ops::function::FnOnce<Args>>::call_once[0m[90m::h8093d25b522725ef[0m
[INFO] [stdout]       at [35m/rustc/1b7dd2252b99671ce5d1cb9664c5f8636329436d/library/alloc/src/boxed.rs[0m:[35m1973[0m
[INFO] [stdout]   15: [32m<core::panic::unwind_safe::AssertUnwindSafe<F> as core::ops::function::FnOnce<()>>::call_once[0m[90m::h5c334c204e4a3913[0m
[INFO] [stdout]       at [35m/rustc/1b7dd2252b99671ce5d1cb9664c5f8636329436d/library/core/src/panic/unwind_safe.rs[0m:[35m271[0m
[INFO] [stdout]   16: [32mstd::panicking::try::do_call[0m[90m::ha8b740c7b9478074[0m
[INFO] [stdout]       at [35m/rustc/1b7dd2252b99671ce5d1cb9664c5f8636329436d/library/std/src/panicking.rs[0m:[35m485[0m
[INFO] [stdout]   17: [32mstd::panicking::try[0m[90m::h5d34f63d0e41b64e[0m
[INFO] [stdout]       at [35m/rustc/1b7dd2252b99671ce5d1cb9664c5f8636329436d/library/std/src/panicking.rs[0m:[35m449[0m
[INFO] [stdout]   18: [32mstd::panic::catch_unwind[0m[90m::hcfbb511e1aa7fc67[0m
[INFO] [stdout]       at [35m/rustc/1b7dd2252b99671ce5d1cb9664c5f8636329436d/library/std/src/panic.rs[0m:[35m140[0m
[INFO] [stdout]   19: [32mtest::run_test_in_process[0m[90m::h9abda90f802eaf21[0m
[INFO] [stdout]       at [35m/rustc/1b7dd2252b99671ce5d1cb9664c5f8636329436d/library/test/src/lib.rs[0m:[35m678[0m
[INFO] [stdout]   [96m                              ⋮ 14 frames hidden ⋮                              [0m
[INFO] [stdout] 
[INFO] [stdout] Run with COLORBT_SHOW_HIDDEN=1 environment variable to disable frame filtering.
[INFO] [stdout] 
[INFO] [stdout] 
[INFO] [stdout] failures:
[INFO] [stdout]     bin::tests::test_bin_2
[INFO] [stdout]     bin::tests::test_bin_main
[INFO] [stdout]     bin::tests::test_bin_nonexistent
[INFO] [stdout]     bin::tests::test_bin_nonexistent_package
[INFO] [stdout]     bin::tests::test_example
[INFO] [stdout]     bin::tests::test_example_nonexistent
[INFO] [stdout]     bin::tests::test_example_nonexistent_package
[INFO] [stdout]     bin::tests::test_features
[INFO] [stdout]     bin::tests::test_no_default_features
[INFO] [stdout]     bin::tests::test_release_default
[INFO] [stdout]     bin::tests::test_release_false
[INFO] [stdout]     bin::tests::test_release_true
[INFO] [stdout]     bin::tests::test_ws_member_main
[INFO] [stdout]     test::tests::test_any_name
[INFO] [stdout]     test::tests::test_artifact_run_args
[INFO] [stdout]     test::tests::test_bin_2
[INFO] [stdout]     test::tests::test_disabled_feature
[INFO] [stdout]     test::tests::test_enabled_feature
[INFO] [stdout]     test::tests::test_exact_name
[INFO] [stdout]     test::tests::test_in_example
[INFO] [stdout]     test::tests::test_integration
[INFO] [stdout]     test::tests::test_lib
[INFO] [stdout]     test::tests::test_main
[INFO] [stdout]     test::tests::test_module
[INFO] [stdout]     test::tests::test_multiple_artifacts
[INFO] [stdout]     test::tests::test_no_default_features
[INFO] [stdout]     test::tests::test_partial_name
[INFO] [stdout]     test::tests::test_release_default
[INFO] [stdout]     test::tests::test_release_false
[INFO] [stdout]     test::tests::test_release_true
[INFO] [stdout]     test::tests::test_unspecified
[INFO] [stdout]     test::tests::test_ws_member
[INFO] [stdout] 
[INFO] [stdout] test result: FAILED. 1 passed; 32 failed; 0 ignored; 0 measured; 0 filtered out; finished in 0.68s
[INFO] [stdout] 
[INFO] [stderr] error: test failed, to rerun pass `--lib`
[INFO] running `Command { std: "docker" "inspect" "47d3e1bb5f8755bc7906dbdae1dcaab8adeb67eeed237f6a19f4ac3344d515b7", kill_on_drop: false }`
[INFO] running `Command { std: "docker" "rm" "-f" "47d3e1bb5f8755bc7906dbdae1dcaab8adeb67eeed237f6a19f4ac3344d515b7", kill_on_drop: false }`
[INFO] [stdout] 47d3e1bb5f8755bc7906dbdae1dcaab8adeb67eeed237f6a19f4ac3344d515b7
