[INFO] fetching crate sea-orm-macros 0.11.3...
[INFO] testing sea-orm-macros-0.11.3 against beta-2023-04-20 for beta-1.70-1
[INFO] extracting crate sea-orm-macros 0.11.3 into /workspace/builds/worker-7-tc2/source
[INFO] validating manifest of crates.io crate sea-orm-macros 0.11.3 on toolchain beta-2023-04-20
[INFO] running `Command { std: CARGO_HOME="/workspace/cargo-home" RUSTUP_HOME="/workspace/rustup-home" "/workspace/cargo-home/bin/cargo" "+beta-2023-04-20" "metadata" "--manifest-path" "Cargo.toml" "--no-deps", kill_on_drop: false }`
[INFO] started tweaking crates.io crate sea-orm-macros 0.11.3
[INFO] finished tweaking crates.io crate sea-orm-macros 0.11.3
[INFO] tweaked toml for crates.io crate sea-orm-macros 0.11.3 written to /workspace/builds/worker-7-tc2/source/Cargo.toml
[INFO] running `Command { std: CARGO_HOME="/workspace/cargo-home" RUSTUP_HOME="/workspace/rustup-home" __CARGO_TEST_CHANNEL_OVERRIDE_DO_NOT_USE_THIS="nightly" "/workspace/cargo-home/bin/cargo" "+beta-2023-04-20" "generate-lockfile" "--manifest-path" "Cargo.toml" "-Zno-index-update", kill_on_drop: false }`
[INFO] [stderr]     Blocking waiting for file lock on package cache
[INFO] running `Command { std: CARGO_HOME="/workspace/cargo-home" RUSTUP_HOME="/workspace/rustup-home" "/workspace/cargo-home/bin/cargo" "+beta-2023-04-20" "fetch" "--manifest-path" "Cargo.toml", kill_on_drop: false }`
[INFO] running `Command { std: "docker" "create" "-v" "/var/lib/crater-agent-workspace/builds/worker-7-tc2/target:/opt/rustwide/target:rw,Z" "-v" "/var/lib/crater-agent-workspace/builds/worker-7-tc2/source:/opt/rustwide/workdir:ro,Z" "-v" "/var/lib/crater-agent-workspace/cargo-home:/opt/rustwide/cargo-home:ro,Z" "-v" "/var/lib/crater-agent-workspace/rustup-home:/opt/rustwide/rustup-home:ro,Z" "-e" "SOURCE_DIR=/opt/rustwide/workdir" "-e" "CARGO_TARGET_DIR=/opt/rustwide/target" "-e" "CARGO_HOME=/opt/rustwide/cargo-home" "-e" "RUSTUP_HOME=/opt/rustwide/rustup-home" "-w" "/opt/rustwide/workdir" "-m" "1610612736" "--user" "0:0" "--network" "none" "ghcr.io/rust-lang/crates-build-env/linux@sha256:5ff2268d62e97bff2cde7d5815dd6ed5b47097566f13b8d0ca110b04b60e07ed" "/opt/rustwide/cargo-home/bin/cargo" "+beta-2023-04-20" "metadata" "--no-deps" "--format-version=1", kill_on_drop: false }`
[INFO] [stdout] 43da9c36bd40e14e4d77b8d203c3a49a7e415cf300a8a0a5f53f17cd2f3487cb
[INFO] running `Command { std: "docker" "start" "-a" "43da9c36bd40e14e4d77b8d203c3a49a7e415cf300a8a0a5f53f17cd2f3487cb", kill_on_drop: false }`
[INFO] running `Command { std: "docker" "inspect" "43da9c36bd40e14e4d77b8d203c3a49a7e415cf300a8a0a5f53f17cd2f3487cb", kill_on_drop: false }`
[INFO] running `Command { std: "docker" "rm" "-f" "43da9c36bd40e14e4d77b8d203c3a49a7e415cf300a8a0a5f53f17cd2f3487cb", kill_on_drop: false }`
[INFO] [stdout] 43da9c36bd40e14e4d77b8d203c3a49a7e415cf300a8a0a5f53f17cd2f3487cb
[INFO] running `Command { std: "docker" "create" "-v" "/var/lib/crater-agent-workspace/builds/worker-7-tc2/target:/opt/rustwide/target:rw,Z" "-v" "/var/lib/crater-agent-workspace/builds/worker-7-tc2/source:/opt/rustwide/workdir:ro,Z" "-v" "/var/lib/crater-agent-workspace/cargo-home:/opt/rustwide/cargo-home:ro,Z" "-v" "/var/lib/crater-agent-workspace/rustup-home:/opt/rustwide/rustup-home:ro,Z" "-e" "SOURCE_DIR=/opt/rustwide/workdir" "-e" "CARGO_TARGET_DIR=/opt/rustwide/target" "-e" "CARGO_INCREMENTAL=0" "-e" "RUST_BACKTRACE=full" "-e" "RUSTFLAGS=--cap-lints=warn" "-e" "RUSTDOCFLAGS=--cap-lints=warn" "-e" "CARGO_HOME=/opt/rustwide/cargo-home" "-e" "RUSTUP_HOME=/opt/rustwide/rustup-home" "-w" "/opt/rustwide/workdir" "-m" "1610612736" "--user" "0:0" "--network" "none" "ghcr.io/rust-lang/crates-build-env/linux@sha256:5ff2268d62e97bff2cde7d5815dd6ed5b47097566f13b8d0ca110b04b60e07ed" "/opt/rustwide/cargo-home/bin/cargo" "+beta-2023-04-20" "build" "--frozen" "--message-format=json", kill_on_drop: false }`
[INFO] [stdout] ce98155d104e9a32b70d128525b159baf27f18c3322f995f39191d68f49f8c42
[INFO] running `Command { std: "docker" "start" "-a" "ce98155d104e9a32b70d128525b159baf27f18c3322f995f39191d68f49f8c42", kill_on_drop: false }`
[INFO] [stderr]    Compiling proc-macro2 v1.0.56
[INFO] [stderr]    Compiling quote v1.0.26
[INFO] [stderr]    Compiling proc-macro-error-attr v1.0.4
[INFO] [stderr]    Compiling syn v1.0.109
[INFO] [stderr]    Compiling proc-macro-error v1.0.4
[INFO] [stderr]    Compiling unicode-segmentation v1.10.1
[INFO] [stderr]    Compiling heck v0.3.3
[INFO] [stderr]    Compiling bae v0.1.7
[INFO] [stderr]    Compiling sea-orm-macros v0.11.3 (/opt/rustwide/workdir)
[INFO] [stderr]     Finished dev [unoptimized + debuginfo] target(s) in 14.26s
[INFO] running `Command { std: "docker" "inspect" "ce98155d104e9a32b70d128525b159baf27f18c3322f995f39191d68f49f8c42", kill_on_drop: false }`
[INFO] running `Command { std: "docker" "rm" "-f" "ce98155d104e9a32b70d128525b159baf27f18c3322f995f39191d68f49f8c42", kill_on_drop: false }`
[INFO] [stdout] ce98155d104e9a32b70d128525b159baf27f18c3322f995f39191d68f49f8c42
[INFO] running `Command { std: "docker" "create" "-v" "/var/lib/crater-agent-workspace/builds/worker-7-tc2/target:/opt/rustwide/target:rw,Z" "-v" "/var/lib/crater-agent-workspace/builds/worker-7-tc2/source:/opt/rustwide/workdir:ro,Z" "-v" "/var/lib/crater-agent-workspace/cargo-home:/opt/rustwide/cargo-home:ro,Z" "-v" "/var/lib/crater-agent-workspace/rustup-home:/opt/rustwide/rustup-home:ro,Z" "-e" "SOURCE_DIR=/opt/rustwide/workdir" "-e" "CARGO_TARGET_DIR=/opt/rustwide/target" "-e" "CARGO_INCREMENTAL=0" "-e" "RUST_BACKTRACE=full" "-e" "RUSTFLAGS=--cap-lints=warn" "-e" "RUSTDOCFLAGS=--cap-lints=warn" "-e" "CARGO_HOME=/opt/rustwide/cargo-home" "-e" "RUSTUP_HOME=/opt/rustwide/rustup-home" "-w" "/opt/rustwide/workdir" "-m" "1610612736" "--user" "0:0" "--network" "none" "ghcr.io/rust-lang/crates-build-env/linux@sha256:5ff2268d62e97bff2cde7d5815dd6ed5b47097566f13b8d0ca110b04b60e07ed" "/opt/rustwide/cargo-home/bin/cargo" "+beta-2023-04-20" "test" "--frozen" "--no-run" "--message-format=json", kill_on_drop: false }`
[INFO] [stdout] 0f9b52afabcec95b2c1dbf8d61408d14ae570ac160f8d09c28b022a57f5b1b79
[INFO] running `Command { std: "docker" "start" "-a" "0f9b52afabcec95b2c1dbf8d61408d14ae570ac160f8d09c28b022a57f5b1b79", kill_on_drop: false }`
[INFO] [stderr]    Compiling serde_derive v1.0.160
[INFO] [stderr]    Compiling serde v1.0.160
[INFO] [stderr]    Compiling syn v2.0.15
[INFO] [stderr]    Compiling sea-orm-macros v0.11.3 (/opt/rustwide/workdir)
[INFO] [stderr]     Finished test [unoptimized + debuginfo] target(s) in 10.98s
[INFO] running `Command { std: "docker" "inspect" "0f9b52afabcec95b2c1dbf8d61408d14ae570ac160f8d09c28b022a57f5b1b79", kill_on_drop: false }`
[INFO] running `Command { std: "docker" "rm" "-f" "0f9b52afabcec95b2c1dbf8d61408d14ae570ac160f8d09c28b022a57f5b1b79", kill_on_drop: false }`
[INFO] [stdout] 0f9b52afabcec95b2c1dbf8d61408d14ae570ac160f8d09c28b022a57f5b1b79
[INFO] running `Command { std: "docker" "create" "-v" "/var/lib/crater-agent-workspace/builds/worker-7-tc2/target:/opt/rustwide/target:rw,Z" "-v" "/var/lib/crater-agent-workspace/builds/worker-7-tc2/source:/opt/rustwide/workdir:ro,Z" "-v" "/var/lib/crater-agent-workspace/cargo-home:/opt/rustwide/cargo-home:ro,Z" "-v" "/var/lib/crater-agent-workspace/rustup-home:/opt/rustwide/rustup-home:ro,Z" "-e" "SOURCE_DIR=/opt/rustwide/workdir" "-e" "CARGO_TARGET_DIR=/opt/rustwide/target" "-e" "CARGO_INCREMENTAL=0" "-e" "RUST_BACKTRACE=full" "-e" "RUSTFLAGS=--cap-lints=warn" "-e" "RUSTDOCFLAGS=--cap-lints=warn" "-e" "CARGO_HOME=/opt/rustwide/cargo-home" "-e" "RUSTUP_HOME=/opt/rustwide/rustup-home" "-w" "/opt/rustwide/workdir" "-m" "1610612736" "--user" "0:0" "--network" "none" "ghcr.io/rust-lang/crates-build-env/linux@sha256:5ff2268d62e97bff2cde7d5815dd6ed5b47097566f13b8d0ca110b04b60e07ed" "/opt/rustwide/cargo-home/bin/cargo" "+beta-2023-04-20" "test" "--frozen", kill_on_drop: false }`
[INFO] [stdout] db7aa09797b9d7d9895952ab296d3247208bfb39156fecd42a2bcbfc99170511
[INFO] running `Command { std: "docker" "start" "-a" "db7aa09797b9d7d9895952ab296d3247208bfb39156fecd42a2bcbfc99170511", kill_on_drop: false }`
[INFO] [stderr]     Finished test [unoptimized + debuginfo] target(s) in 0.01s
[INFO] [stderr]      Running unittests src/lib.rs (/opt/rustwide/target/debug/deps/sea_orm_macros-5c693175efa7fdf8)
[INFO] [stdout] 
[INFO] [stdout] running 0 tests
[INFO] [stdout] 
[INFO] [stdout] test result: ok. 0 passed; 0 failed; 0 ignored; 0 measured; 0 filtered out; finished in 0.00s
[INFO] [stdout] 
[INFO] [stderr]    Doc-tests sea_orm_macros
[INFO] [stdout] 
[INFO] [stdout] running 14 tests
[INFO] [stdout] test src/lib.rs - derive_active_enum (line 545) ... FAILED
[INFO] [stdout] test src/lib.rs - derive_column (line 235) ... FAILED
[INFO] [stdout] test src/lib.rs - derive_migration_name (line 628) ... ignored
[INFO] [stdout] test src/lib.rs - derive_migration_name (line 636) ... ignored
[INFO] [stdout] test src/lib.rs - derive_active_model (line 365) ... FAILED
[INFO] [stdout] test src/lib.rs - derive_custom_column (line 258) ... FAILED
[INFO] [stdout] test src/lib.rs - derive_from_query_result (line 568) ... FAILED
[INFO] [stdout] test src/lib.rs - derive_entity_model (line 116) - compile fail ... ok
[INFO] [stdout] test src/lib.rs - derive_entity (line 14) ... FAILED
[INFO] [stdout] test src/lib.rs - derive_active_model_behavior (line 447) ... FAILED
[INFO] [stdout] test src/lib.rs - derive_entity_model (line 86) ... FAILED
[INFO] [stdout] test src/lib.rs - derive_relation (line 596) ... FAILED
[INFO] [stdout] test src/lib.rs - derive_primary_key (line 159) ... FAILED
[INFO] [stderr] error: doctest failed, to rerun pass `--doc`
[INFO] [stdout] test src/lib.rs - derive_model (line 293) ... FAILED
[INFO] [stdout] 
[INFO] [stdout] failures:
[INFO] [stdout] 
[INFO] [stdout] ---- src/lib.rs - derive_active_enum (line 545) stdout ----
[INFO] [stdout] error[E0433]: failed to resolve: use of undeclared crate or module `sea_orm`
[INFO] [stdout]  --> src/lib.rs:546:5
[INFO] [stdout]   |
[INFO] [stdout] 3 | use sea_orm::{entity::prelude::*, DeriveActiveEnum};
[INFO] [stdout]   |     ^^^^^^^ use of undeclared crate or module `sea_orm`
[INFO] [stdout] 
[INFO] [stdout] error[E0432]: unresolved import `sea_orm`
[INFO] [stdout]  --> src/lib.rs:546:5
[INFO] [stdout]   |
[INFO] [stdout] 3 | use sea_orm::{entity::prelude::*, DeriveActiveEnum};
[INFO] [stdout]   |     ^^^^^^^ use of undeclared crate or module `sea_orm`
[INFO] [stdout] 
[INFO] [stdout] error: cannot find derive macro `EnumIter` in this scope
[INFO] [stdout]  --> src/lib.rs:548:10
[INFO] [stdout]   |
[INFO] [stdout] 5 | #[derive(EnumIter, DeriveActiveEnum)]
[INFO] [stdout]   |          ^^^^^^^^
[INFO] [stdout] 
[INFO] [stdout] error: cannot determine resolution for the derive macro `DeriveActiveEnum`
[INFO] [stdout]  --> src/lib.rs:548:20
[INFO] [stdout]   |
[INFO] [stdout] 5 | #[derive(EnumIter, DeriveActiveEnum)]
[INFO] [stdout]   |                    ^^^^^^^^^^^^^^^^
[INFO] [stdout]   |
[INFO] [stdout]   = note: import resolution is stuck, try simplifying macro imports
[INFO] [stdout] 
[INFO] [stdout] error: cannot find attribute `sea_orm` in this scope
[INFO] [stdout]  --> src/lib.rs:549:3
[INFO] [stdout]   |
[INFO] [stdout] 6 | #[sea_orm(rs_type = "i32", db_type = "Integer")]
[INFO] [stdout]   |   ^^^^^^^
[INFO] [stdout] 
[INFO] [stdout] error: aborting due to 5 previous errors
[INFO] [stdout] 
[INFO] [stdout] Some errors have detailed explanations: E0432, E0433.
[INFO] [stdout] For more information about an error, try `rustc --explain E0432`.
[INFO] [stdout] Couldn't compile the test.
[INFO] [stdout] ---- src/lib.rs - derive_column (line 235) stdout ----
[INFO] [stdout] error[E0433]: failed to resolve: use of undeclared crate or module `sea_orm`
[INFO] [stdout]  --> src/lib.rs:236:5
[INFO] [stdout]   |
[INFO] [stdout] 3 | use sea_orm::entity::prelude::*;
[INFO] [stdout]   |     ^^^^^^^ use of undeclared crate or module `sea_orm`
[INFO] [stdout] 
[INFO] [stdout] error: cannot find derive macro `EnumIter` in this scope
[INFO] [stdout]  --> src/lib.rs:238:30
[INFO] [stdout]   |
[INFO] [stdout] 5 | #[derive(Copy, Clone, Debug, EnumIter, DeriveColumn)]
[INFO] [stdout]   |                              ^^^^^^^^
[INFO] [stdout] 
[INFO] [stdout] error: cannot find derive macro `DeriveColumn` in this scope
[INFO] [stdout]  --> src/lib.rs:238:40
[INFO] [stdout]   |
[INFO] [stdout] 5 | #[derive(Copy, Clone, Debug, EnumIter, DeriveColumn)]
[INFO] [stdout]   |                                        ^^^^^^^^^^^^
[INFO] [stdout]   |
[INFO] [stdout]   = help: consider importing this derive macro:
[INFO] [stdout]           sea_orm_macros::DeriveColumn
[INFO] [stdout] 
[INFO] [stdout] error: aborting due to 3 previous errors
[INFO] [stdout] 
[INFO] [stdout] For more information about this error, try `rustc --explain E0433`.
[INFO] [stdout] Couldn't compile the test.
[INFO] [stdout] ---- src/lib.rs - derive_active_model (line 365) stdout ----
[INFO] [stdout] error[E0433]: failed to resolve: use of undeclared crate or module `sea_orm`
[INFO] [stdout]  --> src/lib.rs:366:5
[INFO] [stdout]   |
[INFO] [stdout] 3 | use sea_orm::entity::prelude::*;
[INFO] [stdout]   |     ^^^^^^^ use of undeclared crate or module `sea_orm`
[INFO] [stdout] 
[INFO] [stdout] error: cannot find derive macro `DeriveModel` in this scope
[INFO] [stdout]  --> src/lib.rs:368:35
[INFO] [stdout]   |
[INFO] [stdout] 5 | #[derive(Clone, Debug, PartialEq, DeriveModel, DeriveActiveModel)]
[INFO] [stdout]   |                                   ^^^^^^^^^^^
[INFO] [stdout]   |
[INFO] [stdout]   = help: consider importing this derive macro:
[INFO] [stdout]           sea_orm_macros::DeriveModel
[INFO] [stdout] 
[INFO] [stdout] error: cannot find derive macro `DeriveActiveModel` in this scope
[INFO] [stdout]  --> src/lib.rs:368:48
[INFO] [stdout]   |
[INFO] [stdout] 5 | #[derive(Clone, Debug, PartialEq, DeriveModel, DeriveActiveModel)]
[INFO] [stdout]   |                                                ^^^^^^^^^^^^^^^^^
[INFO] [stdout]   |
[INFO] [stdout]   = help: consider importing this derive macro:
[INFO] [stdout]           sea_orm_macros::DeriveActiveModel
[INFO] [stdout] 
[INFO] [stdout] error: cannot find derive macro `DeriveEntity` in this scope
[INFO] [stdout]   --> src/lib.rs:374:39
[INFO] [stdout]    |
[INFO] [stdout] 11 | #[derive(Copy, Clone, Default, Debug, DeriveEntity)]
[INFO] [stdout]    |                                       ^^^^^^^^^^^^
[INFO] [stdout]    |
[INFO] [stdout]    = help: consider importing this derive macro:
[INFO] [stdout]            sea_orm_macros::DeriveEntity
[INFO] [stdout] 
[INFO] [stdout] error: cannot find derive macro `EnumIter` in this scope
[INFO] [stdout]   --> src/lib.rs:383:30
[INFO] [stdout]    |
[INFO] [stdout] 20 | #[derive(Copy, Clone, Debug, EnumIter, DeriveColumn)]
[INFO] [stdout]    |                              ^^^^^^^^
[INFO] [stdout] 
[INFO] [stdout] error: cannot find derive macro `DeriveColumn` in this scope
[INFO] [stdout]   --> src/lib.rs:383:40
[INFO] [stdout]    |
[INFO] [stdout] 20 | #[derive(Copy, Clone, Debug, EnumIter, DeriveColumn)]
[INFO] [stdout]    |                                        ^^^^^^^^^^^^
[INFO] [stdout]    |
[INFO] [stdout]    = help: consider importing this derive macro:
[INFO] [stdout]            sea_orm_macros::DeriveColumn
[INFO] [stdout] 
[INFO] [stdout] error: cannot find derive macro `EnumIter` in this scope
[INFO] [stdout]   --> src/lib.rs:389:30
[INFO] [stdout]    |
[INFO] [stdout] 26 | #[derive(Copy, Clone, Debug, EnumIter, DerivePrimaryKey)]
[INFO] [stdout]    |                              ^^^^^^^^
[INFO] [stdout] 
[INFO] [stdout] error: cannot find derive macro `DerivePrimaryKey` in this scope
[INFO] [stdout]   --> src/lib.rs:389:40
[INFO] [stdout]    |
[INFO] [stdout] 26 | #[derive(Copy, Clone, Debug, EnumIter, DerivePrimaryKey)]
[INFO] [stdout]    |                                        ^^^^^^^^^^^^^^^^
[INFO] [stdout]    |
[INFO] [stdout]    = help: consider importing this derive macro:
[INFO] [stdout]            sea_orm_macros::DerivePrimaryKey
[INFO] [stdout] 
[INFO] [stdout] error: cannot find derive macro `EnumIter` in this scope
[INFO] [stdout]   --> src/lib.rs:402:30
[INFO] [stdout]    |
[INFO] [stdout] 39 | #[derive(Copy, Clone, Debug, EnumIter)]
[INFO] [stdout]    |                              ^^^^^^^^
[INFO] [stdout] 
[INFO] [stdout] error[E0433]: failed to resolve: use of undeclared type `ColumnType`
[INFO] [stdout]   --> src/lib.rs:410:25
[INFO] [stdout]    |
[INFO] [stdout] 47 |             Self::Id => ColumnType::Integer.def(),
[INFO] [stdout]    |                         ^^^^^^^^^^ use of undeclared type `ColumnType`
[INFO] [stdout] 
[INFO] [stdout] error[E0405]: cannot find trait `EntityName` in this scope
[INFO] [stdout]   --> src/lib.rs:377:6
[INFO] [stdout]    |
[INFO] [stdout] 14 | impl EntityName for Entity {
[INFO] [stdout]    |      ^^^^^^^^^^ not found in this scope
[INFO] [stdout] 
[INFO] [stdout] error[E0405]: cannot find trait `PrimaryKeyTrait` in this scope
[INFO] [stdout]   --> src/lib.rs:394:6
[INFO] [stdout]    |
[INFO] [stdout] 31 | impl PrimaryKeyTrait for PrimaryKey {
[INFO] [stdout]    |      ^^^^^^^^^^^^^^^ not found in this scope
[INFO] [stdout] 
[INFO] [stdout] error[E0405]: cannot find trait `ColumnTrait` in this scope
[INFO] [stdout]   --> src/lib.rs:405:6
[INFO] [stdout]    |
[INFO] [stdout] 42 | impl ColumnTrait for Column {
[INFO] [stdout]    |      ^^^^^^^^^^^ not found in this scope
[INFO] [stdout] 
[INFO] [stdout] error[E0412]: cannot find type `ColumnDef` in this scope
[INFO] [stdout]   --> src/lib.rs:408:22
[INFO] [stdout]    |
[INFO] [stdout] 21 | pub enum Column {
[INFO] [stdout]    | --------------- similarly named enum `Column` defined here
[INFO] [stdout] ...
[INFO] [stdout] 45 |     fn def(&self) -> ColumnDef {
[INFO] [stdout]    |                      ^^^^^^^^^ help: an enum with a similar name exists: `Column`
[INFO] [stdout] 
[INFO] [stdout] error[E0405]: cannot find trait `RelationTrait` in this scope
[INFO] [stdout]   --> src/lib.rs:416:6
[INFO] [stdout]    |
[INFO] [stdout] 53 | impl RelationTrait for Relation {
[INFO] [stdout]    |      ^^^^^^^^^^^^^ not found in this scope
[INFO] [stdout] 
[INFO] [stdout] error[E0412]: cannot find type `RelationDef` in this scope
[INFO] [stdout]   --> src/lib.rs:417:22
[INFO] [stdout]    |
[INFO] [stdout] 40 | pub enum Relation {}
[INFO] [stdout]    | ----------------- similarly named enum `Relation` defined here
[INFO] [stdout] ...
[INFO] [stdout] 54 |     fn def(&self) -> RelationDef {
[INFO] [stdout]    |                      ^^^^^^^^^^^ help: an enum with a similar name exists: `Relation`
[INFO] [stdout] 
[INFO] [stdout] error[E0405]: cannot find trait `ActiveModelBehavior` in this scope
[INFO] [stdout]   --> src/lib.rs:422:6
[INFO] [stdout]    |
[INFO] [stdout] 59 | impl ActiveModelBehavior for ActiveModel {}
[INFO] [stdout]    |      ^^^^^^^^^^^^^^^^^^^ not found in this scope
[INFO] [stdout] 
[INFO] [stdout] error[E0412]: cannot find type `ActiveModel` in this scope
[INFO] [stdout]   --> src/lib.rs:422:30
[INFO] [stdout]    |
[INFO] [stdout] 59 | impl ActiveModelBehavior for ActiveModel {}
[INFO] [stdout]    |                              ^^^^^^^^^^^ not found in this scope
[INFO] [stdout] 
[INFO] [stdout] error[E0433]: failed to resolve: use of undeclared type `ColumnType`
[INFO] [stdout]   --> src/lib.rs:411:27
[INFO] [stdout]    |
[INFO] [stdout] 48 |             Self::Name => ColumnType::String(None).def(),
[INFO] [stdout]    |                           ^^^^^^^^^^ use of undeclared type `ColumnType`
[INFO] [stdout] 
[INFO] [stdout] error: aborting due to 19 previous errors
[INFO] [stdout] 
[INFO] [stdout] Some errors have detailed explanations: E0405, E0412, E0433.
[INFO] [stdout] For more information about an error, try `rustc --explain E0405`.
[INFO] [stdout] Couldn't compile the test.
[INFO] [stdout] ---- src/lib.rs - derive_custom_column (line 258) stdout ----
[INFO] [stdout] error[E0433]: failed to resolve: use of undeclared crate or module `sea_orm`
[INFO] [stdout]  --> src/lib.rs:259:5
[INFO] [stdout]   |
[INFO] [stdout] 3 | use sea_orm::entity::prelude::*;
[INFO] [stdout]   |     ^^^^^^^ use of undeclared crate or module `sea_orm`
[INFO] [stdout] 
[INFO] [stdout] error: cannot find derive macro `EnumIter` in this scope
[INFO] [stdout]  --> src/lib.rs:261:30
[INFO] [stdout]   |
[INFO] [stdout] 5 | #[derive(Copy, Clone, Debug, EnumIter, DeriveCustomColumn)]
[INFO] [stdout]   |                              ^^^^^^^^
[INFO] [stdout] 
[INFO] [stdout] error: cannot find derive macro `DeriveCustomColumn` in this scope
[INFO] [stdout]  --> src/lib.rs:261:40
[INFO] [stdout]   |
[INFO] [stdout] 5 | #[derive(Copy, Clone, Debug, EnumIter, DeriveCustomColumn)]
[INFO] [stdout]   |                                        ^^^^^^^^^^^^^^^^^^
[INFO] [stdout]   |
[INFO] [stdout]   = help: consider importing this derive macro:
[INFO] [stdout]           sea_orm_macros::DeriveCustomColumn
[INFO] [stdout] 
[INFO] [stdout] error[E0405]: cannot find trait `IdenStatic` in this scope
[INFO] [stdout]   --> src/lib.rs:268:6
[INFO] [stdout]    |
[INFO] [stdout] 12 | impl IdenStatic for Column {
[INFO] [stdout]    |      ^^^^^^^^^^ not found in this scope
[INFO] [stdout] 
[INFO] [stdout] error: aborting due to 4 previous errors
[INFO] [stdout] 
[INFO] [stdout] Some errors have detailed explanations: E0405, E0433.
[INFO] [stdout] For more information about an error, try `rustc --explain E0405`.
[INFO] [stdout] Couldn't compile the test.
[INFO] [stdout] ---- src/lib.rs - derive_from_query_result (line 568) stdout ----
[INFO] [stdout] error[E0433]: failed to resolve: use of undeclared crate or module `sea_orm`
[INFO] [stdout]  --> src/lib.rs:569:5
[INFO] [stdout]   |
[INFO] [stdout] 3 | use sea_orm::{entity::prelude::*, FromQueryResult};
[INFO] [stdout]   |     ^^^^^^^ use of undeclared crate or module `sea_orm`
[INFO] [stdout] 
[INFO] [stdout] error[E0432]: unresolved import `sea_orm`
[INFO] [stdout]  --> src/lib.rs:569:5
[INFO] [stdout]   |
[INFO] [stdout] 3 | use sea_orm::{entity::prelude::*, FromQueryResult};
[INFO] [stdout]   |     ^^^^^^^ use of undeclared crate or module `sea_orm`
[INFO] [stdout] 
[INFO] [stdout] error: cannot determine resolution for the derive macro `FromQueryResult`
[INFO] [stdout]  --> src/lib.rs:571:17
[INFO] [stdout]   |
[INFO] [stdout] 5 | #[derive(Debug, FromQueryResult)]
[INFO] [stdout]   |                 ^^^^^^^^^^^^^^^
[INFO] [stdout]   |
[INFO] [stdout]   = note: import resolution is stuck, try simplifying macro imports
[INFO] [stdout] 
[INFO] [stdout] error: aborting due to 3 previous errors
[INFO] [stdout] 
[INFO] [stdout] Some errors have detailed explanations: E0432, E0433.
[INFO] [stdout] For more information about an error, try `rustc --explain E0432`.
[INFO] [stdout] Couldn't compile the test.
[INFO] [stdout] ---- src/lib.rs - derive_entity (line 14) stdout ----
[INFO] [stdout] error[E0433]: failed to resolve: use of undeclared crate or module `sea_orm`
[INFO] [stdout]  --> src/lib.rs:15:5
[INFO] [stdout]   |
[INFO] [stdout] 3 | use sea_orm::entity::prelude::*;
[INFO] [stdout]   |     ^^^^^^^ use of undeclared crate or module `sea_orm`
[INFO] [stdout] 
[INFO] [stdout] error: cannot find derive macro `DeriveEntity` in this scope
[INFO] [stdout]  --> src/lib.rs:17:39
[INFO] [stdout]   |
[INFO] [stdout] 5 | #[derive(Copy, Clone, Default, Debug, DeriveEntity)]
[INFO] [stdout]   |                                       ^^^^^^^^^^^^
[INFO] [stdout]   |
[INFO] [stdout]   = help: consider importing this derive macro:
[INFO] [stdout]           sea_orm_macros::DeriveEntity
[INFO] [stdout] 
[INFO] [stdout] error: cannot find derive macro `DeriveModel` in this scope
[INFO] [stdout]   --> src/lib.rs:26:35
[INFO] [stdout]    |
[INFO] [stdout] 14 | #[derive(Clone, Debug, PartialEq, DeriveModel, DeriveActiveModel)]
[INFO] [stdout]    |                                   ^^^^^^^^^^^
[INFO] [stdout]    |
[INFO] [stdout]    = help: consider importing this derive macro:
[INFO] [stdout]            sea_orm_macros::DeriveModel
[INFO] [stdout] 
[INFO] [stdout] error: cannot find derive macro `DeriveActiveModel` in this scope
[INFO] [stdout]   --> src/lib.rs:26:48
[INFO] [stdout]    |
[INFO] [stdout] 14 | #[derive(Clone, Debug, PartialEq, DeriveModel, DeriveActiveModel)]
[INFO] [stdout]    |                                                ^^^^^^^^^^^^^^^^^
[INFO] [stdout]    |
[INFO] [stdout]    = help: consider importing this derive macro:
[INFO] [stdout]            sea_orm_macros::DeriveActiveModel
[INFO] [stdout] 
[INFO] [stdout] error: cannot find derive macro `EnumIter` in this scope
[INFO] [stdout]   --> src/lib.rs:32:30
[INFO] [stdout]    |
[INFO] [stdout] 20 | #[derive(Copy, Clone, Debug, EnumIter, DeriveColumn)]
[INFO] [stdout]    |                              ^^^^^^^^
[INFO] [stdout] 
[INFO] [stdout] error: cannot find derive macro `DeriveColumn` in this scope
[INFO] [stdout]   --> src/lib.rs:32:40
[INFO] [stdout]    |
[INFO] [stdout] 20 | #[derive(Copy, Clone, Debug, EnumIter, DeriveColumn)]
[INFO] [stdout]    |                                        ^^^^^^^^^^^^
[INFO] [stdout]    |
[INFO] [stdout]    = help: consider importing this derive macro:
[INFO] [stdout]            sea_orm_macros::DeriveColumn
[INFO] [stdout] 
[INFO] [stdout] error: cannot find derive macro `EnumIter` in this scope
[INFO] [stdout]   --> src/lib.rs:38:30
[INFO] [stdout]    |
[INFO] [stdout] 26 | #[derive(Copy, Clone, Debug, EnumIter, DerivePrimaryKey)]
[INFO] [stdout]    |                              ^^^^^^^^
[INFO] [stdout] 
[INFO] [stdout] error: cannot find derive macro `DerivePrimaryKey` in this scope
[INFO] [stdout]   --> src/lib.rs:38:40
[INFO] [stdout]    |
[INFO] [stdout] 26 | #[derive(Copy, Clone, Debug, EnumIter, DerivePrimaryKey)]
[INFO] [stdout]    |                                        ^^^^^^^^^^^^^^^^
[INFO] [stdout]    |
[INFO] [stdout]    = help: consider importing this derive macro:
[INFO] [stdout]            sea_orm_macros::DerivePrimaryKey
[INFO] [stdout] 
[INFO] [stdout] error: cannot find derive macro `EnumIter` in this scope
[INFO] [stdout]   --> src/lib.rs:51:30
[INFO] [stdout]    |
[INFO] [stdout] 39 | #[derive(Copy, Clone, Debug, EnumIter)]
[INFO] [stdout]    |                              ^^^^^^^^
[INFO] [stdout] 
[INFO] [stdout] error[E0433]: failed to resolve: use of undeclared type `ColumnType`
[INFO] [stdout]   --> src/lib.rs:59:25
[INFO] [stdout]    |
[INFO] [stdout] 47 |             Self::Id => ColumnType::Integer.def(),
[INFO] [stdout]    |                         ^^^^^^^^^^ use of undeclared type `ColumnType`
[INFO] [stdout] 
[INFO] [stdout] error[E0405]: cannot find trait `EntityName` in this scope
[INFO] [stdout]  --> src/lib.rs:20:6
[INFO] [stdout]   |
[INFO] [stdout] 8 | impl EntityName for Entity {
[INFO] [stdout]   |      ^^^^^^^^^^ not found in this scope
[INFO] [stdout] 
[INFO] [stdout] error[E0405]: cannot find trait `PrimaryKeyTrait` in this scope
[INFO] [stdout]   --> src/lib.rs:43:6
[INFO] [stdout]    |
[INFO] [stdout] 31 | impl PrimaryKeyTrait for PrimaryKey {
[INFO] [stdout]    |      ^^^^^^^^^^^^^^^ not found in this scope
[INFO] [stdout] 
[INFO] [stdout] error[E0405]: cannot find trait `ColumnTrait` in this scope
[INFO] [stdout]   --> src/lib.rs:54:6
[INFO] [stdout]    |
[INFO] [stdout] 42 | impl ColumnTrait for Column {
[INFO] [stdout]    |      ^^^^^^^^^^^ not found in this scope
[INFO] [stdout] 
[INFO] [stdout] error[E0412]: cannot find type `ColumnDef` in this scope
[INFO] [stdout]   --> src/lib.rs:57:22
[INFO] [stdout]    |
[INFO] [stdout] 21 | pub enum Column {
[INFO] [stdout]    | --------------- similarly named enum `Column` defined here
[INFO] [stdout] ...
[INFO] [stdout] 45 |     fn def(&self) -> ColumnDef {
[INFO] [stdout]    |                      ^^^^^^^^^ help: an enum with a similar name exists: `Column`
[INFO] [stdout] 
[INFO] [stdout] error[E0405]: cannot find trait `RelationTrait` in this scope
[INFO] [stdout]   --> src/lib.rs:65:6
[INFO] [stdout]    |
[INFO] [stdout] 53 | impl RelationTrait for Relation {
[INFO] [stdout]    |      ^^^^^^^^^^^^^ not found in this scope
[INFO] [stdout] 
[INFO] [stdout] error[E0412]: cannot find type `RelationDef` in this scope
[INFO] [stdout]   --> src/lib.rs:66:22
[INFO] [stdout]    |
[INFO] [stdout] 40 | pub enum Relation {}
[INFO] [stdout]    | ----------------- similarly named enum `Relation` defined here
[INFO] [stdout] ...
[INFO] [stdout] 54 |     fn def(&self) -> RelationDef {
[INFO] [stdout]    |                      ^^^^^^^^^^^ help: an enum with a similar name exists: `Relation`
[INFO] [stdout] 
[INFO] [stdout] error[E0405]: cannot find trait `ActiveModelBehavior` in this scope
[INFO] [stdout]   --> src/lib.rs:71:6
[INFO] [stdout]    |
[INFO] [stdout] 59 | impl ActiveModelBehavior for ActiveModel {}
[INFO] [stdout]    |      ^^^^^^^^^^^^^^^^^^^ not found in this scope
[INFO] [stdout] 
[INFO] [stdout] error[E0412]: cannot find type `ActiveModel` in this scope
[INFO] [stdout]   --> src/lib.rs:71:30
[INFO] [stdout]    |
[INFO] [stdout] 59 | impl ActiveModelBehavior for ActiveModel {}
[INFO] [stdout]    |                              ^^^^^^^^^^^ not found in this scope
[INFO] [stdout] 
[INFO] [stdout] error[E0433]: failed to resolve: use of undeclared type `ColumnType`
[INFO] [stdout]   --> src/lib.rs:60:27
[INFO] [stdout]    |
[INFO] [stdout] 48 |             Self::Name => ColumnType::String(None).def(),
[INFO] [stdout]    |                           ^^^^^^^^^^ use of undeclared type `ColumnType`
[INFO] [stdout] 
[INFO] [stdout] error: aborting due to 19 previous errors
[INFO] [stdout] 
[INFO] [stdout] Some errors have detailed explanations: E0405, E0412, E0433.
[INFO] [stdout] For more information about an error, try `rustc --explain E0405`.
[INFO] [stdout] Couldn't compile the test.
[INFO] [stdout] ---- src/lib.rs - derive_active_model_behavior (line 447) stdout ----
[INFO] [stdout] error[E0433]: failed to resolve: use of undeclared crate or module `sea_orm`
[INFO] [stdout]  --> src/lib.rs:448:5
[INFO] [stdout]   |
[INFO] [stdout] 3 | use sea_orm::entity::prelude::*;
[INFO] [stdout]   |     ^^^^^^^ use of undeclared crate or module `sea_orm`
[INFO] [stdout] 
[INFO] [stdout] error: cannot find derive macro `DeriveModel` in this scope
[INFO] [stdout]  --> src/lib.rs:451:30
[INFO] [stdout]   |
[INFO] [stdout] 6 |     Clone, Debug, PartialEq, DeriveModel, DeriveActiveModel, DeriveActiveModelBehavior,
[INFO] [stdout]   |                              ^^^^^^^^^^^
[INFO] [stdout]   |
[INFO] [stdout]   = help: consider importing this derive macro:
[INFO] [stdout]           sea_orm_macros::DeriveModel
[INFO] [stdout] 
[INFO] [stdout] error: cannot find derive macro `DeriveActiveModel` in this scope
[INFO] [stdout]  --> src/lib.rs:451:43
[INFO] [stdout]   |
[INFO] [stdout] 6 |     Clone, Debug, PartialEq, DeriveModel, DeriveActiveModel, DeriveActiveModelBehavior,
[INFO] [stdout]   |                                           ^^^^^^^^^^^^^^^^^
[INFO] [stdout]   |
[INFO] [stdout]   = help: consider importing this derive macro:
[INFO] [stdout]           sea_orm_macros::DeriveActiveModel
[INFO] [stdout] 
[INFO] [stdout] error: cannot find derive macro `DeriveActiveModelBehavior` in this scope
[INFO] [stdout]  --> src/lib.rs:451:62
[INFO] [stdout]   |
[INFO] [stdout] 6 |     Clone, Debug, PartialEq, DeriveModel, DeriveActiveModel, DeriveActiveModelBehavior,
[INFO] [stdout]   |                                                              ^^^^^^^^^^^^^^^^^^^^^^^^^
[INFO] [stdout]   |
[INFO] [stdout]   = help: consider importing this derive macro:
[INFO] [stdout]           sea_orm_macros::DeriveActiveModelBehavior
[INFO] [stdout] 
[INFO] [stdout] error: cannot find derive macro `DeriveEntity` in this scope
[INFO] [stdout]   --> src/lib.rs:458:39
[INFO] [stdout]    |
[INFO] [stdout] 13 | #[derive(Copy, Clone, Default, Debug, DeriveEntity)]
[INFO] [stdout]    |                                       ^^^^^^^^^^^^
[INFO] [stdout]    |
[INFO] [stdout]    = help: consider importing this derive macro:
[INFO] [stdout]            sea_orm_macros::DeriveEntity
[INFO] [stdout] 
[INFO] [stdout] error: cannot find derive macro `EnumIter` in this scope
[INFO] [stdout]   --> src/lib.rs:467:30
[INFO] [stdout]    |
[INFO] [stdout] 22 | #[derive(Copy, Clone, Debug, EnumIter, DeriveColumn)]
[INFO] [stdout]    |                              ^^^^^^^^
[INFO] [stdout] 
[INFO] [stdout] error: cannot find derive macro `DeriveColumn` in this scope
[INFO] [stdout]   --> src/lib.rs:467:40
[INFO] [stdout]    |
[INFO] [stdout] 22 | #[derive(Copy, Clone, Debug, EnumIter, DeriveColumn)]
[INFO] [stdout]    |                                        ^^^^^^^^^^^^
[INFO] [stdout]    |
[INFO] [stdout]    = help: consider importing this derive macro:
[INFO] [stdout]            sea_orm_macros::DeriveColumn
[INFO] [stdout] 
[INFO] [stdout] error: cannot find derive macro `EnumIter` in this scope
[INFO] [stdout]   --> src/lib.rs:473:30
[INFO] [stdout]    |
[INFO] [stdout] 28 | #[derive(Copy, Clone, Debug, EnumIter, DerivePrimaryKey)]
[INFO] [stdout]    |                              ^^^^^^^^
[INFO] [stdout] 
[INFO] [stdout] error: cannot find derive macro `DerivePrimaryKey` in this scope
[INFO] [stdout]   --> src/lib.rs:473:40
[INFO] [stdout]    |
[INFO] [stdout] 28 | #[derive(Copy, Clone, Debug, EnumIter, DerivePrimaryKey)]
[INFO] [stdout]    |                                        ^^^^^^^^^^^^^^^^
[INFO] [stdout]    |
[INFO] [stdout]    = help: consider importing this derive macro:
[INFO] [stdout]            sea_orm_macros::DerivePrimaryKey
[INFO] [stdout] 
[INFO] [stdout] error: cannot find derive macro `EnumIter` in this scope
[INFO] [stdout]   --> src/lib.rs:486:30
[INFO] [stdout]    |
[INFO] [stdout] 41 | #[derive(Copy, Clone, Debug, EnumIter)]
[INFO] [stdout]    |                              ^^^^^^^^
[INFO] [stdout] 
[INFO] [stdout] error[E0433]: failed to resolve: use of undeclared type `ColumnType`
[INFO] [stdout]   --> src/lib.rs:494:25
[INFO] [stdout]    |
[INFO] [stdout] 49 |             Self::Id => ColumnType::Integer.def(),
[INFO] [stdout]    |                         ^^^^^^^^^^ use of undeclared type `ColumnType`
[INFO] [stdout] 
[INFO] [stdout] error[E0405]: cannot find trait `EntityName` in this scope
[INFO] [stdout]   --> src/lib.rs:461:6
[INFO] [stdout]    |
[INFO] [stdout] 16 | impl EntityName for Entity {
[INFO] [stdout]    |      ^^^^^^^^^^ not found in this scope
[INFO] [stdout] 
[INFO] [stdout] error[E0405]: cannot find trait `PrimaryKeyTrait` in this scope
[INFO] [stdout]   --> src/lib.rs:478:6
[INFO] [stdout]    |
[INFO] [stdout] 33 | impl PrimaryKeyTrait for PrimaryKey {
[INFO] [stdout]    |      ^^^^^^^^^^^^^^^ not found in this scope
[INFO] [stdout] 
[INFO] [stdout] error[E0405]: cannot find trait `ColumnTrait` in this scope
[INFO] [stdout]   --> src/lib.rs:489:6
[INFO] [stdout]    |
[INFO] [stdout] 44 | impl ColumnTrait for Column {
[INFO] [stdout]    |      ^^^^^^^^^^^ not found in this scope
[INFO] [stdout] 
[INFO] [stdout] error[E0412]: cannot find type `ColumnDef` in this scope
[INFO] [stdout]   --> src/lib.rs:492:22
[INFO] [stdout]    |
[INFO] [stdout] 23 | pub enum Column {
[INFO] [stdout]    | --------------- similarly named enum `Column` defined here
[INFO] [stdout] ...
[INFO] [stdout] 47 |     fn def(&self) -> ColumnDef {
[INFO] [stdout]    |                      ^^^^^^^^^ help: an enum with a similar name exists: `Column`
[INFO] [stdout] 
[INFO] [stdout] error[E0405]: cannot find trait `RelationTrait` in this scope
[INFO] [stdout]   --> src/lib.rs:500:6
[INFO] [stdout]    |
[INFO] [stdout] 55 | impl RelationTrait for Relation {
[INFO] [stdout]    |      ^^^^^^^^^^^^^ not found in this scope
[INFO] [stdout] 
[INFO] [stdout] error[E0412]: cannot find type `RelationDef` in this scope
[INFO] [stdout]   --> src/lib.rs:501:22
[INFO] [stdout]    |
[INFO] [stdout] 42 | pub enum Relation {}
[INFO] [stdout]    | ----------------- similarly named enum `Relation` defined here
[INFO] [stdout] ...
[INFO] [stdout] 56 |     fn def(&self) -> RelationDef {
[INFO] [stdout]    |                      ^^^^^^^^^^^ help: an enum with a similar name exists: `Relation`
[INFO] [stdout] 
[INFO] [stdout] error[E0433]: failed to resolve: use of undeclared type `ColumnType`
[INFO] [stdout]   --> src/lib.rs:495:27
[INFO] [stdout]    |
[INFO] [stdout] 50 |             Self::Name => ColumnType::String(None).def(),
[INFO] [stdout]    |                           ^^^^^^^^^^ use of undeclared type `ColumnType`
[INFO] [stdout] 
[INFO] [stdout] error: aborting due to 18 previous errors
[INFO] [stdout] 
[INFO] [stdout] Some errors have detailed explanations: E0405, E0412, E0433.
[INFO] [stdout] For more information about an error, try `rustc --explain E0405`.
[INFO] [stdout] Couldn't compile the test.
[INFO] [stdout] ---- src/lib.rs - derive_entity_model (line 86) stdout ----
[INFO] [stdout] error[E0433]: failed to resolve: use of undeclared crate or module `sea_orm`
[INFO] [stdout]  --> src/lib.rs:87:5
[INFO] [stdout]   |
[INFO] [stdout] 3 | use sea_orm::entity::prelude::*;
[INFO] [stdout]   |     ^^^^^^^ use of undeclared crate or module `sea_orm`
[INFO] [stdout] 
[INFO] [stdout] error: cannot find derive macro `DeriveEntityModel` in this scope
[INFO] [stdout]  --> src/lib.rs:90:35
[INFO] [stdout]   |
[INFO] [stdout] 6 | #[derive(Clone, Debug, PartialEq, DeriveEntityModel, Deserialize, Serialize)]
[INFO] [stdout]   |                                   ^^^^^^^^^^^^^^^^^
[INFO] [stdout]   |
[INFO] [stdout]   = help: consider importing this derive macro:
[INFO] [stdout]           sea_orm_macros::DeriveEntityModel
[INFO] [stdout] 
[INFO] [stdout] error: cannot find attribute `sea_orm` in this scope
[INFO] [stdout]  --> src/lib.rs:91:3
[INFO] [stdout]   |
[INFO] [stdout] 7 | #[sea_orm(table_name = "posts")]
[INFO] [stdout]   |   ^^^^^^^
[INFO] [stdout] 
[INFO] [stdout] error: cannot find attribute `sea_orm` in this scope
[INFO] [stdout]  --> src/lib.rs:93:7
[INFO] [stdout]   |
[INFO] [stdout] 9 |     #[sea_orm(primary_key)]
[INFO] [stdout]   |       ^^^^^^^
[INFO] [stdout] 
[INFO] [stdout] error: cannot find attribute `sea_orm` in this scope
[INFO] [stdout]   --> src/lib.rs:96:7
[INFO] [stdout]    |
[INFO] [stdout] 12 |     #[sea_orm(column_type = "Text")]
[INFO] [stdout]    |       ^^^^^^^
[INFO] [stdout] 
[INFO] [stdout] error: cannot find derive macro `EnumIter` in this scope
[INFO] [stdout]   --> src/lib.rs:100:30
[INFO] [stdout]    |
[INFO] [stdout] 16 | #[derive(Copy, Clone, Debug, EnumIter)]
[INFO] [stdout]    |                              ^^^^^^^^
[INFO] [stdout] 
[INFO] [stdout] error[E0405]: cannot find trait `RelationTrait` in this scope
[INFO] [stdout]   --> src/lib.rs:103:6
[INFO] [stdout]    |
[INFO] [stdout] 19 | impl RelationTrait for Relation {
[INFO] [stdout]    |      ^^^^^^^^^^^^^ not found in this scope
[INFO] [stdout] 
[INFO] [stdout] error[E0412]: cannot find type `RelationDef` in this scope
[INFO] [stdout]   --> src/lib.rs:104:22
[INFO] [stdout]    |
[INFO] [stdout] 17 | pub enum Relation {}
[INFO] [stdout]    | ----------------- similarly named enum `Relation` defined here
[INFO] [stdout] ...
[INFO] [stdout] 20 |     fn def(&self) -> RelationDef {
[INFO] [stdout]    |                      ^^^^^^^^^^^ help: an enum with a similar name exists: `Relation`
[INFO] [stdout] 
[INFO] [stdout] error[E0405]: cannot find trait `ActiveModelBehavior` in this scope
[INFO] [stdout]   --> src/lib.rs:109:6
[INFO] [stdout]    |
[INFO] [stdout] 25 | impl ActiveModelBehavior for ActiveModel {}
[INFO] [stdout]    |      ^^^^^^^^^^^^^^^^^^^ not found in this scope
[INFO] [stdout] 
[INFO] [stdout] error[E0412]: cannot find type `ActiveModel` in this scope
[INFO] [stdout]   --> src/lib.rs:109:30
[INFO] [stdout]    |
[INFO] [stdout] 25 | impl ActiveModelBehavior for ActiveModel {}
[INFO] [stdout]    |                              ^^^^^^^^^^^ not found in this scope
[INFO] [stdout] 
[INFO] [stdout] error: aborting due to 10 previous errors
[INFO] [stdout] 
[INFO] [stdout] Some errors have detailed explanations: E0405, E0412, E0433.
[INFO] [stdout] For more information about an error, try `rustc --explain E0405`.
[INFO] [stdout] Couldn't compile the test.
[INFO] [stdout] ---- src/lib.rs - derive_relation (line 596) stdout ----
[INFO] [stdout] error[E0433]: failed to resolve: use of undeclared crate or module `sea_orm`
[INFO] [stdout]  --> src/lib.rs:598:5
[INFO] [stdout]   |
[INFO] [stdout] 4 | use sea_orm::entity::prelude::*;
[INFO] [stdout]   |     ^^^^^^^ use of undeclared crate or module `sea_orm`
[INFO] [stdout] 
[INFO] [stdout] error[E0433]: failed to resolve: use of undeclared crate or module `sea_orm`
[INFO] [stdout]  --> src/lib.rs:597:5
[INFO] [stdout]   |
[INFO] [stdout] 3 | use sea_orm::tests_cfg::fruit::Entity;
[INFO] [stdout]   |     ^^^^^^^ use of undeclared crate or module `sea_orm`
[INFO] [stdout] 
[INFO] [stdout] error[E0432]: unresolved import `sea_orm::tests_cfg::fruit::Entity`
[INFO] [stdout]  --> src/lib.rs:597:5
[INFO] [stdout]   |
[INFO] [stdout] 3 | use sea_orm::tests_cfg::fruit::Entity;
[INFO] [stdout]   |     ^^^^^^^^^^^^^^^^^^^^^^^^^^^^^^^^^
[INFO] [stdout] 
[INFO] [stdout] error: cannot find derive macro `EnumIter` in this scope
[INFO] [stdout]  --> src/lib.rs:600:30
[INFO] [stdout]   |
[INFO] [stdout] 6 | #[derive(Copy, Clone, Debug, EnumIter, DeriveRelation)]
[INFO] [stdout]   |                              ^^^^^^^^
[INFO] [stdout] 
[INFO] [stdout] error: cannot find derive macro `DeriveRelation` in this scope
[INFO] [stdout]  --> src/lib.rs:600:40
[INFO] [stdout]   |
[INFO] [stdout] 6 | #[derive(Copy, Clone, Debug, EnumIter, DeriveRelation)]
[INFO] [stdout]   |                                        ^^^^^^^^^^^^^^
[INFO] [stdout]   |
[INFO] [stdout]   = help: consider importing this derive macro:
[INFO] [stdout]           sea_orm_macros::DeriveRelation
[INFO] [stdout] 
[INFO] [stdout] error: cannot find attribute `sea_orm` in this scope
[INFO] [stdout]  --> src/lib.rs:602:7
[INFO] [stdout]   |
[INFO] [stdout] 8 |     #[sea_orm(
[INFO] [stdout]   |       ^^^^^^^
[INFO] [stdout] 
[INFO] [stdout] error: cannot find attribute `sea_orm` in this scope
[INFO] [stdout]   --> src/lib.rs:608:7
[INFO] [stdout]    |
[INFO] [stdout] 14 |     #[sea_orm(
[INFO] [stdout]    |       ^^^^^^^
[INFO] [stdout] 
[INFO] [stdout] error: aborting due to 7 previous errors
[INFO] [stdout] 
[INFO] [stdout] Some errors have detailed explanations: E0432, E0433.
[INFO] [stdout] For more information about an error, try `rustc --explain E0432`.
[INFO] [stdout] Couldn't compile the test.
[INFO] [stdout] ---- src/lib.rs - derive_primary_key (line 159) stdout ----
[INFO] [stdout] error[E0433]: failed to resolve: use of undeclared crate or module `sea_orm`
[INFO] [stdout]  --> src/lib.rs:160:5
[INFO] [stdout]   |
[INFO] [stdout] 3 | use sea_orm::entity::prelude::*;
[INFO] [stdout]   |     ^^^^^^^ use of undeclared crate or module `sea_orm`
[INFO] [stdout] 
[INFO] [stdout] error: cannot find derive macro `EnumIter` in this scope
[INFO] [stdout]  --> src/lib.rs:162:30
[INFO] [stdout]   |
[INFO] [stdout] 5 | #[derive(Copy, Clone, Debug, EnumIter, DerivePrimaryKey)]
[INFO] [stdout]   |                              ^^^^^^^^
[INFO] [stdout] 
[INFO] [stdout] error: cannot find derive macro `DerivePrimaryKey` in this scope
[INFO] [stdout]  --> src/lib.rs:162:40
[INFO] [stdout]   |
[INFO] [stdout] 5 | #[derive(Copy, Clone, Debug, EnumIter, DerivePrimaryKey)]
[INFO] [stdout]   |                                        ^^^^^^^^^^^^^^^^
[INFO] [stdout]   |
[INFO] [stdout]   = help: consider importing this derive macro:
[INFO] [stdout]           sea_orm_macros::DerivePrimaryKey
[INFO] [stdout] 
[INFO] [stdout] error: cannot find derive macro `DeriveEntity` in this scope
[INFO] [stdout]   --> src/lib.rs:168:39
[INFO] [stdout]    |
[INFO] [stdout] 11 | #[derive(Copy, Clone, Default, Debug, DeriveEntity)]
[INFO] [stdout]    |                                       ^^^^^^^^^^^^
[INFO] [stdout]    |
[INFO] [stdout]    = help: consider importing this derive macro:
[INFO] [stdout]            sea_orm_macros::DeriveEntity
[INFO] [stdout] 
[INFO] [stdout] error: cannot find derive macro `DeriveModel` in this scope
[INFO] [stdout]   --> src/lib.rs:177:35
[INFO] [stdout]    |
[INFO] [stdout] 20 | #[derive(Clone, Debug, PartialEq, DeriveModel, DeriveActiveModel)]
[INFO] [stdout]    |                                   ^^^^^^^^^^^
[INFO] [stdout]    |
[INFO] [stdout]    = help: consider importing this derive macro:
[INFO] [stdout]            sea_orm_macros::DeriveModel
[INFO] [stdout] 
[INFO] [stdout] error: cannot find derive macro `DeriveActiveModel` in this scope
[INFO] [stdout]   --> src/lib.rs:177:48
[INFO] [stdout]    |
[INFO] [stdout] 20 | #[derive(Clone, Debug, PartialEq, DeriveModel, DeriveActiveModel)]
[INFO] [stdout]    |                                                ^^^^^^^^^^^^^^^^^
[INFO] [stdout]    |
[INFO] [stdout]    = help: consider importing this derive macro:
[INFO] [stdout]            sea_orm_macros::DeriveActiveModel
[INFO] [stdout] 
[INFO] [stdout] error: cannot find derive macro `EnumIter` in this scope
[INFO] [stdout]   --> src/lib.rs:183:30
[INFO] [stdout]    |
[INFO] [stdout] 26 | #[derive(Copy, Clone, Debug, EnumIter, DeriveColumn)]
[INFO] [stdout]    |                              ^^^^^^^^
[INFO] [stdout] 
[INFO] [stdout] error: cannot find derive macro `DeriveColumn` in this scope
[INFO] [stdout]   --> src/lib.rs:183:40
[INFO] [stdout]    |
[INFO] [stdout] 26 | #[derive(Copy, Clone, Debug, EnumIter, DeriveColumn)]
[INFO] [stdout]    |                                        ^^^^^^^^^^^^
[INFO] [stdout]    |
[INFO] [stdout]    = help: consider importing this derive macro:
[INFO] [stdout]            sea_orm_macros::DeriveColumn
[INFO] [stdout] 
[INFO] [stdout] error: cannot find derive macro `EnumIter` in this scope
[INFO] [stdout]   --> src/lib.rs:189:30
[INFO] [stdout]    |
[INFO] [stdout] 32 | #[derive(Copy, Clone, Debug, EnumIter)]
[INFO] [stdout]    |                              ^^^^^^^^
[INFO] [stdout] 
[INFO] [stdout] error[E0433]: failed to resolve: use of undeclared type `ColumnType`
[INFO] [stdout]   --> src/lib.rs:197:29
[INFO] [stdout]    |
[INFO] [stdout] 40 |             Self::CakeId => ColumnType::Integer.def(),
[INFO] [stdout]    |                             ^^^^^^^^^^ use of undeclared type `ColumnType`
[INFO] [stdout] 
[INFO] [stdout] error[E0433]: failed to resolve: use of undeclared type `ColumnType`
[INFO] [stdout]   --> src/lib.rs:198:32
[INFO] [stdout]    |
[INFO] [stdout] 41 |             Self::FillingId => ColumnType::Integer.def(),
[INFO] [stdout]    |                                ^^^^^^^^^^ use of undeclared type `ColumnType`
[INFO] [stdout] 
[INFO] [stdout] error[E0405]: cannot find trait `EntityName` in this scope
[INFO] [stdout]   --> src/lib.rs:171:6
[INFO] [stdout]    |
[INFO] [stdout] 14 | impl EntityName for Entity {
[INFO] [stdout]    |      ^^^^^^^^^^ not found in this scope
[INFO] [stdout] 
[INFO] [stdout] error[E0405]: cannot find trait `ColumnTrait` in this scope
[INFO] [stdout]   --> src/lib.rs:192:6
[INFO] [stdout]    |
[INFO] [stdout] 35 | impl ColumnTrait for Column {
[INFO] [stdout]    |      ^^^^^^^^^^^ not found in this scope
[INFO] [stdout] 
[INFO] [stdout] error[E0412]: cannot find type `ColumnDef` in this scope
[INFO] [stdout]   --> src/lib.rs:195:22
[INFO] [stdout]    |
[INFO] [stdout] 27 | pub enum Column {
[INFO] [stdout]    | --------------- similarly named enum `Column` defined here
[INFO] [stdout] ...
[INFO] [stdout] 38 |     fn def(&self) -> ColumnDef {
[INFO] [stdout]    |                      ^^^^^^^^^ help: an enum with a similar name exists: `Column`
[INFO] [stdout] 
[INFO] [stdout] error[E0405]: cannot find trait `PrimaryKeyTrait` in this scope
[INFO] [stdout]   --> src/lib.rs:203:6
[INFO] [stdout]    |
[INFO] [stdout] 46 | impl PrimaryKeyTrait for PrimaryKey {
[INFO] [stdout]    |      ^^^^^^^^^^^^^^^ not found in this scope
[INFO] [stdout] 
[INFO] [stdout] error[E0405]: cannot find trait `RelationTrait` in this scope
[INFO] [stdout]   --> src/lib.rs:211:6
[INFO] [stdout]    |
[INFO] [stdout] 54 | impl RelationTrait for Relation {
[INFO] [stdout]    |      ^^^^^^^^^^^^^ not found in this scope
[INFO] [stdout] 
[INFO] [stdout] error[E0412]: cannot find type `RelationDef` in this scope
[INFO] [stdout]   --> src/lib.rs:212:22
[INFO] [stdout]    |
[INFO] [stdout] 33 | pub enum Relation {}
[INFO] [stdout]    | ----------------- similarly named enum `Relation` defined here
[INFO] [stdout] ...
[INFO] [stdout] 55 |     fn def(&self) -> RelationDef {
[INFO] [stdout]    |                      ^^^^^^^^^^^ help: an enum with a similar name exists: `Relation`
[INFO] [stdout] 
[INFO] [stdout] error[E0405]: cannot find trait `ActiveModelBehavior` in this scope
[INFO] [stdout]   --> src/lib.rs:217:6
[INFO] [stdout]    |
[INFO] [stdout] 60 | impl ActiveModelBehavior for ActiveModel {}
[INFO] [stdout]    |      ^^^^^^^^^^^^^^^^^^^ not found in this scope
[INFO] [stdout] 
[INFO] [stdout] error[E0412]: cannot find type `ActiveModel` in this scope
[INFO] [stdout]   --> src/lib.rs:217:30
[INFO] [stdout]    |
[INFO] [stdout] 60 | impl ActiveModelBehavior for ActiveModel {}
[INFO] [stdout]    |                              ^^^^^^^^^^^ not found in this scope
[INFO] [stdout] 
[INFO] [stdout] error: aborting due to 19 previous errors
[INFO] [stdout] 
[INFO] [stdout] Some errors have detailed explanations: E0405, E0412, E0433.
[INFO] [stdout] For more information about an error, try `rustc --explain E0405`.
[INFO] [stdout] Couldn't compile the test.
[INFO] [stdout] ---- src/lib.rs - derive_model (line 293) stdout ----
[INFO] [stdout] error[E0433]: failed to resolve: use of undeclared crate or module `sea_orm`
[INFO] [stdout]  --> src/lib.rs:294:5
[INFO] [stdout]   |
[INFO] [stdout] 3 | use sea_orm::entity::prelude::*;
[INFO] [stdout]   |     ^^^^^^^ use of undeclared crate or module `sea_orm`
[INFO] [stdout] 
[INFO] [stdout] error: cannot find derive macro `DeriveModel` in this scope
[INFO] [stdout]  --> src/lib.rs:296:35
[INFO] [stdout]   |
[INFO] [stdout] 5 | #[derive(Clone, Debug, PartialEq, DeriveModel, DeriveActiveModel)]
[INFO] [stdout]   |                                   ^^^^^^^^^^^
[INFO] [stdout]   |
[INFO] [stdout]   = help: consider importing this derive macro:
[INFO] [stdout]           sea_orm_macros::DeriveModel
[INFO] [stdout] 
[INFO] [stdout] error: cannot find derive macro `DeriveActiveModel` in this scope
[INFO] [stdout]  --> src/lib.rs:296:48
[INFO] [stdout]   |
[INFO] [stdout] 5 | #[derive(Clone, Debug, PartialEq, DeriveModel, DeriveActiveModel)]
[INFO] [stdout]   |                                                ^^^^^^^^^^^^^^^^^
[INFO] [stdout]   |
[INFO] [stdout]   = help: consider importing this derive macro:
[INFO] [stdout]           sea_orm_macros::DeriveActiveModel
[INFO] [stdout] 
[INFO] [stdout] error: cannot find derive macro `DeriveEntity` in this scope
[INFO] [stdout]   --> src/lib.rs:302:39
[INFO] [stdout]    |
[INFO] [stdout] 11 | #[derive(Copy, Clone, Default, Debug, DeriveEntity)]
[INFO] [stdout]    |                                       ^^^^^^^^^^^^
[INFO] [stdout]    |
[INFO] [stdout]    = help: consider importing this derive macro:
[INFO] [stdout]            sea_orm_macros::DeriveEntity
[INFO] [stdout] 
[INFO] [stdout] error: cannot find derive macro `EnumIter` in this scope
[INFO] [stdout]   --> src/lib.rs:311:30
[INFO] [stdout]    |
[INFO] [stdout] 20 | #[derive(Copy, Clone, Debug, EnumIter, DeriveColumn)]
[INFO] [stdout]    |                              ^^^^^^^^
[INFO] [stdout] 
[INFO] [stdout] error: cannot find derive macro `DeriveColumn` in this scope
[INFO] [stdout]   --> src/lib.rs:311:40
[INFO] [stdout]    |
[INFO] [stdout] 20 | #[derive(Copy, Clone, Debug, EnumIter, DeriveColumn)]
[INFO] [stdout]    |                                        ^^^^^^^^^^^^
[INFO] [stdout]    |
[INFO] [stdout]    = help: consider importing this derive macro:
[INFO] [stdout]            sea_orm_macros::DeriveColumn
[INFO] [stdout] 
[INFO] [stdout] error: cannot find derive macro `EnumIter` in this scope
[INFO] [stdout]   --> src/lib.rs:317:30
[INFO] [stdout]    |
[INFO] [stdout] 26 | #[derive(Copy, Clone, Debug, EnumIter, DerivePrimaryKey)]
[INFO] [stdout]    |                              ^^^^^^^^
[INFO] [stdout] 
[INFO] [stdout] error: cannot find derive macro `DerivePrimaryKey` in this scope
[INFO] [stdout]   --> src/lib.rs:317:40
[INFO] [stdout]    |
[INFO] [stdout] 26 | #[derive(Copy, Clone, Debug, EnumIter, DerivePrimaryKey)]
[INFO] [stdout]    |                                        ^^^^^^^^^^^^^^^^
[INFO] [stdout]    |
[INFO] [stdout]    = help: consider importing this derive macro:
[INFO] [stdout]            sea_orm_macros::DerivePrimaryKey
[INFO] [stdout] 
[INFO] [stdout] error: cannot find derive macro `EnumIter` in this scope
[INFO] [stdout]   --> src/lib.rs:330:30
[INFO] [stdout]    |
[INFO] [stdout] 39 | #[derive(Copy, Clone, Debug, EnumIter)]
[INFO] [stdout]    |                              ^^^^^^^^
[INFO] [stdout] 
[INFO] [stdout] error[E0433]: failed to resolve: use of undeclared type `ColumnType`
[INFO] [stdout]   --> src/lib.rs:338:25
[INFO] [stdout]    |
[INFO] [stdout] 47 |             Self::Id => ColumnType::Integer.def(),
[INFO] [stdout]    |                         ^^^^^^^^^^ use of undeclared type `ColumnType`
[INFO] [stdout] 
[INFO] [stdout] error[E0405]: cannot find trait `EntityName` in this scope
[INFO] [stdout]   --> src/lib.rs:305:6
[INFO] [stdout]    |
[INFO] [stdout] 14 | impl EntityName for Entity {
[INFO] [stdout]    |      ^^^^^^^^^^ not found in this scope
[INFO] [stdout] 
[INFO] [stdout] error[E0405]: cannot find trait `PrimaryKeyTrait` in this scope
[INFO] [stdout]   --> src/lib.rs:322:6
[INFO] [stdout]    |
[INFO] [stdout] 31 | impl PrimaryKeyTrait for PrimaryKey {
[INFO] [stdout]    |      ^^^^^^^^^^^^^^^ not found in this scope
[INFO] [stdout] 
[INFO] [stdout] error[E0405]: cannot find trait `ColumnTrait` in this scope
[INFO] [stdout]   --> src/lib.rs:333:6
[INFO] [stdout]    |
[INFO] [stdout] 42 | impl ColumnTrait for Column {
[INFO] [stdout]    |      ^^^^^^^^^^^ not found in this scope
[INFO] [stdout] 
[INFO] [stdout] error[E0412]: cannot find type `ColumnDef` in this scope
[INFO] [stdout]   --> src/lib.rs:336:22
[INFO] [stdout]    |
[INFO] [stdout] 21 | pub enum Column {
[INFO] [stdout]    | --------------- similarly named enum `Column` defined here
[INFO] [stdout] ...
[INFO] [stdout] 45 |     fn def(&self) -> ColumnDef {
[INFO] [stdout]    |                      ^^^^^^^^^ help: an enum with a similar name exists: `Column`
[INFO] [stdout] 
[INFO] [stdout] error[E0405]: cannot find trait `RelationTrait` in this scope
[INFO] [stdout]   --> src/lib.rs:344:6
[INFO] [stdout]    |
[INFO] [stdout] 53 | impl RelationTrait for Relation {
[INFO] [stdout]    |      ^^^^^^^^^^^^^ not found in this scope
[INFO] [stdout] 
[INFO] [stdout] error[E0412]: cannot find type `RelationDef` in this scope
[INFO] [stdout]   --> src/lib.rs:345:22
[INFO] [stdout]    |
[INFO] [stdout] 40 | pub enum Relation {}
[INFO] [stdout]    | ----------------- similarly named enum `Relation` defined here
[INFO] [stdout] ...
[INFO] [stdout] 54 |     fn def(&self) -> RelationDef {
[INFO] [stdout]    |                      ^^^^^^^^^^^ help: an enum with a similar name exists: `Relation`
[INFO] [stdout] 
[INFO] [stdout] error[E0405]: cannot find trait `ActiveModelBehavior` in this scope
[INFO] [stdout]   --> src/lib.rs:350:6
[INFO] [stdout]    |
[INFO] [stdout] 59 | impl ActiveModelBehavior for ActiveModel {}
[INFO] [stdout]    |      ^^^^^^^^^^^^^^^^^^^ not found in this scope
[INFO] [stdout] 
[INFO] [stdout] error[E0412]: cannot find type `ActiveModel` in this scope
[INFO] [stdout]   --> src/lib.rs:350:30
[INFO] [stdout]    |
[INFO] [stdout] 59 | impl ActiveModelBehavior for ActiveModel {}
[INFO] [stdout]    |                              ^^^^^^^^^^^ not found in this scope
[INFO] [stdout] 
[INFO] [stdout] error[E0433]: failed to resolve: use of undeclared type `ColumnType`
[INFO] [stdout]   --> src/lib.rs:339:27
[INFO] [stdout]    |
[INFO] [stdout] 48 |             Self::Name => ColumnType::String(None).def(),
[INFO] [stdout]    |                           ^^^^^^^^^^ use of undeclared type `ColumnType`
[INFO] [stdout] 
[INFO] [stdout] error: aborting due to 19 previous errors
[INFO] [stdout] 
[INFO] [stdout] Some errors have detailed explanations: E0405, E0412, E0433.
[INFO] [stdout] For more information about an error, try `rustc --explain E0405`.
[INFO] [stdout] Couldn't compile the test.
[INFO] [stdout] 
[INFO] [stdout] failures:
[INFO] [stdout]     src/lib.rs - derive_active_enum (line 545)
[INFO] [stdout]     src/lib.rs - derive_active_model (line 365)
[INFO] [stdout]     src/lib.rs - derive_active_model_behavior (line 447)
[INFO] [stdout]     src/lib.rs - derive_column (line 235)
[INFO] [stdout]     src/lib.rs - derive_custom_column (line 258)
[INFO] [stdout]     src/lib.rs - derive_entity (line 14)
[INFO] [stdout]     src/lib.rs - derive_entity_model (line 86)
[INFO] [stdout]     src/lib.rs - derive_from_query_result (line 568)
[INFO] [stdout]     src/lib.rs - derive_model (line 293)
[INFO] [stdout]     src/lib.rs - derive_primary_key (line 159)
[INFO] [stdout]     src/lib.rs - derive_relation (line 596)
[INFO] [stdout] 
[INFO] [stdout] test result: FAILED. 1 passed; 11 failed; 2 ignored; 0 measured; 0 filtered out; finished in 0.27s
[INFO] [stdout] 
[INFO] running `Command { std: "docker" "inspect" "db7aa09797b9d7d9895952ab296d3247208bfb39156fecd42a2bcbfc99170511", kill_on_drop: false }`
[INFO] running `Command { std: "docker" "rm" "-f" "db7aa09797b9d7d9895952ab296d3247208bfb39156fecd42a2bcbfc99170511", kill_on_drop: false }`
[INFO] [stdout] db7aa09797b9d7d9895952ab296d3247208bfb39156fecd42a2bcbfc99170511
