[INFO] fetching crate sds011 0.2.1...
[INFO] testing sds011-0.2.1 against beta-2023-04-20 for beta-1.70-1
[INFO] extracting crate sds011 0.2.1 into /workspace/builds/worker-2-tc2/source
[INFO] validating manifest of crates.io crate sds011 0.2.1 on toolchain beta-2023-04-20
[INFO] running `Command { std: CARGO_HOME="/workspace/cargo-home" RUSTUP_HOME="/workspace/rustup-home" "/workspace/cargo-home/bin/cargo" "+beta-2023-04-20" "metadata" "--manifest-path" "Cargo.toml" "--no-deps", kill_on_drop: false }`
[INFO] started tweaking crates.io crate sds011 0.2.1
[INFO] finished tweaking crates.io crate sds011 0.2.1
[INFO] tweaked toml for crates.io crate sds011 0.2.1 written to /workspace/builds/worker-2-tc2/source/Cargo.toml
[INFO] crate crates.io crate sds011 0.2.1 already has a lockfile, it will not be regenerated
[INFO] running `Command { std: CARGO_HOME="/workspace/cargo-home" RUSTUP_HOME="/workspace/rustup-home" "/workspace/cargo-home/bin/cargo" "+beta-2023-04-20" "fetch" "--manifest-path" "Cargo.toml", kill_on_drop: false }`
[INFO] [stderr]  Downloading crates ...
[INFO] [stderr]   Downloaded serialport v3.3.0
[INFO] running `Command { std: "docker" "create" "-v" "/var/lib/crater-agent-workspace/builds/worker-2-tc2/target:/opt/rustwide/target:rw,Z" "-v" "/var/lib/crater-agent-workspace/builds/worker-2-tc2/source:/opt/rustwide/workdir:ro,Z" "-v" "/var/lib/crater-agent-workspace/cargo-home:/opt/rustwide/cargo-home:ro,Z" "-v" "/var/lib/crater-agent-workspace/rustup-home:/opt/rustwide/rustup-home:ro,Z" "-e" "SOURCE_DIR=/opt/rustwide/workdir" "-e" "CARGO_TARGET_DIR=/opt/rustwide/target" "-e" "CARGO_HOME=/opt/rustwide/cargo-home" "-e" "RUSTUP_HOME=/opt/rustwide/rustup-home" "-w" "/opt/rustwide/workdir" "-m" "1610612736" "--user" "0:0" "--network" "none" "ghcr.io/rust-lang/crates-build-env/linux@sha256:5ff2268d62e97bff2cde7d5815dd6ed5b47097566f13b8d0ca110b04b60e07ed" "/opt/rustwide/cargo-home/bin/cargo" "+beta-2023-04-20" "metadata" "--no-deps" "--format-version=1", kill_on_drop: false }`
[INFO] [stdout] 0b5358c6f7035ba673ac9619755a72a0512f9ad678a28dd86e06ad9450c1f83a
[INFO] running `Command { std: "docker" "start" "-a" "0b5358c6f7035ba673ac9619755a72a0512f9ad678a28dd86e06ad9450c1f83a", kill_on_drop: false }`
[INFO] running `Command { std: "docker" "inspect" "0b5358c6f7035ba673ac9619755a72a0512f9ad678a28dd86e06ad9450c1f83a", kill_on_drop: false }`
[INFO] running `Command { std: "docker" "rm" "-f" "0b5358c6f7035ba673ac9619755a72a0512f9ad678a28dd86e06ad9450c1f83a", kill_on_drop: false }`
[INFO] [stdout] 0b5358c6f7035ba673ac9619755a72a0512f9ad678a28dd86e06ad9450c1f83a
[INFO] running `Command { std: "docker" "create" "-v" "/var/lib/crater-agent-workspace/builds/worker-2-tc2/target:/opt/rustwide/target:rw,Z" "-v" "/var/lib/crater-agent-workspace/builds/worker-2-tc2/source:/opt/rustwide/workdir:ro,Z" "-v" "/var/lib/crater-agent-workspace/cargo-home:/opt/rustwide/cargo-home:ro,Z" "-v" "/var/lib/crater-agent-workspace/rustup-home:/opt/rustwide/rustup-home:ro,Z" "-e" "SOURCE_DIR=/opt/rustwide/workdir" "-e" "CARGO_TARGET_DIR=/opt/rustwide/target" "-e" "CARGO_INCREMENTAL=0" "-e" "RUST_BACKTRACE=full" "-e" "RUSTFLAGS=--cap-lints=warn" "-e" "RUSTDOCFLAGS=--cap-lints=warn" "-e" "CARGO_HOME=/opt/rustwide/cargo-home" "-e" "RUSTUP_HOME=/opt/rustwide/rustup-home" "-w" "/opt/rustwide/workdir" "-m" "1610612736" "--user" "0:0" "--network" "none" "ghcr.io/rust-lang/crates-build-env/linux@sha256:5ff2268d62e97bff2cde7d5815dd6ed5b47097566f13b8d0ca110b04b60e07ed" "/opt/rustwide/cargo-home/bin/cargo" "+beta-2023-04-20" "build" "--frozen" "--message-format=json", kill_on_drop: false }`
[INFO] [stdout] ca80651bf97ccdc64cedc112e399a758d351006f02cbdee1d23b09dbcf7d660c
[INFO] running `Command { std: "docker" "start" "-a" "ca80651bf97ccdc64cedc112e399a758d351006f02cbdee1d23b09dbcf7d660c", kill_on_drop: false }`
[INFO] [stderr]    Compiling proc-macro2 v1.0.24
[INFO] [stderr]    Compiling unicode-xid v0.2.1
[INFO] [stderr]    Compiling syn v1.0.54
[INFO] [stderr]    Compiling libc v0.2.81
[INFO] [stderr]    Compiling byteorder v1.3.4
[INFO] [stderr]    Compiling serde_derive v1.0.118
[INFO] [stderr]    Compiling bitflags v1.2.1
[INFO] [stderr]    Compiling memchr v2.3.4
[INFO] [stderr]    Compiling serde v1.0.118
[INFO] [stderr]    Compiling nix v0.14.1
[INFO] [stderr]    Compiling ryu v1.0.5
[INFO] [stderr]    Compiling cfg-if v0.1.10
[INFO] [stderr]    Compiling void v1.0.2
[INFO] [stderr]    Compiling unicode-width v0.1.8
[INFO] [stderr]    Compiling itoa v0.4.6
[INFO] [stderr]    Compiling ansi_term v0.11.0
[INFO] [stderr]    Compiling strsim v0.8.0
[INFO] [stderr]    Compiling vec_map v0.8.2
[INFO] [stderr]    Compiling textwrap v0.11.0
[INFO] [stderr]    Compiling csv-core v0.1.10
[INFO] [stderr]    Compiling quote v1.0.7
[INFO] [stderr]    Compiling regex-automata v0.1.9
[INFO] [stderr]    Compiling atty v0.2.14
[INFO] [stderr]    Compiling clap v2.33.3
[INFO] [stderr]    Compiling serialport v3.3.0
[INFO] [stderr]    Compiling derive_more v0.99.11
[INFO] [stderr]    Compiling bstr v0.2.14
[INFO] [stderr]    Compiling csv v1.1.5
[INFO] [stderr]    Compiling sds011 v0.2.1 (/opt/rustwide/workdir)
[INFO] [stderr]     Finished dev [unoptimized + debuginfo] target(s) in 19.68s
[INFO] running `Command { std: "docker" "inspect" "ca80651bf97ccdc64cedc112e399a758d351006f02cbdee1d23b09dbcf7d660c", kill_on_drop: false }`
[INFO] running `Command { std: "docker" "rm" "-f" "ca80651bf97ccdc64cedc112e399a758d351006f02cbdee1d23b09dbcf7d660c", kill_on_drop: false }`
[INFO] [stdout] ca80651bf97ccdc64cedc112e399a758d351006f02cbdee1d23b09dbcf7d660c
[INFO] running `Command { std: "docker" "create" "-v" "/var/lib/crater-agent-workspace/builds/worker-2-tc2/target:/opt/rustwide/target:rw,Z" "-v" "/var/lib/crater-agent-workspace/builds/worker-2-tc2/source:/opt/rustwide/workdir:ro,Z" "-v" "/var/lib/crater-agent-workspace/cargo-home:/opt/rustwide/cargo-home:ro,Z" "-v" "/var/lib/crater-agent-workspace/rustup-home:/opt/rustwide/rustup-home:ro,Z" "-e" "SOURCE_DIR=/opt/rustwide/workdir" "-e" "CARGO_TARGET_DIR=/opt/rustwide/target" "-e" "CARGO_INCREMENTAL=0" "-e" "RUST_BACKTRACE=full" "-e" "RUSTFLAGS=--cap-lints=warn" "-e" "RUSTDOCFLAGS=--cap-lints=warn" "-e" "CARGO_HOME=/opt/rustwide/cargo-home" "-e" "RUSTUP_HOME=/opt/rustwide/rustup-home" "-w" "/opt/rustwide/workdir" "-m" "1610612736" "--user" "0:0" "--network" "none" "ghcr.io/rust-lang/crates-build-env/linux@sha256:5ff2268d62e97bff2cde7d5815dd6ed5b47097566f13b8d0ca110b04b60e07ed" "/opt/rustwide/cargo-home/bin/cargo" "+beta-2023-04-20" "test" "--frozen" "--no-run" "--message-format=json", kill_on_drop: false }`
[INFO] [stdout] 79b5035161d1ed3c60e3a0984af488ab30ce723b9a685db2d1a3ea049440e9f2
[INFO] running `Command { std: "docker" "start" "-a" "79b5035161d1ed3c60e3a0984af488ab30ce723b9a685db2d1a3ea049440e9f2", kill_on_drop: false }`
[INFO] [stderr]    Compiling sds011 v0.2.1 (/opt/rustwide/workdir)
[INFO] [stderr]     Finished test [unoptimized + debuginfo] target(s) in 0.32s
[INFO] running `Command { std: "docker" "inspect" "79b5035161d1ed3c60e3a0984af488ab30ce723b9a685db2d1a3ea049440e9f2", kill_on_drop: false }`
[INFO] running `Command { std: "docker" "rm" "-f" "79b5035161d1ed3c60e3a0984af488ab30ce723b9a685db2d1a3ea049440e9f2", kill_on_drop: false }`
[INFO] [stdout] 79b5035161d1ed3c60e3a0984af488ab30ce723b9a685db2d1a3ea049440e9f2
[INFO] running `Command { std: "docker" "create" "-v" "/var/lib/crater-agent-workspace/builds/worker-2-tc2/target:/opt/rustwide/target:rw,Z" "-v" "/var/lib/crater-agent-workspace/builds/worker-2-tc2/source:/opt/rustwide/workdir:ro,Z" "-v" "/var/lib/crater-agent-workspace/cargo-home:/opt/rustwide/cargo-home:ro,Z" "-v" "/var/lib/crater-agent-workspace/rustup-home:/opt/rustwide/rustup-home:ro,Z" "-e" "SOURCE_DIR=/opt/rustwide/workdir" "-e" "CARGO_TARGET_DIR=/opt/rustwide/target" "-e" "CARGO_INCREMENTAL=0" "-e" "RUST_BACKTRACE=full" "-e" "RUSTFLAGS=--cap-lints=warn" "-e" "RUSTDOCFLAGS=--cap-lints=warn" "-e" "CARGO_HOME=/opt/rustwide/cargo-home" "-e" "RUSTUP_HOME=/opt/rustwide/rustup-home" "-w" "/opt/rustwide/workdir" "-m" "1610612736" "--user" "0:0" "--network" "none" "ghcr.io/rust-lang/crates-build-env/linux@sha256:5ff2268d62e97bff2cde7d5815dd6ed5b47097566f13b8d0ca110b04b60e07ed" "/opt/rustwide/cargo-home/bin/cargo" "+beta-2023-04-20" "test" "--frozen", kill_on_drop: false }`
[INFO] [stdout] 0d0ad8bb5513e97ef9ca2ae7826dccad399fa9dfcd6429e2f6bff3fc22919edd
[INFO] running `Command { std: "docker" "start" "-a" "0d0ad8bb5513e97ef9ca2ae7826dccad399fa9dfcd6429e2f6bff3fc22919edd", kill_on_drop: false }`
[INFO] [stderr]     Finished test [unoptimized + debuginfo] target(s) in 0.03s
[INFO] [stderr]      Running unittests src/lib.rs (/opt/rustwide/target/debug/deps/sds011-3ea68dc203cc7afc)
[INFO] [stdout] 
[INFO] [stdout] running 0 tests
[INFO] [stdout] 
[INFO] [stdout] test result: ok. 0 passed; 0 failed; 0 ignored; 0 measured; 0 filtered out; finished in 0.00s
[INFO] [stdout] 
[INFO] [stderr]      Running unittests src/bin/sds011.rs (/opt/rustwide/target/debug/deps/sds011-826de8b19c281a11)
[INFO] [stdout] 
[INFO] [stdout] running 0 tests
[INFO] [stdout] 
[INFO] [stdout] test result: ok. 0 passed; 0 failed; 0 ignored; 0 measured; 0 filtered out; finished in 0.00s
[INFO] [stdout] 
[INFO] [stderr]    Doc-tests sds011
[INFO] [stdout] 
[INFO] [stdout] running 2 tests
[INFO] [stdout] test src/lib.rs - SDS011::new (line 84) ... FAILED
[INFO] [stdout] test src/lib.rs - SDS011 (line 37) ... FAILED
[INFO] [stdout] 
[INFO] [stdout] failures:
[INFO] [stdout] 
[INFO] [stdout] ---- src/lib.rs - SDS011::new (line 84) stdout ----
[INFO] [stdout] error[E0433]: failed to resolve: use of undeclared type `SDS011`
[INFO] [stdout]  --> src/lib.rs:85:18
[INFO] [stdout]   |
[INFO] [stdout] 3 | let mut sensor = SDS011::new("/dev/ttyUSB0").unwrap();
[INFO] [stdout]   |                  ^^^^^^ use of undeclared type `SDS011`
[INFO] [stdout]   |
[INFO] [stdout] help: consider importing this struct
[INFO] [stdout]   |
[INFO] [stdout] 2 + use sds011::SDS011;
[INFO] [stdout]   |
[INFO] [stdout] 
[INFO] [stdout] error: aborting due to previous error
[INFO] [stdout] 
[INFO] [stdout] For more information about this error, try `rustc --explain E0433`.
[INFO] [stdout] Couldn't compile the test.
[INFO] [stdout] ---- src/lib.rs - SDS011 (line 37) stdout ----
[INFO] [stdout] error[E0425]: cannot find value `port` in this scope
[INFO] [stdout]  --> src/lib.rs:42:19
[INFO] [stdout]   |
[INFO] [stdout] 8 | match SDS011::new(port) {
[INFO] [stdout]   |                   ^^^^ not found in this scope
[INFO] [stdout] 
[INFO] [stdout] error[E0425]: cannot find value `work_period` in this scope
[INFO] [stdout]   --> src/lib.rs:44:32
[INFO] [stdout]    |
[INFO] [stdout] 10 |         sensor.set_work_period(work_period).unwrap();
[INFO] [stdout]    |                                ^^^^^^^^^^^ not found in this scope
[INFO] [stdout] 
[INFO] [stdout] error[E0308]: mismatched types
[INFO] [stdout]   --> src/lib.rs:47:20
[INFO] [stdout]    |
[INFO] [stdout] 13 |             if let Some(m) = sensor.query() {
[INFO] [stdout]    |                    ^^^^^^^   -------------- this expression has type `Result<Message, sds011::Error>`
[INFO] [stdout]    |                    |
[INFO] [stdout]    |                    expected `Result<Message, Error>`, found `Option<_>`
[INFO] [stdout]    |
[INFO] [stdout]    = note: expected enum `Result<Message, sds011::Error>`
[INFO] [stdout]               found enum `Option<_>`
[INFO] [stdout] 
[INFO] [stdout] error[E0609]: no field `description` on type `sds011::Error`
[INFO] [stdout]   --> src/lib.rs:54:34
[INFO] [stdout]    |
[INFO] [stdout] 20 |     Err(e) => println!("{:?}", e.description),
[INFO] [stdout]    |                                  ^^^^^^^^^^^
[INFO] [stdout] 
[INFO] [stdout] error: aborting due to 4 previous errors
[INFO] [stdout] 
[INFO] [stdout] Some errors have detailed explanations: E0308, E0425, E0609.
[INFO] [stdout] For more information about an error, try `rustc --explain E0308`.
[INFO] [stdout] Couldn't compile the test.
[INFO] [stdout] 
[INFO] [stdout] failures:
[INFO] [stdout]     src/lib.rs - SDS011 (line 37)
[INFO] [stdout]     src/lib.rs - SDS011::new (line 84)
[INFO] [stdout] 
[INFO] [stdout] test result: FAILED. 0 passed; 2 failed; 0 ignored; 0 measured; 0 filtered out; finished in 0.09s
[INFO] [stdout] 
[INFO] [stderr] error: doctest failed, to rerun pass `--doc`
[INFO] running `Command { std: "docker" "inspect" "0d0ad8bb5513e97ef9ca2ae7826dccad399fa9dfcd6429e2f6bff3fc22919edd", kill_on_drop: false }`
[INFO] running `Command { std: "docker" "rm" "-f" "0d0ad8bb5513e97ef9ca2ae7826dccad399fa9dfcd6429e2f6bff3fc22919edd", kill_on_drop: false }`
[INFO] [stdout] 0d0ad8bb5513e97ef9ca2ae7826dccad399fa9dfcd6429e2f6bff3fc22919edd
