[INFO] fetching crate scylla-rs 0.1.6...
[INFO] testing scylla-rs-0.1.6 against beta-2023-04-20 for beta-1.70-1
[INFO] extracting crate scylla-rs 0.1.6 into /workspace/builds/worker-4-tc2/source
[INFO] validating manifest of crates.io crate scylla-rs 0.1.6 on toolchain beta-2023-04-20
[INFO] running `Command { std: CARGO_HOME="/workspace/cargo-home" RUSTUP_HOME="/workspace/rustup-home" "/workspace/cargo-home/bin/cargo" "+beta-2023-04-20" "metadata" "--manifest-path" "Cargo.toml" "--no-deps", kill_on_drop: false }`
[INFO] started tweaking crates.io crate scylla-rs 0.1.6
[INFO] removed 0 missing examples
[INFO] finished tweaking crates.io crate scylla-rs 0.1.6
[INFO] tweaked toml for crates.io crate scylla-rs 0.1.6 written to /workspace/builds/worker-4-tc2/source/Cargo.toml
[INFO] crate crates.io crate scylla-rs 0.1.6 already has a lockfile, it will not be regenerated
[INFO] running `Command { std: CARGO_HOME="/workspace/cargo-home" RUSTUP_HOME="/workspace/rustup-home" "/workspace/cargo-home/bin/cargo" "+beta-2023-04-20" "fetch" "--manifest-path" "Cargo.toml", kill_on_drop: false }`
[INFO] [stderr]     Updating crates.io index
[INFO] [stderr]     Blocking waiting for file lock on package cache
[INFO] [stderr]  Downloading crates ...
[INFO] [stderr]   Downloaded port_scanner v0.1.5
[INFO] [stderr]   Downloaded lz4 v1.23.2
[INFO] [stderr]   Downloaded lz4-sys v1.9.2
[INFO] [stderr]   Downloaded backstage v0.1.1
[INFO] running `Command { std: "docker" "create" "-v" "/var/lib/crater-agent-workspace/builds/worker-4-tc2/target:/opt/rustwide/target:rw,Z" "-v" "/var/lib/crater-agent-workspace/builds/worker-4-tc2/source:/opt/rustwide/workdir:ro,Z" "-v" "/var/lib/crater-agent-workspace/cargo-home:/opt/rustwide/cargo-home:ro,Z" "-v" "/var/lib/crater-agent-workspace/rustup-home:/opt/rustwide/rustup-home:ro,Z" "-e" "SOURCE_DIR=/opt/rustwide/workdir" "-e" "CARGO_TARGET_DIR=/opt/rustwide/target" "-e" "CARGO_HOME=/opt/rustwide/cargo-home" "-e" "RUSTUP_HOME=/opt/rustwide/rustup-home" "-w" "/opt/rustwide/workdir" "-m" "1610612736" "--user" "0:0" "--network" "none" "ghcr.io/rust-lang/crates-build-env/linux@sha256:5ff2268d62e97bff2cde7d5815dd6ed5b47097566f13b8d0ca110b04b60e07ed" "/opt/rustwide/cargo-home/bin/cargo" "+beta-2023-04-20" "metadata" "--no-deps" "--format-version=1", kill_on_drop: false }`
[INFO] [stdout] d3e3f990ff0b7bef04067fe1938643e50b8e0c18e4c6f35aa5fb8d95de6a7b7b
[INFO] running `Command { std: "docker" "start" "-a" "d3e3f990ff0b7bef04067fe1938643e50b8e0c18e4c6f35aa5fb8d95de6a7b7b", kill_on_drop: false }`
[INFO] running `Command { std: "docker" "inspect" "d3e3f990ff0b7bef04067fe1938643e50b8e0c18e4c6f35aa5fb8d95de6a7b7b", kill_on_drop: false }`
[INFO] running `Command { std: "docker" "rm" "-f" "d3e3f990ff0b7bef04067fe1938643e50b8e0c18e4c6f35aa5fb8d95de6a7b7b", kill_on_drop: false }`
[INFO] [stdout] d3e3f990ff0b7bef04067fe1938643e50b8e0c18e4c6f35aa5fb8d95de6a7b7b
[INFO] running `Command { std: "docker" "create" "-v" "/var/lib/crater-agent-workspace/builds/worker-4-tc2/target:/opt/rustwide/target:rw,Z" "-v" "/var/lib/crater-agent-workspace/builds/worker-4-tc2/source:/opt/rustwide/workdir:ro,Z" "-v" "/var/lib/crater-agent-workspace/cargo-home:/opt/rustwide/cargo-home:ro,Z" "-v" "/var/lib/crater-agent-workspace/rustup-home:/opt/rustwide/rustup-home:ro,Z" "-e" "SOURCE_DIR=/opt/rustwide/workdir" "-e" "CARGO_TARGET_DIR=/opt/rustwide/target" "-e" "CARGO_INCREMENTAL=0" "-e" "RUST_BACKTRACE=full" "-e" "RUSTFLAGS=--cap-lints=warn" "-e" "RUSTDOCFLAGS=--cap-lints=warn" "-e" "CARGO_HOME=/opt/rustwide/cargo-home" "-e" "RUSTUP_HOME=/opt/rustwide/rustup-home" "-w" "/opt/rustwide/workdir" "-m" "1610612736" "--user" "0:0" "--network" "none" "ghcr.io/rust-lang/crates-build-env/linux@sha256:5ff2268d62e97bff2cde7d5815dd6ed5b47097566f13b8d0ca110b04b60e07ed" "/opt/rustwide/cargo-home/bin/cargo" "+beta-2023-04-20" "build" "--frozen" "--message-format=json", kill_on_drop: false }`
[INFO] [stdout] 111b9fd10d26bb2bb0a081642c8b3f38e6adc774fde80e38772f93a1cfdd3952
[INFO] running `Command { std: "docker" "start" "-a" "111b9fd10d26bb2bb0a081642c8b3f38e6adc774fde80e38772f93a1cfdd3952", kill_on_drop: false }`
[INFO] [stderr]    Compiling proc-macro2 v1.0.29
[INFO] [stderr]    Compiling unicode-xid v0.2.2
[INFO] [stderr]    Compiling syn v1.0.76
[INFO] [stderr]    Compiling libc v0.2.102
[INFO] [stderr]    Compiling proc-macro-hack v0.5.19
[INFO] [stderr]    Compiling typenum v1.14.0
[INFO] [stderr]    Compiling version_check v0.9.3
[INFO] [stderr]    Compiling memchr v2.4.1
[INFO] [stderr]    Compiling futures-core v0.3.17
[INFO] [stderr]    Compiling proc-macro-nested v0.1.7
[INFO] [stderr]    Compiling log v0.4.14
[INFO] [stderr]    Compiling futures-task v0.3.17
[INFO] [stderr]    Compiling futures-channel v0.3.17
[INFO] [stderr]    Compiling bytes v1.1.0
[INFO] [stderr]    Compiling futures-macro v0.3.17
[INFO] [stderr]    Compiling futures-util v0.3.17
[INFO] [stderr]    Compiling pin-project-lite v0.2.7
[INFO] [stderr]    Compiling tinyvec_macros v0.1.0
[INFO] [stderr]    Compiling futures-sink v0.3.17
[INFO] [stderr]    Compiling tinyvec v1.4.0
[INFO] [stderr]    Compiling pin-utils v0.1.0
[INFO] [stderr]    Compiling slab v0.4.4
[INFO] [stderr]    Compiling matches v0.1.9
[INFO] [stderr]    Compiling generic-array v0.14.4
[INFO] [stderr]    Compiling futures-io v0.3.17
[INFO] [stderr]    Compiling serde_derive v1.0.130
[INFO] [stderr]    Compiling tokio v1.12.0
[INFO] [stderr]    Compiling ppv-lite86 v0.2.10
[INFO] [stderr]    Compiling unicode-bidi v0.3.6
[INFO] [stderr]    Compiling itoa v0.4.8
[INFO] [stderr]    Compiling serde v1.0.130
[INFO] [stderr]    Compiling percent-encoding v2.1.0
[INFO] [stderr]    Compiling cc v1.0.70
[INFO] [stderr]    Compiling httparse v1.5.1
[INFO] [stderr]    Compiling getrandom v0.2.3
[INFO] [stderr]    Compiling form_urlencoded v1.0.1
[INFO] [stderr]    Compiling quote v1.0.9
[INFO] [stderr]    Compiling num_cpus v1.13.0
[INFO] [stderr]    Compiling rand_core v0.6.3
[INFO] [stderr]    Compiling mio v0.7.13
[INFO] [stderr]    Compiling signal-hook-registry v1.4.0
[INFO] [stderr]    Compiling cpufeatures v0.2.1
[INFO] [stderr]    Compiling opaque-debug v0.3.0
[INFO] [stderr]    Compiling once_cell v1.8.0
[INFO] [stderr]    Compiling ryu v1.0.5
[INFO] [stderr]    Compiling async-trait v0.1.51
[INFO] [stderr]    Compiling fnv v1.0.7
[INFO] [stderr]    Compiling unicode-normalization v0.1.19
[INFO] [stderr]    Compiling rand_chacha v0.3.1
[INFO] [stderr]    Compiling http v0.2.5
[INFO] [stderr]    Compiling input_buffer v0.4.0
[INFO] [stderr]    Compiling num-traits v0.2.14
[INFO] [stderr]    Compiling byteorder v1.4.3
[INFO] [stderr]    Compiling base64 v0.13.0
[INFO] [stderr]    Compiling anyhow v1.0.44
[INFO] [stderr]    Compiling serde_json v1.0.68
[INFO] [stderr]    Compiling rand v0.8.4
[INFO] [stderr]    Compiling utf-8 v0.7.6
[INFO] [stderr]    Compiling snap v1.0.5
[INFO] [stderr]    Compiling lazy_static v1.4.0
[INFO] [stderr]    Compiling port_scanner v0.1.5
[INFO] [stderr]    Compiling lz4-sys v1.9.2
[INFO] [stderr]    Compiling md5 v0.7.0
[INFO] [stderr]    Compiling dyn-clone v1.0.4
[INFO] [stderr]    Compiling block-buffer v0.9.0
[INFO] [stderr]    Compiling digest v0.9.0
[INFO] [stderr]    Compiling idna v0.2.3
[INFO] [stderr]    Compiling sha-1 v0.9.8
[INFO] [stderr]    Compiling url v2.2.2
[INFO] [stderr]    Compiling thiserror-impl v1.0.29
[INFO] [stderr]    Compiling tokio-macros v1.3.0
[INFO] [stderr]    Compiling pin-project-internal v1.0.8
[INFO] [stderr]    Compiling async-recursion v0.3.2
[INFO] [stderr]    Compiling num-derive v0.3.3
[INFO] [stderr]    Compiling pin-project v1.0.8
[INFO] [stderr]    Compiling thiserror v1.0.29
[INFO] [stderr]    Compiling tungstenite v0.13.0
[INFO] [stderr]    Compiling futures-executor v0.3.17
[INFO] [stderr]    Compiling futures v0.3.17
[INFO] [stderr]    Compiling tokio-tungstenite v0.14.0
[INFO] [stderr]    Compiling backstage v0.1.1
[INFO] [stderr]    Compiling lz4 v1.23.2
[INFO] [stderr]    Compiling scylla-rs v0.1.6 (/opt/rustwide/workdir)
[INFO] [stdout] warning: unnecessary parentheses around index expression
[INFO] [stdout]   --> src/cql/frame/error.rs:45:28
[INFO] [stdout]    |
[INFO] [stdout] 45 |                     &slice[(6 + message.len()..)],
[INFO] [stdout]    |                            ^                   ^
[INFO] [stdout]    |
[INFO] [stdout]    = note: `#[warn(unused_parens)]` on by default
[INFO] [stdout] help: remove these parentheses
[INFO] [stdout]    |
[INFO] [stdout] 45 -                     &slice[(6 + message.len()..)],
[INFO] [stdout] 45 +                     &slice[6 + message.len()..],
[INFO] [stdout]    |
[INFO] [stdout] 
[INFO] [stdout] 
[INFO] [stdout] warning: unnecessary parentheses around index expression
[INFO] [stdout]   --> src/cql/frame/error.rs:50:28
[INFO] [stdout]    |
[INFO] [stdout] 50 |                     &slice[(6 + message.len()..)],
[INFO] [stdout]    |                            ^                   ^
[INFO] [stdout]    |
[INFO] [stdout] help: remove these parentheses
[INFO] [stdout]    |
[INFO] [stdout] 50 -                     &slice[(6 + message.len()..)],
[INFO] [stdout] 50 +                     &slice[6 + message.len()..],
[INFO] [stdout]    |
[INFO] [stdout] 
[INFO] [stdout] 
[INFO] [stdout] warning: unnecessary parentheses around index expression
[INFO] [stdout]   --> src/cql/frame/error.rs:55:28
[INFO] [stdout]    |
[INFO] [stdout] 55 |                     &slice[(6 + message.len()..)],
[INFO] [stdout]    |                            ^                   ^
[INFO] [stdout]    |
[INFO] [stdout] help: remove these parentheses
[INFO] [stdout]    |
[INFO] [stdout] 55 -                     &slice[(6 + message.len()..)],
[INFO] [stdout] 55 +                     &slice[6 + message.len()..],
[INFO] [stdout]    |
[INFO] [stdout] 
[INFO] [stdout] 
[INFO] [stdout] warning: unnecessary parentheses around index expression
[INFO] [stdout]   --> src/cql/frame/error.rs:60:28
[INFO] [stdout]    |
[INFO] [stdout] 60 |                     &slice[(6 + message.len()..)],
[INFO] [stdout]    |                            ^                   ^
[INFO] [stdout]    |
[INFO] [stdout] help: remove these parentheses
[INFO] [stdout]    |
[INFO] [stdout] 60 -                     &slice[(6 + message.len()..)],
[INFO] [stdout] 60 +                     &slice[6 + message.len()..],
[INFO] [stdout]    |
[INFO] [stdout] 
[INFO] [stdout] 
[INFO] [stdout] warning: unnecessary parentheses around index expression
[INFO] [stdout]   --> src/cql/frame/error.rs:65:28
[INFO] [stdout]    |
[INFO] [stdout] 65 |                     &slice[(6 + message.len()..)],
[INFO] [stdout]    |                            ^                   ^
[INFO] [stdout]    |
[INFO] [stdout] help: remove these parentheses
[INFO] [stdout]    |
[INFO] [stdout] 65 -                     &slice[(6 + message.len()..)],
[INFO] [stdout] 65 +                     &slice[6 + message.len()..],
[INFO] [stdout]    |
[INFO] [stdout] 
[INFO] [stdout] 
[INFO] [stdout] warning: unnecessary parentheses around index expression
[INFO] [stdout]   --> src/cql/frame/error.rs:70:28
[INFO] [stdout]    |
[INFO] [stdout] 70 |                     &slice[(6 + message.len()..)],
[INFO] [stdout]    |                            ^                   ^
[INFO] [stdout]    |
[INFO] [stdout] help: remove these parentheses
[INFO] [stdout]    |
[INFO] [stdout] 70 -                     &slice[(6 + message.len()..)],
[INFO] [stdout] 70 +                     &slice[6 + message.len()..],
[INFO] [stdout]    |
[INFO] [stdout] 
[INFO] [stdout] 
[INFO] [stdout] warning: unnecessary parentheses around index expression
[INFO] [stdout]   --> src/cql/frame/error.rs:75:28
[INFO] [stdout]    |
[INFO] [stdout] 75 |                     &slice[(6 + message.len()..)],
[INFO] [stdout]    |                            ^                   ^
[INFO] [stdout]    |
[INFO] [stdout] help: remove these parentheses
[INFO] [stdout]    |
[INFO] [stdout] 75 -                     &slice[(6 + message.len()..)],
[INFO] [stdout] 75 +                     &slice[6 + message.len()..],
[INFO] [stdout]    |
[INFO] [stdout] 
[INFO] [stdout] 
[INFO] [stdout] warning: unnecessary parentheses around index expression
[INFO] [stdout]   --> src/cql/frame/error.rs:80:28
[INFO] [stdout]    |
[INFO] [stdout] 80 |                     &slice[(6 + message.len()..)],
[INFO] [stdout]    |                            ^                   ^
[INFO] [stdout]    |
[INFO] [stdout] help: remove these parentheses
[INFO] [stdout]    |
[INFO] [stdout] 80 -                     &slice[(6 + message.len()..)],
[INFO] [stdout] 80 +                     &slice[6 + message.len()..],
[INFO] [stdout]    |
[INFO] [stdout] 
[INFO] [stdout] 
[INFO] [stdout] warning: fields `global_table_spec` and `no_metadata` are never read
[INFO] [stdout]   --> src/cql/frame/rows.rs:21:5
[INFO] [stdout]    |
[INFO] [stdout] 20 | pub struct Flags {
[INFO] [stdout]    |            ----- fields in this struct
[INFO] [stdout] 21 |     global_table_spec: bool,
[INFO] [stdout]    |     ^^^^^^^^^^^^^^^^^
[INFO] [stdout] 22 |     has_more_pages: bool,
[INFO] [stdout] 23 |     no_metadata: bool,
[INFO] [stdout]    |     ^^^^^^^^^^^
[INFO] [stdout]    |
[INFO] [stdout]    = note: `Flags` has derived impls for the traits `Clone` and `Debug`, but these are intentionally ignored during dead code analysis
[INFO] [stdout]    = note: `#[warn(dead_code)]` on by default
[INFO] [stdout] 
[INFO] [stdout] 
[INFO] [stdout] warning: field `columns_count` is never read
[INFO] [stdout]   --> src/cql/frame/rows.rs:56:5
[INFO] [stdout]    |
[INFO] [stdout] 54 | pub struct Metadata {
[INFO] [stdout]    |            -------- field in this struct
[INFO] [stdout] 55 |     flags: Flags,
[INFO] [stdout] 56 |     columns_count: ColumnsCount,
[INFO] [stdout]    |     ^^^^^^^^^^^^^
[INFO] [stdout]    |
[INFO] [stdout]    = note: `Metadata` has derived impls for the traits `Clone` and `Debug`, but these are intentionally ignored during dead code analysis
[INFO] [stdout] 
[INFO] [stdout] 
[INFO] [stdout] warning: field `request_type` is never read
[INFO] [stdout]    --> src/app/access/mod.rs:124:5
[INFO] [stdout]     |
[INFO] [stdout] 122 | pub struct DecodeResult<T> {
[INFO] [stdout]     |            ------------ field in this struct
[INFO] [stdout] 123 |     inner: T,
[INFO] [stdout] 124 |     request_type: RequestType,
[INFO] [stdout]     |     ^^^^^^^^^^^^
[INFO] [stdout]     |
[INFO] [stdout]     = note: `DecodeResult` has a derived impl for the trait `Clone`, but this is intentionally ignored during dead code analysis
[INFO] [stdout] 
[INFO] [stdout] 
[INFO] [stdout] warning: 11 warnings emitted
[INFO] [stdout] 
[INFO] [stdout] 
[INFO] [stderr]     Finished dev [unoptimized + debuginfo] target(s) in 33.39s
[INFO] running `Command { std: "docker" "inspect" "111b9fd10d26bb2bb0a081642c8b3f38e6adc774fde80e38772f93a1cfdd3952", kill_on_drop: false }`
[INFO] running `Command { std: "docker" "rm" "-f" "111b9fd10d26bb2bb0a081642c8b3f38e6adc774fde80e38772f93a1cfdd3952", kill_on_drop: false }`
[INFO] [stdout] 111b9fd10d26bb2bb0a081642c8b3f38e6adc774fde80e38772f93a1cfdd3952
[INFO] running `Command { std: "docker" "create" "-v" "/var/lib/crater-agent-workspace/builds/worker-4-tc2/target:/opt/rustwide/target:rw,Z" "-v" "/var/lib/crater-agent-workspace/builds/worker-4-tc2/source:/opt/rustwide/workdir:ro,Z" "-v" "/var/lib/crater-agent-workspace/cargo-home:/opt/rustwide/cargo-home:ro,Z" "-v" "/var/lib/crater-agent-workspace/rustup-home:/opt/rustwide/rustup-home:ro,Z" "-e" "SOURCE_DIR=/opt/rustwide/workdir" "-e" "CARGO_TARGET_DIR=/opt/rustwide/target" "-e" "CARGO_INCREMENTAL=0" "-e" "RUST_BACKTRACE=full" "-e" "RUSTFLAGS=--cap-lints=warn" "-e" "RUSTDOCFLAGS=--cap-lints=warn" "-e" "CARGO_HOME=/opt/rustwide/cargo-home" "-e" "RUSTUP_HOME=/opt/rustwide/rustup-home" "-w" "/opt/rustwide/workdir" "-m" "1610612736" "--user" "0:0" "--network" "none" "ghcr.io/rust-lang/crates-build-env/linux@sha256:5ff2268d62e97bff2cde7d5815dd6ed5b47097566f13b8d0ca110b04b60e07ed" "/opt/rustwide/cargo-home/bin/cargo" "+beta-2023-04-20" "test" "--frozen" "--no-run" "--message-format=json", kill_on_drop: false }`
[INFO] [stdout] 3efb7ee5bd76312565ee38ba2103d0a4bbb4f300a9c631f02995fcc4cbf79515
[INFO] running `Command { std: "docker" "start" "-a" "3efb7ee5bd76312565ee38ba2103d0a4bbb4f300a9c631f02995fcc4cbf79515", kill_on_drop: false }`
[INFO] [stderr]    Compiling aho-corasick v0.7.18
[INFO] [stderr]    Compiling regex-syntax v0.6.25
[INFO] [stderr]    Compiling atty v0.2.14
[INFO] [stderr]    Compiling termcolor v1.1.2
[INFO] [stderr]    Compiling humantime v2.1.0
[INFO] [stdout] warning: unnecessary parentheses around index expression
[INFO] [stdout]   --> src/cql/frame/error.rs:45:28
[INFO] [stdout]    |
[INFO] [stdout] 45 |                     &slice[(6 + message.len()..)],
[INFO] [stdout]    |                            ^                   ^
[INFO] [stdout]    |
[INFO] [stdout]    = note: `#[warn(unused_parens)]` on by default
[INFO] [stdout] help: remove these parentheses
[INFO] [stdout]    |
[INFO] [stdout] 45 -                     &slice[(6 + message.len()..)],
[INFO] [stdout] 45 +                     &slice[6 + message.len()..],
[INFO] [stdout]    |
[INFO] [stdout] 
[INFO] [stdout] 
[INFO] [stdout] warning: unnecessary parentheses around index expression
[INFO] [stdout]   --> src/cql/frame/error.rs:50:28
[INFO] [stdout]    |
[INFO] [stdout] 50 |                     &slice[(6 + message.len()..)],
[INFO] [stdout]    |                            ^                   ^
[INFO] [stdout]    |
[INFO] [stdout] help: remove these parentheses
[INFO] [stdout]    |
[INFO] [stdout] 50 -                     &slice[(6 + message.len()..)],
[INFO] [stdout] 50 +                     &slice[6 + message.len()..],
[INFO] [stdout]    |
[INFO] [stdout] 
[INFO] [stdout] 
[INFO] [stdout] warning: unnecessary parentheses around index expression
[INFO] [stdout]   --> src/cql/frame/error.rs:55:28
[INFO] [stdout]    |
[INFO] [stdout] 55 |                     &slice[(6 + message.len()..)],
[INFO] [stdout]    |                            ^                   ^
[INFO] [stdout]    |
[INFO] [stdout] help: remove these parentheses
[INFO] [stdout]    |
[INFO] [stdout] 55 -                     &slice[(6 + message.len()..)],
[INFO] [stdout] 55 +                     &slice[6 + message.len()..],
[INFO] [stdout]    |
[INFO] [stdout] 
[INFO] [stdout] 
[INFO] [stdout] warning: unnecessary parentheses around index expression
[INFO] [stdout]   --> src/cql/frame/error.rs:60:28
[INFO] [stdout]    |
[INFO] [stdout] 60 |                     &slice[(6 + message.len()..)],
[INFO] [stdout]    |                            ^                   ^
[INFO] [stdout]    |
[INFO] [stdout] help: remove these parentheses
[INFO] [stdout]    |
[INFO] [stdout] 60 -                     &slice[(6 + message.len()..)],
[INFO] [stdout] 60 +                     &slice[6 + message.len()..],
[INFO] [stdout]    |
[INFO] [stdout] 
[INFO] [stdout] 
[INFO] [stdout] warning: unnecessary parentheses around index expression
[INFO] [stdout]   --> src/cql/frame/error.rs:65:28
[INFO] [stdout]    |
[INFO] [stdout] 65 |                     &slice[(6 + message.len()..)],
[INFO] [stdout]    |                            ^                   ^
[INFO] [stdout]    |
[INFO] [stdout] help: remove these parentheses
[INFO] [stdout]    |
[INFO] [stdout] 65 -                     &slice[(6 + message.len()..)],
[INFO] [stdout] 65 +                     &slice[6 + message.len()..],
[INFO] [stdout]    |
[INFO] [stdout] 
[INFO] [stdout] 
[INFO] [stdout] warning: unnecessary parentheses around index expression
[INFO] [stdout]   --> src/cql/frame/error.rs:70:28
[INFO] [stdout]    |
[INFO] [stdout] 70 |                     &slice[(6 + message.len()..)],
[INFO] [stdout]    |                            ^                   ^
[INFO] [stdout]    |
[INFO] [stdout] help: remove these parentheses
[INFO] [stdout]    |
[INFO] [stdout] 70 -                     &slice[(6 + message.len()..)],
[INFO] [stdout] 70 +                     &slice[6 + message.len()..],
[INFO] [stdout]    |
[INFO] [stdout] 
[INFO] [stdout] 
[INFO] [stdout] warning: unnecessary parentheses around index expression
[INFO] [stdout]   --> src/cql/frame/error.rs:75:28
[INFO] [stdout]    |
[INFO] [stdout] 75 |                     &slice[(6 + message.len()..)],
[INFO] [stdout]    |                            ^                   ^
[INFO] [stdout]    |
[INFO] [stdout] help: remove these parentheses
[INFO] [stdout]    |
[INFO] [stdout] 75 -                     &slice[(6 + message.len()..)],
[INFO] [stdout] 75 +                     &slice[6 + message.len()..],
[INFO] [stdout]    |
[INFO] [stdout] 
[INFO] [stdout] 
[INFO] [stdout] warning: unnecessary parentheses around index expression
[INFO] [stdout]   --> src/cql/frame/error.rs:80:28
[INFO] [stdout]    |
[INFO] [stdout] 80 |                     &slice[(6 + message.len()..)],
[INFO] [stdout]    |                            ^                   ^
[INFO] [stdout]    |
[INFO] [stdout] help: remove these parentheses
[INFO] [stdout]    |
[INFO] [stdout] 80 -                     &slice[(6 + message.len()..)],
[INFO] [stdout] 80 +                     &slice[6 + message.len()..],
[INFO] [stdout]    |
[INFO] [stdout] 
[INFO] [stdout] 
[INFO] [stdout] warning: fields `global_table_spec` and `no_metadata` are never read
[INFO] [stdout]   --> src/cql/frame/rows.rs:21:5
[INFO] [stdout]    |
[INFO] [stdout] 20 | pub struct Flags {
[INFO] [stdout]    |            ----- fields in this struct
[INFO] [stdout] 21 |     global_table_spec: bool,
[INFO] [stdout]    |     ^^^^^^^^^^^^^^^^^
[INFO] [stdout] 22 |     has_more_pages: bool,
[INFO] [stdout] 23 |     no_metadata: bool,
[INFO] [stdout]    |     ^^^^^^^^^^^
[INFO] [stdout]    |
[INFO] [stdout]    = note: `Flags` has derived impls for the traits `Clone` and `Debug`, but these are intentionally ignored during dead code analysis
[INFO] [stdout]    = note: `#[warn(dead_code)]` on by default
[INFO] [stdout] 
[INFO] [stdout] 
[INFO] [stdout] warning: field `columns_count` is never read
[INFO] [stdout]   --> src/cql/frame/rows.rs:56:5
[INFO] [stdout]    |
[INFO] [stdout] 54 | pub struct Metadata {
[INFO] [stdout]    |            -------- field in this struct
[INFO] [stdout] 55 |     flags: Flags,
[INFO] [stdout] 56 |     columns_count: ColumnsCount,
[INFO] [stdout]    |     ^^^^^^^^^^^^^
[INFO] [stdout]    |
[INFO] [stdout]    = note: `Metadata` has derived impls for the traits `Clone` and `Debug`, but these are intentionally ignored during dead code analysis
[INFO] [stdout] 
[INFO] [stdout] 
[INFO] [stdout] warning: field `request_type` is never read
[INFO] [stdout]    --> src/app/access/mod.rs:124:5
[INFO] [stdout]     |
[INFO] [stdout] 122 | pub struct DecodeResult<T> {
[INFO] [stdout]     |            ------------ field in this struct
[INFO] [stdout] 123 |     inner: T,
[INFO] [stdout] 124 |     request_type: RequestType,
[INFO] [stdout]     |     ^^^^^^^^^^^^
[INFO] [stdout]     |
[INFO] [stdout]     = note: `DecodeResult` has a derived impl for the trait `Clone`, but this is intentionally ignored during dead code analysis
[INFO] [stdout] 
[INFO] [stdout] 
[INFO] [stdout] warning: 11 warnings emitted
[INFO] [stdout] 
[INFO] [stdout] 
[INFO] [stderr]    Compiling regex v1.5.4
[INFO] [stderr]    Compiling env_logger v0.8.4
[INFO] [stderr]    Compiling scylla-rs v0.1.6 (/opt/rustwide/workdir)
[INFO] [stdout] warning: unnecessary parentheses around index expression
[INFO] [stdout]   --> src/cql/frame/error.rs:45:28
[INFO] [stdout]    |
[INFO] [stdout] 45 |                     &slice[(6 + message.len()..)],
[INFO] [stdout]    |                            ^                   ^
[INFO] [stdout]    |
[INFO] [stdout]    = note: `#[warn(unused_parens)]` on by default
[INFO] [stdout] help: remove these parentheses
[INFO] [stdout]    |
[INFO] [stdout] 45 -                     &slice[(6 + message.len()..)],
[INFO] [stdout] 45 +                     &slice[6 + message.len()..],
[INFO] [stdout]    |
[INFO] [stdout] 
[INFO] [stdout] 
[INFO] [stdout] warning: unnecessary parentheses around index expression
[INFO] [stdout]   --> src/cql/frame/error.rs:50:28
[INFO] [stdout]    |
[INFO] [stdout] 50 |                     &slice[(6 + message.len()..)],
[INFO] [stdout]    |                            ^                   ^
[INFO] [stdout]    |
[INFO] [stdout] help: remove these parentheses
[INFO] [stdout]    |
[INFO] [stdout] 50 -                     &slice[(6 + message.len()..)],
[INFO] [stdout] 50 +                     &slice[6 + message.len()..],
[INFO] [stdout]    |
[INFO] [stdout] 
[INFO] [stdout] 
[INFO] [stdout] warning: unnecessary parentheses around index expression
[INFO] [stdout]   --> src/cql/frame/error.rs:55:28
[INFO] [stdout]    |
[INFO] [stdout] 55 |                     &slice[(6 + message.len()..)],
[INFO] [stdout]    |                            ^                   ^
[INFO] [stdout]    |
[INFO] [stdout] help: remove these parentheses
[INFO] [stdout]    |
[INFO] [stdout] 55 -                     &slice[(6 + message.len()..)],
[INFO] [stdout] 55 +                     &slice[6 + message.len()..],
[INFO] [stdout]    |
[INFO] [stdout] 
[INFO] [stdout] 
[INFO] [stdout] warning: unnecessary parentheses around index expression
[INFO] [stdout]   --> src/cql/frame/error.rs:60:28
[INFO] [stdout]    |
[INFO] [stdout] 60 |                     &slice[(6 + message.len()..)],
[INFO] [stdout]    |                            ^                   ^
[INFO] [stdout]    |
[INFO] [stdout] help: remove these parentheses
[INFO] [stdout]    |
[INFO] [stdout] 60 -                     &slice[(6 + message.len()..)],
[INFO] [stdout] 60 +                     &slice[6 + message.len()..],
[INFO] [stdout]    |
[INFO] [stdout] 
[INFO] [stdout] 
[INFO] [stdout] warning: unnecessary parentheses around index expression
[INFO] [stdout]   --> src/cql/frame/error.rs:65:28
[INFO] [stdout]    |
[INFO] [stdout] 65 |                     &slice[(6 + message.len()..)],
[INFO] [stdout]    |                            ^                   ^
[INFO] [stdout]    |
[INFO] [stdout] help: remove these parentheses
[INFO] [stdout]    |
[INFO] [stdout] 65 -                     &slice[(6 + message.len()..)],
[INFO] [stdout] 65 +                     &slice[6 + message.len()..],
[INFO] [stdout]    |
[INFO] [stdout] 
[INFO] [stdout] 
[INFO] [stdout] warning: unnecessary parentheses around index expression
[INFO] [stdout]   --> src/cql/frame/error.rs:70:28
[INFO] [stdout]    |
[INFO] [stdout] 70 |                     &slice[(6 + message.len()..)],
[INFO] [stdout]    |                            ^                   ^
[INFO] [stdout]    |
[INFO] [stdout] help: remove these parentheses
[INFO] [stdout]    |
[INFO] [stdout] 70 -                     &slice[(6 + message.len()..)],
[INFO] [stdout] 70 +                     &slice[6 + message.len()..],
[INFO] [stdout]    |
[INFO] [stdout] 
[INFO] [stdout] 
[INFO] [stdout] warning: unnecessary parentheses around index expression
[INFO] [stdout]   --> src/cql/frame/error.rs:75:28
[INFO] [stdout]    |
[INFO] [stdout] 75 |                     &slice[(6 + message.len()..)],
[INFO] [stdout]    |                            ^                   ^
[INFO] [stdout]    |
[INFO] [stdout] help: remove these parentheses
[INFO] [stdout]    |
[INFO] [stdout] 75 -                     &slice[(6 + message.len()..)],
[INFO] [stdout] 75 +                     &slice[6 + message.len()..],
[INFO] [stdout]    |
[INFO] [stdout] 
[INFO] [stdout] 
[INFO] [stdout] warning: unnecessary parentheses around index expression
[INFO] [stdout]   --> src/cql/frame/error.rs:80:28
[INFO] [stdout]    |
[INFO] [stdout] 80 |                     &slice[(6 + message.len()..)],
[INFO] [stdout]    |                            ^                   ^
[INFO] [stdout]    |
[INFO] [stdout] help: remove these parentheses
[INFO] [stdout]    |
[INFO] [stdout] 80 -                     &slice[(6 + message.len()..)],
[INFO] [stdout] 80 +                     &slice[6 + message.len()..],
[INFO] [stdout]    |
[INFO] [stdout] 
[INFO] [stdout] 
[INFO] [stdout] warning: fields `global_table_spec` and `no_metadata` are never read
[INFO] [stdout]   --> src/cql/frame/rows.rs:21:5
[INFO] [stdout]    |
[INFO] [stdout] 20 | pub struct Flags {
[INFO] [stdout]    |            ----- fields in this struct
[INFO] [stdout] 21 |     global_table_spec: bool,
[INFO] [stdout]    |     ^^^^^^^^^^^^^^^^^
[INFO] [stdout] 22 |     has_more_pages: bool,
[INFO] [stdout] 23 |     no_metadata: bool,
[INFO] [stdout]    |     ^^^^^^^^^^^
[INFO] [stdout]    |
[INFO] [stdout]    = note: `Flags` has derived impls for the traits `Clone` and `Debug`, but these are intentionally ignored during dead code analysis
[INFO] [stdout]    = note: `#[warn(dead_code)]` on by default
[INFO] [stdout] 
[INFO] [stdout] 
[INFO] [stdout] warning: field `columns_count` is never read
[INFO] [stdout]   --> src/cql/frame/rows.rs:56:5
[INFO] [stdout]    |
[INFO] [stdout] 54 | pub struct Metadata {
[INFO] [stdout]    |            -------- field in this struct
[INFO] [stdout] 55 |     flags: Flags,
[INFO] [stdout] 56 |     columns_count: ColumnsCount,
[INFO] [stdout]    |     ^^^^^^^^^^^^^
[INFO] [stdout]    |
[INFO] [stdout]    = note: `Metadata` has derived impls for the traits `Clone` and `Debug`, but these are intentionally ignored during dead code analysis
[INFO] [stdout] 
[INFO] [stdout] 
[INFO] [stdout] warning: field `request_type` is never read
[INFO] [stdout]    --> src/app/access/mod.rs:124:5
[INFO] [stdout]     |
[INFO] [stdout] 122 | pub struct DecodeResult<T> {
[INFO] [stdout]     |            ------------ field in this struct
[INFO] [stdout] 123 |     inner: T,
[INFO] [stdout] 124 |     request_type: RequestType,
[INFO] [stdout]     |     ^^^^^^^^^^^^
[INFO] [stdout]     |
[INFO] [stdout]     = note: `DecodeResult` has a derived impl for the trait `Clone`, but this is intentionally ignored during dead code analysis
[INFO] [stdout] 
[INFO] [stdout] 
[INFO] [stdout] warning: 11 warnings emitted
[INFO] [stdout] 
[INFO] [stdout] 
[INFO] [stderr]     Finished test [unoptimized + debuginfo] target(s) in 6.06s
[INFO] running `Command { std: "docker" "inspect" "3efb7ee5bd76312565ee38ba2103d0a4bbb4f300a9c631f02995fcc4cbf79515", kill_on_drop: false }`
[INFO] running `Command { std: "docker" "rm" "-f" "3efb7ee5bd76312565ee38ba2103d0a4bbb4f300a9c631f02995fcc4cbf79515", kill_on_drop: false }`
[INFO] [stdout] 3efb7ee5bd76312565ee38ba2103d0a4bbb4f300a9c631f02995fcc4cbf79515
[INFO] running `Command { std: "docker" "create" "-v" "/var/lib/crater-agent-workspace/builds/worker-4-tc2/target:/opt/rustwide/target:rw,Z" "-v" "/var/lib/crater-agent-workspace/builds/worker-4-tc2/source:/opt/rustwide/workdir:ro,Z" "-v" "/var/lib/crater-agent-workspace/cargo-home:/opt/rustwide/cargo-home:ro,Z" "-v" "/var/lib/crater-agent-workspace/rustup-home:/opt/rustwide/rustup-home:ro,Z" "-e" "SOURCE_DIR=/opt/rustwide/workdir" "-e" "CARGO_TARGET_DIR=/opt/rustwide/target" "-e" "CARGO_INCREMENTAL=0" "-e" "RUST_BACKTRACE=full" "-e" "RUSTFLAGS=--cap-lints=warn" "-e" "RUSTDOCFLAGS=--cap-lints=warn" "-e" "CARGO_HOME=/opt/rustwide/cargo-home" "-e" "RUSTUP_HOME=/opt/rustwide/rustup-home" "-w" "/opt/rustwide/workdir" "-m" "1610612736" "--user" "0:0" "--network" "none" "ghcr.io/rust-lang/crates-build-env/linux@sha256:5ff2268d62e97bff2cde7d5815dd6ed5b47097566f13b8d0ca110b04b60e07ed" "/opt/rustwide/cargo-home/bin/cargo" "+beta-2023-04-20" "test" "--frozen", kill_on_drop: false }`
[INFO] [stdout] 7865f4f17c1b16feadae3b12a84da02343d0a19aceed87aeb4abc9d4d5154f0c
[INFO] running `Command { std: "docker" "start" "-a" "7865f4f17c1b16feadae3b12a84da02343d0a19aceed87aeb4abc9d4d5154f0c", kill_on_drop: false }`
[INFO] [stderr] warning: unnecessary parentheses around index expression
[INFO] [stderr]   --> src/cql/frame/error.rs:45:28
[INFO] [stderr]    |
[INFO] [stderr] 45 |                     &slice[(6 + message.len()..)],
[INFO] [stderr]    |                            ^                   ^
[INFO] [stderr]    |
[INFO] [stderr]    = note: `#[warn(unused_parens)]` on by default
[INFO] [stderr] help: remove these parentheses
[INFO] [stderr]    |
[INFO] [stderr] 45 -                     &slice[(6 + message.len()..)],
[INFO] [stderr] 45 +                     &slice[6 + message.len()..],
[INFO] [stderr]    |
[INFO] [stderr] 
[INFO] [stderr] warning: unnecessary parentheses around index expression
[INFO] [stderr]   --> src/cql/frame/error.rs:50:28
[INFO] [stderr]    |
[INFO] [stderr] 50 |                     &slice[(6 + message.len()..)],
[INFO] [stderr]    |                            ^                   ^
[INFO] [stderr]    |
[INFO] [stderr] help: remove these parentheses
[INFO] [stderr]    |
[INFO] [stderr] 50 -                     &slice[(6 + message.len()..)],
[INFO] [stderr] 50 +                     &slice[6 + message.len()..],
[INFO] [stderr]    |
[INFO] [stderr] 
[INFO] [stderr] warning: unnecessary parentheses around index expression
[INFO] [stderr]   --> src/cql/frame/error.rs:55:28
[INFO] [stderr]    |
[INFO] [stderr] 55 |                     &slice[(6 + message.len()..)],
[INFO] [stderr]    |                            ^                   ^
[INFO] [stderr]    |
[INFO] [stderr] help: remove these parentheses
[INFO] [stderr]    |
[INFO] [stderr] 55 -                     &slice[(6 + message.len()..)],
[INFO] [stderr] 55 +                     &slice[6 + message.len()..],
[INFO] [stderr]    |
[INFO] [stderr] 
[INFO] [stderr] warning: unnecessary parentheses around index expression
[INFO] [stderr]   --> src/cql/frame/error.rs:60:28
[INFO] [stderr]    |
[INFO] [stderr] 60 |                     &slice[(6 + message.len()..)],
[INFO] [stderr]    |                            ^                   ^
[INFO] [stderr]    |
[INFO] [stderr] help: remove these parentheses
[INFO] [stderr]    |
[INFO] [stderr] 60 -                     &slice[(6 + message.len()..)],
[INFO] [stderr] 60 +                     &slice[6 + message.len()..],
[INFO] [stderr]    |
[INFO] [stderr] 
[INFO] [stderr] warning: unnecessary parentheses around index expression
[INFO] [stderr]   --> src/cql/frame/error.rs:65:28
[INFO] [stderr]    |
[INFO] [stderr] 65 |                     &slice[(6 + message.len()..)],
[INFO] [stderr]    |                            ^                   ^
[INFO] [stderr]    |
[INFO] [stderr] help: remove these parentheses
[INFO] [stderr]    |
[INFO] [stderr] 65 -                     &slice[(6 + message.len()..)],
[INFO] [stderr] 65 +                     &slice[6 + message.len()..],
[INFO] [stderr]    |
[INFO] [stderr] 
[INFO] [stderr] warning: unnecessary parentheses around index expression
[INFO] [stderr]   --> src/cql/frame/error.rs:70:28
[INFO] [stderr]    |
[INFO] [stderr] 70 |                     &slice[(6 + message.len()..)],
[INFO] [stderr]    |                            ^                   ^
[INFO] [stderr]    |
[INFO] [stderr] help: remove these parentheses
[INFO] [stderr]    |
[INFO] [stderr] 70 -                     &slice[(6 + message.len()..)],
[INFO] [stderr] 70 +                     &slice[6 + message.len()..],
[INFO] [stderr]    |
[INFO] [stderr] 
[INFO] [stderr] warning: unnecessary parentheses around index expression
[INFO] [stderr]   --> src/cql/frame/error.rs:75:28
[INFO] [stderr]    |
[INFO] [stderr] 75 |                     &slice[(6 + message.len()..)],
[INFO] [stderr]    |                            ^                   ^
[INFO] [stderr]    |
[INFO] [stderr] help: remove these parentheses
[INFO] [stderr]    |
[INFO] [stderr] 75 -                     &slice[(6 + message.len()..)],
[INFO] [stderr] 75 +                     &slice[6 + message.len()..],
[INFO] [stderr]    |
[INFO] [stderr] 
[INFO] [stderr] warning: unnecessary parentheses around index expression
[INFO] [stderr]   --> src/cql/frame/error.rs:80:28
[INFO] [stderr]    |
[INFO] [stderr] 80 |                     &slice[(6 + message.len()..)],
[INFO] [stderr]    |                            ^                   ^
[INFO] [stderr]    |
[INFO] [stderr] help: remove these parentheses
[INFO] [stderr]    |
[INFO] [stderr] 80 -                     &slice[(6 + message.len()..)],
[INFO] [stderr] 80 +                     &slice[6 + message.len()..],
[INFO] [stderr]    |
[INFO] [stderr] 
[INFO] [stderr] warning: fields `global_table_spec` and `no_metadata` are never read
[INFO] [stderr]   --> src/cql/frame/rows.rs:21:5
[INFO] [stderr]    |
[INFO] [stderr] 20 | pub struct Flags {
[INFO] [stderr]    |            ----- fields in this struct
[INFO] [stderr] 21 |     global_table_spec: bool,
[INFO] [stderr]    |     ^^^^^^^^^^^^^^^^^
[INFO] [stderr] 22 |     has_more_pages: bool,
[INFO] [stderr] 23 |     no_metadata: bool,
[INFO] [stderr]    |     ^^^^^^^^^^^
[INFO] [stderr]    |
[INFO] [stderr]    = note: `Flags` has derived impls for the traits `Clone` and `Debug`, but these are intentionally ignored during dead code analysis
[INFO] [stderr]    = note: `#[warn(dead_code)]` on by default
[INFO] [stderr] 
[INFO] [stderr] warning: field `columns_count` is never read
[INFO] [stderr]   --> src/cql/frame/rows.rs:56:5
[INFO] [stderr]    |
[INFO] [stderr] 54 | pub struct Metadata {
[INFO] [stderr]    |            -------- field in this struct
[INFO] [stderr] 55 |     flags: Flags,
[INFO] [stderr] 56 |     columns_count: ColumnsCount,
[INFO] [stderr]    |     ^^^^^^^^^^^^^
[INFO] [stderr]    |
[INFO] [stderr]    = note: `Metadata` has derived impls for the traits `Clone` and `Debug`, but these are intentionally ignored during dead code analysis
[INFO] [stderr] 
[INFO] [stderr] warning: field `request_type` is never read
[INFO] [stderr]    --> src/app/access/mod.rs:124:5
[INFO] [stderr]     |
[INFO] [stderr] 122 | pub struct DecodeResult<T> {
[INFO] [stderr]     |            ------------ field in this struct
[INFO] [stderr] 123 |     inner: T,
[INFO] [stderr] 124 |     request_type: RequestType,
[INFO] [stderr]     |     ^^^^^^^^^^^^
[INFO] [stderr]     |
[INFO] [stderr]     = note: `DecodeResult` has a derived impl for the trait `Clone`, but this is intentionally ignored during dead code analysis
[INFO] [stderr] 
[INFO] [stderr] warning: `scylla-rs` (lib) generated 11 warnings (run `cargo fix --lib -p scylla-rs` to apply 8 suggestions)
[INFO] [stderr] warning: `scylla-rs` (lib test) generated 11 warnings (11 duplicates)
[INFO] [stderr]     Finished test [unoptimized + debuginfo] target(s) in 0.05s
[INFO] [stderr]      Running unittests src/lib.rs (/opt/rustwide/target/debug/deps/scylla_rs-8d17a646ed01e79f)
[INFO] [stdout] 
[INFO] [stdout] running 13 tests
[INFO] [stdout] test cql::frame::options::tests::simple_options_builder_test ... ok
[INFO] [stdout] test cql::frame::batch::tests::simple_query_builder_test ... ok
[INFO] [stdout] test cql::frame::prepare::tests::simple_prepare_builder_test ... ok
[INFO] [stdout] test cql::frame::query::tests::simple_query_builder_test ... ok
[INFO] [stdout] test cql::frame::startup::tests::simple_startup_builder_test ... ok
[INFO] [stdout] test app::access::tests::test_batch ... ok
[INFO] [stdout] test cql::murmur3::tests::test_tx_murmur3_token_generation ... ok
[INFO] [stdout] test cql::murmur3::tests::test_address_murmur3_token_generation ... ok
[INFO] [stdout] test cql::murmur3::tests::test_1000 ... ok
[INFO] [stdout] test cql::tests::connection::establish_connection_with_shard_aware_port ... FAILED
[INFO] [stdout] test cql::tests::connection::establish_connection_with_regular_cql_port ... FAILED
[INFO] [stdout] test app::ring::generate_and_compute_fake_ring ... ok
[INFO] [stdout] test cql::murmur3::tests::perf_test ... ok
[INFO] [stdout] 
[INFO] [stdout] failures:
[INFO] [stdout] 
[INFO] [stdout] ---- cql::tests::connection::establish_connection_with_shard_aware_port stdout ----
[INFO] [stdout] thread 'cql::tests::connection::establish_connection_with_shard_aware_port' panicked at 'assertion failed: cql.is_ok()', src/cql/tests/connection.rs:26:5
[INFO] [stdout] stack backtrace:
[INFO] [stdout]    0:     0x55be32efbcba - std::backtrace_rs::backtrace::libunwind::trace::h2f05d0192276a8f6
[INFO] [stdout]                                at /rustc/1b7dd2252b99671ce5d1cb9664c5f8636329436d/library/std/src/../../backtrace/src/backtrace/libunwind.rs:93:5
[INFO] [stdout]    1:     0x55be32efbcba - std::backtrace_rs::backtrace::trace_unsynchronized::hedc23dff7a1af150
[INFO] [stdout]                                at /rustc/1b7dd2252b99671ce5d1cb9664c5f8636329436d/library/std/src/../../backtrace/src/backtrace/mod.rs:66:5
[INFO] [stdout]    2:     0x55be32efbcba - std::sys_common::backtrace::_print_fmt::h17541ef7592f3ce2
[INFO] [stdout]                                at /rustc/1b7dd2252b99671ce5d1cb9664c5f8636329436d/library/std/src/sys_common/backtrace.rs:65:5
[INFO] [stdout]    3:     0x55be32efbcba - <std::sys_common::backtrace::_print::DisplayBacktrace as core::fmt::Display>::fmt::h20f75df5ab0c0792
[INFO] [stdout]                                at /rustc/1b7dd2252b99671ce5d1cb9664c5f8636329436d/library/std/src/sys_common/backtrace.rs:44:22
[INFO] [stdout]    4:     0x55be32f21fbf - core::fmt::write::h78109e6f466b3af6
[INFO] [stdout]                                at /rustc/1b7dd2252b99671ce5d1cb9664c5f8636329436d/library/core/src/fmt/mod.rs:1254:17
[INFO] [stdout]    5:     0x55be32ef8635 - std::io::Write::write_fmt::hd24bfb68a1b35a25
[INFO] [stdout]                                at /rustc/1b7dd2252b99671ce5d1cb9664c5f8636329436d/library/std/src/io/mod.rs:1698:15
[INFO] [stdout]    6:     0x55be32efba85 - std::sys_common::backtrace::_print::h8dac57a9f8fbf9a5
[INFO] [stdout]                                at /rustc/1b7dd2252b99671ce5d1cb9664c5f8636329436d/library/std/src/sys_common/backtrace.rs:47:5
[INFO] [stdout]    7:     0x55be32efba85 - std::sys_common::backtrace::print::hf9ecbf41d1aa712f
[INFO] [stdout]                                at /rustc/1b7dd2252b99671ce5d1cb9664c5f8636329436d/library/std/src/sys_common/backtrace.rs:34:9
[INFO] [stdout]    8:     0x55be32efd73e - std::panicking::default_hook::{{closure}}::h04c07acfc84ca028
[INFO] [stdout]                                at /rustc/1b7dd2252b99671ce5d1cb9664c5f8636329436d/library/std/src/panicking.rs:269:22
[INFO] [stdout]    9:     0x55be32efd471 - std::panicking::default_hook::h01f6bb23e1eceb2c
[INFO] [stdout]                                at /rustc/1b7dd2252b99671ce5d1cb9664c5f8636329436d/library/std/src/panicking.rs:285:9
[INFO] [stdout]   10:     0x55be32df90fb - <alloc::boxed::Box<F,A> as core::ops::function::Fn<Args>>::call::h87fe9f7b2fd49e4c
[INFO] [stdout]                                at /rustc/1b7dd2252b99671ce5d1cb9664c5f8636329436d/library/alloc/src/boxed.rs:1987:9
[INFO] [stdout]   11:     0x55be32df90fb - test::test_main::{{closure}}::he94d679243a7531b
[INFO] [stdout]                                at /rustc/1b7dd2252b99671ce5d1cb9664c5f8636329436d/library/test/src/lib.rs:134:21
[INFO] [stdout]   12:     0x55be32efde24 - <alloc::boxed::Box<F,A> as core::ops::function::Fn<Args>>::call::h3f2d6d8b14c4769f
[INFO] [stdout]                                at /rustc/1b7dd2252b99671ce5d1cb9664c5f8636329436d/library/alloc/src/boxed.rs:1987:9
[INFO] [stdout]   13:     0x55be32efde24 - std::panicking::rust_panic_with_hook::h2bb3722bbaf2f6df
[INFO] [stdout]                                at /rustc/1b7dd2252b99671ce5d1cb9664c5f8636329436d/library/std/src/panicking.rs:695:13
[INFO] [stdout]   14:     0x55be32efdb52 - std::panicking::begin_panic_handler::{{closure}}::h91bc7f36a4be011b
[INFO] [stdout]                                at /rustc/1b7dd2252b99671ce5d1cb9664c5f8636329436d/library/std/src/panicking.rs:580:13
[INFO] [stdout]   15:     0x55be32efc126 - std::sys_common::backtrace::__rust_end_short_backtrace::h8b3d3717114f9e59
[INFO] [stdout]                                at /rustc/1b7dd2252b99671ce5d1cb9664c5f8636329436d/library/std/src/sys_common/backtrace.rs:150:18
[INFO] [stdout]   16:     0x55be32efd8f2 - rust_begin_unwind
[INFO] [stdout]                                at /rustc/1b7dd2252b99671ce5d1cb9664c5f8636329436d/library/std/src/panicking.rs:578:5
[INFO] [stdout]   17:     0x55be32d5b203 - core::panicking::panic_fmt::hfd368e3fbdabea26
[INFO] [stdout]                                at /rustc/1b7dd2252b99671ce5d1cb9664c5f8636329436d/library/core/src/panicking.rs:67:14
[INFO] [stdout]   18:     0x55be32d5b29d - core::panicking::panic::h3f9042d09bd0bf2e
[INFO] [stdout]                                at /rustc/1b7dd2252b99671ce5d1cb9664c5f8636329436d/library/core/src/panicking.rs:117:5
[INFO] [stdout]   19:     0x55be32dbe7f3 - scylla_rs::cql::tests::connection::establish_connection_with_shard_aware_port::{{closure}}::h8d66e4051000244c
[INFO] [stdout]                                at /opt/rustwide/workdir/src/cql/tests/connection.rs:26:5
[INFO] [stdout]   20:     0x55be32da95ab - <core::pin::Pin<P> as core::future::future::Future>::poll::hf9d8683b73c65818
[INFO] [stdout]                                at /rustc/1b7dd2252b99671ce5d1cb9664c5f8636329436d/library/core/src/future/future.rs:125:9
[INFO] [stdout]   21:     0x55be32db1dc4 - tokio::runtime::basic_scheduler::Inner<P>::block_on::{{closure}}::{{closure}}::h513a89e198bac370
[INFO] [stdout]                                at /opt/rustwide/cargo-home/registry/src/index.crates.io-6f17d22bba15001f/tokio-1.12.0/src/runtime/basic_scheduler.rs:230:62
[INFO] [stdout]   22:     0x55be32d8b520 - tokio::coop::with_budget::{{closure}}::h73e12bbff21e24e6
[INFO] [stdout]                                at /opt/rustwide/cargo-home/registry/src/index.crates.io-6f17d22bba15001f/tokio-1.12.0/src/coop.rs:106:9
[INFO] [stdout]   23:     0x55be32dbc139 - std::thread::local::LocalKey<T>::try_with::he540184d16e0fe55
[INFO] [stdout]                                at /rustc/1b7dd2252b99671ce5d1cb9664c5f8636329436d/library/std/src/thread/local.rs:252:16
[INFO] [stdout]   24:     0x55be32dbb43a - std::thread::local::LocalKey<T>::with::h5e306db33502a80b
[INFO] [stdout]                                at /rustc/1b7dd2252b99671ce5d1cb9664c5f8636329436d/library/std/src/thread/local.rs:228:9
[INFO] [stdout]   25:     0x55be32db1551 - tokio::coop::with_budget::hdf6982ed8f0d12e6
[INFO] [stdout]                                at /opt/rustwide/cargo-home/registry/src/index.crates.io-6f17d22bba15001f/tokio-1.12.0/src/coop.rs:99:5
[INFO] [stdout]   26:     0x55be32db1551 - tokio::coop::budget::h9ffe9dbf5a0dcc88
[INFO] [stdout]                                at /opt/rustwide/cargo-home/registry/src/index.crates.io-6f17d22bba15001f/tokio-1.12.0/src/coop.rs:76:5
[INFO] [stdout]   27:     0x55be32db1551 - tokio::runtime::basic_scheduler::Inner<P>::block_on::{{closure}}::h75e54951bbff877a
[INFO] [stdout]                                at /opt/rustwide/cargo-home/registry/src/index.crates.io-6f17d22bba15001f/tokio-1.12.0/src/runtime/basic_scheduler.rs:230:39
[INFO] [stdout]   28:     0x55be32db3291 - tokio::runtime::basic_scheduler::enter::{{closure}}::h986b49eb90f0ac86
[INFO] [stdout]                                at /opt/rustwide/cargo-home/registry/src/index.crates.io-6f17d22bba15001f/tokio-1.12.0/src/runtime/basic_scheduler.rs:339:29
[INFO] [stdout]   29:     0x55be32da1737 - tokio::macros::scoped_tls::ScopedKey<T>::set::hd58ca6bea9596010
[INFO] [stdout]                                at /opt/rustwide/cargo-home/registry/src/index.crates.io-6f17d22bba15001f/tokio-1.12.0/src/macros/scoped_tls.rs:61:9
[INFO] [stdout]   30:     0x55be32db2ea0 - tokio::runtime::basic_scheduler::enter::h10cd6910081e3791
[INFO] [stdout]                                at /opt/rustwide/cargo-home/registry/src/index.crates.io-6f17d22bba15001f/tokio-1.12.0/src/runtime/basic_scheduler.rs:339:5
[INFO] [stdout]   31:     0x55be32db05fb - tokio::runtime::basic_scheduler::Inner<P>::block_on::h118fcdfb99d8510a
[INFO] [stdout]                                at /opt/rustwide/cargo-home/registry/src/index.crates.io-6f17d22bba15001f/tokio-1.12.0/src/runtime/basic_scheduler.rs:218:9
[INFO] [stdout]   32:     0x55be32db209e - tokio::runtime::basic_scheduler::InnerGuard<P>::block_on::h6d65442f0b481195
[INFO] [stdout]                                at /opt/rustwide/cargo-home/registry/src/index.crates.io-6f17d22bba15001f/tokio-1.12.0/src/runtime/basic_scheduler.rs:489:9
[INFO] [stdout]   33:     0x55be32db23b3 - tokio::runtime::basic_scheduler::BasicScheduler<P>::block_on::h24f1d22acf5d4e1b
[INFO] [stdout]                                at /opt/rustwide/cargo-home/registry/src/index.crates.io-6f17d22bba15001f/tokio-1.12.0/src/runtime/basic_scheduler.rs:178:24
[INFO] [stdout]   34:     0x55be32db3646 - tokio::runtime::Runtime::block_on::hb1981e39563ec3b9
[INFO] [stdout]                                at /opt/rustwide/cargo-home/registry/src/index.crates.io-6f17d22bba15001f/tokio-1.12.0/src/runtime/mod.rs:461:46
[INFO] [stdout]   35:     0x55be32dbe30c - scylla_rs::cql::tests::connection::establish_connection_with_shard_aware_port::h84d7e177d390e378
[INFO] [stdout]                                at /opt/rustwide/workdir/src/cql/tests/connection.rs:26:5
[INFO] [stdout]   36:     0x55be32dbe237 - scylla_rs::cql::tests::connection::establish_connection_with_shard_aware_port::{{closure}}::h3cc2e1215e1f7a08
[INFO] [stdout]                                at /opt/rustwide/workdir/src/cql/tests/connection.rs:19:55
[INFO] [stdout]   37:     0x55be32d66cc5 - core::ops::function::FnOnce::call_once::h5205ac1a7588c37d
[INFO] [stdout]                                at /rustc/1b7dd2252b99671ce5d1cb9664c5f8636329436d/library/core/src/ops/function.rs:250:5
[INFO] [stdout]   38:     0x55be32dfdfcf - core::ops::function::FnOnce::call_once::ha6a70e79f7481a7e
[INFO] [stdout]                                at /rustc/1b7dd2252b99671ce5d1cb9664c5f8636329436d/library/core/src/ops/function.rs:250:5
[INFO] [stdout]   39:     0x55be32dfdfcf - test::__rust_begin_short_backtrace::hce33033019b61e69
[INFO] [stdout]                                at /rustc/1b7dd2252b99671ce5d1cb9664c5f8636329436d/library/test/src/lib.rs:655:18
[INFO] [stdout]   40:     0x55be32dcb7bc - test::run_test::{{closure}}::h858d3528838ae3e5
[INFO] [stdout]                                at /rustc/1b7dd2252b99671ce5d1cb9664c5f8636329436d/library/test/src/lib.rs:646:30
[INFO] [stdout]   41:     0x55be32dcb7bc - core::ops::function::FnOnce::call_once{{vtable.shim}}::he8ac2b00f01ae79e
[INFO] [stdout]                                at /rustc/1b7dd2252b99671ce5d1cb9664c5f8636329436d/library/core/src/ops/function.rs:250:5
[INFO] [stdout]   42:     0x55be32dfd0a6 - <alloc::boxed::Box<F,A> as core::ops::function::FnOnce<Args>>::call_once::h8093d25b522725ef
[INFO] [stdout]                                at /rustc/1b7dd2252b99671ce5d1cb9664c5f8636329436d/library/alloc/src/boxed.rs:1973:9
[INFO] [stdout]   43:     0x55be32dfd0a6 - <core::panic::unwind_safe::AssertUnwindSafe<F> as core::ops::function::FnOnce<()>>::call_once::h5c334c204e4a3913
[INFO] [stdout]                                at /rustc/1b7dd2252b99671ce5d1cb9664c5f8636329436d/library/core/src/panic/unwind_safe.rs:271:9
[INFO] [stdout]   44:     0x55be32dfd0a6 - std::panicking::try::do_call::ha8b740c7b9478074
[INFO] [stdout]                                at /rustc/1b7dd2252b99671ce5d1cb9664c5f8636329436d/library/std/src/panicking.rs:485:40
[INFO] [stdout]   45:     0x55be32dfd0a6 - std::panicking::try::h5d34f63d0e41b64e
[INFO] [stdout]                                at /rustc/1b7dd2252b99671ce5d1cb9664c5f8636329436d/library/std/src/panicking.rs:449:19
[INFO] [stdout]   46:     0x55be32dfd0a6 - std::panic::catch_unwind::hcfbb511e1aa7fc67
[INFO] [stdout]                                at /rustc/1b7dd2252b99671ce5d1cb9664c5f8636329436d/library/std/src/panic.rs:140:14
[INFO] [stdout]   47:     0x55be32dfd0a6 - test::run_test_in_process::h9abda90f802eaf21
[INFO] [stdout]                                at /rustc/1b7dd2252b99671ce5d1cb9664c5f8636329436d/library/test/src/lib.rs:678:27
[INFO] [stdout]   48:     0x55be32dfd0a6 - test::run_test::run_test_inner::{{closure}}::h0f058de91f6c6edf
[INFO] [stdout]                                at /rustc/1b7dd2252b99671ce5d1cb9664c5f8636329436d/library/test/src/lib.rs:572:39
[INFO] [stdout]   49:     0x55be32dc5fc5 - test::run_test::run_test_inner::{{closure}}::h5ca48a4c59c6c1fb
[INFO] [stdout]                                at /rustc/1b7dd2252b99671ce5d1cb9664c5f8636329436d/library/test/src/lib.rs:599:37
[INFO] [stdout]   50:     0x55be32dc5fc5 - std::sys_common::backtrace::__rust_begin_short_backtrace::h32bd51e1495d4a33
[INFO] [stdout]                                at /rustc/1b7dd2252b99671ce5d1cb9664c5f8636329436d/library/std/src/sys_common/backtrace.rs:134:18
[INFO] [stdout]   51:     0x55be32dcb501 - std::thread::Builder::spawn_unchecked_::{{closure}}::{{closure}}::hc086fae9b128b2db
[INFO] [stdout]                                at /rustc/1b7dd2252b99671ce5d1cb9664c5f8636329436d/library/std/src/thread/mod.rs:526:17
[INFO] [stdout]   52:     0x55be32dcb501 - <core::panic::unwind_safe::AssertUnwindSafe<F> as core::ops::function::FnOnce<()>>::call_once::hb66571888d270d43
[INFO] [stdout]                                at /rustc/1b7dd2252b99671ce5d1cb9664c5f8636329436d/library/core/src/panic/unwind_safe.rs:271:9
[INFO] [stdout]   53:     0x55be32dcb501 - std::panicking::try::do_call::h4fa2ef4f6e51fecf
[INFO] [stdout]                                at /rustc/1b7dd2252b99671ce5d1cb9664c5f8636329436d/library/std/src/panicking.rs:485:40
[INFO] [stdout]   54:     0x55be32dcb501 - std::panicking::try::h1e9e22b8584489b5
[INFO] [stdout]                                at /rustc/1b7dd2252b99671ce5d1cb9664c5f8636329436d/library/std/src/panicking.rs:449:19
[INFO] [stdout]   55:     0x55be32dcb501 - std::panic::catch_unwind::h44698a3de0e0769e
[INFO] [stdout]                                at /rustc/1b7dd2252b99671ce5d1cb9664c5f8636329436d/library/std/src/panic.rs:140:14
[INFO] [stdout]   56:     0x55be32dcb501 - std::thread::Builder::spawn_unchecked_::{{closure}}::h50153abde3fe239e
[INFO] [stdout]                                at /rustc/1b7dd2252b99671ce5d1cb9664c5f8636329436d/library/std/src/thread/mod.rs:525:30
[INFO] [stdout]   57:     0x55be32dcb501 - core::ops::function::FnOnce::call_once{{vtable.shim}}::hbe5bbf6f38394364
[INFO] [stdout]                                at /rustc/1b7dd2252b99671ce5d1cb9664c5f8636329436d/library/core/src/ops/function.rs:250:5
[INFO] [stdout]   58:     0x55be32f02405 - <alloc::boxed::Box<F,A> as core::ops::function::FnOnce<Args>>::call_once::h0d83cb2920a49046
[INFO] [stdout]                                at /rustc/1b7dd2252b99671ce5d1cb9664c5f8636329436d/library/alloc/src/boxed.rs:1973:9
[INFO] [stdout]   59:     0x55be32f02405 - <alloc::boxed::Box<F,A> as core::ops::function::FnOnce<Args>>::call_once::hbe0a008aa7d9ef59
[INFO] [stdout]                                at /rustc/1b7dd2252b99671ce5d1cb9664c5f8636329436d/library/alloc/src/boxed.rs:1973:9
[INFO] [stdout]   60:     0x55be32f02405 - std::sys::unix::thread::Thread::new::thread_start::h3a466996bdf6b1f9
[INFO] [stdout]                                at /rustc/1b7dd2252b99671ce5d1cb9664c5f8636329436d/library/std/src/sys/unix/thread.rs:108:17
[INFO] [stdout]   61:     0x7f26b3c95b43 - <unknown>
[INFO] [stdout]   62:     0x7f26b3d26bb4 - __clone
[INFO] [stdout]   63:                0x0 - <unknown>
[INFO] [stdout] 
[INFO] [stdout] ---- cql::tests::connection::establish_connection_with_regular_cql_port stdout ----
[INFO] [stdout] thread 'cql::tests::connection::establish_connection_with_regular_cql_port' panicked at 'assertion failed: cql.is_ok()', src/cql/tests/connection.rs:15:5
[INFO] [stdout] stack backtrace:
[INFO] [stdout]    0:     0x55be32efbcba - std::backtrace_rs::backtrace::libunwind::trace::h2f05d0192276a8f6
[INFO] [stdout]                                at /rustc/1b7dd2252b99671ce5d1cb9664c5f8636329436d/library/std/src/../../backtrace/src/backtrace/libunwind.rs:93:5
[INFO] [stdout]    1:     0x55be32efbcba - std::backtrace_rs::backtrace::trace_unsynchronized::hedc23dff7a1af150
[INFO] [stdout]                                at /rustc/1b7dd2252b99671ce5d1cb9664c5f8636329436d/library/std/src/../../backtrace/src/backtrace/mod.rs:66:5
[INFO] [stdout]    2:     0x55be32efbcba - std::sys_common::backtrace::_print_fmt::h17541ef7592f3ce2
[INFO] [stdout]                                at /rustc/1b7dd2252b99671ce5d1cb9664c5f8636329436d/library/std/src/sys_common/backtrace.rs:65:5
[INFO] [stdout]    3:     0x55be32efbcba - <std::sys_common::backtrace::_print::DisplayBacktrace as core::fmt::Display>::fmt::h20f75df5ab0c0792
[INFO] [stdout]                                at /rustc/1b7dd2252b99671ce5d1cb9664c5f8636329436d/library/std/src/sys_common/backtrace.rs:44:22
[INFO] [stdout]    4:     0x55be32f21fbf - core::fmt::write::h78109e6f466b3af6
[INFO] [stdout]                                at /rustc/1b7dd2252b99671ce5d1cb9664c5f8636329436d/library/core/src/fmt/mod.rs:1254:17
[INFO] [stdout]    5:     0x55be32ef8635 - std::io::Write::write_fmt::hd24bfb68a1b35a25
[INFO] [stdout]                                at /rustc/1b7dd2252b99671ce5d1cb9664c5f8636329436d/library/std/src/io/mod.rs:1698:15
[INFO] [stdout]    6:     0x55be32efba85 - std::sys_common::backtrace::_print::h8dac57a9f8fbf9a5
[INFO] [stdout]                                at /rustc/1b7dd2252b99671ce5d1cb9664c5f8636329436d/library/std/src/sys_common/backtrace.rs:47:5
[INFO] [stdout]    7:     0x55be32efba85 - std::sys_common::backtrace::print::hf9ecbf41d1aa712f
[INFO] [stdout]                                at /rustc/1b7dd2252b99671ce5d1cb9664c5f8636329436d/library/std/src/sys_common/backtrace.rs:34:9
[INFO] [stdout]    8:     0x55be32efd73e - std::panicking::default_hook::{{closure}}::h04c07acfc84ca028
[INFO] [stdout]                                at /rustc/1b7dd2252b99671ce5d1cb9664c5f8636329436d/library/std/src/panicking.rs:269:22
[INFO] [stdout]    9:     0x55be32efd471 - std::panicking::default_hook::h01f6bb23e1eceb2c
[INFO] [stdout]                                at /rustc/1b7dd2252b99671ce5d1cb9664c5f8636329436d/library/std/src/panicking.rs:285:9
[INFO] [stdout]   10:     0x55be32df90fb - <alloc::boxed::Box<F,A> as core::ops::function::Fn<Args>>::call::h87fe9f7b2fd49e4c
[INFO] [stdout]                                at /rustc/1b7dd2252b99671ce5d1cb9664c5f8636329436d/library/alloc/src/boxed.rs:1987:9
[INFO] [stdout]   11:     0x55be32df90fb - test::test_main::{{closure}}::he94d679243a7531b
[INFO] [stdout]                                at /rustc/1b7dd2252b99671ce5d1cb9664c5f8636329436d/library/test/src/lib.rs:134:21
[INFO] [stdout]   12:     0x55be32efde24 - <alloc::boxed::Box<F,A> as core::ops::function::Fn<Args>>::call::h3f2d6d8b14c4769f
[INFO] [stdout]                                at /rustc/1b7dd2252b99671ce5d1cb9664c5f8636329436d/library/alloc/src/boxed.rs:1987:9
[INFO] [stdout]   13:     0x55be32efde24 - std::panicking::rust_panic_with_hook::h2bb3722bbaf2f6df
[INFO] [stdout]                                at /rustc/1b7dd2252b99671ce5d1cb9664c5f8636329436d/library/std/src/panicking.rs:695:13
[INFO] [stdout]   14:     0x55be32efdb52 - std::panicking::begin_panic_handler::{{closure}}::h91bc7f36a4be011b
[INFO] [stdout]                                at /rustc/1b7dd2252b99671ce5d1cb9664c5f8636329436d/library/std/src/panicking.rs:580:13
[INFO] [stdout]   15:     0x55be32efc126 - std::sys_common::backtrace::__rust_end_short_backtrace::h8b3d3717114f9e59
[INFO] [stdout]                                at /rustc/1b7dd2252b99671ce5d1cb9664c5f8636329436d/library/std/src/sys_common/backtrace.rs:150:18
[INFO] [stdout]   16:     0x55be32efd8f2 - rust_begin_unwind
[INFO] [stdout]                                at /rustc/1b7dd2252b99671ce5d1cb9664c5f8636329436d/library/std/src/panicking.rs:578:5
[INFO] [stdout]   17:     0x55be32d5b203 - core::panicking::panic_fmt::hfd368e3fbdabea26
[INFO] [stdout]                                at /rustc/1b7dd2252b99671ce5d1cb9664c5f8636329436d/library/core/src/panicking.rs:67:14
[INFO] [stdout]   18:     0x55be32d5b29d - core::panicking::panic::h3f9042d09bd0bf2e
[INFO] [stdout]                                at /rustc/1b7dd2252b99671ce5d1cb9664c5f8636329436d/library/core/src/panicking.rs:117:5
[INFO] [stdout]   19:     0x55be32dbe1f3 - scylla_rs::cql::tests::connection::establish_connection_with_regular_cql_port::{{closure}}::hcabd10b4fabd3bf9
[INFO] [stdout]                                at /opt/rustwide/workdir/src/cql/tests/connection.rs:15:5
[INFO] [stdout]   20:     0x55be32da955b - <core::pin::Pin<P> as core::future::future::Future>::poll::h302a5593ebe0a9cb
[INFO] [stdout]                                at /rustc/1b7dd2252b99671ce5d1cb9664c5f8636329436d/library/core/src/future/future.rs:125:9
[INFO] [stdout]   21:     0x55be32db1eb4 - tokio::runtime::basic_scheduler::Inner<P>::block_on::{{closure}}::{{closure}}::h846ebd874f13bdf7
[INFO] [stdout]                                at /opt/rustwide/cargo-home/registry/src/index.crates.io-6f17d22bba15001f/tokio-1.12.0/src/runtime/basic_scheduler.rs:230:62
[INFO] [stdout]   22:     0x55be32d8b3f0 - tokio::coop::with_budget::{{closure}}::h10f22a840dc4586f
[INFO] [stdout]                                at /opt/rustwide/cargo-home/registry/src/index.crates.io-6f17d22bba15001f/tokio-1.12.0/src/coop.rs:106:9
[INFO] [stdout]   23:     0x55be32dbc2a9 - std::thread::local::LocalKey<T>::try_with::he9b557df1542a7df
[INFO] [stdout]                                at /rustc/1b7dd2252b99671ce5d1cb9664c5f8636329436d/library/std/src/thread/local.rs:252:16
[INFO] [stdout]   24:     0x55be32dbb40a - std::thread::local::LocalKey<T>::with::h48c6987219943659
[INFO] [stdout]                                at /rustc/1b7dd2252b99671ce5d1cb9664c5f8636329436d/library/std/src/thread/local.rs:228:9
[INFO] [stdout]   25:     0x55be32db09b1 - tokio::coop::with_budget::h7b924668ccc86a17
[INFO] [stdout]                                at /opt/rustwide/cargo-home/registry/src/index.crates.io-6f17d22bba15001f/tokio-1.12.0/src/coop.rs:99:5
[INFO] [stdout]   26:     0x55be32db09b1 - tokio::coop::budget::he7c75b6deeb08629
[INFO] [stdout]                                at /opt/rustwide/cargo-home/registry/src/index.crates.io-6f17d22bba15001f/tokio-1.12.0/src/coop.rs:76:5
[INFO] [stdout]   27:     0x55be32db09b1 - tokio::runtime::basic_scheduler::Inner<P>::block_on::{{closure}}::h32a67560e6e387ce
[INFO] [stdout]                                at /opt/rustwide/cargo-home/registry/src/index.crates.io-6f17d22bba15001f/tokio-1.12.0/src/runtime/basic_scheduler.rs:230:39
[INFO] [stdout]   28:     0x55be32db3251 - tokio::runtime::basic_scheduler::enter::{{closure}}::h199009e4d6730257
[INFO] [stdout]                                at /opt/rustwide/cargo-home/registry/src/index.crates.io-6f17d22bba15001f/tokio-1.12.0/src/runtime/basic_scheduler.rs:339:29
[INFO] [stdout]   29:     0x55be32da1637 - tokio::macros::scoped_tls::ScopedKey<T>::set::hd50a3fe4ea37ac81
[INFO] [stdout]                                at /opt/rustwide/cargo-home/registry/src/index.crates.io-6f17d22bba15001f/tokio-1.12.0/src/macros/scoped_tls.rs:61:9
[INFO] [stdout]   30:     0x55be32db31d0 - tokio::runtime::basic_scheduler::enter::he2c1f21610beb8bd
[INFO] [stdout]                                at /opt/rustwide/cargo-home/registry/src/index.crates.io-6f17d22bba15001f/tokio-1.12.0/src/runtime/basic_scheduler.rs:339:5
[INFO] [stdout]   31:     0x55be32db061b - tokio::runtime::basic_scheduler::Inner<P>::block_on::h911b6ad5d3418c40
[INFO] [stdout]                                at /opt/rustwide/cargo-home/registry/src/index.crates.io-6f17d22bba15001f/tokio-1.12.0/src/runtime/basic_scheduler.rs:218:9
[INFO] [stdout]   32:     0x55be32db200e - tokio::runtime::basic_scheduler::InnerGuard<P>::block_on::h30dfc52e26fb64d3
[INFO] [stdout]                                at /opt/rustwide/cargo-home/registry/src/index.crates.io-6f17d22bba15001f/tokio-1.12.0/src/runtime/basic_scheduler.rs:489:9
[INFO] [stdout]   33:     0x55be32db2753 - tokio::runtime::basic_scheduler::BasicScheduler<P>::block_on::heb4a80c81f84d3bc
[INFO] [stdout]                                at /opt/rustwide/cargo-home/registry/src/index.crates.io-6f17d22bba15001f/tokio-1.12.0/src/runtime/basic_scheduler.rs:178:24
[INFO] [stdout]   34:     0x55be32db37d6 - tokio::runtime::Runtime::block_on::hbb55d3da6978ad9b
[INFO] [stdout]                                at /opt/rustwide/cargo-home/registry/src/index.crates.io-6f17d22bba15001f/tokio-1.12.0/src/runtime/mod.rs:461:46
[INFO] [stdout]   35:     0x55be32dbdd0c - scylla_rs::cql::tests::connection::establish_connection_with_regular_cql_port::h6926fa295f8c1c22
[INFO] [stdout]                                at /opt/rustwide/workdir/src/cql/tests/connection.rs:15:5
[INFO] [stdout]   36:     0x55be32dbdc37 - scylla_rs::cql::tests::connection::establish_connection_with_regular_cql_port::{{closure}}::h4a710da8afb86768
[INFO] [stdout]                                at /opt/rustwide/workdir/src/cql/tests/connection.rs:8:55
[INFO] [stdout]   37:     0x55be32d66b45 - core::ops::function::FnOnce::call_once::h332af9b529b8e574
[INFO] [stdout]                                at /rustc/1b7dd2252b99671ce5d1cb9664c5f8636329436d/library/core/src/ops/function.rs:250:5
[INFO] [stdout]   38:     0x55be32dfdfcf - core::ops::function::FnOnce::call_once::ha6a70e79f7481a7e
[INFO] [stdout]                                at /rustc/1b7dd2252b99671ce5d1cb9664c5f8636329436d/library/core/src/ops/function.rs:250:5
[INFO] [stdout]   39:     0x55be32dfdfcf - test::__rust_begin_short_backtrace::hce33033019b61e69
[INFO] [stdout]                                at /rustc/1b7dd2252b99671ce5d1cb9664c5f8636329436d/library/test/src/lib.rs:655:18
[INFO] [stdout]   40:     0x55be32dcb7bc - test::run_test::{{closure}}::h858d3528838ae3e5
[INFO] [stdout]                                at /rustc/1b7dd2252b99671ce5d1cb9664c5f8636329436d/library/test/src/lib.rs:646:30
[INFO] [stdout]   41:     0x55be32dcb7bc - core::ops::function::FnOnce::call_once{{vtable.shim}}::he8ac2b00f01ae79e
[INFO] [stdout]                                at /rustc/1b7dd2252b99671ce5d1cb9664c5f8636329436d/library/core/src/ops/function.rs:250:5
[INFO] [stdout]   42:     0x55be32dfd0a6 - <alloc::boxed::Box<F,A> as core::ops::function::FnOnce<Args>>::call_once::h8093d25b522725ef
[INFO] [stdout]                                at /rustc/1b7dd2252b99671ce5d1cb9664c5f8636329436d/library/alloc/src/boxed.rs:1973:9
[INFO] [stdout]   43:     0x55be32dfd0a6 - <core::panic::unwind_safe::AssertUnwindSafe<F> as core::ops::function::FnOnce<()>>::call_once::h5c334c204e4a3913
[INFO] [stdout]                                at /rustc/1b7dd2252b99671ce5d1cb9664c5f8636329436d/library/core/src/panic/unwind_safe.rs:271:9
[INFO] [stdout]   44:     0x55be32dfd0a6 - std::panicking::try::do_call::ha8b740c7b9478074
[INFO] [stdout]                                at /rustc/1b7dd2252b99671ce5d1cb9664c5f8636329436d/library/std/src/panicking.rs:485:40
[INFO] [stdout]   45:     0x55be32dfd0a6 - std::panicking::try::h5d34f63d0e41b64e
[INFO] [stdout]                                at /rustc/1b7dd2252b99671ce5d1cb9664c5f8636329436d/library/std/src/panicking.rs:449:19
[INFO] [stdout]   46:     0x55be32dfd0a6 - std::panic::catch_unwind::hcfbb511e1aa7fc67
[INFO] [stdout]                                at /rustc/1b7dd2252b99671ce5d1cb9664c5f8636329436d/library/std/src/panic.rs:140:14
[INFO] [stdout]   47:     0x55be32dfd0a6 - test::run_test_in_process::h9abda90f802eaf21
[INFO] [stdout]                                at /rustc/1b7dd2252b99671ce5d1cb9664c5f8636329436d/library/test/src/lib.rs:678:27
[INFO] [stdout]   48:     0x55be32dfd0a6 - test::run_test::run_test_inner::{{closure}}::h0f058de91f6c6edf
[INFO] [stdout]                                at /rustc/1b7dd2252b99671ce5d1cb9664c5f8636329436d/library/test/src/lib.rs:572:39
[INFO] [stdout]   49:     0x55be32dc5fc5 - test::run_test::run_test_inner::{{closure}}::h5ca48a4c59c6c1fb
[INFO] [stdout]                                at /rustc/1b7dd2252b99671ce5d1cb9664c5f8636329436d/library/test/src/lib.rs:599:37
[INFO] [stdout]   50:     0x55be32dc5fc5 - std::sys_common::backtrace::__rust_begin_short_backtrace::h32bd51e1495d4a33
[INFO] [stdout]                                at /rustc/1b7dd2252b99671ce5d1cb9664c5f8636329436d/library/std/src/sys_common/backtrace.rs:134:18
[INFO] [stdout]   51:     0x55be32dcb501 - std::thread::Builder::spawn_unchecked_::{{closure}}::{{closure}}::hc086fae9b128b2db
[INFO] [stdout]                                at /rustc/1b7dd2252b99671ce5d1cb9664c5f8636329436d/library/std/src/thread/mod.rs:526:17
[INFO] [stdout]   52:     0x55be32dcb501 - <core::panic::unwind_safe::AssertUnwindSafe<F> as core::ops::function::FnOnce<()>>::call_once::hb66571888d270d43
[INFO] [stdout]                                at /rustc/1b7dd2252b99671ce5d1cb9664c5f8636329436d/library/core/src/panic/unwind_safe.rs:271:9
[INFO] [stdout]   53:     0x55be32dcb501 - std::panicking::try::do_call::h4fa2ef4f6e51fecf
[INFO] [stdout]                                at /rustc/1b7dd2252b99671ce5d1cb9664c5f8636329436d/library/std/src/panicking.rs:485:40
[INFO] [stdout]   54:     0x55be32dcb501 - std::panicking::try::h1e9e22b8584489b5
[INFO] [stdout]                                at /rustc/1b7dd2252b99671ce5d1cb9664c5f8636329436d/library/std/src/panicking.rs:449:19
[INFO] [stdout]   55:     0x55be32dcb501 - std::panic::catch_unwind::h44698a3de0e0769e
[INFO] [stdout]                                at /rustc/1b7dd2252b99671ce5d1cb9664c5f8636329436d/library/std/src/panic.rs:140:14
[INFO] [stdout]   56:     0x55be32dcb501 - std::thread::Builder::spawn_unchecked_::{{closure}}::h50153abde3fe239e
[INFO] [stdout]                                at /rustc/1b7dd2252b99671ce5d1cb9664c5f8636329436d/library/std/src/thread/mod.rs:525:30
[INFO] [stdout]   57:     0x55be32dcb501 - core::ops::function::FnOnce::call_once{{vtable.shim}}::hbe5bbf6f38394364
[INFO] [stdout]                                at /rustc/1b7dd2252b99671ce5d1cb9664c5f8636329436d/library/core/src/ops/function.rs:250:5
[INFO] [stdout]   58:     0x55be32f02405 - <alloc::boxed::Box<F,A> as core::ops::function::FnOnce<Args>>::call_once::h0d83cb2920a49046
[INFO] [stdout]                                at /rustc/1b7dd2252b99671ce5d1cb9664c5f8636329436d/library/alloc/src/boxed.rs:1973:9
[INFO] [stdout]   59:     0x55be32f02405 - <alloc::boxed::Box<F,A> as core::ops::function::FnOnce<Args>>::call_once::hbe0a008aa7d9ef59
[INFO] [stdout]                                at /rustc/1b7dd2252b99671ce5d1cb9664c5f8636329436d/library/alloc/src/boxed.rs:1973:9
[INFO] [stdout]   60:     0x55be32f02405 - std::sys::unix::thread::Thread::new::thread_start::h3a466996bdf6b1f9
[INFO] [stdout]                                at /rustc/1b7dd2252b99671ce5d1cb9664c5f8636329436d/library/std/src/sys/unix/thread.rs:108:17
[INFO] [stdout]   61:     0x7f26b3c95b43 - <unknown>
[INFO] [stdout]   62:     0x7f26b3d26bb4 - __clone
[INFO] [stdout]   63:                0x0 - <unknown>
[INFO] [stdout] 
[INFO] [stdout] 
[INFO] [stdout] failures:
[INFO] [stdout]     cql::tests::connection::establish_connection_with_regular_cql_port
[INFO] [stdout]     cql::tests::connection::establish_connection_with_shard_aware_port
[INFO] [stdout] 
[INFO] [stdout] test result: FAILED. 11 passed; 2 failed; 0 ignored; 0 measured; 0 filtered out; finished in 10.40s
[INFO] [stdout] 
[INFO] [stderr] error: test failed, to rerun pass `--lib`
[INFO] running `Command { std: "docker" "inspect" "7865f4f17c1b16feadae3b12a84da02343d0a19aceed87aeb4abc9d4d5154f0c", kill_on_drop: false }`
[INFO] running `Command { std: "docker" "rm" "-f" "7865f4f17c1b16feadae3b12a84da02343d0a19aceed87aeb4abc9d4d5154f0c", kill_on_drop: false }`
[INFO] [stdout] 7865f4f17c1b16feadae3b12a84da02343d0a19aceed87aeb4abc9d4d5154f0c
