[INFO] fetching crate sctp-rs 0.2.5...
[INFO] testing sctp-rs-0.2.5 against beta-2023-04-20 for beta-1.70-1
[INFO] extracting crate sctp-rs 0.2.5 into /workspace/builds/worker-7-tc2/source
[INFO] validating manifest of crates.io crate sctp-rs 0.2.5 on toolchain beta-2023-04-20
[INFO] running `Command { std: CARGO_HOME="/workspace/cargo-home" RUSTUP_HOME="/workspace/rustup-home" "/workspace/cargo-home/bin/cargo" "+beta-2023-04-20" "metadata" "--manifest-path" "Cargo.toml" "--no-deps", kill_on_drop: false }`
[INFO] started tweaking crates.io crate sctp-rs 0.2.5
[INFO] removed 0 missing examples
[INFO] finished tweaking crates.io crate sctp-rs 0.2.5
[INFO] tweaked toml for crates.io crate sctp-rs 0.2.5 written to /workspace/builds/worker-7-tc2/source/Cargo.toml
[INFO] crate crates.io crate sctp-rs 0.2.5 already has a lockfile, it will not be regenerated
[INFO] running `Command { std: CARGO_HOME="/workspace/cargo-home" RUSTUP_HOME="/workspace/rustup-home" "/workspace/cargo-home/bin/cargo" "+beta-2023-04-20" "fetch" "--manifest-path" "Cargo.toml", kill_on_drop: false }`
[INFO] [stderr]     Updating crates.io index
[INFO] [stderr]  Downloading crates ...
[INFO] [stderr]   Downloaded os_socketaddr v0.2.4
[INFO] running `Command { std: "docker" "create" "-v" "/var/lib/crater-agent-workspace/builds/worker-7-tc2/target:/opt/rustwide/target:rw,Z" "-v" "/var/lib/crater-agent-workspace/builds/worker-7-tc2/source:/opt/rustwide/workdir:ro,Z" "-v" "/var/lib/crater-agent-workspace/cargo-home:/opt/rustwide/cargo-home:ro,Z" "-v" "/var/lib/crater-agent-workspace/rustup-home:/opt/rustwide/rustup-home:ro,Z" "-e" "SOURCE_DIR=/opt/rustwide/workdir" "-e" "CARGO_TARGET_DIR=/opt/rustwide/target" "-e" "CARGO_HOME=/opt/rustwide/cargo-home" "-e" "RUSTUP_HOME=/opt/rustwide/rustup-home" "-w" "/opt/rustwide/workdir" "-m" "1610612736" "--user" "0:0" "--network" "none" "ghcr.io/rust-lang/crates-build-env/linux@sha256:5ff2268d62e97bff2cde7d5815dd6ed5b47097566f13b8d0ca110b04b60e07ed" "/opt/rustwide/cargo-home/bin/cargo" "+beta-2023-04-20" "metadata" "--no-deps" "--format-version=1", kill_on_drop: false }`
[INFO] [stdout] f9f6d492a8bbebf82175b2bf7a1accd88612505b8750f90456d92a039d6d6234
[INFO] running `Command { std: "docker" "start" "-a" "f9f6d492a8bbebf82175b2bf7a1accd88612505b8750f90456d92a039d6d6234", kill_on_drop: false }`
[INFO] running `Command { std: "docker" "inspect" "f9f6d492a8bbebf82175b2bf7a1accd88612505b8750f90456d92a039d6d6234", kill_on_drop: false }`
[INFO] running `Command { std: "docker" "rm" "-f" "f9f6d492a8bbebf82175b2bf7a1accd88612505b8750f90456d92a039d6d6234", kill_on_drop: false }`
[INFO] [stdout] f9f6d492a8bbebf82175b2bf7a1accd88612505b8750f90456d92a039d6d6234
[INFO] running `Command { std: "docker" "create" "-v" "/var/lib/crater-agent-workspace/builds/worker-7-tc2/target:/opt/rustwide/target:rw,Z" "-v" "/var/lib/crater-agent-workspace/builds/worker-7-tc2/source:/opt/rustwide/workdir:ro,Z" "-v" "/var/lib/crater-agent-workspace/cargo-home:/opt/rustwide/cargo-home:ro,Z" "-v" "/var/lib/crater-agent-workspace/rustup-home:/opt/rustwide/rustup-home:ro,Z" "-e" "SOURCE_DIR=/opt/rustwide/workdir" "-e" "CARGO_TARGET_DIR=/opt/rustwide/target" "-e" "CARGO_INCREMENTAL=0" "-e" "RUST_BACKTRACE=full" "-e" "RUSTFLAGS=--cap-lints=warn" "-e" "RUSTDOCFLAGS=--cap-lints=warn" "-e" "CARGO_HOME=/opt/rustwide/cargo-home" "-e" "RUSTUP_HOME=/opt/rustwide/rustup-home" "-w" "/opt/rustwide/workdir" "-m" "1610612736" "--user" "0:0" "--network" "none" "ghcr.io/rust-lang/crates-build-env/linux@sha256:5ff2268d62e97bff2cde7d5815dd6ed5b47097566f13b8d0ca110b04b60e07ed" "/opt/rustwide/cargo-home/bin/cargo" "+beta-2023-04-20" "build" "--frozen" "--message-format=json", kill_on_drop: false }`
[INFO] [stdout] c5562fbba384498188b86948124fc2b47ed24e1b131236bb07a6fb2f7fdef65a
[INFO] running `Command { std: "docker" "start" "-a" "c5562fbba384498188b86948124fc2b47ed24e1b131236bb07a6fb2f7fdef65a", kill_on_drop: false }`
[INFO] [stderr]    Compiling libc v0.2.139
[INFO] [stderr]    Compiling proc-macro2 v1.0.50
[INFO] [stderr]    Compiling unicode-ident v1.0.6
[INFO] [stderr]    Compiling quote v1.0.23
[INFO] [stderr]    Compiling syn v1.0.107
[INFO] [stderr]    Compiling log v0.4.17
[INFO] [stderr]    Compiling cfg-if v1.0.0
[INFO] [stderr]    Compiling pin-project-lite v0.2.9
[INFO] [stderr]    Compiling tokio v1.24.2
[INFO] [stderr]    Compiling mio v0.8.5
[INFO] [stderr]    Compiling socket2 v0.4.7
[INFO] [stderr]    Compiling os_socketaddr v0.2.4
[INFO] [stderr]    Compiling tokio-macros v1.8.2
[INFO] [stderr]    Compiling sctp-rs v0.2.5 (/opt/rustwide/workdir)
[INFO] [stderr]     Finished dev [unoptimized + debuginfo] target(s) in 8.65s
[INFO] running `Command { std: "docker" "inspect" "c5562fbba384498188b86948124fc2b47ed24e1b131236bb07a6fb2f7fdef65a", kill_on_drop: false }`
[INFO] running `Command { std: "docker" "rm" "-f" "c5562fbba384498188b86948124fc2b47ed24e1b131236bb07a6fb2f7fdef65a", kill_on_drop: false }`
[INFO] [stdout] c5562fbba384498188b86948124fc2b47ed24e1b131236bb07a6fb2f7fdef65a
[INFO] running `Command { std: "docker" "create" "-v" "/var/lib/crater-agent-workspace/builds/worker-7-tc2/target:/opt/rustwide/target:rw,Z" "-v" "/var/lib/crater-agent-workspace/builds/worker-7-tc2/source:/opt/rustwide/workdir:ro,Z" "-v" "/var/lib/crater-agent-workspace/cargo-home:/opt/rustwide/cargo-home:ro,Z" "-v" "/var/lib/crater-agent-workspace/rustup-home:/opt/rustwide/rustup-home:ro,Z" "-e" "SOURCE_DIR=/opt/rustwide/workdir" "-e" "CARGO_TARGET_DIR=/opt/rustwide/target" "-e" "CARGO_INCREMENTAL=0" "-e" "RUST_BACKTRACE=full" "-e" "RUSTFLAGS=--cap-lints=warn" "-e" "RUSTDOCFLAGS=--cap-lints=warn" "-e" "CARGO_HOME=/opt/rustwide/cargo-home" "-e" "RUSTUP_HOME=/opt/rustwide/rustup-home" "-w" "/opt/rustwide/workdir" "-m" "1610612736" "--user" "0:0" "--network" "none" "ghcr.io/rust-lang/crates-build-env/linux@sha256:5ff2268d62e97bff2cde7d5815dd6ed5b47097566f13b8d0ca110b04b60e07ed" "/opt/rustwide/cargo-home/bin/cargo" "+beta-2023-04-20" "test" "--frozen" "--no-run" "--message-format=json", kill_on_drop: false }`
[INFO] [stdout] 5507ced2a457791946a3bad250fdda7a119cdc17a873052e18522894f7b275b6
[INFO] running `Command { std: "docker" "start" "-a" "5507ced2a457791946a3bad250fdda7a119cdc17a873052e18522894f7b275b6", kill_on_drop: false }`
[INFO] [stderr]     Blocking waiting for file lock on package cache
[INFO] [stderr]    Compiling os_str_bytes v6.4.1
[INFO] [stderr]    Compiling indexmap v1.9.2
[INFO] [stderr]    Compiling hashbrown v0.12.3
[INFO] [stderr]    Compiling strsim v0.10.0
[INFO] [stderr]    Compiling textwrap v0.16.0
[INFO] [stderr]    Compiling termcolor v1.2.0
[INFO] [stderr]    Compiling bitflags v1.3.2
[INFO] [stderr]    Compiling atty v0.2.14
[INFO] [stderr]    Compiling clap_lex v0.2.4
[INFO] [stderr]    Compiling clap v3.2.23
[INFO] [stderr]    Compiling sctp-rs v0.2.5 (/opt/rustwide/workdir)
[INFO] [stderr]     Finished test [unoptimized + debuginfo] target(s) in 7.29s
[INFO] running `Command { std: "docker" "inspect" "5507ced2a457791946a3bad250fdda7a119cdc17a873052e18522894f7b275b6", kill_on_drop: false }`
[INFO] running `Command { std: "docker" "rm" "-f" "5507ced2a457791946a3bad250fdda7a119cdc17a873052e18522894f7b275b6", kill_on_drop: false }`
[INFO] [stdout] 5507ced2a457791946a3bad250fdda7a119cdc17a873052e18522894f7b275b6
[INFO] running `Command { std: "docker" "create" "-v" "/var/lib/crater-agent-workspace/builds/worker-7-tc2/target:/opt/rustwide/target:rw,Z" "-v" "/var/lib/crater-agent-workspace/builds/worker-7-tc2/source:/opt/rustwide/workdir:ro,Z" "-v" "/var/lib/crater-agent-workspace/cargo-home:/opt/rustwide/cargo-home:ro,Z" "-v" "/var/lib/crater-agent-workspace/rustup-home:/opt/rustwide/rustup-home:ro,Z" "-e" "SOURCE_DIR=/opt/rustwide/workdir" "-e" "CARGO_TARGET_DIR=/opt/rustwide/target" "-e" "CARGO_INCREMENTAL=0" "-e" "RUST_BACKTRACE=full" "-e" "RUSTFLAGS=--cap-lints=warn" "-e" "RUSTDOCFLAGS=--cap-lints=warn" "-e" "CARGO_HOME=/opt/rustwide/cargo-home" "-e" "RUSTUP_HOME=/opt/rustwide/rustup-home" "-w" "/opt/rustwide/workdir" "-m" "1610612736" "--user" "0:0" "--network" "none" "ghcr.io/rust-lang/crates-build-env/linux@sha256:5ff2268d62e97bff2cde7d5815dd6ed5b47097566f13b8d0ca110b04b60e07ed" "/opt/rustwide/cargo-home/bin/cargo" "+beta-2023-04-20" "test" "--frozen", kill_on_drop: false }`
[INFO] [stdout] d98a8cdc82411b25c400b4129875ef85153ab2eaaeb86adff2222952d11a3d8f
[INFO] running `Command { std: "docker" "start" "-a" "d98a8cdc82411b25c400b4129875ef85153ab2eaaeb86adff2222952d11a3d8f", kill_on_drop: false }`
[INFO] [stderr]     Finished test [unoptimized + debuginfo] target(s) in 0.03s
[INFO] [stderr]      Running unittests src/lib.rs (/opt/rustwide/target/debug/deps/sctp_rs-f62ec86b47ced6c4)
[INFO] [stdout] 
[INFO] [stdout] running 0 tests
[INFO] [stdout] 
[INFO] [stdout] test result: ok. 0 passed; 0 failed; 0 ignored; 0 measured; 0 filtered out; finished in 0.00s
[INFO] [stdout] 
[INFO] [stderr]      Running tests/mod.rs (/opt/rustwide/target/debug/deps/mod-66294ae6534e4d13)
[INFO] [stdout] 
[INFO] [stdout] running 20 tests
[INFO] [stdout] test connected_socket::bindx_not_supported ... ok
[INFO] [stdout] test connected_socket::connected_default_sendinfo_success ... ok
[INFO] [stdout] test connected_socket::connected_send_some_sendinfo_success ... ok
[INFO] [stdout] test listener::listening_one_2_many_listen_accept_failure ... ok
[INFO] [stdout] test listener::listening_sctp_bindx_add_success ... ok
[INFO] [stdout] test listener::listening_one_2_one_listen_accept_success ... ok
[INFO] [stdout] test connected_socket::test_get_status ... ok
[INFO] [stdout] test connected_socket::test_shutdown_event ... ok
[INFO] [stdout] test listener::listening_socket_no_connect_peeloff_failure ... ok
[INFO] [stdout] test listener::listening_socket_one2one_connected_peeloff_failure ... ok
[INFO] [stdout] test socket::socket_sctp_req_recv_info_success ... ok
[INFO] [stdout] test socket::socket_init_params_set_ostreams_success ... ok
[INFO] [stdout] test listener::listening_socket_one2many_connected_peeloff_success ... ok
[INFO] [stdout] test socket::test_bindx_inaddr6_any_add_success ... ok
[INFO] [stdout] test socket::test_bindx_inaddr_any_add_success ... ok
[INFO] [stdout] test socket::socket_send_recv_nxtinfo_test ... ok
[INFO] [stdout] test socket::socket_connect_basic_send_recv_req_info_on_and_off ... ok
[INFO] [stdout] test socket::test_bind_success ... ok
[INFO] [stdout] test socket::test_connect_no_listen_failure ... ok
[INFO] [stdout] test socket::test_bindx_inaddr_any_add_and_remove_failure ... FAILED
[INFO] [stdout] 
[INFO] [stdout] failures:
[INFO] [stdout] 
[INFO] [stdout] ---- socket::test_bindx_inaddr_any_add_and_remove_failure stdout ----
[INFO] [stdout] thread 'socket::test_bindx_inaddr_any_add_and_remove_failure' panicked at 'Os {
[INFO] [stdout]     code: 99,
[INFO] [stdout]     kind: AddrNotAvailable,
[INFO] [stdout]     message: "Cannot assign requested address",
[INFO] [stdout] }', tests/socket/mod.rs:306:5
[INFO] [stdout] stack backtrace:
[INFO] [stdout]    0:     0x5594d47a007a - std::backtrace_rs::backtrace::libunwind::trace::h2f05d0192276a8f6
[INFO] [stdout]                                at /rustc/1b7dd2252b99671ce5d1cb9664c5f8636329436d/library/std/src/../../backtrace/src/backtrace/libunwind.rs:93:5
[INFO] [stdout]    1:     0x5594d47a007a - std::backtrace_rs::backtrace::trace_unsynchronized::hedc23dff7a1af150
[INFO] [stdout]                                at /rustc/1b7dd2252b99671ce5d1cb9664c5f8636329436d/library/std/src/../../backtrace/src/backtrace/mod.rs:66:5
[INFO] [stdout]    2:     0x5594d47a007a - std::sys_common::backtrace::_print_fmt::h17541ef7592f3ce2
[INFO] [stdout]                                at /rustc/1b7dd2252b99671ce5d1cb9664c5f8636329436d/library/std/src/sys_common/backtrace.rs:65:5
[INFO] [stdout]    3:     0x5594d47a007a - <std::sys_common::backtrace::_print::DisplayBacktrace as core::fmt::Display>::fmt::h20f75df5ab0c0792
[INFO] [stdout]                                at /rustc/1b7dd2252b99671ce5d1cb9664c5f8636329436d/library/std/src/sys_common/backtrace.rs:44:22
[INFO] [stdout]    4:     0x5594d47c675f - core::fmt::write::h78109e6f466b3af6
[INFO] [stdout]                                at /rustc/1b7dd2252b99671ce5d1cb9664c5f8636329436d/library/core/src/fmt/mod.rs:1254:17
[INFO] [stdout]    5:     0x5594d479d375 - std::io::Write::write_fmt::hd24bfb68a1b35a25
[INFO] [stdout]                                at /rustc/1b7dd2252b99671ce5d1cb9664c5f8636329436d/library/std/src/io/mod.rs:1698:15
[INFO] [stdout]    6:     0x5594d479fe45 - std::sys_common::backtrace::_print::h8dac57a9f8fbf9a5
[INFO] [stdout]                                at /rustc/1b7dd2252b99671ce5d1cb9664c5f8636329436d/library/std/src/sys_common/backtrace.rs:47:5
[INFO] [stdout]    7:     0x5594d479fe45 - std::sys_common::backtrace::print::hf9ecbf41d1aa712f
[INFO] [stdout]                                at /rustc/1b7dd2252b99671ce5d1cb9664c5f8636329436d/library/std/src/sys_common/backtrace.rs:34:9
[INFO] [stdout]    8:     0x5594d47a1afe - std::panicking::default_hook::{{closure}}::h04c07acfc84ca028
[INFO] [stdout]                                at /rustc/1b7dd2252b99671ce5d1cb9664c5f8636329436d/library/std/src/panicking.rs:269:22
[INFO] [stdout]    9:     0x5594d47a1831 - std::panicking::default_hook::h01f6bb23e1eceb2c
[INFO] [stdout]                                at /rustc/1b7dd2252b99671ce5d1cb9664c5f8636329436d/library/std/src/panicking.rs:285:9
[INFO] [stdout]   10:     0x5594d472722b - <alloc::boxed::Box<F,A> as core::ops::function::Fn<Args>>::call::h87fe9f7b2fd49e4c
[INFO] [stdout]                                at /rustc/1b7dd2252b99671ce5d1cb9664c5f8636329436d/library/alloc/src/boxed.rs:1987:9
[INFO] [stdout]   11:     0x5594d472722b - test::test_main::{{closure}}::he94d679243a7531b
[INFO] [stdout]                                at /rustc/1b7dd2252b99671ce5d1cb9664c5f8636329436d/library/test/src/lib.rs:134:21
[INFO] [stdout]   12:     0x5594d47a21e4 - <alloc::boxed::Box<F,A> as core::ops::function::Fn<Args>>::call::h3f2d6d8b14c4769f
[INFO] [stdout]                                at /rustc/1b7dd2252b99671ce5d1cb9664c5f8636329436d/library/alloc/src/boxed.rs:1987:9
[INFO] [stdout]   13:     0x5594d47a21e4 - std::panicking::rust_panic_with_hook::h2bb3722bbaf2f6df
[INFO] [stdout]                                at /rustc/1b7dd2252b99671ce5d1cb9664c5f8636329436d/library/std/src/panicking.rs:695:13
[INFO] [stdout]   14:     0x5594d47a1f59 - std::panicking::begin_panic_handler::{{closure}}::h91bc7f36a4be011b
[INFO] [stdout]                                at /rustc/1b7dd2252b99671ce5d1cb9664c5f8636329436d/library/std/src/panicking.rs:582:13
[INFO] [stdout]   15:     0x5594d47a04e6 - std::sys_common::backtrace::__rust_end_short_backtrace::h8b3d3717114f9e59
[INFO] [stdout]                                at /rustc/1b7dd2252b99671ce5d1cb9664c5f8636329436d/library/std/src/sys_common/backtrace.rs:150:18
[INFO] [stdout]   16:     0x5594d47a1cb2 - rust_begin_unwind
[INFO] [stdout]                                at /rustc/1b7dd2252b99671ce5d1cb9664c5f8636329436d/library/std/src/panicking.rs:578:5
[INFO] [stdout]   17:     0x5594d46c5ba3 - core::panicking::panic_fmt::hfd368e3fbdabea26
[INFO] [stdout]                                at /rustc/1b7dd2252b99671ce5d1cb9664c5f8636329436d/library/core/src/panicking.rs:67:14
[INFO] [stdout]   18:     0x5594d46d1e97 - mod::socket::test_bindx_inaddr_any_add_and_remove_failure::{{closure}}::h04df7762f0099a66
[INFO] [stdout]                                at /opt/rustwide/workdir/tests/socket/mod.rs:306:5
[INFO] [stdout]   19:     0x5594d46de0f8 - <core::pin::Pin<P> as core::future::future::Future>::poll::h0f55be133d8e1c6b
[INFO] [stdout]                                at /rustc/1b7dd2252b99671ce5d1cb9664c5f8636329436d/library/core/src/future/future.rs:125:9
[INFO] [stdout]   20:     0x5594d46de14b - <core::pin::Pin<P> as core::future::future::Future>::poll::h499d458d8afa5bf0
[INFO] [stdout]                                at /rustc/1b7dd2252b99671ce5d1cb9664c5f8636329436d/library/core/src/future/future.rs:125:9
[INFO] [stdout]   21:     0x5594d46ef554 - tokio::runtime::scheduler::current_thread::CoreGuard::block_on::{{closure}}::{{closure}}::{{closure}}::hcdab331fa5259acf
[INFO] [stdout]                                at /opt/rustwide/cargo-home/registry/src/index.crates.io-6f17d22bba15001f/tokio-1.24.2/src/runtime/scheduler/current_thread.rs:541:57
[INFO] [stdout]   22:     0x5594d46ef401 - tokio::runtime::coop::with_budget::hdf7d1db0540ca341
[INFO] [stdout]                                at /opt/rustwide/cargo-home/registry/src/index.crates.io-6f17d22bba15001f/tokio-1.24.2/src/runtime/coop.rs:102:5
[INFO] [stdout]   23:     0x5594d46ef401 - tokio::runtime::coop::budget::h41a87ace23cf0c95
[INFO] [stdout]                                at /opt/rustwide/cargo-home/registry/src/index.crates.io-6f17d22bba15001f/tokio-1.24.2/src/runtime/coop.rs:68:5
[INFO] [stdout]   24:     0x5594d46ef401 - tokio::runtime::scheduler::current_thread::CoreGuard::block_on::{{closure}}::{{closure}}::h84f588120027ffba
[INFO] [stdout]                                at /opt/rustwide/cargo-home/registry/src/index.crates.io-6f17d22bba15001f/tokio-1.24.2/src/runtime/scheduler/current_thread.rs:541:25
[INFO] [stdout]   25:     0x5594d46ede99 - tokio::runtime::scheduler::current_thread::Context::enter::h9d32d54b6c2329ff
[INFO] [stdout]                                at /opt/rustwide/cargo-home/registry/src/index.crates.io-6f17d22bba15001f/tokio-1.24.2/src/runtime/scheduler/current_thread.rs:350:19
[INFO] [stdout]   26:     0x5594d46ee99a - tokio::runtime::scheduler::current_thread::CoreGuard::block_on::{{closure}}::hfd2acce36943a083
[INFO] [stdout]                                at /opt/rustwide/cargo-home/registry/src/index.crates.io-6f17d22bba15001f/tokio-1.24.2/src/runtime/scheduler/current_thread.rs:540:36
[INFO] [stdout]   27:     0x5594d46ee6ab - tokio::runtime::scheduler::current_thread::CoreGuard::enter::{{closure}}::h9864087c5d8ecec8
[INFO] [stdout]                                at /opt/rustwide/cargo-home/registry/src/index.crates.io-6f17d22bba15001f/tokio-1.24.2/src/runtime/scheduler/current_thread.rs:615:57
[INFO] [stdout]   28:     0x5594d46f164d - tokio::macros::scoped_tls::ScopedKey<T>::set::h972a43537844990a
[INFO] [stdout]                                at /opt/rustwide/cargo-home/registry/src/index.crates.io-6f17d22bba15001f/tokio-1.24.2/src/macros/scoped_tls.rs:61:9
[INFO] [stdout]   29:     0x5594d46ee446 - tokio::runtime::scheduler::current_thread::CoreGuard::enter::h7b79f5cbe9d29e15
[INFO] [stdout]                                at /opt/rustwide/cargo-home/registry/src/index.crates.io-6f17d22bba15001f/tokio-1.24.2/src/runtime/scheduler/current_thread.rs:615:27
[INFO] [stdout]   30:     0x5594d46ee6dc - tokio::runtime::scheduler::current_thread::CoreGuard::block_on::hdca58f270a6adb7e
[INFO] [stdout]                                at /opt/rustwide/cargo-home/registry/src/index.crates.io-6f17d22bba15001f/tokio-1.24.2/src/runtime/scheduler/current_thread.rs:530:19
[INFO] [stdout]   31:     0x5594d46ed65d - tokio::runtime::scheduler::current_thread::CurrentThread::block_on::h9b6090f7d18306ee
[INFO] [stdout]                                at /opt/rustwide/cargo-home/registry/src/index.crates.io-6f17d22bba15001f/tokio-1.24.2/src/runtime/scheduler/current_thread.rs:154:24
[INFO] [stdout]   32:     0x5594d46f0150 - tokio::runtime::runtime::Runtime::block_on::h4996e5ba49547a92
[INFO] [stdout]                                at /opt/rustwide/cargo-home/registry/src/index.crates.io-6f17d22bba15001f/tokio-1.24.2/src/runtime/runtime.rs:282:47
[INFO] [stdout]   33:     0x5594d46d19de - mod::socket::test_bindx_inaddr_any_add_and_remove_failure::haddc5121730e871c
[INFO] [stdout]                                at /opt/rustwide/workdir/tests/socket/mod.rs:312:5
[INFO] [stdout]   34:     0x5594d46d18c7 - mod::socket::test_bindx_inaddr_any_add_and_remove_failure::{{closure}}::h25d0f95381dca4c7
[INFO] [stdout]                                at /opt/rustwide/workdir/tests/socket/mod.rs:298:57
[INFO] [stdout]   35:     0x5594d46e0475 - core::ops::function::FnOnce::call_once::hdef9454c41e8635d
[INFO] [stdout]                                at /rustc/1b7dd2252b99671ce5d1cb9664c5f8636329436d/library/core/src/ops/function.rs:250:5
[INFO] [stdout]   36:     0x5594d472c0ff - core::ops::function::FnOnce::call_once::ha6a70e79f7481a7e
[INFO] [stdout]                                at /rustc/1b7dd2252b99671ce5d1cb9664c5f8636329436d/library/core/src/ops/function.rs:250:5
[INFO] [stdout]   37:     0x5594d472c0ff - test::__rust_begin_short_backtrace::hce33033019b61e69
[INFO] [stdout]                                at /rustc/1b7dd2252b99671ce5d1cb9664c5f8636329436d/library/test/src/lib.rs:655:18
[INFO] [stdout]   38:     0x5594d46f98ec - test::run_test::{{closure}}::h858d3528838ae3e5
[INFO] [stdout]                                at /rustc/1b7dd2252b99671ce5d1cb9664c5f8636329436d/library/test/src/lib.rs:646:30
[INFO] [stdout]   39:     0x5594d46f98ec - core::ops::function::FnOnce::call_once{{vtable.shim}}::he8ac2b00f01ae79e
[INFO] [stdout]                                at /rustc/1b7dd2252b99671ce5d1cb9664c5f8636329436d/library/core/src/ops/function.rs:250:5
[INFO] [stdout]   40:     0x5594d472b1d6 - <alloc::boxed::Box<F,A> as core::ops::function::FnOnce<Args>>::call_once::h8093d25b522725ef
[INFO] [stdout]                                at /rustc/1b7dd2252b99671ce5d1cb9664c5f8636329436d/library/alloc/src/boxed.rs:1973:9
[INFO] [stdout]   41:     0x5594d472b1d6 - <core::panic::unwind_safe::AssertUnwindSafe<F> as core::ops::function::FnOnce<()>>::call_once::h5c334c204e4a3913
[INFO] [stdout]                                at /rustc/1b7dd2252b99671ce5d1cb9664c5f8636329436d/library/core/src/panic/unwind_safe.rs:271:9
[INFO] [stdout]   42:     0x5594d472b1d6 - std::panicking::try::do_call::ha8b740c7b9478074
[INFO] [stdout]                                at /rustc/1b7dd2252b99671ce5d1cb9664c5f8636329436d/library/std/src/panicking.rs:485:40
[INFO] [stdout]   43:     0x5594d472b1d6 - std::panicking::try::h5d34f63d0e41b64e
[INFO] [stdout]                                at /rustc/1b7dd2252b99671ce5d1cb9664c5f8636329436d/library/std/src/panicking.rs:449:19
[INFO] [stdout]   44:     0x5594d472b1d6 - std::panic::catch_unwind::hcfbb511e1aa7fc67
[INFO] [stdout]                                at /rustc/1b7dd2252b99671ce5d1cb9664c5f8636329436d/library/std/src/panic.rs:140:14
[INFO] [stdout]   45:     0x5594d472b1d6 - test::run_test_in_process::h9abda90f802eaf21
[INFO] [stdout]                                at /rustc/1b7dd2252b99671ce5d1cb9664c5f8636329436d/library/test/src/lib.rs:678:27
[INFO] [stdout]   46:     0x5594d472b1d6 - test::run_test::run_test_inner::{{closure}}::h0f058de91f6c6edf
[INFO] [stdout]                                at /rustc/1b7dd2252b99671ce5d1cb9664c5f8636329436d/library/test/src/lib.rs:572:39
[INFO] [stdout]   47:     0x5594d46f40f5 - test::run_test::run_test_inner::{{closure}}::h5ca48a4c59c6c1fb
[INFO] [stdout]                                at /rustc/1b7dd2252b99671ce5d1cb9664c5f8636329436d/library/test/src/lib.rs:599:37
[INFO] [stdout]   48:     0x5594d46f40f5 - std::sys_common::backtrace::__rust_begin_short_backtrace::h32bd51e1495d4a33
[INFO] [stdout]                                at /rustc/1b7dd2252b99671ce5d1cb9664c5f8636329436d/library/std/src/sys_common/backtrace.rs:134:18
[INFO] [stdout]   49:     0x5594d46f9631 - std::thread::Builder::spawn_unchecked_::{{closure}}::{{closure}}::hc086fae9b128b2db
[INFO] [stdout]                                at /rustc/1b7dd2252b99671ce5d1cb9664c5f8636329436d/library/std/src/thread/mod.rs:526:17
[INFO] [stdout]   50:     0x5594d46f9631 - <core::panic::unwind_safe::AssertUnwindSafe<F> as core::ops::function::FnOnce<()>>::call_once::hb66571888d270d43
[INFO] [stdout]                                at /rustc/1b7dd2252b99671ce5d1cb9664c5f8636329436d/library/core/src/panic/unwind_safe.rs:271:9
[INFO] [stdout]   51:     0x5594d46f9631 - std::panicking::try::do_call::h4fa2ef4f6e51fecf
[INFO] [stdout]                                at /rustc/1b7dd2252b99671ce5d1cb9664c5f8636329436d/library/std/src/panicking.rs:485:40
[INFO] [stdout]   52:     0x5594d46f9631 - std::panicking::try::h1e9e22b8584489b5
[INFO] [stdout]                                at /rustc/1b7dd2252b99671ce5d1cb9664c5f8636329436d/library/std/src/panicking.rs:449:19
[INFO] [stdout]   53:     0x5594d46f9631 - std::panic::catch_unwind::h44698a3de0e0769e
[INFO] [stdout]                                at /rustc/1b7dd2252b99671ce5d1cb9664c5f8636329436d/library/std/src/panic.rs:140:14
[INFO] [stdout]   54:     0x5594d46f9631 - std::thread::Builder::spawn_unchecked_::{{closure}}::h50153abde3fe239e
[INFO] [stdout]                                at /rustc/1b7dd2252b99671ce5d1cb9664c5f8636329436d/library/std/src/thread/mod.rs:525:30
[INFO] [stdout]   55:     0x5594d46f9631 - core::ops::function::FnOnce::call_once{{vtable.shim}}::hbe5bbf6f38394364
[INFO] [stdout]                                at /rustc/1b7dd2252b99671ce5d1cb9664c5f8636329436d/library/core/src/ops/function.rs:250:5
[INFO] [stdout]   56:     0x5594d47a66c5 - <alloc::boxed::Box<F,A> as core::ops::function::FnOnce<Args>>::call_once::h0d83cb2920a49046
[INFO] [stdout]                                at /rustc/1b7dd2252b99671ce5d1cb9664c5f8636329436d/library/alloc/src/boxed.rs:1973:9
[INFO] [stdout]   57:     0x5594d47a66c5 - <alloc::boxed::Box<F,A> as core::ops::function::FnOnce<Args>>::call_once::hbe0a008aa7d9ef59
[INFO] [stdout]                                at /rustc/1b7dd2252b99671ce5d1cb9664c5f8636329436d/library/alloc/src/boxed.rs:1973:9
[INFO] [stdout]   58:     0x5594d47a66c5 - std::sys::unix::thread::Thread::new::thread_start::h3a466996bdf6b1f9
[INFO] [stdout]                                at /rustc/1b7dd2252b99671ce5d1cb9664c5f8636329436d/library/std/src/sys/unix/thread.rs:108:17
[INFO] [stdout]   59:     0x7faf8f807b43 - <unknown>
[INFO] [stdout]   60:     0x7faf8f898bb4 - __clone
[INFO] [stdout]   61:                0x0 - <unknown>
[INFO] [stdout] 
[INFO] [stdout] 
[INFO] [stdout] failures:
[INFO] [stdout]     socket::test_bindx_inaddr_any_add_and_remove_failure
[INFO] [stdout] 
[INFO] [stdout] test result: FAILED. 19 passed; 1 failed; 0 ignored; 0 measured; 0 filtered out; finished in 0.01s
[INFO] [stdout] 
[INFO] [stderr] error: test failed, to rerun pass `--test mod`
[INFO] running `Command { std: "docker" "inspect" "d98a8cdc82411b25c400b4129875ef85153ab2eaaeb86adff2222952d11a3d8f", kill_on_drop: false }`
[INFO] running `Command { std: "docker" "rm" "-f" "d98a8cdc82411b25c400b4129875ef85153ab2eaaeb86adff2222952d11a3d8f", kill_on_drop: false }`
[INFO] [stdout] d98a8cdc82411b25c400b4129875ef85153ab2eaaeb86adff2222952d11a3d8f
