[INFO] fetching crate scratch_genetic 22.5.23...
[INFO] testing scratch_genetic-22.5.23 against beta-2023-04-20 for beta-1.70-1
[INFO] extracting crate scratch_genetic 22.5.23 into /workspace/builds/worker-0-tc2/source
[INFO] validating manifest of crates.io crate scratch_genetic 22.5.23 on toolchain beta-2023-04-20
[INFO] running `Command { std: CARGO_HOME="/workspace/cargo-home" RUSTUP_HOME="/workspace/rustup-home" "/workspace/cargo-home/bin/cargo" "+beta-2023-04-20" "metadata" "--manifest-path" "Cargo.toml" "--no-deps", kill_on_drop: false }`
[INFO] started tweaking crates.io crate scratch_genetic 22.5.23
[INFO] finished tweaking crates.io crate scratch_genetic 22.5.23
[INFO] tweaked toml for crates.io crate scratch_genetic 22.5.23 written to /workspace/builds/worker-0-tc2/source/Cargo.toml
[INFO] running `Command { std: CARGO_HOME="/workspace/cargo-home" RUSTUP_HOME="/workspace/rustup-home" __CARGO_TEST_CHANNEL_OVERRIDE_DO_NOT_USE_THIS="nightly" "/workspace/cargo-home/bin/cargo" "+beta-2023-04-20" "generate-lockfile" "--manifest-path" "Cargo.toml" "-Zno-index-update", kill_on_drop: false }`
[INFO] running `Command { std: CARGO_HOME="/workspace/cargo-home" RUSTUP_HOME="/workspace/rustup-home" "/workspace/cargo-home/bin/cargo" "+beta-2023-04-20" "fetch" "--manifest-path" "Cargo.toml", kill_on_drop: false }`
[INFO] running `Command { std: "docker" "create" "-v" "/var/lib/crater-agent-workspace/builds/worker-0-tc2/target:/opt/rustwide/target:rw,Z" "-v" "/var/lib/crater-agent-workspace/builds/worker-0-tc2/source:/opt/rustwide/workdir:ro,Z" "-v" "/var/lib/crater-agent-workspace/cargo-home:/opt/rustwide/cargo-home:ro,Z" "-v" "/var/lib/crater-agent-workspace/rustup-home:/opt/rustwide/rustup-home:ro,Z" "-e" "SOURCE_DIR=/opt/rustwide/workdir" "-e" "CARGO_TARGET_DIR=/opt/rustwide/target" "-e" "CARGO_HOME=/opt/rustwide/cargo-home" "-e" "RUSTUP_HOME=/opt/rustwide/rustup-home" "-w" "/opt/rustwide/workdir" "-m" "1610612736" "--user" "0:0" "--network" "none" "ghcr.io/rust-lang/crates-build-env/linux@sha256:5ff2268d62e97bff2cde7d5815dd6ed5b47097566f13b8d0ca110b04b60e07ed" "/opt/rustwide/cargo-home/bin/cargo" "+beta-2023-04-20" "metadata" "--no-deps" "--format-version=1", kill_on_drop: false }`
[INFO] [stdout] b98bf537453eb49457c1fc4d186dffc009cb7af9738c27407625d3b54e3b390c
[INFO] running `Command { std: "docker" "start" "-a" "b98bf537453eb49457c1fc4d186dffc009cb7af9738c27407625d3b54e3b390c", kill_on_drop: false }`
[INFO] running `Command { std: "docker" "inspect" "b98bf537453eb49457c1fc4d186dffc009cb7af9738c27407625d3b54e3b390c", kill_on_drop: false }`
[INFO] running `Command { std: "docker" "rm" "-f" "b98bf537453eb49457c1fc4d186dffc009cb7af9738c27407625d3b54e3b390c", kill_on_drop: false }`
[INFO] [stdout] b98bf537453eb49457c1fc4d186dffc009cb7af9738c27407625d3b54e3b390c
[INFO] running `Command { std: "docker" "create" "-v" "/var/lib/crater-agent-workspace/builds/worker-0-tc2/target:/opt/rustwide/target:rw,Z" "-v" "/var/lib/crater-agent-workspace/builds/worker-0-tc2/source:/opt/rustwide/workdir:ro,Z" "-v" "/var/lib/crater-agent-workspace/cargo-home:/opt/rustwide/cargo-home:ro,Z" "-v" "/var/lib/crater-agent-workspace/rustup-home:/opt/rustwide/rustup-home:ro,Z" "-e" "SOURCE_DIR=/opt/rustwide/workdir" "-e" "CARGO_TARGET_DIR=/opt/rustwide/target" "-e" "CARGO_INCREMENTAL=0" "-e" "RUST_BACKTRACE=full" "-e" "RUSTFLAGS=--cap-lints=warn" "-e" "RUSTDOCFLAGS=--cap-lints=warn" "-e" "CARGO_HOME=/opt/rustwide/cargo-home" "-e" "RUSTUP_HOME=/opt/rustwide/rustup-home" "-w" "/opt/rustwide/workdir" "-m" "1610612736" "--user" "0:0" "--network" "none" "ghcr.io/rust-lang/crates-build-env/linux@sha256:5ff2268d62e97bff2cde7d5815dd6ed5b47097566f13b8d0ca110b04b60e07ed" "/opt/rustwide/cargo-home/bin/cargo" "+beta-2023-04-20" "build" "--frozen" "--message-format=json", kill_on_drop: false }`
[INFO] [stdout] 5cca4cdce936737a6643df7458030f93229fa4f02c3b622cf74452b1780b0313
[INFO] running `Command { std: "docker" "start" "-a" "5cca4cdce936737a6643df7458030f93229fa4f02c3b622cf74452b1780b0313", kill_on_drop: false }`
[INFO] [stderr]    Compiling libc v0.2.142
[INFO] [stderr]    Compiling autocfg v1.1.0
[INFO] [stderr]    Compiling proc-macro2 v1.0.56
[INFO] [stderr]    Compiling cfg-if v1.0.0
[INFO] [stderr]    Compiling futures-core v0.3.28
[INFO] [stderr]    Compiling futures-channel v0.3.28
[INFO] [stderr]    Compiling futures-task v0.3.28
[INFO] [stderr]    Compiling memchr v2.5.0
[INFO] [stderr]    Compiling log v0.4.17
[INFO] [stderr]    Compiling pin-project-lite v0.2.9
[INFO] [stderr]    Compiling futures-sink v0.3.28
[INFO] [stderr]    Compiling slab v0.4.8
[INFO] [stderr]    Compiling lock_api v0.4.9
[INFO] [stderr]    Compiling parking_lot_core v0.9.7
[INFO] [stderr]    Compiling futures-util v0.3.28
[INFO] [stderr]    Compiling smallvec v1.10.0
[INFO] [stderr]    Compiling futures-io v0.3.28
[INFO] [stderr]    Compiling quote v1.0.26
[INFO] [stderr]    Compiling pin-utils v0.1.0
[INFO] [stderr]    Compiling tokio v1.28.0
[INFO] [stderr]    Compiling getrandom v0.2.9
[INFO] [stderr]    Compiling syn v2.0.15
[INFO] [stderr]    Compiling rand_core v0.6.4
[INFO] [stderr]    Compiling ppv-lite86 v0.2.17
[INFO] [stderr]    Compiling parking_lot v0.12.1
[INFO] [stderr]    Compiling mio v0.8.6
[INFO] [stderr]    Compiling signal-hook-registry v1.4.1
[INFO] [stderr]    Compiling num_cpus v1.15.0
[INFO] [stderr]    Compiling socket2 v0.4.9
[INFO] [stderr]    Compiling bytes v1.4.0
[INFO] [stderr]    Compiling rand_chacha v0.3.1
[INFO] [stderr]    Compiling rand v0.8.5
[INFO] [stderr]    Compiling futures-macro v0.3.28
[INFO] [stderr]    Compiling tokio-macros v2.1.0
[INFO] [stderr]    Compiling futures-executor v0.3.28
[INFO] [stderr]    Compiling futures v0.3.28
[INFO] [stderr]    Compiling scratch_genetic v22.5.23 (/opt/rustwide/workdir)
[INFO] [stderr]     Finished dev [unoptimized + debuginfo] target(s) in 29.32s
[INFO] running `Command { std: "docker" "inspect" "5cca4cdce936737a6643df7458030f93229fa4f02c3b622cf74452b1780b0313", kill_on_drop: false }`
[INFO] running `Command { std: "docker" "rm" "-f" "5cca4cdce936737a6643df7458030f93229fa4f02c3b622cf74452b1780b0313", kill_on_drop: false }`
[INFO] [stdout] 5cca4cdce936737a6643df7458030f93229fa4f02c3b622cf74452b1780b0313
[INFO] running `Command { std: "docker" "create" "-v" "/var/lib/crater-agent-workspace/builds/worker-0-tc2/target:/opt/rustwide/target:rw,Z" "-v" "/var/lib/crater-agent-workspace/builds/worker-0-tc2/source:/opt/rustwide/workdir:ro,Z" "-v" "/var/lib/crater-agent-workspace/cargo-home:/opt/rustwide/cargo-home:ro,Z" "-v" "/var/lib/crater-agent-workspace/rustup-home:/opt/rustwide/rustup-home:ro,Z" "-e" "SOURCE_DIR=/opt/rustwide/workdir" "-e" "CARGO_TARGET_DIR=/opt/rustwide/target" "-e" "CARGO_INCREMENTAL=0" "-e" "RUST_BACKTRACE=full" "-e" "RUSTFLAGS=--cap-lints=warn" "-e" "RUSTDOCFLAGS=--cap-lints=warn" "-e" "CARGO_HOME=/opt/rustwide/cargo-home" "-e" "RUSTUP_HOME=/opt/rustwide/rustup-home" "-w" "/opt/rustwide/workdir" "-m" "1610612736" "--user" "0:0" "--network" "none" "ghcr.io/rust-lang/crates-build-env/linux@sha256:5ff2268d62e97bff2cde7d5815dd6ed5b47097566f13b8d0ca110b04b60e07ed" "/opt/rustwide/cargo-home/bin/cargo" "+beta-2023-04-20" "test" "--frozen" "--no-run" "--message-format=json", kill_on_drop: false }`
[INFO] [stdout] f697649ac75fe0e555f1605d101eba98e633b93138c04ce432c29681e8f791ae
[INFO] running `Command { std: "docker" "start" "-a" "f697649ac75fe0e555f1605d101eba98e633b93138c04ce432c29681e8f791ae", kill_on_drop: false }`
[INFO] [stderr]    Compiling scratch_genetic v22.5.23 (/opt/rustwide/workdir)
[INFO] [stderr]     Finished test [unoptimized + debuginfo] target(s) in 0.69s
[INFO] running `Command { std: "docker" "inspect" "f697649ac75fe0e555f1605d101eba98e633b93138c04ce432c29681e8f791ae", kill_on_drop: false }`
[INFO] running `Command { std: "docker" "rm" "-f" "f697649ac75fe0e555f1605d101eba98e633b93138c04ce432c29681e8f791ae", kill_on_drop: false }`
[INFO] [stdout] f697649ac75fe0e555f1605d101eba98e633b93138c04ce432c29681e8f791ae
[INFO] running `Command { std: "docker" "create" "-v" "/var/lib/crater-agent-workspace/builds/worker-0-tc2/target:/opt/rustwide/target:rw,Z" "-v" "/var/lib/crater-agent-workspace/builds/worker-0-tc2/source:/opt/rustwide/workdir:ro,Z" "-v" "/var/lib/crater-agent-workspace/cargo-home:/opt/rustwide/cargo-home:ro,Z" "-v" "/var/lib/crater-agent-workspace/rustup-home:/opt/rustwide/rustup-home:ro,Z" "-e" "SOURCE_DIR=/opt/rustwide/workdir" "-e" "CARGO_TARGET_DIR=/opt/rustwide/target" "-e" "CARGO_INCREMENTAL=0" "-e" "RUST_BACKTRACE=full" "-e" "RUSTFLAGS=--cap-lints=warn" "-e" "RUSTDOCFLAGS=--cap-lints=warn" "-e" "CARGO_HOME=/opt/rustwide/cargo-home" "-e" "RUSTUP_HOME=/opt/rustwide/rustup-home" "-w" "/opt/rustwide/workdir" "-m" "1610612736" "--user" "0:0" "--network" "none" "ghcr.io/rust-lang/crates-build-env/linux@sha256:5ff2268d62e97bff2cde7d5815dd6ed5b47097566f13b8d0ca110b04b60e07ed" "/opt/rustwide/cargo-home/bin/cargo" "+beta-2023-04-20" "test" "--frozen", kill_on_drop: false }`
[INFO] [stdout] 1826016f8e92f510ee086e4df2ab3797ce8cbe8b8a80fc833d4bf09e984dd3ed
[INFO] running `Command { std: "docker" "start" "-a" "1826016f8e92f510ee086e4df2ab3797ce8cbe8b8a80fc833d4bf09e984dd3ed", kill_on_drop: false }`
[INFO] [stderr]     Finished test [unoptimized + debuginfo] target(s) in 0.05s
[INFO] [stderr]      Running unittests src/lib.rs (/opt/rustwide/target/debug/deps/scratch_genetic-6f4d2bf3d6525489)
[INFO] [stdout] 
[INFO] [stdout] running 0 tests
[INFO] [stdout] 
[INFO] [stdout] test result: ok. 0 passed; 0 failed; 0 ignored; 0 measured; 0 filtered out; finished in 0.00s
[INFO] [stdout] 
[INFO] [stderr]    Doc-tests scratch_genetic
[INFO] [stdout] 
[INFO] [stdout] running 3 tests
[INFO] [stdout] test src/genetic.rs - genetic::gen_pop (line 30) ... FAILED
[INFO] [stderr] error: doctest failed, to rerun pass `--doc`
[INFO] [stdout] test src/genetic.rs - genetic::reproduce (line 130) ... FAILED
[INFO] [stdout] test src/genetic.rs - genetic::test_and_sort (line 65) ... FAILED
[INFO] [stdout] 
[INFO] [stdout] failures:
[INFO] [stdout] 
[INFO] [stdout] ---- src/genetic.rs - genetic::gen_pop (line 30) stdout ----
[INFO] [stdout] error[E0425]: cannot find function `gen_pop` in this scope
[INFO] [stdout]  --> src/genetic.rs:31:15
[INFO] [stdout]   |
[INFO] [stdout] 3 | let mut pop = gen_pop(
[INFO] [stdout]   |               ^^^^^^^ not found in this scope
[INFO] [stdout]   |
[INFO] [stdout] help: consider importing this function
[INFO] [stdout]   |
[INFO] [stdout] 2 + use scratch_genetic::genetic::gen_pop;
[INFO] [stdout]   |
[INFO] [stdout] 
[INFO] [stdout] error[E0425]: cannot find value `POP_SIZE` in this scope
[INFO] [stdout]  --> src/genetic.rs:32:5
[INFO] [stdout]   |
[INFO] [stdout] 4 |     POP_SIZE,
[INFO] [stdout]   |     ^^^^^^^^ not found in this scope
[INFO] [stdout] 
[INFO] [stdout] error[E0425]: cannot find value `LAYER_SIZES` in this scope
[INFO] [stdout]  --> src/genetic.rs:33:5
[INFO] [stdout]   |
[INFO] [stdout] 5 |     LAYER_SIZES.to_vec(), NUM_INPUTS, NUM_OUTPUTS,
[INFO] [stdout]   |     ^^^^^^^^^^^ not found in this scope
[INFO] [stdout] 
[INFO] [stdout] error[E0425]: cannot find value `NUM_INPUTS` in this scope
[INFO] [stdout]  --> src/genetic.rs:33:27
[INFO] [stdout]   |
[INFO] [stdout] 5 |     LAYER_SIZES.to_vec(), NUM_INPUTS, NUM_OUTPUTS,
[INFO] [stdout]   |                           ^^^^^^^^^^ not found in this scope
[INFO] [stdout] 
[INFO] [stdout] error[E0425]: cannot find value `NUM_OUTPUTS` in this scope
[INFO] [stdout]  --> src/genetic.rs:33:39
[INFO] [stdout]   |
[INFO] [stdout] 5 |     LAYER_SIZES.to_vec(), NUM_INPUTS, NUM_OUTPUTS,
[INFO] [stdout]   |                                       ^^^^^^^^^^^ not found in this scope
[INFO] [stdout] 
[INFO] [stdout] error[E0425]: cannot find value `NEURON_ACTIVATION_THRESH` in this scope
[INFO] [stdout]  --> src/genetic.rs:34:5
[INFO] [stdout]   |
[INFO] [stdout] 6 |     NEURON_ACTIVATION_THRESH, TRAIT_SWAP_CHANCE,
[INFO] [stdout]   |     ^^^^^^^^^^^^^^^^^^^^^^^^ not found in this scope
[INFO] [stdout] 
[INFO] [stdout] error[E0425]: cannot find value `TRAIT_SWAP_CHANCE` in this scope
[INFO] [stdout]  --> src/genetic.rs:34:31
[INFO] [stdout]   |
[INFO] [stdout] 6 |     NEURON_ACTIVATION_THRESH, TRAIT_SWAP_CHANCE,
[INFO] [stdout]   |                               ^^^^^^^^^^^^^^^^^ not found in this scope
[INFO] [stdout] 
[INFO] [stdout] error[E0425]: cannot find value `WEIGHT_MUTATE_CHANCE` in this scope
[INFO] [stdout]  --> src/genetic.rs:35:5
[INFO] [stdout]   |
[INFO] [stdout] 7 |     WEIGHT_MUTATE_CHANCE, WEIGHT_MUTATE_AMOUNT,
[INFO] [stdout]   |     ^^^^^^^^^^^^^^^^^^^^ not found in this scope
[INFO] [stdout] 
[INFO] [stdout] error[E0425]: cannot find value `WEIGHT_MUTATE_AMOUNT` in this scope
[INFO] [stdout]  --> src/genetic.rs:35:27
[INFO] [stdout]   |
[INFO] [stdout] 7 |     WEIGHT_MUTATE_CHANCE, WEIGHT_MUTATE_AMOUNT,
[INFO] [stdout]   |                           ^^^^^^^^^^^^^^^^^^^^ not found in this scope
[INFO] [stdout] 
[INFO] [stdout] error[E0425]: cannot find value `OFFSET_MUTATE_CHANCE` in this scope
[INFO] [stdout]  --> src/genetic.rs:36:5
[INFO] [stdout]   |
[INFO] [stdout] 8 |     OFFSET_MUTATE_CHANCE, OFFSET_MUTATE_AMOUNT
[INFO] [stdout]   |     ^^^^^^^^^^^^^^^^^^^^ not found in this scope
[INFO] [stdout] 
[INFO] [stdout] error[E0425]: cannot find value `OFFSET_MUTATE_AMOUNT` in this scope
[INFO] [stdout]  --> src/genetic.rs:36:27
[INFO] [stdout]   |
[INFO] [stdout] 8 |     OFFSET_MUTATE_CHANCE, OFFSET_MUTATE_AMOUNT
[INFO] [stdout]   |                           ^^^^^^^^^^^^^^^^^^^^ not found in this scope
[INFO] [stdout] 
[INFO] [stdout] error[E0728]: `await` is only allowed inside `async` functions and blocks
[INFO] [stdout]  --> src/genetic.rs:37:2
[INFO] [stdout]   |
[INFO] [stdout] 2 | fn main() { #[allow(non_snake_case)] fn _doctest_main_src_genetic_rs_30_0() {
[INFO] [stdout]   |                                         --------------------------------- this is not `async`
[INFO] [stdout] ...
[INFO] [stdout] 9 | ).await;
[INFO] [stdout]   |  ^^^^^^ only allowed inside `async` functions and blocks
[INFO] [stdout] 
[INFO] [stdout] error: aborting due to 12 previous errors
[INFO] [stdout] 
[INFO] [stdout] Some errors have detailed explanations: E0425, E0728.
[INFO] [stdout] For more information about an error, try `rustc --explain E0425`.
[INFO] [stdout] Couldn't compile the test.
[INFO] [stdout] ---- src/genetic.rs - genetic::reproduce (line 130) stdout ----
[INFO] [stdout] error[E0425]: cannot find value `NUM_GENS` in this scope
[INFO] [stdout]  --> src/genetic.rs:131:13
[INFO] [stdout]   |
[INFO] [stdout] 3 | for i in 0..NUM_GENS {
[INFO] [stdout]   |             ^^^^^^^^ not found in this scope
[INFO] [stdout]   |
[INFO] [stdout] help: you might have meant to write `.` instead of `..`
[INFO] [stdout]   |
[INFO] [stdout] 3 - for i in 0..NUM_GENS {
[INFO] [stdout] 3 + for i in 0.NUM_GENS {
[INFO] [stdout]   |
[INFO] [stdout] 
[INFO] [stdout] error[E0425]: cannot find value `NUM_GENS` in this scope
[INFO] [stdout]  --> src/genetic.rs:132:39
[INFO] [stdout]   |
[INFO] [stdout] 4 |     println!("Generation {} / {}", i, NUM_GENS);
[INFO] [stdout]   |                                       ^^^^^^^^ not found in this scope
[INFO] [stdout] 
[INFO] [stdout] error[E0425]: cannot find function `test_and_sort` in this scope
[INFO] [stdout]  --> src/genetic.rs:133:5
[INFO] [stdout]   |
[INFO] [stdout] 5 |     test_and_sort(&mut pop, &games).await;
[INFO] [stdout]   |     ^^^^^^^^^^^^^ not found in this scope
[INFO] [stdout]   |
[INFO] [stdout] help: consider importing this function
[INFO] [stdout]   |
[INFO] [stdout] 2 + use scratch_genetic::genetic::test_and_sort;
[INFO] [stdout]   |
[INFO] [stdout] 
[INFO] [stdout] error[E0425]: cannot find value `pop` in this scope
[INFO] [stdout]  --> src/genetic.rs:133:24
[INFO] [stdout]   |
[INFO] [stdout] 5 |     test_and_sort(&mut pop, &games).await;
[INFO] [stdout]   |                        ^^^ not found in this scope
[INFO] [stdout] 
[INFO] [stdout] error[E0425]: cannot find value `games` in this scope
[INFO] [stdout]  --> src/genetic.rs:133:30
[INFO] [stdout]   |
[INFO] [stdout] 5 |     test_and_sort(&mut pop, &games).await;
[INFO] [stdout]   |                              ^^^^^ not found in this scope
[INFO] [stdout] 
[INFO] [stdout] error[E0425]: cannot find function `reproduce` in this scope
[INFO] [stdout]  --> src/genetic.rs:134:5
[INFO] [stdout]   |
[INFO] [stdout] 6 |     reproduce(&mut pop).await;
[INFO] [stdout]   |     ^^^^^^^^^ not found in this scope
[INFO] [stdout]   |
[INFO] [stdout] help: consider importing this function
[INFO] [stdout]   |
[INFO] [stdout] 2 + use scratch_genetic::genetic::reproduce;
[INFO] [stdout]   |
[INFO] [stdout] 
[INFO] [stdout] error[E0425]: cannot find value `pop` in this scope
[INFO] [stdout]  --> src/genetic.rs:134:20
[INFO] [stdout]   |
[INFO] [stdout] 6 |     reproduce(&mut pop).await;
[INFO] [stdout]   |                    ^^^ not found in this scope
[INFO] [stdout] 
[INFO] [stdout] error[E0728]: `await` is only allowed inside `async` functions and blocks
[INFO] [stdout]  --> src/genetic.rs:133:36
[INFO] [stdout]   |
[INFO] [stdout] 2 | fn main() { #[allow(non_snake_case)] fn _doctest_main_src_genetic_rs_130_0() {
[INFO] [stdout]   |                                         ---------------------------------- this is not `async`
[INFO] [stdout] ...
[INFO] [stdout] 5 |     test_and_sort(&mut pop, &games).await;
[INFO] [stdout]   |                                    ^^^^^^ only allowed inside `async` functions and blocks
[INFO] [stdout] 
[INFO] [stdout] error[E0728]: `await` is only allowed inside `async` functions and blocks
[INFO] [stdout]  --> src/genetic.rs:134:24
[INFO] [stdout]   |
[INFO] [stdout] 2 | fn main() { #[allow(non_snake_case)] fn _doctest_main_src_genetic_rs_130_0() {
[INFO] [stdout]   |                                         ---------------------------------- this is not `async`
[INFO] [stdout] ...
[INFO] [stdout] 6 |     reproduce(&mut pop).await;
[INFO] [stdout]   |                        ^^^^^^ only allowed inside `async` functions and blocks
[INFO] [stdout] 
[INFO] [stdout] error: aborting due to 9 previous errors
[INFO] [stdout] 
[INFO] [stdout] Some errors have detailed explanations: E0425, E0728.
[INFO] [stdout] For more information about an error, try `rustc --explain E0425`.
[INFO] [stdout] Couldn't compile the test.
[INFO] [stdout] ---- src/genetic.rs - genetic::test_and_sort (line 65) stdout ----
[INFO] [stdout] error[E0425]: cannot find value `NUM_GENS` in this scope
[INFO] [stdout]  --> src/genetic.rs:66:13
[INFO] [stdout]   |
[INFO] [stdout] 3 | for i in 0..NUM_GENS {
[INFO] [stdout]   |             ^^^^^^^^ not found in this scope
[INFO] [stdout]   |
[INFO] [stdout] help: you might have meant to write `.` instead of `..`
[INFO] [stdout]   |
[INFO] [stdout] 3 - for i in 0..NUM_GENS {
[INFO] [stdout] 3 + for i in 0.NUM_GENS {
[INFO] [stdout]   |
[INFO] [stdout] 
[INFO] [stdout] error[E0425]: cannot find value `NUM_GENS` in this scope
[INFO] [stdout]  --> src/genetic.rs:67:39
[INFO] [stdout]   |
[INFO] [stdout] 4 |     println!("Generation {} / {}", i, NUM_GENS);
[INFO] [stdout]   |                                       ^^^^^^^^ not found in this scope
[INFO] [stdout] 
[INFO] [stdout] error[E0425]: cannot find function `test_and_sort` in this scope
[INFO] [stdout]  --> src/genetic.rs:68:5
[INFO] [stdout]   |
[INFO] [stdout] 5 |     test_and_sort(&mut pop, &games).await;
[INFO] [stdout]   |     ^^^^^^^^^^^^^ not found in this scope
[INFO] [stdout]   |
[INFO] [stdout] help: consider importing this function
[INFO] [stdout]   |
[INFO] [stdout] 2 + use scratch_genetic::genetic::test_and_sort;
[INFO] [stdout]   |
[INFO] [stdout] 
[INFO] [stdout] error[E0425]: cannot find value `pop` in this scope
[INFO] [stdout]  --> src/genetic.rs:68:24
[INFO] [stdout]   |
[INFO] [stdout] 5 |     test_and_sort(&mut pop, &games).await;
[INFO] [stdout]   |                        ^^^ not found in this scope
[INFO] [stdout] 
[INFO] [stdout] error[E0425]: cannot find value `games` in this scope
[INFO] [stdout]  --> src/genetic.rs:68:30
[INFO] [stdout]   |
[INFO] [stdout] 5 |     test_and_sort(&mut pop, &games).await;
[INFO] [stdout]   |                              ^^^^^ not found in this scope
[INFO] [stdout] 
[INFO] [stdout] error[E0425]: cannot find function `reproduce` in this scope
[INFO] [stdout]  --> src/genetic.rs:69:5
[INFO] [stdout]   |
[INFO] [stdout] 6 |     reproduce(&mut pop).await;
[INFO] [stdout]   |     ^^^^^^^^^ not found in this scope
[INFO] [stdout]   |
[INFO] [stdout] help: consider importing this function
[INFO] [stdout]   |
[INFO] [stdout] 2 + use scratch_genetic::genetic::reproduce;
[INFO] [stdout]   |
[INFO] [stdout] 
[INFO] [stdout] error[E0425]: cannot find value `pop` in this scope
[INFO] [stdout]  --> src/genetic.rs:69:20
[INFO] [stdout]   |
[INFO] [stdout] 6 |     reproduce(&mut pop).await;
[INFO] [stdout]   |                    ^^^ not found in this scope
[INFO] [stdout] 
[INFO] [stdout] error[E0728]: `await` is only allowed inside `async` functions and blocks
[INFO] [stdout]  --> src/genetic.rs:68:36
[INFO] [stdout]   |
[INFO] [stdout] 2 | fn main() { #[allow(non_snake_case)] fn _doctest_main_src_genetic_rs_65_0() {
[INFO] [stdout]   |                                         --------------------------------- this is not `async`
[INFO] [stdout] ...
[INFO] [stdout] 5 |     test_and_sort(&mut pop, &games).await;
[INFO] [stdout]   |                                    ^^^^^^ only allowed inside `async` functions and blocks
[INFO] [stdout] 
[INFO] [stdout] error[E0728]: `await` is only allowed inside `async` functions and blocks
[INFO] [stdout]  --> src/genetic.rs:69:24
[INFO] [stdout]   |
[INFO] [stdout] 2 | fn main() { #[allow(non_snake_case)] fn _doctest_main_src_genetic_rs_65_0() {
[INFO] [stdout]   |                                         --------------------------------- this is not `async`
[INFO] [stdout] ...
[INFO] [stdout] 6 |     reproduce(&mut pop).await;
[INFO] [stdout]   |                        ^^^^^^ only allowed inside `async` functions and blocks
[INFO] [stdout] 
[INFO] [stdout] error: aborting due to 9 previous errors
[INFO] [stdout] 
[INFO] [stdout] Some errors have detailed explanations: E0425, E0728.
[INFO] [stdout] For more information about an error, try `rustc --explain E0425`.
[INFO] [stdout] Couldn't compile the test.
[INFO] [stdout] 
[INFO] [stdout] failures:
[INFO] [stdout]     src/genetic.rs - genetic::gen_pop (line 30)
[INFO] [stdout]     src/genetic.rs - genetic::reproduce (line 130)
[INFO] [stdout]     src/genetic.rs - genetic::test_and_sort (line 65)
[INFO] [stdout] 
[INFO] [stdout] test result: FAILED. 0 passed; 3 failed; 0 ignored; 0 measured; 0 filtered out; finished in 0.17s
[INFO] [stdout] 
[INFO] running `Command { std: "docker" "inspect" "1826016f8e92f510ee086e4df2ab3797ce8cbe8b8a80fc833d4bf09e984dd3ed", kill_on_drop: false }`
[INFO] running `Command { std: "docker" "rm" "-f" "1826016f8e92f510ee086e4df2ab3797ce8cbe8b8a80fc833d4bf09e984dd3ed", kill_on_drop: false }`
[INFO] [stdout] 1826016f8e92f510ee086e4df2ab3797ce8cbe8b8a80fc833d4bf09e984dd3ed
