[INFO] fetching crate scip 0.1.1...
[INFO] testing scip-0.1.1 against beta-2023-04-20 for beta-1.70-1
[INFO] extracting crate scip 0.1.1 into /workspace/builds/worker-2-tc2/source
[INFO] validating manifest of crates.io crate scip 0.1.1 on toolchain beta-2023-04-20
[INFO] running `Command { std: CARGO_HOME="/workspace/cargo-home" RUSTUP_HOME="/workspace/rustup-home" "/workspace/cargo-home/bin/cargo" "+beta-2023-04-20" "metadata" "--manifest-path" "Cargo.toml" "--no-deps", kill_on_drop: false }`
[INFO] started tweaking crates.io crate scip 0.1.1
[INFO] finished tweaking crates.io crate scip 0.1.1
[INFO] tweaked toml for crates.io crate scip 0.1.1 written to /workspace/builds/worker-2-tc2/source/Cargo.toml
[INFO] running `Command { std: CARGO_HOME="/workspace/cargo-home" RUSTUP_HOME="/workspace/rustup-home" __CARGO_TEST_CHANNEL_OVERRIDE_DO_NOT_USE_THIS="nightly" "/workspace/cargo-home/bin/cargo" "+beta-2023-04-20" "generate-lockfile" "--manifest-path" "Cargo.toml" "-Zno-index-update", kill_on_drop: false }`
[INFO] running `Command { std: CARGO_HOME="/workspace/cargo-home" RUSTUP_HOME="/workspace/rustup-home" "/workspace/cargo-home/bin/cargo" "+beta-2023-04-20" "fetch" "--manifest-path" "Cargo.toml", kill_on_drop: false }`
[INFO] running `Command { std: "docker" "create" "-v" "/var/lib/crater-agent-workspace/builds/worker-2-tc2/target:/opt/rustwide/target:rw,Z" "-v" "/var/lib/crater-agent-workspace/builds/worker-2-tc2/source:/opt/rustwide/workdir:ro,Z" "-v" "/var/lib/crater-agent-workspace/cargo-home:/opt/rustwide/cargo-home:ro,Z" "-v" "/var/lib/crater-agent-workspace/rustup-home:/opt/rustwide/rustup-home:ro,Z" "-e" "SOURCE_DIR=/opt/rustwide/workdir" "-e" "CARGO_TARGET_DIR=/opt/rustwide/target" "-e" "CARGO_HOME=/opt/rustwide/cargo-home" "-e" "RUSTUP_HOME=/opt/rustwide/rustup-home" "-w" "/opt/rustwide/workdir" "-m" "1610612736" "--user" "0:0" "--network" "none" "ghcr.io/rust-lang/crates-build-env/linux@sha256:5ff2268d62e97bff2cde7d5815dd6ed5b47097566f13b8d0ca110b04b60e07ed" "/opt/rustwide/cargo-home/bin/cargo" "+beta-2023-04-20" "metadata" "--no-deps" "--format-version=1", kill_on_drop: false }`
[INFO] [stdout] 027310d26bb9c3366ca9a9fc90f6d3114bb3a643d3897a41cadff5cd9ad9c02d
[INFO] running `Command { std: "docker" "start" "-a" "027310d26bb9c3366ca9a9fc90f6d3114bb3a643d3897a41cadff5cd9ad9c02d", kill_on_drop: false }`
[INFO] running `Command { std: "docker" "inspect" "027310d26bb9c3366ca9a9fc90f6d3114bb3a643d3897a41cadff5cd9ad9c02d", kill_on_drop: false }`
[INFO] running `Command { std: "docker" "rm" "-f" "027310d26bb9c3366ca9a9fc90f6d3114bb3a643d3897a41cadff5cd9ad9c02d", kill_on_drop: false }`
[INFO] [stdout] 027310d26bb9c3366ca9a9fc90f6d3114bb3a643d3897a41cadff5cd9ad9c02d
[INFO] running `Command { std: "docker" "create" "-v" "/var/lib/crater-agent-workspace/builds/worker-2-tc2/target:/opt/rustwide/target:rw,Z" "-v" "/var/lib/crater-agent-workspace/builds/worker-2-tc2/source:/opt/rustwide/workdir:ro,Z" "-v" "/var/lib/crater-agent-workspace/cargo-home:/opt/rustwide/cargo-home:ro,Z" "-v" "/var/lib/crater-agent-workspace/rustup-home:/opt/rustwide/rustup-home:ro,Z" "-e" "SOURCE_DIR=/opt/rustwide/workdir" "-e" "CARGO_TARGET_DIR=/opt/rustwide/target" "-e" "CARGO_INCREMENTAL=0" "-e" "RUST_BACKTRACE=full" "-e" "RUSTFLAGS=--cap-lints=warn" "-e" "RUSTDOCFLAGS=--cap-lints=warn" "-e" "CARGO_HOME=/opt/rustwide/cargo-home" "-e" "RUSTUP_HOME=/opt/rustwide/rustup-home" "-w" "/opt/rustwide/workdir" "-m" "1610612736" "--user" "0:0" "--network" "none" "ghcr.io/rust-lang/crates-build-env/linux@sha256:5ff2268d62e97bff2cde7d5815dd6ed5b47097566f13b8d0ca110b04b60e07ed" "/opt/rustwide/cargo-home/bin/cargo" "+beta-2023-04-20" "build" "--frozen" "--message-format=json", kill_on_drop: false }`
[INFO] [stdout] 8144c9d8f1f691b541398393610ae2d3e3bf743190eb5ccad4802b9f3641fa3e
[INFO] running `Command { std: "docker" "start" "-a" "8144c9d8f1f691b541398393610ae2d3e3bf743190eb5ccad4802b9f3641fa3e", kill_on_drop: false }`
[INFO] [stderr]    Compiling proc-macro2 v1.0.56
[INFO] [stderr]    Compiling quote v1.0.26
[INFO] [stderr]    Compiling thiserror v1.0.40
[INFO] [stderr]    Compiling protobuf v3.1.0
[INFO] [stderr]    Compiling once_cell v1.17.1
[INFO] [stderr]    Compiling syn v2.0.15
[INFO] [stderr]    Compiling thiserror-impl v1.0.40
[INFO] [stderr]    Compiling protobuf-support v3.1.0
[INFO] [stderr]    Compiling scip v0.1.1 (/opt/rustwide/workdir)
[INFO] [stderr]     Finished dev [unoptimized + debuginfo] target(s) in 19.29s
[INFO] running `Command { std: "docker" "inspect" "8144c9d8f1f691b541398393610ae2d3e3bf743190eb5ccad4802b9f3641fa3e", kill_on_drop: false }`
[INFO] running `Command { std: "docker" "rm" "-f" "8144c9d8f1f691b541398393610ae2d3e3bf743190eb5ccad4802b9f3641fa3e", kill_on_drop: false }`
[INFO] [stdout] 8144c9d8f1f691b541398393610ae2d3e3bf743190eb5ccad4802b9f3641fa3e
[INFO] running `Command { std: "docker" "create" "-v" "/var/lib/crater-agent-workspace/builds/worker-2-tc2/target:/opt/rustwide/target:rw,Z" "-v" "/var/lib/crater-agent-workspace/builds/worker-2-tc2/source:/opt/rustwide/workdir:ro,Z" "-v" "/var/lib/crater-agent-workspace/cargo-home:/opt/rustwide/cargo-home:ro,Z" "-v" "/var/lib/crater-agent-workspace/rustup-home:/opt/rustwide/rustup-home:ro,Z" "-e" "SOURCE_DIR=/opt/rustwide/workdir" "-e" "CARGO_TARGET_DIR=/opt/rustwide/target" "-e" "CARGO_INCREMENTAL=0" "-e" "RUST_BACKTRACE=full" "-e" "RUSTFLAGS=--cap-lints=warn" "-e" "RUSTDOCFLAGS=--cap-lints=warn" "-e" "CARGO_HOME=/opt/rustwide/cargo-home" "-e" "RUSTUP_HOME=/opt/rustwide/rustup-home" "-w" "/opt/rustwide/workdir" "-m" "1610612736" "--user" "0:0" "--network" "none" "ghcr.io/rust-lang/crates-build-env/linux@sha256:5ff2268d62e97bff2cde7d5815dd6ed5b47097566f13b8d0ca110b04b60e07ed" "/opt/rustwide/cargo-home/bin/cargo" "+beta-2023-04-20" "test" "--frozen" "--no-run" "--message-format=json", kill_on_drop: false }`
[INFO] [stdout] d4070b8593fad5993239950db00a9ab8b69ea49f792136c7aef9803da24c24e7
[INFO] running `Command { std: "docker" "start" "-a" "d4070b8593fad5993239950db00a9ab8b69ea49f792136c7aef9803da24c24e7", kill_on_drop: false }`
[INFO] [stderr]    Compiling yansi v0.5.1
[INFO] [stderr]    Compiling diff v0.1.13
[INFO] [stderr]    Compiling pretty_assertions v1.3.0
[INFO] [stderr]    Compiling scip v0.1.1 (/opt/rustwide/workdir)
[INFO] [stderr]     Finished test [unoptimized + debuginfo] target(s) in 2.39s
[INFO] running `Command { std: "docker" "inspect" "d4070b8593fad5993239950db00a9ab8b69ea49f792136c7aef9803da24c24e7", kill_on_drop: false }`
[INFO] running `Command { std: "docker" "rm" "-f" "d4070b8593fad5993239950db00a9ab8b69ea49f792136c7aef9803da24c24e7", kill_on_drop: false }`
[INFO] [stdout] d4070b8593fad5993239950db00a9ab8b69ea49f792136c7aef9803da24c24e7
[INFO] running `Command { std: "docker" "create" "-v" "/var/lib/crater-agent-workspace/builds/worker-2-tc2/target:/opt/rustwide/target:rw,Z" "-v" "/var/lib/crater-agent-workspace/builds/worker-2-tc2/source:/opt/rustwide/workdir:ro,Z" "-v" "/var/lib/crater-agent-workspace/cargo-home:/opt/rustwide/cargo-home:ro,Z" "-v" "/var/lib/crater-agent-workspace/rustup-home:/opt/rustwide/rustup-home:ro,Z" "-e" "SOURCE_DIR=/opt/rustwide/workdir" "-e" "CARGO_TARGET_DIR=/opt/rustwide/target" "-e" "CARGO_INCREMENTAL=0" "-e" "RUST_BACKTRACE=full" "-e" "RUSTFLAGS=--cap-lints=warn" "-e" "RUSTDOCFLAGS=--cap-lints=warn" "-e" "CARGO_HOME=/opt/rustwide/cargo-home" "-e" "RUSTUP_HOME=/opt/rustwide/rustup-home" "-w" "/opt/rustwide/workdir" "-m" "1610612736" "--user" "0:0" "--network" "none" "ghcr.io/rust-lang/crates-build-env/linux@sha256:5ff2268d62e97bff2cde7d5815dd6ed5b47097566f13b8d0ca110b04b60e07ed" "/opt/rustwide/cargo-home/bin/cargo" "+beta-2023-04-20" "test" "--frozen", kill_on_drop: false }`
[INFO] [stdout] 3ee1ed46147c3a0c03c9f7b7ed23a97f22bc486609a1f8d6ddd9016e5d5292fb
[INFO] running `Command { std: "docker" "start" "-a" "3ee1ed46147c3a0c03c9f7b7ed23a97f22bc486609a1f8d6ddd9016e5d5292fb", kill_on_drop: false }`
[INFO] [stderr]     Finished test [unoptimized + debuginfo] target(s) in 0.02s
[INFO] [stderr]      Running unittests src/mod.rs (/opt/rustwide/target/debug/deps/scip-8788dd21eafe9af1)
[INFO] [stdout] 
[INFO] [stdout] running 3 tests
[INFO] [stdout] test symbol::test::parses_backtick_escaped_descriptor ... ok
[INFO] [stdout] test symbol::test::parses_java_symbol ... ok
[INFO] [stdout] test symbol::test::parses_local ... ok
[INFO] [stdout] 
[INFO] [stdout] test result: ok. 3 passed; 0 failed; 0 ignored; 0 measured; 0 filtered out; finished in 0.01s
[INFO] [stdout] 
[INFO] [stderr]    Doc-tests scip
[INFO] [stdout] 
[INFO] [stdout] running 1 test
[INFO] [stdout] test src/generated/scip.rs - scip_mod::scip::Symbol (line 738) ... FAILED
[INFO] [stdout] 
[INFO] [stdout] failures:
[INFO] [stdout] 
[INFO] [stdout] ---- src/generated/scip.rs - scip_mod::scip::Symbol (line 738) stdout ----
[INFO] [stdout] error[E0762]: unterminated character literal
[INFO] [stdout]  --> src/generated/scip.rs:740:82
[INFO] [stdout]   |
[INFO] [stdout] 2 |   <symbol>               ::= <scheme> ' ' <package> ' ' (<descriptor>)+ | 'local ' <local-id>
[INFO] [stdout]   |                                                                                  ^^^^^^^^^^^^
[INFO] [stdout] 
[INFO] [stdout] error: aborting due to previous error
[INFO] [stdout] 
[INFO] [stdout] For more information about this error, try `rustc --explain E0762`.
[INFO] [stdout] Couldn't compile the test.
[INFO] [stdout] 
[INFO] [stdout] failures:
[INFO] [stdout]     src/generated/scip.rs - scip_mod::scip::Symbol (line 738)
[INFO] [stdout] 
[INFO] [stdout] test result: FAILED. 0 passed; 1 failed; 0 ignored; 0 measured; 0 filtered out; finished in 0.03s
[INFO] [stdout] 
[INFO] [stderr] error: doctest failed, to rerun pass `--doc`
[INFO] running `Command { std: "docker" "inspect" "3ee1ed46147c3a0c03c9f7b7ed23a97f22bc486609a1f8d6ddd9016e5d5292fb", kill_on_drop: false }`
[INFO] running `Command { std: "docker" "rm" "-f" "3ee1ed46147c3a0c03c9f7b7ed23a97f22bc486609a1f8d6ddd9016e5d5292fb", kill_on_drop: false }`
[INFO] [stdout] 3ee1ed46147c3a0c03c9f7b7ed23a97f22bc486609a1f8d6ddd9016e5d5292fb
