[INFO] fetching crate schema-registry-api 1.0.0...
[INFO] testing schema-registry-api-1.0.0 against beta-2023-04-20 for beta-1.70-1
[INFO] extracting crate schema-registry-api 1.0.0 into /workspace/builds/worker-4-tc2/source
[INFO] validating manifest of crates.io crate schema-registry-api 1.0.0 on toolchain beta-2023-04-20
[INFO] running `Command { std: CARGO_HOME="/workspace/cargo-home" RUSTUP_HOME="/workspace/rustup-home" "/workspace/cargo-home/bin/cargo" "+beta-2023-04-20" "metadata" "--manifest-path" "Cargo.toml" "--no-deps", kill_on_drop: false }`
[INFO] started tweaking crates.io crate schema-registry-api 1.0.0
[INFO] finished tweaking crates.io crate schema-registry-api 1.0.0
[INFO] tweaked toml for crates.io crate schema-registry-api 1.0.0 written to /workspace/builds/worker-4-tc2/source/Cargo.toml
[INFO] crate crates.io crate schema-registry-api 1.0.0 already has a lockfile, it will not be regenerated
[INFO] running `Command { std: CARGO_HOME="/workspace/cargo-home" RUSTUP_HOME="/workspace/rustup-home" "/workspace/cargo-home/bin/cargo" "+beta-2023-04-20" "fetch" "--manifest-path" "Cargo.toml", kill_on_drop: false }`
[INFO] [stderr]     Blocking waiting for file lock on package cache
[INFO] [stderr]     Updating crates.io index
[INFO] [stderr]  Downloading crates ...
[INFO] [stderr]   Downloaded nanoid v0.4.0
[INFO] [stderr]   Downloaded reqwest-tracing v0.4.1
[INFO] [stderr]   Downloaded rstest_macros v0.17.0
[INFO] [stderr]   Downloaded assert2-macros v0.3.9
[INFO] [stderr]   Downloaded assert2 v0.3.10
[INFO] [stderr]   Downloaded reqwest-middleware v0.2.1
[INFO] [stderr]   Downloaded task-local-extensions v0.1.4
[INFO] [stderr]   Downloaded rstest v0.17.0
[INFO] running `Command { std: "docker" "create" "-v" "/var/lib/crater-agent-workspace/builds/worker-4-tc2/target:/opt/rustwide/target:rw,Z" "-v" "/var/lib/crater-agent-workspace/builds/worker-4-tc2/source:/opt/rustwide/workdir:ro,Z" "-v" "/var/lib/crater-agent-workspace/cargo-home:/opt/rustwide/cargo-home:ro,Z" "-v" "/var/lib/crater-agent-workspace/rustup-home:/opt/rustwide/rustup-home:ro,Z" "-e" "SOURCE_DIR=/opt/rustwide/workdir" "-e" "CARGO_TARGET_DIR=/opt/rustwide/target" "-e" "CARGO_HOME=/opt/rustwide/cargo-home" "-e" "RUSTUP_HOME=/opt/rustwide/rustup-home" "-w" "/opt/rustwide/workdir" "-m" "1610612736" "--user" "0:0" "--network" "none" "ghcr.io/rust-lang/crates-build-env/linux@sha256:5ff2268d62e97bff2cde7d5815dd6ed5b47097566f13b8d0ca110b04b60e07ed" "/opt/rustwide/cargo-home/bin/cargo" "+beta-2023-04-20" "metadata" "--no-deps" "--format-version=1", kill_on_drop: false }`
[INFO] [stdout] e0fda22fdb4d999f0082f0bc20eb6e3936b3cb28d9c43bb6fcf06b8d140b46a3
[INFO] running `Command { std: "docker" "start" "-a" "e0fda22fdb4d999f0082f0bc20eb6e3936b3cb28d9c43bb6fcf06b8d140b46a3", kill_on_drop: false }`
[INFO] running `Command { std: "docker" "inspect" "e0fda22fdb4d999f0082f0bc20eb6e3936b3cb28d9c43bb6fcf06b8d140b46a3", kill_on_drop: false }`
[INFO] running `Command { std: "docker" "rm" "-f" "e0fda22fdb4d999f0082f0bc20eb6e3936b3cb28d9c43bb6fcf06b8d140b46a3", kill_on_drop: false }`
[INFO] [stdout] e0fda22fdb4d999f0082f0bc20eb6e3936b3cb28d9c43bb6fcf06b8d140b46a3
[INFO] running `Command { std: "docker" "create" "-v" "/var/lib/crater-agent-workspace/builds/worker-4-tc2/target:/opt/rustwide/target:rw,Z" "-v" "/var/lib/crater-agent-workspace/builds/worker-4-tc2/source:/opt/rustwide/workdir:ro,Z" "-v" "/var/lib/crater-agent-workspace/cargo-home:/opt/rustwide/cargo-home:ro,Z" "-v" "/var/lib/crater-agent-workspace/rustup-home:/opt/rustwide/rustup-home:ro,Z" "-e" "SOURCE_DIR=/opt/rustwide/workdir" "-e" "CARGO_TARGET_DIR=/opt/rustwide/target" "-e" "CARGO_INCREMENTAL=0" "-e" "RUST_BACKTRACE=full" "-e" "RUSTFLAGS=--cap-lints=warn" "-e" "RUSTDOCFLAGS=--cap-lints=warn" "-e" "CARGO_HOME=/opt/rustwide/cargo-home" "-e" "RUSTUP_HOME=/opt/rustwide/rustup-home" "-w" "/opt/rustwide/workdir" "-m" "1610612736" "--user" "0:0" "--network" "none" "ghcr.io/rust-lang/crates-build-env/linux@sha256:5ff2268d62e97bff2cde7d5815dd6ed5b47097566f13b8d0ca110b04b60e07ed" "/opt/rustwide/cargo-home/bin/cargo" "+beta-2023-04-20" "build" "--frozen" "--message-format=json", kill_on_drop: false }`
[INFO] [stdout] 14f8434b52d6d70d14b928c4d432ee5645a75b6b01b7b8942d66e1c786513c81
[INFO] running `Command { std: "docker" "start" "-a" "14f8434b52d6d70d14b928c4d432ee5645a75b6b01b7b8942d66e1c786513c81", kill_on_drop: false }`
[INFO] [stderr]    Compiling proc-macro2 v1.0.56
[INFO] [stderr]    Compiling unicode-ident v1.0.8
[INFO] [stderr]    Compiling quote v1.0.26
[INFO] [stderr]    Compiling libc v0.2.142
[INFO] [stderr]    Compiling autocfg v1.1.0
[INFO] [stderr]    Compiling cfg-if v1.0.0
[INFO] [stderr]    Compiling log v0.4.17
[INFO] [stderr]    Compiling once_cell v1.17.1
[INFO] [stderr]    Compiling cc v1.0.79
[INFO] [stderr]    Compiling pin-project-lite v0.2.9
[INFO] [stderr]    Compiling bytes v1.4.0
[INFO] [stderr]    Compiling syn v1.0.109
[INFO] [stderr]    Compiling futures-core v0.3.28
[INFO] [stderr]    Compiling itoa v1.0.6
[INFO] [stderr]    Compiling futures-sink v0.3.28
[INFO] [stderr]    Compiling futures-task v0.3.28
[INFO] [stderr]    Compiling futures-channel v0.3.28
[INFO] [stderr]    Compiling untrusted v0.7.1
[INFO] [stderr]    Compiling version_check v0.9.4
[INFO] [stderr]    Compiling spin v0.5.2
[INFO] [stderr]    Compiling memchr v2.5.0
[INFO] [stderr]    Compiling tracing-core v0.1.30
[INFO] [stderr]    Compiling fnv v1.0.7
[INFO] [stderr]    Compiling pin-utils v0.1.0
[INFO] [stderr]    Compiling serde_derive v1.0.160
[INFO] [stderr]    Compiling futures-util v0.3.28
[INFO] [stderr]    Compiling httparse v1.8.0
[INFO] [stderr]    Compiling http v0.2.9
[INFO] [stderr]    Compiling tokio v1.27.0
[INFO] [stderr]    Compiling slab v0.4.8
[INFO] [stderr]    Compiling unicase v2.6.0
[INFO] [stderr]    Compiling indexmap v1.9.3
[INFO] [stderr]    Compiling tinyvec_macros v0.1.1
[INFO] [stderr]    Compiling rustls v0.20.8
[INFO] [stderr]    Compiling serde v1.0.160
[INFO] [stderr]    Compiling futures-io v0.3.28
[INFO] [stderr]    Compiling hashbrown v0.12.3
[INFO] [stderr]    Compiling tinyvec v1.6.0
[INFO] [stderr]    Compiling percent-encoding v2.2.0
[INFO] [stderr]    Compiling try-lock v0.2.4
[INFO] [stderr]    Compiling httpdate v1.0.2
[INFO] [stderr]    Compiling tower-service v0.3.2
[INFO] [stderr]    Compiling syn v2.0.15
[INFO] [stderr]    Compiling http-body v0.4.5
[INFO] [stderr]    Compiling want v0.3.0
[INFO] [stderr]    Compiling form_urlencoded v1.1.0
[INFO] [stderr]    Compiling base64 v0.21.0
[INFO] [stderr]    Compiling unicode-bidi v0.3.13
[INFO] [stderr]    Compiling ring v0.16.20
[INFO] [stderr]    Compiling mime_guess v2.0.4
[INFO] [stderr]    Compiling serde_json v1.0.96
[INFO] [stderr]    Compiling ryu v1.0.13
[INFO] [stderr]    Compiling mime v0.3.17
[INFO] [stderr]    Compiling thiserror v1.0.40
[INFO] [stderr]    Compiling async-trait v0.1.68
[INFO] [stderr]    Compiling rustls-pemfile v1.0.2
[INFO] [stderr]    Compiling socket2 v0.4.9
[INFO] [stderr]    Compiling signal-hook-registry v1.4.1
[INFO] [stderr]    Compiling num_cpus v1.15.0
[INFO] [stderr]    Compiling mio v0.8.6
[INFO] [stderr]    Compiling unicode-normalization v0.1.22
[INFO] [stderr]    Compiling openssl-probe v0.1.5
[INFO] [stderr]    Compiling anyhow v1.0.70
[INFO] [stderr]    Compiling encoding_rs v0.8.32
[INFO] [stderr]    Compiling rustls-native-certs v0.6.2
[INFO] [stderr]    Compiling ipnet v2.7.2
[INFO] [stderr]    Compiling task-local-extensions v0.1.4
[INFO] [stderr]    Compiling idna v0.3.0
[INFO] [stderr]    Compiling url v2.3.1
[INFO] [stderr]    Compiling tokio-macros v2.0.0
[INFO] [stderr]    Compiling futures-macro v0.3.28
[INFO] [stderr]    Compiling thiserror-impl v1.0.40
[INFO] [stderr]    Compiling sct v0.7.0
[INFO] [stderr]    Compiling webpki v0.22.0
[INFO] [stderr]    Compiling tracing-attributes v0.1.23
[INFO] [stderr]    Compiling tracing v0.1.37
[INFO] [stderr]    Compiling tokio-util v0.7.7
[INFO] [stderr]    Compiling tokio-rustls v0.23.4
[INFO] [stderr]    Compiling h2 v0.3.18
[INFO] [stderr]    Compiling serde_urlencoded v0.7.1
[INFO] [stderr]    Compiling hyper v0.14.26
[INFO] [stderr]    Compiling hyper-rustls v0.23.2
[INFO] [stderr]    Compiling reqwest v0.11.16
[INFO] [stderr]    Compiling reqwest-middleware v0.2.1
[INFO] [stderr]    Compiling reqwest-tracing v0.4.1
[INFO] [stderr]    Compiling schema-registry-api v1.0.0 (/opt/rustwide/workdir)
[INFO] [stderr]     Finished dev [unoptimized + debuginfo] target(s) in 22.52s
[INFO] running `Command { std: "docker" "inspect" "14f8434b52d6d70d14b928c4d432ee5645a75b6b01b7b8942d66e1c786513c81", kill_on_drop: false }`
[INFO] running `Command { std: "docker" "rm" "-f" "14f8434b52d6d70d14b928c4d432ee5645a75b6b01b7b8942d66e1c786513c81", kill_on_drop: false }`
[INFO] [stdout] 14f8434b52d6d70d14b928c4d432ee5645a75b6b01b7b8942d66e1c786513c81
[INFO] running `Command { std: "docker" "create" "-v" "/var/lib/crater-agent-workspace/builds/worker-4-tc2/target:/opt/rustwide/target:rw,Z" "-v" "/var/lib/crater-agent-workspace/builds/worker-4-tc2/source:/opt/rustwide/workdir:ro,Z" "-v" "/var/lib/crater-agent-workspace/cargo-home:/opt/rustwide/cargo-home:ro,Z" "-v" "/var/lib/crater-agent-workspace/rustup-home:/opt/rustwide/rustup-home:ro,Z" "-e" "SOURCE_DIR=/opt/rustwide/workdir" "-e" "CARGO_TARGET_DIR=/opt/rustwide/target" "-e" "CARGO_INCREMENTAL=0" "-e" "RUST_BACKTRACE=full" "-e" "RUSTFLAGS=--cap-lints=warn" "-e" "RUSTDOCFLAGS=--cap-lints=warn" "-e" "CARGO_HOME=/opt/rustwide/cargo-home" "-e" "RUSTUP_HOME=/opt/rustwide/rustup-home" "-w" "/opt/rustwide/workdir" "-m" "1610612736" "--user" "0:0" "--network" "none" "ghcr.io/rust-lang/crates-build-env/linux@sha256:5ff2268d62e97bff2cde7d5815dd6ed5b47097566f13b8d0ca110b04b60e07ed" "/opt/rustwide/cargo-home/bin/cargo" "+beta-2023-04-20" "test" "--frozen" "--no-run" "--message-format=json", kill_on_drop: false }`
[INFO] [stdout] 59ac4036fd82338c3726a1e4d98aa7b86968c9689f2c1d1f6ad51682f63eede3
[INFO] running `Command { std: "docker" "start" "-a" "59ac4036fd82338c3726a1e4d98aa7b86968c9689f2c1d1f6ad51682f63eede3", kill_on_drop: false }`
[INFO] [stderr]    Compiling io-lifetimes v1.0.10
[INFO] [stderr]    Compiling semver v1.0.17
[INFO] [stderr]    Compiling rustix v0.37.14
[INFO] [stderr]    Compiling getrandom v0.2.9
[INFO] [stderr]    Compiling lazy_static v1.4.0
[INFO] [stderr]    Compiling bitflags v1.3.2
[INFO] [stderr]    Compiling linux-raw-sys v0.3.4
[INFO] [stderr]    Compiling ppv-lite86 v0.2.17
[INFO] [stderr]    Compiling libm v0.2.6
[INFO] [stderr]    Compiling num-traits v0.2.15
[INFO] [stderr]    Compiling fastrand v1.9.0
[INFO] [stderr]    Compiling futures-executor v0.3.28
[INFO] [stderr]    Compiling wait-timeout v0.2.0
[INFO] [stderr]    Compiling linked-hash-map v0.5.6
[INFO] [stderr]    Compiling bit-vec v0.6.3
[INFO] [stderr]    Compiling quick-error v1.2.3
[INFO] [stderr]    Compiling overload v0.1.1
[INFO] [stderr]    Compiling console v0.15.5
[INFO] [stderr]    Compiling yaml-rust v0.4.5
[INFO] [stderr]    Compiling tracing-log v0.1.3
[INFO] [stderr]    Compiling nu-ansi-term v0.46.0
[INFO] [stderr]    Compiling rand_core v0.6.4
[INFO] [stderr]    Compiling bit-set v0.5.3
[INFO] [stderr]    Compiling futures v0.3.28
[INFO] [stderr]    Compiling sharded-slab v0.1.4
[INFO] [stderr]    Compiling rand_chacha v0.3.1
[INFO] [stderr]    Compiling rand_xorshift v0.3.0
[INFO] [stderr]    Compiling assert2-macros v0.3.9
[INFO] [stderr]    Compiling thread_local v1.1.7
[INFO] [stderr]    Compiling futures-timer v3.0.2
[INFO] [stderr]    Compiling quick-error v2.0.1
[INFO] [stderr]    Compiling smallvec v1.10.0
[INFO] [stderr]    Compiling regex-syntax v0.6.29
[INFO] [stderr]    Compiling rand v0.8.5
[INFO] [stderr]    Compiling yansi v0.5.1
[INFO] [stderr]    Compiling rustc_version v0.4.0
[INFO] [stderr]    Compiling unarray v0.1.4
[INFO] [stderr]    Compiling byteorder v1.4.3
[INFO] [stderr]    Compiling similar v2.2.1
[INFO] [stderr]    Compiling tracing-subscriber v0.3.17
[INFO] [stderr]    Compiling rstest_macros v0.17.0
[INFO] [stderr]    Compiling nanoid v0.4.0
[INFO] [stderr]    Compiling insta v1.29.0
[INFO] [stderr]    Compiling tempfile v3.5.0
[INFO] [stderr]    Compiling is-terminal v0.4.7
[INFO] [stderr]    Compiling assert2 v0.3.10
[INFO] [stderr]    Compiling rusty-fork v0.3.0
[INFO] [stderr]    Compiling proptest v1.1.0
[INFO] [stderr]    Compiling rstest v0.17.0
[INFO] [stderr]    Compiling schema-registry-api v1.0.0 (/opt/rustwide/workdir)
[INFO] [stderr]     Finished test [unoptimized + debuginfo] target(s) in 14.90s
[INFO] running `Command { std: "docker" "inspect" "59ac4036fd82338c3726a1e4d98aa7b86968c9689f2c1d1f6ad51682f63eede3", kill_on_drop: false }`
[INFO] running `Command { std: "docker" "rm" "-f" "59ac4036fd82338c3726a1e4d98aa7b86968c9689f2c1d1f6ad51682f63eede3", kill_on_drop: false }`
[INFO] [stdout] 59ac4036fd82338c3726a1e4d98aa7b86968c9689f2c1d1f6ad51682f63eede3
[INFO] running `Command { std: "docker" "create" "-v" "/var/lib/crater-agent-workspace/builds/worker-4-tc2/target:/opt/rustwide/target:rw,Z" "-v" "/var/lib/crater-agent-workspace/builds/worker-4-tc2/source:/opt/rustwide/workdir:ro,Z" "-v" "/var/lib/crater-agent-workspace/cargo-home:/opt/rustwide/cargo-home:ro,Z" "-v" "/var/lib/crater-agent-workspace/rustup-home:/opt/rustwide/rustup-home:ro,Z" "-e" "SOURCE_DIR=/opt/rustwide/workdir" "-e" "CARGO_TARGET_DIR=/opt/rustwide/target" "-e" "CARGO_INCREMENTAL=0" "-e" "RUST_BACKTRACE=full" "-e" "RUSTFLAGS=--cap-lints=warn" "-e" "RUSTDOCFLAGS=--cap-lints=warn" "-e" "CARGO_HOME=/opt/rustwide/cargo-home" "-e" "RUSTUP_HOME=/opt/rustwide/rustup-home" "-w" "/opt/rustwide/workdir" "-m" "1610612736" "--user" "0:0" "--network" "none" "ghcr.io/rust-lang/crates-build-env/linux@sha256:5ff2268d62e97bff2cde7d5815dd6ed5b47097566f13b8d0ca110b04b60e07ed" "/opt/rustwide/cargo-home/bin/cargo" "+beta-2023-04-20" "test" "--frozen", kill_on_drop: false }`
[INFO] [stdout] 4353442945c70d921370b9d52767fa260519d06328db6120e62019baf81698b7
[INFO] running `Command { std: "docker" "start" "-a" "4353442945c70d921370b9d52767fa260519d06328db6120e62019baf81698b7", kill_on_drop: false }`
[INFO] [stderr]     Finished test [unoptimized + debuginfo] target(s) in 0.18s
[INFO] [stderr]      Running unittests src/lib.rs (/opt/rustwide/target/debug/deps/schema_registry_api-b9aef8265a69e1d6)
[INFO] [stdout] 
[INFO] [stdout] running 12 tests
[INFO] [stdout] test domain::schema::id::tests::should_build_from_str ... ok
[INFO] [stdout] test domain::schema::version::tests::should_not_serde::case_1_bad_string ... ok
[INFO] [stdout] test domain::schema::version::tests::should_not_serde::case_2_zero ... ok
[INFO] [stdout] test domain::schema::version::tests::should_not_serde::case_3_negative ... ok
[INFO] [stdout] test domain::schema::version::tests::should_not_serde::case_4_too_big ... ok
[INFO] [stdout] test domain::schema::id::tests::should_not_build_from_invalid_str ... ok
[INFO] [stdout] test domain::schema::version::tests::should_serde_latest_version ... ok
[INFO] [stdout] test domain::schema::version::tests::should_serde_latest_version_minus_one ... ok
[INFO] [stdout] test domain::schema::version::tests::should_serde_version ... ok
[INFO] [stdout] test domain::subject::name::tests::should_not_parse_bad_subject_name ... ok
[INFO] [stdout] test domain::subject::name::tests::should_not_parse_empty_subject_name ... ok
[INFO] [stdout] test domain::subject::name::tests::should_parse_subject_name ... ok
[INFO] [stdout] 
[INFO] [stdout] test result: ok. 12 passed; 0 failed; 0 ignored; 0 measured; 0 filtered out; finished in 0.00s
[INFO] [stdout] 
[INFO] [stderr]      Running tests/test-api-with-docker.rs (/opt/rustwide/target/debug/deps/test_api_with_docker-dd1d8e6d471070db)
[INFO] [stdout] 
[INFO] [stdout] running 1 test
[INFO] [stdout]   [2m2023-04-30T05:43:17.526776Z[0m [32m INFO[0m [1;32mtest_api_with_docker::schema_registry::subject_client[0m[32m: [32msubjectList[0m
[INFO] [stdout]     [2;3mat[0m tests/schema_registry/subject_client.rs:10
[INFO] [stdout] 
[INFO] [stdout]   [2m2023-04-30T05:43:17.526889Z[0m [32m INFO[0m [1;32mschema_registry_api::service::subject[0m[32m: [32menter[0m
[INFO] [stdout]     [2;3mat[0m src/service/subject.rs:21
[INFO] [stdout]     [2;3min[0m schema_registry_api::service::subject::[1mlist[0m [2;3mwith[0m [1msubject_prefix[0m: Some("real-"), [1mdeleted[0m: None
[INFO] [stdout] 
[INFO] [stdout]   [2m2023-04-30T05:43:17.526996Z[0m [32m INFO[0m [1;32mreqwest_tracing::reqwest_otel_span_builder[0m[32m: [32menter[0m
[INFO] [stdout]     [2;3mat[0m /opt/rustwide/cargo-home/registry/src/index.crates.io-6f17d22bba15001f/reqwest-tracing-0.4.1/src/reqwest_otel_span_builder.rs:103
[INFO] [stdout]     [2;3min[0m reqwest_tracing::reqwest_otel_span_builder::[1mHTTP request[0m [2;3mwith[0m [1mhttp.method[0m: GET, [1mhttp.scheme[0m: http, [1mhttp.host[0m: localhost, [1mnet.host.port[0m: 8081, [1motel.kind[0m: "client", [1motel.name[0m: reqwest-http-client
[INFO] [stdout]     [2;3min[0m schema_registry_api::service::subject::[1mlist[0m [2;3mwith[0m [1msubject_prefix[0m: Some("real-"), [1mdeleted[0m: None
[INFO] [stdout] 
[INFO] [stdout]   [2m2023-04-30T05:43:17.527240Z[0m [32m INFO[0m [1;32mreqwest_tracing::reqwest_otel_span_builder[0m[32m: [32mexit[0m
[INFO] [stdout]     [2;3mat[0m /opt/rustwide/cargo-home/registry/src/index.crates.io-6f17d22bba15001f/reqwest-tracing-0.4.1/src/reqwest_otel_span_builder.rs:103
[INFO] [stdout]     [2;3min[0m reqwest_tracing::reqwest_otel_span_builder::[1mHTTP request[0m [2;3mwith[0m [1mhttp.method[0m: GET, [1mhttp.scheme[0m: http, [1mhttp.host[0m: localhost, [1mnet.host.port[0m: 8081, [1motel.kind[0m: "client", [1motel.name[0m: reqwest-http-client
[INFO] [stdout]     [2;3min[0m schema_registry_api::service::subject::[1mlist[0m [2;3mwith[0m [1msubject_prefix[0m: Some("real-"), [1mdeleted[0m: None
[INFO] [stdout] 
[INFO] [stdout]   [2m2023-04-30T05:43:17.527279Z[0m [32m INFO[0m [1;32mschema_registry_api::service::subject[0m[32m: [32mexit[0m
[INFO] [stdout]     [2;3mat[0m src/service/subject.rs:21
[INFO] [stdout]     [2;3min[0m schema_registry_api::service::subject::[1mlist[0m [2;3mwith[0m [1msubject_prefix[0m: Some("real-"), [1mdeleted[0m: None
[INFO] [stdout] 
[INFO] [stdout]   [2m2023-04-30T05:43:17.531992Z[0m [32m INFO[0m [1;32mschema_registry_api::service::subject[0m[32m: [32menter[0m
[INFO] [stdout]     [2;3mat[0m src/service/subject.rs:21
[INFO] [stdout]     [2;3min[0m schema_registry_api::service::subject::[1mlist[0m [2;3mwith[0m [1msubject_prefix[0m: Some("real-"), [1mdeleted[0m: None
[INFO] [stdout] 
[INFO] [stdout]   [2m2023-04-30T05:43:17.532023Z[0m [32m INFO[0m [1;32mreqwest_tracing::reqwest_otel_span_builder[0m[32m: [32menter[0m
[INFO] [stdout]     [2;3mat[0m /opt/rustwide/cargo-home/registry/src/index.crates.io-6f17d22bba15001f/reqwest-tracing-0.4.1/src/reqwest_otel_span_builder.rs:103
[INFO] [stdout]     [2;3min[0m reqwest_tracing::reqwest_otel_span_builder::[1mHTTP request[0m [2;3mwith[0m [1mhttp.method[0m: GET, [1mhttp.scheme[0m: http, [1mhttp.host[0m: localhost, [1mnet.host.port[0m: 8081, [1motel.kind[0m: "client", [1motel.name[0m: reqwest-http-client
[INFO] [stdout]     [2;3min[0m schema_registry_api::service::subject::[1mlist[0m [2;3mwith[0m [1msubject_prefix[0m: Some("real-"), [1mdeleted[0m: None
[INFO] [stdout] 
[INFO] [stdout]   [2m2023-04-30T05:43:17.532150Z[0m [32m INFO[0m [1;32mreqwest_tracing::reqwest_otel_span_builder[0m[32m: [32mexit[0m
[INFO] [stdout]     [2;3mat[0m /opt/rustwide/cargo-home/registry/src/index.crates.io-6f17d22bba15001f/reqwest-tracing-0.4.1/src/reqwest_otel_span_builder.rs:103
[INFO] [stdout]     [2;3min[0m reqwest_tracing::reqwest_otel_span_builder::[1mHTTP request[0m [2;3mwith[0m [1mhttp.method[0m: GET, [1mhttp.scheme[0m: http, [1mhttp.host[0m: localhost, [1mnet.host.port[0m: 8081, [1motel.kind[0m: "client", [1motel.name[0m: reqwest-http-client
[INFO] [stdout]     [2;3min[0m schema_registry_api::service::subject::[1mlist[0m [2;3mwith[0m [1msubject_prefix[0m: Some("real-"), [1mdeleted[0m: None
[INFO] [stdout] 
[INFO] [stdout]   [2m2023-04-30T05:43:17.532183Z[0m [32m INFO[0m [1;32mschema_registry_api::service::subject[0m[32m: [32mexit[0m
[INFO] [stdout]     [2;3mat[0m src/service/subject.rs:21
[INFO] [stdout]     [2;3min[0m schema_registry_api::service::subject::[1mlist[0m [2;3mwith[0m [1msubject_prefix[0m: Some("real-"), [1mdeleted[0m: None
[INFO] [stdout] 
[INFO] [stdout]   [2m2023-04-30T05:43:17.532216Z[0m [32m INFO[0m [1;32mschema_registry_api::service::subject[0m[32m: [32menter[0m
[INFO] [stdout]     [2;3mat[0m src/service/subject.rs:21
[INFO] [stdout]     [2;3min[0m schema_registry_api::service::subject::[1mlist[0m [2;3mwith[0m [1msubject_prefix[0m: Some("real-"), [1mdeleted[0m: None
[INFO] [stdout] 
[INFO] [stdout]   [2m2023-04-30T05:43:17.532237Z[0m [32m INFO[0m [1;32mreqwest_tracing::reqwest_otel_span_builder[0m[32m: [32menter[0m
[INFO] [stdout]     [2;3mat[0m /opt/rustwide/cargo-home/registry/src/index.crates.io-6f17d22bba15001f/reqwest-tracing-0.4.1/src/reqwest_otel_span_builder.rs:103
[INFO] [stdout]     [2;3min[0m reqwest_tracing::reqwest_otel_span_builder::[1mHTTP request[0m [2;3mwith[0m [1mhttp.method[0m: GET, [1mhttp.scheme[0m: http, [1mhttp.host[0m: localhost, [1mnet.host.port[0m: 8081, [1motel.kind[0m: "client", [1motel.name[0m: reqwest-http-client
[INFO] [stdout]     [2;3min[0m schema_registry_api::service::subject::[1mlist[0m [2;3mwith[0m [1msubject_prefix[0m: Some("real-"), [1mdeleted[0m: None
[INFO] [stdout] 
[INFO] [stdout]   [2m2023-04-30T05:43:17.532396Z[0m [32m INFO[0m [1;32mreqwest_tracing::reqwest_otel_span_builder[0m[32m: [32mexit[0m
[INFO] [stdout]     [2;3mat[0m /opt/rustwide/cargo-home/registry/src/index.crates.io-6f17d22bba15001f/reqwest-tracing-0.4.1/src/reqwest_otel_span_builder.rs:103
[INFO] [stdout]     [2;3min[0m reqwest_tracing::reqwest_otel_span_builder::[1mHTTP request[0m [2;3mwith[0m [1mhttp.method[0m: GET, [1mhttp.scheme[0m: http, [1mhttp.host[0m: localhost, [1mnet.host.port[0m: 8081, [1motel.kind[0m: "client", [1motel.name[0m: reqwest-http-client, [1mhttp.status_code[0m: "ERROR", [1merror.message[0m: "Request error: error sending request for url (http://localhost:8081/subjects?subjectPrefix=real-): error trying to connect: tcp connect error: Cannot assign requested address (os error 99)", [1merror.cause_chain[0m: "Reqwest(reqwest::Error { kind: Request, url: Url { scheme: \"http\", cannot_be_a_base: false, username: \"\", password: None, host: Some(Domain(\"localhost\")), port: Some(8081), path: \"/subjects\", query: Some(\"subjectPrefix=real-\"), fragment: None }, source: hyper::Error(Connect, ConnectError(\"tcp connect error\", Os { code: 99, kind: AddrNotAvailable, message: \"Cannot assign requested address\" })) })", [1mhttp.status_code[0m: ""
[INFO] [stdout]     [2;3min[0m schema_registry_api::service::subject::[1mlist[0m [2;3mwith[0m [1msubject_prefix[0m: Some("real-"), [1mdeleted[0m: None
[INFO] [stdout] 
[INFO] [stdout]   [2m2023-04-30T05:43:17.532451Z[0m [32m INFO[0m [1;32mschema_registry_api::service::subject[0m[32m: [32mexit[0m
[INFO] [stdout]     [2;3mat[0m src/service/subject.rs:21
[INFO] [stdout]     [2;3min[0m schema_registry_api::service::subject::[1mlist[0m [2;3mwith[0m [1msubject_prefix[0m: Some("real-"), [1mdeleted[0m: None
[INFO] [stdout] 
[INFO] [stdout] test should_works ... FAILED
[INFO] [stdout] 
[INFO] [stdout] failures:
[INFO] [stdout] 
[INFO] [stdout] ---- should_works stdout ----
[INFO] [stdout] Error: Request error: error sending request for url (http://localhost:8081/subjects?subjectPrefix=real-): error trying to connect: tcp connect error: Cannot assign requested address (os error 99)
[INFO] [stdout] 
[INFO] [stdout] Caused by:
[INFO] [stdout]     0: error sending request for url (http://localhost:8081/subjects?subjectPrefix=real-): error trying to connect: tcp connect error: Cannot assign requested address (os error 99)
[INFO] [stdout]     1: error trying to connect: tcp connect error: Cannot assign requested address (os error 99)
[INFO] [stdout]     2: tcp connect error: Cannot assign requested address (os error 99)
[INFO] [stdout]     3: Cannot assign requested address (os error 99)
[INFO] [stdout] 
[INFO] [stdout] 
[INFO] [stdout] failures:
[INFO] [stdout]     should_works
[INFO] [stdout] 
[INFO] [stdout] test result: FAILED. 0 passed; 1 failed; 0 ignored; 0 measured; 0 filtered out; finished in 0.01s
[INFO] [stdout] 
[INFO] [stderr] error: test failed, to rerun pass `--test test-api-with-docker`
[INFO] running `Command { std: "docker" "inspect" "4353442945c70d921370b9d52767fa260519d06328db6120e62019baf81698b7", kill_on_drop: false }`
[INFO] running `Command { std: "docker" "rm" "-f" "4353442945c70d921370b9d52767fa260519d06328db6120e62019baf81698b7", kill_on_drop: false }`
[INFO] [stdout] 4353442945c70d921370b9d52767fa260519d06328db6120e62019baf81698b7
