[INFO] fetching crate scanner-syn 0.2.0...
[INFO] testing scanner-syn-0.2.0 against 1.69.0 for beta-1.70-1
[INFO] extracting crate scanner-syn 0.2.0 into /workspace/builds/worker-2-tc1/source
[INFO] validating manifest of crates.io crate scanner-syn 0.2.0 on toolchain 1.69.0
[INFO] running `Command { std: CARGO_HOME="/workspace/cargo-home" RUSTUP_HOME="/workspace/rustup-home" "/workspace/cargo-home/bin/cargo" "+1.69.0" "metadata" "--manifest-path" "Cargo.toml" "--no-deps", kill_on_drop: false }`
[INFO] started tweaking crates.io crate scanner-syn 0.2.0
[INFO] finished tweaking crates.io crate scanner-syn 0.2.0
[INFO] tweaked toml for crates.io crate scanner-syn 0.2.0 written to /workspace/builds/worker-2-tc1/source/Cargo.toml
[INFO] running `Command { std: CARGO_HOME="/workspace/cargo-home" RUSTUP_HOME="/workspace/rustup-home" __CARGO_TEST_CHANNEL_OVERRIDE_DO_NOT_USE_THIS="nightly" "/workspace/cargo-home/bin/cargo" "+1.69.0" "generate-lockfile" "--manifest-path" "Cargo.toml" "-Zno-index-update", kill_on_drop: false }`
[INFO] running `Command { std: CARGO_HOME="/workspace/cargo-home" RUSTUP_HOME="/workspace/rustup-home" "/workspace/cargo-home/bin/cargo" "+1.69.0" "fetch" "--manifest-path" "Cargo.toml", kill_on_drop: false }`
[INFO] running `Command { std: "docker" "create" "-v" "/var/lib/crater-agent-workspace/builds/worker-2-tc1/target:/opt/rustwide/target:rw,Z" "-v" "/var/lib/crater-agent-workspace/builds/worker-2-tc1/source:/opt/rustwide/workdir:ro,Z" "-v" "/var/lib/crater-agent-workspace/cargo-home:/opt/rustwide/cargo-home:ro,Z" "-v" "/var/lib/crater-agent-workspace/rustup-home:/opt/rustwide/rustup-home:ro,Z" "-e" "SOURCE_DIR=/opt/rustwide/workdir" "-e" "CARGO_TARGET_DIR=/opt/rustwide/target" "-e" "CARGO_HOME=/opt/rustwide/cargo-home" "-e" "RUSTUP_HOME=/opt/rustwide/rustup-home" "-w" "/opt/rustwide/workdir" "-m" "1610612736" "--user" "0:0" "--network" "none" "ghcr.io/rust-lang/crates-build-env/linux@sha256:5ff2268d62e97bff2cde7d5815dd6ed5b47097566f13b8d0ca110b04b60e07ed" "/opt/rustwide/cargo-home/bin/cargo" "+1.69.0" "metadata" "--no-deps" "--format-version=1", kill_on_drop: false }`
[INFO] [stdout] 448b4536fbdc07ba47bd1e4529c707be1c95ddcd346c0e8092ca511900adfdc7
[INFO] running `Command { std: "docker" "start" "-a" "448b4536fbdc07ba47bd1e4529c707be1c95ddcd346c0e8092ca511900adfdc7", kill_on_drop: false }`
[INFO] running `Command { std: "docker" "inspect" "448b4536fbdc07ba47bd1e4529c707be1c95ddcd346c0e8092ca511900adfdc7", kill_on_drop: false }`
[INFO] running `Command { std: "docker" "rm" "-f" "448b4536fbdc07ba47bd1e4529c707be1c95ddcd346c0e8092ca511900adfdc7", kill_on_drop: false }`
[INFO] [stdout] 448b4536fbdc07ba47bd1e4529c707be1c95ddcd346c0e8092ca511900adfdc7
[INFO] running `Command { std: "docker" "create" "-v" "/var/lib/crater-agent-workspace/builds/worker-2-tc1/target:/opt/rustwide/target:rw,Z" "-v" "/var/lib/crater-agent-workspace/builds/worker-2-tc1/source:/opt/rustwide/workdir:ro,Z" "-v" "/var/lib/crater-agent-workspace/cargo-home:/opt/rustwide/cargo-home:ro,Z" "-v" "/var/lib/crater-agent-workspace/rustup-home:/opt/rustwide/rustup-home:ro,Z" "-e" "SOURCE_DIR=/opt/rustwide/workdir" "-e" "CARGO_TARGET_DIR=/opt/rustwide/target" "-e" "CARGO_INCREMENTAL=0" "-e" "RUST_BACKTRACE=full" "-e" "RUSTFLAGS=--cap-lints=warn" "-e" "RUSTDOCFLAGS=--cap-lints=warn" "-e" "CARGO_HOME=/opt/rustwide/cargo-home" "-e" "RUSTUP_HOME=/opt/rustwide/rustup-home" "-w" "/opt/rustwide/workdir" "-m" "1610612736" "--user" "0:0" "--network" "none" "ghcr.io/rust-lang/crates-build-env/linux@sha256:5ff2268d62e97bff2cde7d5815dd6ed5b47097566f13b8d0ca110b04b60e07ed" "/opt/rustwide/cargo-home/bin/cargo" "+1.69.0" "build" "--frozen" "--message-format=json", kill_on_drop: false }`
[INFO] [stdout] aca53385d774e39e66a53eb62677a8b0da7a4fabc9e4bac122dbf52888612556
[INFO] running `Command { std: "docker" "start" "-a" "aca53385d774e39e66a53eb62677a8b0da7a4fabc9e4bac122dbf52888612556", kill_on_drop: false }`
[INFO] [stderr]    Compiling proc-macro2 v1.0.56
[INFO] [stderr]    Compiling unicode-ident v1.0.8
[INFO] [stderr]    Compiling quote v1.0.26
[INFO] [stderr]    Compiling syn v1.0.109
[INFO] [stderr]    Compiling same-file v1.0.6
[INFO] [stderr]    Compiling Inflector v0.11.4
[INFO] [stderr]    Compiling walkdir v2.3.3
[INFO] [stderr]    Compiling scanner-syn v0.2.0 (/opt/rustwide/workdir)
[INFO] [stdout] warning: unused import: `std::collections::HashMap`
[INFO] [stdout]  --> src/core_impl/metadata/metadata_visitor.rs:5:5
[INFO] [stdout]   |
[INFO] [stdout] 5 | use std::collections::HashMap;
[INFO] [stdout]   |     ^^^^^^^^^^^^^^^^^^^^^^^^^
[INFO] [stdout]   |
[INFO] [stdout]   = note: `#[warn(unused_imports)]` on by default
[INFO] [stdout] 
[INFO] [stdout] 
[INFO] [stdout] warning: unused import: `quote`
[INFO] [stdout]   --> src/core_impl/metadata/metadata_visitor.rs:11:13
[INFO] [stdout]    |
[INFO] [stdout] 11 | use quote::{quote, ToTokens};
[INFO] [stdout]    |             ^^^^^
[INFO] [stdout] 
[INFO] [stdout] 
[INFO] [stdout] warning: unused import: `Ident`
[INFO] [stdout]  --> src/contract_descriptor.rs:1:19
[INFO] [stdout]   |
[INFO] [stdout] 1 | use proc_macro2::{Ident, Span};
[INFO] [stdout]   |                   ^^^^^
[INFO] [stdout] 
[INFO] [stdout] 
[INFO] [stdout] warning: unused imports: `ItemStruct`, `Item`
[INFO] [stdout]  --> src/contract_descriptor.rs:7:11
[INFO] [stdout]   |
[INFO] [stdout] 7 | use syn::{Item, ItemStruct};
[INFO] [stdout]   |           ^^^^  ^^^^^^^^^^
[INFO] [stdout] 
[INFO] [stdout] 
[INFO] [stdout] warning: unused variable: `c`
[INFO] [stdout]   --> src/core_impl/info_extractor/statements_parser.rs:60:25
[INFO] [stdout]    |
[INFO] [stdout] 60 |         syn::Expr::Call(c) => todo!(),
[INFO] [stdout]    |                         ^ help: if this is intentional, prefix it with an underscore: `_c`
[INFO] [stdout]    |
[INFO] [stdout]    = note: `#[warn(unused_variables)]` on by default
[INFO] [stdout] 
[INFO] [stdout] 
[INFO] [stdout] warning: function `deserialize_data` is never used
[INFO] [stdout]    --> src/core_impl/code_generator/attr_sig_info.rs:243:8
[INFO] [stdout]     |
[INFO] [stdout] 243 | pub fn deserialize_data(ty: &SerializerType) -> TokenStream2 {
[INFO] [stdout]     |        ^^^^^^^^^^^^^^^^
[INFO] [stdout]     |
[INFO] [stdout]     = note: `#[warn(dead_code)]` on by default
[INFO] [stdout] 
[INFO] [stdout] 
[INFO] [stdout] warning: method `decomposition_pattern` is never used
[INFO] [stdout]   --> src/core_impl/code_generator/attr_sig_info.rs:79:12
[INFO] [stdout]    |
[INFO] [stdout] 79 |     pub fn decomposition_pattern(&self) -> TokenStream2 {
[INFO] [stdout]    |            ^^^^^^^^^^^^^^^^^^^^^
[INFO] [stdout] 
[INFO] [stdout] 
[INFO] [stdout] warning: method `constructor_expr` is never used
[INFO] [stdout]    --> src/core_impl/code_generator/attr_sig_info.rs:110:12
[INFO] [stdout]     |
[INFO] [stdout] 110 |     pub fn constructor_expr(&self) -> TokenStream2 {
[INFO] [stdout]     |            ^^^^^^^^^^^^^^^^
[INFO] [stdout] 
[INFO] [stdout] 
[INFO] [stdout] warning: method `arg_list` is never used
[INFO] [stdout]    --> src/core_impl/code_generator/attr_sig_info.rs:137:12
[INFO] [stdout]     |
[INFO] [stdout] 137 |     pub fn arg_list(&self) -> TokenStream2 {
[INFO] [stdout]     |            ^^^^^^^^
[INFO] [stdout] 
[INFO] [stdout] 
[INFO] [stdout] warning: method `pat_type_list` is never used
[INFO] [stdout]    --> src/core_impl/code_generator/attr_sig_info.rs:159:12
[INFO] [stdout]     |
[INFO] [stdout] 159 |     pub fn pat_type_list(&self) -> TokenStream2 {
[INFO] [stdout]     |            ^^^^^^^^^^^^^
[INFO] [stdout] 
[INFO] [stdout] 
[INFO] [stdout] warning: method `callback_deserialization` is never used
[INFO] [stdout]    --> src/core_impl/code_generator/attr_sig_info.rs:171:12
[INFO] [stdout]     |
[INFO] [stdout] 171 |     pub fn callback_deserialization(&self) -> TokenStream2 {
[INFO] [stdout]     |            ^^^^^^^^^^^^^^^^^^^^^^^^
[INFO] [stdout] 
[INFO] [stdout] 
[INFO] [stdout] warning: method `callback_vec_deserialization` is never used
[INFO] [stdout]    --> src/core_impl/code_generator/attr_sig_info.rs:220:12
[INFO] [stdout]     |
[INFO] [stdout] 220 |     pub fn callback_vec_deserialization(&self) -> TokenStream2 {
[INFO] [stdout]     |            ^^^^^^^^^^^^^^^^^^^^^^^^^^^^
[INFO] [stdout] 
[INFO] [stdout] 
[INFO] [stdout] warning: function `json_serialize` is never used
[INFO] [stdout]    --> src/core_impl/code_generator/impl_item_method_info.rs:251:4
[INFO] [stdout]     |
[INFO] [stdout] 251 | fn json_serialize(attr_signature_info: &AttrSigInfo) -> TokenStream2 {
[INFO] [stdout]     |    ^^^^^^^^^^^^^^
[INFO] [stdout] 
[INFO] [stdout] 
[INFO] [stdout] warning: method `method_wrapper` is never used
[INFO] [stdout]   --> src/core_impl/code_generator/impl_item_method_info.rs:10:12
[INFO] [stdout]    |
[INFO] [stdout] 10 |     pub fn method_wrapper(&self) -> TokenStream2 {
[INFO] [stdout]    |            ^^^^^^^^^^^^^^
[INFO] [stdout] 
[INFO] [stdout] 
[INFO] [stdout] warning: method `marshal_method` is never used
[INFO] [stdout]    --> src/core_impl/code_generator/impl_item_method_info.rs:187:12
[INFO] [stdout]     |
[INFO] [stdout] 187 |     pub fn marshal_method(&self) -> TokenStream2 {
[INFO] [stdout]     |            ^^^^^^^^^^^^^^
[INFO] [stdout] 
[INFO] [stdout] 
[INFO] [stdout] warning: method `wrapped_module` is never used
[INFO] [stdout]  --> src/core_impl/code_generator/item_trait_info.rs:7:12
[INFO] [stdout]   |
[INFO] [stdout] 7 |     pub fn wrapped_module(&self) -> TokenStream2 {
[INFO] [stdout]   |            ^^^^^^^^^^^^^^
[INFO] [stdout] 
[INFO] [stdout] 
[INFO] [stdout] warning: method `method_wrapper` is never used
[INFO] [stdout]   --> src/core_impl/code_generator/trait_item_method_info.rs:10:12
[INFO] [stdout]    |
[INFO] [stdout] 10 |     pub fn method_wrapper(&self) -> TokenStream2 {
[INFO] [stdout]    |            ^^^^^^^^^^^^^^
[INFO] [stdout] 
[INFO] [stdout] 
[INFO] [stdout] warning: associated function `generate_serialier` is never used
[INFO] [stdout]   --> src/core_impl/code_generator/trait_item_method_info.rs:32:12
[INFO] [stdout]    |
[INFO] [stdout] 32 |     pub fn generate_serialier(
[INFO] [stdout]    |            ^^^^^^^^^^^^^^^^^^
[INFO] [stdout] 
[INFO] [stdout] 
[INFO] [stdout] warning: method `wrapper_code` is never used
[INFO] [stdout]  --> src/core_impl/code_generator/item_impl_info.rs:7:12
[INFO] [stdout]   |
[INFO] [stdout] 7 |     pub fn wrapper_code(&self) -> TokenStream2 {
[INFO] [stdout]   |            ^^^^^^^^^^^^
[INFO] [stdout] 
[INFO] [stdout] 
[INFO] [stdout] warning: method `marshall_code` is never used
[INFO] [stdout]   --> src/core_impl/code_generator/item_impl_info.rs:17:12
[INFO] [stdout]    |
[INFO] [stdout] 17 |     pub fn marshall_code(&self) -> TokenStream2 {
[INFO] [stdout]    |            ^^^^^^^^^^^^^
[INFO] [stdout] 
[INFO] [stdout] 
[INFO] [stdout] warning: function `generate_proxy_struct` is never used
[INFO] [stdout]  --> src/core_impl/code_generator/item_struct_info.rs:3:8
[INFO] [stdout]   |
[INFO] [stdout] 3 | pub fn generate_proxy_struct(input: &ItemStruct) -> proc_macro2::TokenStream {
[INFO] [stdout]   |        ^^^^^^^^^^^^^^^^^^^^^
[INFO] [stdout] 
[INFO] [stdout] 
[INFO] [stdout] warning: variant `Serialization` is never constructed
[INFO] [stdout]   --> src/core_impl/info_extractor/mod.rs:52:5
[INFO] [stdout]    |
[INFO] [stdout] 51 | pub enum InputStructType {
[INFO] [stdout]    |          --------------- variant in this enum
[INFO] [stdout] 52 |     Serialization,
[INFO] [stdout]    |     ^^^^^^^^^^^^^
[INFO] [stdout] 
[INFO] [stdout] 
[INFO] [stdout] warning: struct `TraitItemMethodInfo` is never constructed
[INFO] [stdout]  --> src/core_impl/info_extractor/trait_item_method_info.rs:6:12
[INFO] [stdout]   |
[INFO] [stdout] 6 | pub struct TraitItemMethodInfo {
[INFO] [stdout]   |            ^^^^^^^^^^^^^^^^^^^
[INFO] [stdout] 
[INFO] [stdout] 
[INFO] [stdout] warning: associated function `new` is never used
[INFO] [stdout]   --> src/core_impl/info_extractor/trait_item_method_info.rs:16:12
[INFO] [stdout]    |
[INFO] [stdout] 16 |     pub fn new(original: &mut TraitItemMethod) -> syn::Result<Self> {
[INFO] [stdout]    |            ^^^
[INFO] [stdout] 
[INFO] [stdout] 
[INFO] [stdout] warning: struct `ItemTraitInfo` is never constructed
[INFO] [stdout]  --> src/core_impl/info_extractor/item_trait_info.rs:7:12
[INFO] [stdout]   |
[INFO] [stdout] 7 | pub struct ItemTraitInfo {
[INFO] [stdout]   |            ^^^^^^^^^^^^^
[INFO] [stdout] 
[INFO] [stdout] 
[INFO] [stdout] warning: associated function `new` is never used
[INFO] [stdout]   --> src/core_impl/info_extractor/item_trait_info.rs:17:12
[INFO] [stdout]    |
[INFO] [stdout] 17 |     pub fn new(original: &mut ItemTrait, mod_name_override: Option<Ident>) -> syn::Result<Self> {
[INFO] [stdout]    |            ^^^
[INFO] [stdout] 
[INFO] [stdout] 
[INFO] [stdout] warning: function `parse_statements` is never used
[INFO] [stdout]  --> src/core_impl/info_extractor/statements_parser.rs:4:8
[INFO] [stdout]   |
[INFO] [stdout] 4 | pub fn parse_statements(stmts: &[Stmt], functions_called: &mut Vec<Ident>) {
[INFO] [stdout]   |        ^^^^^^^^^^^^^^^^
[INFO] [stdout] 
[INFO] [stdout] 
[INFO] [stdout] warning: function `parse_item` is never used
[INFO] [stdout]   --> src/core_impl/info_extractor/statements_parser.rs:19:4
[INFO] [stdout]    |
[INFO] [stdout] 19 | fn parse_item(it: &syn::Item, functions_called: &mut Vec<Ident>) {
[INFO] [stdout]    |    ^^^^^^^^^^
[INFO] [stdout] 
[INFO] [stdout] 
[INFO] [stdout] warning: function `parse_expr` is never used
[INFO] [stdout]   --> src/core_impl/info_extractor/statements_parser.rs:44:4
[INFO] [stdout]    |
[INFO] [stdout] 44 | fn parse_expr(expr: &Expr, functions_called: &mut Vec<Ident>) {
[INFO] [stdout]    |    ^^^^^^^^^^
[INFO] [stdout] 
[INFO] [stdout] 
[INFO] [stdout] warning: 29 warnings emitted
[INFO] [stdout] 
[INFO] [stdout] 
[INFO] [stderr]     Finished dev [unoptimized + debuginfo] target(s) in 11.46s
[INFO] running `Command { std: "docker" "inspect" "aca53385d774e39e66a53eb62677a8b0da7a4fabc9e4bac122dbf52888612556", kill_on_drop: false }`
[INFO] running `Command { std: "docker" "rm" "-f" "aca53385d774e39e66a53eb62677a8b0da7a4fabc9e4bac122dbf52888612556", kill_on_drop: false }`
[INFO] [stdout] aca53385d774e39e66a53eb62677a8b0da7a4fabc9e4bac122dbf52888612556
[INFO] running `Command { std: "docker" "create" "-v" "/var/lib/crater-agent-workspace/builds/worker-2-tc1/target:/opt/rustwide/target:rw,Z" "-v" "/var/lib/crater-agent-workspace/builds/worker-2-tc1/source:/opt/rustwide/workdir:ro,Z" "-v" "/var/lib/crater-agent-workspace/cargo-home:/opt/rustwide/cargo-home:ro,Z" "-v" "/var/lib/crater-agent-workspace/rustup-home:/opt/rustwide/rustup-home:ro,Z" "-e" "SOURCE_DIR=/opt/rustwide/workdir" "-e" "CARGO_TARGET_DIR=/opt/rustwide/target" "-e" "CARGO_INCREMENTAL=0" "-e" "RUST_BACKTRACE=full" "-e" "RUSTFLAGS=--cap-lints=warn" "-e" "RUSTDOCFLAGS=--cap-lints=warn" "-e" "CARGO_HOME=/opt/rustwide/cargo-home" "-e" "RUSTUP_HOME=/opt/rustwide/rustup-home" "-w" "/opt/rustwide/workdir" "-m" "1610612736" "--user" "0:0" "--network" "none" "ghcr.io/rust-lang/crates-build-env/linux@sha256:5ff2268d62e97bff2cde7d5815dd6ed5b47097566f13b8d0ca110b04b60e07ed" "/opt/rustwide/cargo-home/bin/cargo" "+1.69.0" "test" "--frozen" "--no-run" "--message-format=json", kill_on_drop: false }`
[INFO] [stdout] f05e11544623c10f92b5c5f477176143a30d28f9564c80e15d7d04dd7df1d5ae
[INFO] running `Command { std: "docker" "start" "-a" "f05e11544623c10f92b5c5f477176143a30d28f9564c80e15d7d04dd7df1d5ae", kill_on_drop: false }`
[INFO] [stderr]     Blocking waiting for file lock on package cache
[INFO] [stdout] warning: unused import: `std::collections::HashMap`
[INFO] [stdout]  --> src/core_impl/metadata/metadata_visitor.rs:5:5
[INFO] [stdout]   |
[INFO] [stdout] 5 | use std::collections::HashMap;
[INFO] [stdout]   |     ^^^^^^^^^^^^^^^^^^^^^^^^^
[INFO] [stdout]   |
[INFO] [stdout]   = note: `#[warn(unused_imports)]` on by default
[INFO] [stdout] 
[INFO] [stdout] 
[INFO] [stdout] warning: unused import: `quote`
[INFO] [stdout]   --> src/core_impl/metadata/metadata_visitor.rs:11:13
[INFO] [stdout]    |
[INFO] [stdout] 11 | use quote::{quote, ToTokens};
[INFO] [stdout]    |             ^^^^^
[INFO] [stdout] 
[INFO] [stdout] 
[INFO] [stdout] warning: unused import: `Ident`
[INFO] [stdout]  --> src/contract_descriptor.rs:1:19
[INFO] [stdout]   |
[INFO] [stdout] 1 | use proc_macro2::{Ident, Span};
[INFO] [stdout]   |                   ^^^^^
[INFO] [stdout] 
[INFO] [stdout] 
[INFO] [stdout] warning: unused imports: `ItemStruct`, `Item`
[INFO] [stdout]  --> src/contract_descriptor.rs:7:11
[INFO] [stdout]   |
[INFO] [stdout] 7 | use syn::{Item, ItemStruct};
[INFO] [stdout]   |           ^^^^  ^^^^^^^^^^
[INFO] [stdout] 
[INFO] [stdout] 
[INFO] [stdout] warning: unused variable: `c`
[INFO] [stdout]   --> src/core_impl/info_extractor/statements_parser.rs:60:25
[INFO] [stdout]    |
[INFO] [stdout] 60 |         syn::Expr::Call(c) => todo!(),
[INFO] [stdout]    |                         ^ help: if this is intentional, prefix it with an underscore: `_c`
[INFO] [stdout]    |
[INFO] [stdout]    = note: `#[warn(unused_variables)]` on by default
[INFO] [stdout] 
[INFO] [stdout] 
[INFO] [stdout] warning: function `deserialize_data` is never used
[INFO] [stdout]    --> src/core_impl/code_generator/attr_sig_info.rs:243:8
[INFO] [stdout]     |
[INFO] [stdout] 243 | pub fn deserialize_data(ty: &SerializerType) -> TokenStream2 {
[INFO] [stdout]     |        ^^^^^^^^^^^^^^^^
[INFO] [stdout]     |
[INFO] [stdout]     = note: `#[warn(dead_code)]` on by default
[INFO] [stdout] 
[INFO] [stdout] 
[INFO] [stdout] warning: method `decomposition_pattern` is never used
[INFO] [stdout]   --> src/core_impl/code_generator/attr_sig_info.rs:79:12
[INFO] [stdout]    |
[INFO] [stdout] 79 |     pub fn decomposition_pattern(&self) -> TokenStream2 {
[INFO] [stdout]    |            ^^^^^^^^^^^^^^^^^^^^^
[INFO] [stdout] 
[INFO] [stdout] 
[INFO] [stdout] warning: method `constructor_expr` is never used
[INFO] [stdout]    --> src/core_impl/code_generator/attr_sig_info.rs:110:12
[INFO] [stdout]     |
[INFO] [stdout] 110 |     pub fn constructor_expr(&self) -> TokenStream2 {
[INFO] [stdout]     |            ^^^^^^^^^^^^^^^^
[INFO] [stdout] 
[INFO] [stdout] 
[INFO] [stdout] warning: method `arg_list` is never used
[INFO] [stdout]    --> src/core_impl/code_generator/attr_sig_info.rs:137:12
[INFO] [stdout]     |
[INFO] [stdout] 137 |     pub fn arg_list(&self) -> TokenStream2 {
[INFO] [stdout]     |            ^^^^^^^^
[INFO] [stdout] 
[INFO] [stdout] 
[INFO] [stdout] warning: method `pat_type_list` is never used
[INFO] [stdout]    --> src/core_impl/code_generator/attr_sig_info.rs:159:12
[INFO] [stdout]     |
[INFO] [stdout] 159 |     pub fn pat_type_list(&self) -> TokenStream2 {
[INFO] [stdout]     |            ^^^^^^^^^^^^^
[INFO] [stdout] 
[INFO] [stdout] 
[INFO] [stdout] warning: method `callback_deserialization` is never used
[INFO] [stdout]    --> src/core_impl/code_generator/attr_sig_info.rs:171:12
[INFO] [stdout]     |
[INFO] [stdout] 171 |     pub fn callback_deserialization(&self) -> TokenStream2 {
[INFO] [stdout]     |            ^^^^^^^^^^^^^^^^^^^^^^^^
[INFO] [stdout] 
[INFO] [stdout] 
[INFO] [stdout] warning: method `callback_vec_deserialization` is never used
[INFO] [stdout]    --> src/core_impl/code_generator/attr_sig_info.rs:220:12
[INFO] [stdout]     |
[INFO] [stdout] 220 |     pub fn callback_vec_deserialization(&self) -> TokenStream2 {
[INFO] [stdout]     |            ^^^^^^^^^^^^^^^^^^^^^^^^^^^^
[INFO] [stdout] 
[INFO] [stdout] 
[INFO] [stdout] warning: function `json_serialize` is never used
[INFO] [stdout]    --> src/core_impl/code_generator/impl_item_method_info.rs:251:4
[INFO] [stdout]     |
[INFO] [stdout] 251 | fn json_serialize(attr_signature_info: &AttrSigInfo) -> TokenStream2 {
[INFO] [stdout]     |    ^^^^^^^^^^^^^^
[INFO] [stdout] 
[INFO] [stdout] 
[INFO] [stdout] warning: method `method_wrapper` is never used
[INFO] [stdout]   --> src/core_impl/code_generator/impl_item_method_info.rs:10:12
[INFO] [stdout]    |
[INFO] [stdout] 10 |     pub fn method_wrapper(&self) -> TokenStream2 {
[INFO] [stdout]    |            ^^^^^^^^^^^^^^
[INFO] [stdout] 
[INFO] [stdout] 
[INFO] [stdout] warning: method `marshal_method` is never used
[INFO] [stdout]    --> src/core_impl/code_generator/impl_item_method_info.rs:187:12
[INFO] [stdout]     |
[INFO] [stdout] 187 |     pub fn marshal_method(&self) -> TokenStream2 {
[INFO] [stdout]     |            ^^^^^^^^^^^^^^
[INFO] [stdout] 
[INFO] [stdout] 
[INFO] [stdout] warning: method `wrapped_module` is never used
[INFO] [stdout]  --> src/core_impl/code_generator/item_trait_info.rs:7:12
[INFO] [stdout]   |
[INFO] [stdout] 7 |     pub fn wrapped_module(&self) -> TokenStream2 {
[INFO] [stdout]   |            ^^^^^^^^^^^^^^
[INFO] [stdout] 
[INFO] [stdout] 
[INFO] [stdout] warning: method `method_wrapper` is never used
[INFO] [stdout]   --> src/core_impl/code_generator/trait_item_method_info.rs:10:12
[INFO] [stdout]    |
[INFO] [stdout] 10 |     pub fn method_wrapper(&self) -> TokenStream2 {
[INFO] [stdout]    |            ^^^^^^^^^^^^^^
[INFO] [stdout] 
[INFO] [stdout] 
[INFO] [stdout] warning: associated function `generate_serialier` is never used
[INFO] [stdout]   --> src/core_impl/code_generator/trait_item_method_info.rs:32:12
[INFO] [stdout]    |
[INFO] [stdout] 32 |     pub fn generate_serialier(
[INFO] [stdout]    |            ^^^^^^^^^^^^^^^^^^
[INFO] [stdout] 
[INFO] [stdout] 
[INFO] [stdout] warning: method `wrapper_code` is never used
[INFO] [stdout]  --> src/core_impl/code_generator/item_impl_info.rs:7:12
[INFO] [stdout]   |
[INFO] [stdout] 7 |     pub fn wrapper_code(&self) -> TokenStream2 {
[INFO] [stdout]   |            ^^^^^^^^^^^^
[INFO] [stdout] 
[INFO] [stdout] 
[INFO] [stdout] warning: method `marshall_code` is never used
[INFO] [stdout]   --> src/core_impl/code_generator/item_impl_info.rs:17:12
[INFO] [stdout]    |
[INFO] [stdout] 17 |     pub fn marshall_code(&self) -> TokenStream2 {
[INFO] [stdout]    |            ^^^^^^^^^^^^^
[INFO] [stdout] 
[INFO] [stdout] 
[INFO] [stdout] warning: function `generate_proxy_struct` is never used
[INFO] [stdout]  --> src/core_impl/code_generator/item_struct_info.rs:3:8
[INFO] [stdout]   |
[INFO] [stdout] 3 | pub fn generate_proxy_struct(input: &ItemStruct) -> proc_macro2::TokenStream {
[INFO] [stdout]   |        ^^^^^^^^^^^^^^^^^^^^^
[INFO] [stdout] 
[INFO] [stdout] 
[INFO] [stdout] warning: variant `Serialization` is never constructed
[INFO] [stdout]   --> src/core_impl/info_extractor/mod.rs:52:5
[INFO] [stdout]    |
[INFO] [stdout] 51 | pub enum InputStructType {
[INFO] [stdout]    |          --------------- variant in this enum
[INFO] [stdout] 52 |     Serialization,
[INFO] [stdout]    |     ^^^^^^^^^^^^^
[INFO] [stdout] 
[INFO] [stdout] 
[INFO] [stdout] warning: struct `TraitItemMethodInfo` is never constructed
[INFO] [stdout]  --> src/core_impl/info_extractor/trait_item_method_info.rs:6:12
[INFO] [stdout]   |
[INFO] [stdout] 6 | pub struct TraitItemMethodInfo {
[INFO] [stdout]   |            ^^^^^^^^^^^^^^^^^^^
[INFO] [stdout] 
[INFO] [stdout] 
[INFO] [stdout] warning: associated function `new` is never used
[INFO] [stdout]   --> src/core_impl/info_extractor/trait_item_method_info.rs:16:12
[INFO] [stdout]    |
[INFO] [stdout] 16 |     pub fn new(original: &mut TraitItemMethod) -> syn::Result<Self> {
[INFO] [stdout]    |            ^^^
[INFO] [stdout] 
[INFO] [stdout] 
[INFO] [stdout] warning: struct `ItemTraitInfo` is never constructed
[INFO] [stdout]  --> src/core_impl/info_extractor/item_trait_info.rs:7:12
[INFO] [stdout]   |
[INFO] [stdout] 7 | pub struct ItemTraitInfo {
[INFO] [stdout]   |            ^^^^^^^^^^^^^
[INFO] [stdout] 
[INFO] [stdout] 
[INFO] [stdout] warning: associated function `new` is never used
[INFO] [stdout]   --> src/core_impl/info_extractor/item_trait_info.rs:17:12
[INFO] [stdout]    |
[INFO] [stdout] 17 |     pub fn new(original: &mut ItemTrait, mod_name_override: Option<Ident>) -> syn::Result<Self> {
[INFO] [stdout]    |            ^^^
[INFO] [stdout] 
[INFO] [stdout] 
[INFO] [stdout] warning: function `parse_statements` is never used
[INFO] [stdout]  --> src/core_impl/info_extractor/statements_parser.rs:4:8
[INFO] [stdout]   |
[INFO] [stdout] 4 | pub fn parse_statements(stmts: &[Stmt], functions_called: &mut Vec<Ident>) {
[INFO] [stdout]   |        ^^^^^^^^^^^^^^^^
[INFO] [stdout] 
[INFO] [stdout] 
[INFO] [stdout] warning: function `parse_item` is never used
[INFO] [stdout]   --> src/core_impl/info_extractor/statements_parser.rs:19:4
[INFO] [stdout]    |
[INFO] [stdout] 19 | fn parse_item(it: &syn::Item, functions_called: &mut Vec<Ident>) {
[INFO] [stdout]    |    ^^^^^^^^^^
[INFO] [stdout] 
[INFO] [stdout] 
[INFO] [stdout] warning: function `parse_expr` is never used
[INFO] [stdout]   --> src/core_impl/info_extractor/statements_parser.rs:44:4
[INFO] [stdout]    |
[INFO] [stdout] 44 | fn parse_expr(expr: &Expr, functions_called: &mut Vec<Ident>) {
[INFO] [stdout]    |    ^^^^^^^^^^
[INFO] [stdout] 
[INFO] [stdout] 
[INFO] [stdout] warning: 29 warnings emitted
[INFO] [stdout] 
[INFO] [stdout] 
[INFO] [stderr]    Compiling scanner-syn v0.2.0 (/opt/rustwide/workdir)
[INFO] [stdout] warning: unused import: `std::collections::HashMap`
[INFO] [stdout]  --> src/core_impl/metadata/metadata_visitor.rs:5:5
[INFO] [stdout]   |
[INFO] [stdout] 5 | use std::collections::HashMap;
[INFO] [stdout]   |     ^^^^^^^^^^^^^^^^^^^^^^^^^
[INFO] [stdout]   |
[INFO] [stdout]   = note: `#[warn(unused_imports)]` on by default
[INFO] [stdout] 
[INFO] [stdout] 
[INFO] [stdout] warning: unused import: `quote`
[INFO] [stdout]   --> src/core_impl/metadata/metadata_visitor.rs:11:13
[INFO] [stdout]    |
[INFO] [stdout] 11 | use quote::{quote, ToTokens};
[INFO] [stdout]    |             ^^^^^
[INFO] [stdout] 
[INFO] [stdout] 
[INFO] [stdout] warning: unused import: `Ident`
[INFO] [stdout]  --> src/contract_descriptor.rs:1:19
[INFO] [stdout]   |
[INFO] [stdout] 1 | use proc_macro2::{Ident, Span};
[INFO] [stdout]   |                   ^^^^^
[INFO] [stdout] 
[INFO] [stdout] 
[INFO] [stdout] warning: unused imports: `ItemStruct`, `Item`
[INFO] [stdout]  --> src/contract_descriptor.rs:7:11
[INFO] [stdout]   |
[INFO] [stdout] 7 | use syn::{Item, ItemStruct};
[INFO] [stdout]   |           ^^^^  ^^^^^^^^^^
[INFO] [stdout] 
[INFO] [stdout] 
[INFO] [stdout] warning: unused variable: `c`
[INFO] [stdout]   --> src/core_impl/info_extractor/statements_parser.rs:60:25
[INFO] [stdout]    |
[INFO] [stdout] 60 |         syn::Expr::Call(c) => todo!(),
[INFO] [stdout]    |                         ^ help: if this is intentional, prefix it with an underscore: `_c`
[INFO] [stdout]    |
[INFO] [stdout]    = note: `#[warn(unused_variables)]` on by default
[INFO] [stdout] 
[INFO] [stdout] 
[INFO] [stdout] warning: method `wrapper_code` is never used
[INFO] [stdout]  --> src/core_impl/code_generator/item_impl_info.rs:7:12
[INFO] [stdout]   |
[INFO] [stdout] 7 |     pub fn wrapper_code(&self) -> TokenStream2 {
[INFO] [stdout]   |            ^^^^^^^^^^^^
[INFO] [stdout]   |
[INFO] [stdout]   = note: `#[warn(dead_code)]` on by default
[INFO] [stdout] 
[INFO] [stdout] 
[INFO] [stdout] warning: method `marshall_code` is never used
[INFO] [stdout]   --> src/core_impl/code_generator/item_impl_info.rs:17:12
[INFO] [stdout]    |
[INFO] [stdout] 17 |     pub fn marshall_code(&self) -> TokenStream2 {
[INFO] [stdout]    |            ^^^^^^^^^^^^^
[INFO] [stdout] 
[INFO] [stdout] 
[INFO] [stdout] warning: function `generate_proxy_struct` is never used
[INFO] [stdout]  --> src/core_impl/code_generator/item_struct_info.rs:3:8
[INFO] [stdout]   |
[INFO] [stdout] 3 | pub fn generate_proxy_struct(input: &ItemStruct) -> proc_macro2::TokenStream {
[INFO] [stdout]   |        ^^^^^^^^^^^^^^^^^^^^^
[INFO] [stdout] 
[INFO] [stdout] 
[INFO] [stdout] warning: function `parse_statements` is never used
[INFO] [stdout]  --> src/core_impl/info_extractor/statements_parser.rs:4:8
[INFO] [stdout]   |
[INFO] [stdout] 4 | pub fn parse_statements(stmts: &[Stmt], functions_called: &mut Vec<Ident>) {
[INFO] [stdout]   |        ^^^^^^^^^^^^^^^^
[INFO] [stdout] 
[INFO] [stdout] 
[INFO] [stdout] warning: function `parse_item` is never used
[INFO] [stdout]   --> src/core_impl/info_extractor/statements_parser.rs:19:4
[INFO] [stdout]    |
[INFO] [stdout] 19 | fn parse_item(it: &syn::Item, functions_called: &mut Vec<Ident>) {
[INFO] [stdout]    |    ^^^^^^^^^^
[INFO] [stdout] 
[INFO] [stdout] 
[INFO] [stdout] warning: function `parse_expr` is never used
[INFO] [stdout]   --> src/core_impl/info_extractor/statements_parser.rs:44:4
[INFO] [stdout]    |
[INFO] [stdout] 44 | fn parse_expr(expr: &Expr, functions_called: &mut Vec<Ident>) {
[INFO] [stdout]    |    ^^^^^^^^^^
[INFO] [stdout] 
[INFO] [stdout] 
[INFO] [stdout] warning: 11 warnings emitted
[INFO] [stdout] 
[INFO] [stdout] 
[INFO] [stderr]     Finished test [unoptimized + debuginfo] target(s) in 3.33s
[INFO] running `Command { std: "docker" "inspect" "f05e11544623c10f92b5c5f477176143a30d28f9564c80e15d7d04dd7df1d5ae", kill_on_drop: false }`
[INFO] running `Command { std: "docker" "rm" "-f" "f05e11544623c10f92b5c5f477176143a30d28f9564c80e15d7d04dd7df1d5ae", kill_on_drop: false }`
[INFO] [stdout] f05e11544623c10f92b5c5f477176143a30d28f9564c80e15d7d04dd7df1d5ae
[INFO] running `Command { std: "docker" "create" "-v" "/var/lib/crater-agent-workspace/builds/worker-2-tc1/target:/opt/rustwide/target:rw,Z" "-v" "/var/lib/crater-agent-workspace/builds/worker-2-tc1/source:/opt/rustwide/workdir:ro,Z" "-v" "/var/lib/crater-agent-workspace/cargo-home:/opt/rustwide/cargo-home:ro,Z" "-v" "/var/lib/crater-agent-workspace/rustup-home:/opt/rustwide/rustup-home:ro,Z" "-e" "SOURCE_DIR=/opt/rustwide/workdir" "-e" "CARGO_TARGET_DIR=/opt/rustwide/target" "-e" "CARGO_INCREMENTAL=0" "-e" "RUST_BACKTRACE=full" "-e" "RUSTFLAGS=--cap-lints=warn" "-e" "RUSTDOCFLAGS=--cap-lints=warn" "-e" "CARGO_HOME=/opt/rustwide/cargo-home" "-e" "RUSTUP_HOME=/opt/rustwide/rustup-home" "-w" "/opt/rustwide/workdir" "-m" "1610612736" "--user" "0:0" "--network" "none" "ghcr.io/rust-lang/crates-build-env/linux@sha256:5ff2268d62e97bff2cde7d5815dd6ed5b47097566f13b8d0ca110b04b60e07ed" "/opt/rustwide/cargo-home/bin/cargo" "+1.69.0" "test" "--frozen", kill_on_drop: false }`
[INFO] [stdout] 8f70b8b78a31810cd34f27281cc2dd1a063815e464cdf01dd2ea9e1dcb8eded9
[INFO] running `Command { std: "docker" "start" "-a" "8f70b8b78a31810cd34f27281cc2dd1a063815e464cdf01dd2ea9e1dcb8eded9", kill_on_drop: false }`
[INFO] [stderr] warning: unused import: `std::collections::HashMap`
[INFO] [stderr]  --> src/core_impl/metadata/metadata_visitor.rs:5:5
[INFO] [stderr]   |
[INFO] [stderr] 5 | use std::collections::HashMap;
[INFO] [stderr]   |     ^^^^^^^^^^^^^^^^^^^^^^^^^
[INFO] [stderr]   |
[INFO] [stderr]   = note: `#[warn(unused_imports)]` on by default
[INFO] [stderr] 
[INFO] [stderr] warning: unused import: `quote`
[INFO] [stderr]   --> src/core_impl/metadata/metadata_visitor.rs:11:13
[INFO] [stderr]    |
[INFO] [stderr] 11 | use quote::{quote, ToTokens};
[INFO] [stderr]    |             ^^^^^
[INFO] [stderr] 
[INFO] [stderr] warning: unused import: `Ident`
[INFO] [stderr]  --> src/contract_descriptor.rs:1:19
[INFO] [stderr]   |
[INFO] [stderr] 1 | use proc_macro2::{Ident, Span};
[INFO] [stderr]   |                   ^^^^^
[INFO] [stderr] 
[INFO] [stderr] warning: unused imports: `ItemStruct`, `Item`
[INFO] [stderr]  --> src/contract_descriptor.rs:7:11
[INFO] [stderr]   |
[INFO] [stderr] 7 | use syn::{Item, ItemStruct};
[INFO] [stderr]   |           ^^^^  ^^^^^^^^^^
[INFO] [stderr] 
[INFO] [stderr] warning: unused variable: `c`
[INFO] [stderr]   --> src/core_impl/info_extractor/statements_parser.rs:60:25
[INFO] [stderr]    |
[INFO] [stderr] 60 |         syn::Expr::Call(c) => todo!(),
[INFO] [stderr]    |                         ^ help: if this is intentional, prefix it with an underscore: `_c`
[INFO] [stderr]    |
[INFO] [stderr]    = note: `#[warn(unused_variables)]` on by default
[INFO] [stderr] 
[INFO] [stderr] warning: function `deserialize_data` is never used
[INFO] [stderr]    --> src/core_impl/code_generator/attr_sig_info.rs:243:8
[INFO] [stderr]     |
[INFO] [stderr] 243 | pub fn deserialize_data(ty: &SerializerType) -> TokenStream2 {
[INFO] [stderr]     |        ^^^^^^^^^^^^^^^^
[INFO] [stderr]     |
[INFO] [stderr]     = note: `#[warn(dead_code)]` on by default
[INFO] [stderr] 
[INFO] [stderr] warning: method `decomposition_pattern` is never used
[INFO] [stderr]   --> src/core_impl/code_generator/attr_sig_info.rs:79:12
[INFO] [stderr]    |
[INFO] [stderr] 79 |     pub fn decomposition_pattern(&self) -> TokenStream2 {
[INFO] [stderr]    |            ^^^^^^^^^^^^^^^^^^^^^
[INFO] [stderr] 
[INFO] [stderr] warning: method `constructor_expr` is never used
[INFO] [stderr]    --> src/core_impl/code_generator/attr_sig_info.rs:110:12
[INFO] [stderr]     |
[INFO] [stderr] 110 |     pub fn constructor_expr(&self) -> TokenStream2 {
[INFO] [stderr]     |            ^^^^^^^^^^^^^^^^
[INFO] [stderr] 
[INFO] [stderr] warning: method `arg_list` is never used
[INFO] [stderr]    --> src/core_impl/code_generator/attr_sig_info.rs:137:12
[INFO] [stderr]     |
[INFO] [stderr] 137 |     pub fn arg_list(&self) -> TokenStream2 {
[INFO] [stderr]     |            ^^^^^^^^
[INFO] [stderr] 
[INFO] [stderr] warning: method `pat_type_list` is never used
[INFO] [stderr]    --> src/core_impl/code_generator/attr_sig_info.rs:159:12
[INFO] [stderr]     |
[INFO] [stderr] 159 |     pub fn pat_type_list(&self) -> TokenStream2 {
[INFO] [stderr]     |            ^^^^^^^^^^^^^
[INFO] [stderr] 
[INFO] [stderr] warning: method `callback_deserialization` is never used
[INFO] [stderr]    --> src/core_impl/code_generator/attr_sig_info.rs:171:12
[INFO] [stderr]     |
[INFO] [stderr] 171 |     pub fn callback_deserialization(&self) -> TokenStream2 {
[INFO] [stderr]     |            ^^^^^^^^^^^^^^^^^^^^^^^^
[INFO] [stderr] 
[INFO] [stderr] warning: method `callback_vec_deserialization` is never used
[INFO] [stderr]    --> src/core_impl/code_generator/attr_sig_info.rs:220:12
[INFO] [stderr]     |
[INFO] [stderr] 220 |     pub fn callback_vec_deserialization(&self) -> TokenStream2 {
[INFO] [stderr]     |            ^^^^^^^^^^^^^^^^^^^^^^^^^^^^
[INFO] [stderr] 
[INFO] [stderr] warning: function `json_serialize` is never used
[INFO] [stderr]    --> src/core_impl/code_generator/impl_item_method_info.rs:251:4
[INFO] [stderr]     |
[INFO] [stderr] 251 | fn json_serialize(attr_signature_info: &AttrSigInfo) -> TokenStream2 {
[INFO] [stderr]     |    ^^^^^^^^^^^^^^
[INFO] [stderr] 
[INFO] [stderr] warning: method `method_wrapper` is never used
[INFO] [stderr]   --> src/core_impl/code_generator/impl_item_method_info.rs:10:12
[INFO] [stderr]    |
[INFO] [stderr] 10 |     pub fn method_wrapper(&self) -> TokenStream2 {
[INFO] [stderr]    |            ^^^^^^^^^^^^^^
[INFO] [stderr] 
[INFO] [stderr] warning: method `marshal_method` is never used
[INFO] [stderr]    --> src/core_impl/code_generator/impl_item_method_info.rs:187:12
[INFO] [stderr]     |
[INFO] [stderr] 187 |     pub fn marshal_method(&self) -> TokenStream2 {
[INFO] [stderr]     |            ^^^^^^^^^^^^^^
[INFO] [stderr] 
[INFO] [stderr] warning: method `wrapped_module` is never used
[INFO] [stderr]  --> src/core_impl/code_generator/item_trait_info.rs:7:12
[INFO] [stderr]   |
[INFO] [stderr] 7 |     pub fn wrapped_module(&self) -> TokenStream2 {
[INFO] [stderr]   |            ^^^^^^^^^^^^^^
[INFO] [stderr] 
[INFO] [stderr] warning: method `method_wrapper` is never used
[INFO] [stderr]   --> src/core_impl/code_generator/trait_item_method_info.rs:10:12
[INFO] [stderr]    |
[INFO] [stderr] 10 |     pub fn method_wrapper(&self) -> TokenStream2 {
[INFO] [stderr]    |            ^^^^^^^^^^^^^^
[INFO] [stderr] 
[INFO] [stderr] warning: associated function `generate_serialier` is never used
[INFO] [stderr]   --> src/core_impl/code_generator/trait_item_method_info.rs:32:12
[INFO] [stderr]    |
[INFO] [stderr] 32 |     pub fn generate_serialier(
[INFO] [stderr]    |            ^^^^^^^^^^^^^^^^^^
[INFO] [stderr] 
[INFO] [stderr] warning: method `wrapper_code` is never used
[INFO] [stderr]  --> src/core_impl/code_generator/item_impl_info.rs:7:12
[INFO] [stderr]   |
[INFO] [stderr] 7 |     pub fn wrapper_code(&self) -> TokenStream2 {
[INFO] [stderr]   |            ^^^^^^^^^^^^
[INFO] [stderr] 
[INFO] [stderr] warning: method `marshall_code` is never used
[INFO] [stderr]   --> src/core_impl/code_generator/item_impl_info.rs:17:12
[INFO] [stderr]    |
[INFO] [stderr] 17 |     pub fn marshall_code(&self) -> TokenStream2 {
[INFO] [stderr]    |            ^^^^^^^^^^^^^
[INFO] [stderr] 
[INFO] [stderr] warning: function `generate_proxy_struct` is never used
[INFO] [stderr]  --> src/core_impl/code_generator/item_struct_info.rs:3:8
[INFO] [stderr]   |
[INFO] [stderr] 3 | pub fn generate_proxy_struct(input: &ItemStruct) -> proc_macro2::TokenStream {
[INFO] [stderr]   |        ^^^^^^^^^^^^^^^^^^^^^
[INFO] [stderr] 
[INFO] [stderr] warning: variant `Serialization` is never constructed
[INFO] [stderr]   --> src/core_impl/info_extractor/mod.rs:52:5
[INFO] [stderr]    |
[INFO] [stderr] 51 | pub enum InputStructType {
[INFO] [stderr]    |          --------------- variant in this enum
[INFO] [stderr] 52 |     Serialization,
[INFO] [stderr]    |     ^^^^^^^^^^^^^
[INFO] [stderr] 
[INFO] [stderr] warning: struct `TraitItemMethodInfo` is never constructed
[INFO] [stderr]  --> src/core_impl/info_extractor/trait_item_method_info.rs:6:12
[INFO] [stderr]   |
[INFO] [stderr] 6 | pub struct TraitItemMethodInfo {
[INFO] [stderr]   |            ^^^^^^^^^^^^^^^^^^^
[INFO] [stderr] 
[INFO] [stderr] warning: associated function `new` is never used
[INFO] [stderr]   --> src/core_impl/info_extractor/trait_item_method_info.rs:16:12
[INFO] [stderr]    |
[INFO] [stderr] 16 |     pub fn new(original: &mut TraitItemMethod) -> syn::Result<Self> {
[INFO] [stderr]    |            ^^^
[INFO] [stderr] 
[INFO] [stderr] warning: struct `ItemTraitInfo` is never constructed
[INFO] [stderr]  --> src/core_impl/info_extractor/item_trait_info.rs:7:12
[INFO] [stderr]   |
[INFO] [stderr] 7 | pub struct ItemTraitInfo {
[INFO] [stderr]   |            ^^^^^^^^^^^^^
[INFO] [stderr] 
[INFO] [stderr] warning: associated function `new` is never used
[INFO] [stderr]   --> src/core_impl/info_extractor/item_trait_info.rs:17:12
[INFO] [stderr]    |
[INFO] [stderr] 17 |     pub fn new(original: &mut ItemTrait, mod_name_override: Option<Ident>) -> syn::Result<Self> {
[INFO] [stderr]    |            ^^^
[INFO] [stderr] 
[INFO] [stderr] warning: function `parse_statements` is never used
[INFO] [stderr]  --> src/core_impl/info_extractor/statements_parser.rs:4:8
[INFO] [stderr]   |
[INFO] [stderr] 4 | pub fn parse_statements(stmts: &[Stmt], functions_called: &mut Vec<Ident>) {
[INFO] [stderr]   |        ^^^^^^^^^^^^^^^^
[INFO] [stderr] 
[INFO] [stderr] warning: function `parse_item` is never used
[INFO] [stderr]   --> src/core_impl/info_extractor/statements_parser.rs:19:4
[INFO] [stderr]    |
[INFO] [stderr] 19 | fn parse_item(it: &syn::Item, functions_called: &mut Vec<Ident>) {
[INFO] [stderr]    |    ^^^^^^^^^^
[INFO] [stderr] 
[INFO] [stderr] warning: function `parse_expr` is never used
[INFO] [stderr]   --> src/core_impl/info_extractor/statements_parser.rs:44:4
[INFO] [stderr]    |
[INFO] [stderr] 44 | fn parse_expr(expr: &Expr, functions_called: &mut Vec<Ident>) {
[INFO] [stderr]    |    ^^^^^^^^^^
[INFO] [stderr] 
[INFO] [stderr] warning: method `wrapper_code` is never used
[INFO] [stderr]  --> src/core_impl/code_generator/item_impl_info.rs:7:12
[INFO] [stderr]   |
[INFO] [stderr] 7 |     pub fn wrapper_code(&self) -> TokenStream2 {
[INFO] [stderr]   |            ^^^^^^^^^^^^
[INFO] [stderr]   |
[INFO] [stderr]   = note: `#[warn(dead_code)]` on by default
[INFO] [stderr] 
[INFO] [stderr] warning: `scanner-syn` (lib) generated 29 warnings (run `cargo fix --lib -p scanner-syn` to apply 5 suggestions)
[INFO] [stderr] warning: `scanner-syn` (lib test) generated 11 warnings (10 duplicates)
[INFO] [stderr]     Finished test [unoptimized + debuginfo] target(s) in 0.03s
[INFO] [stderr]      Running unittests src/lib.rs (/opt/rustwide/target/debug/deps/scanner_syn-2ca003e5c8b34bf1)
[INFO] [stdout] 
[INFO] [stdout] running 28 tests
[INFO] [stdout] test core_impl::code_generator::item_impl_info::tests::args_return_mut_borsh ... ok
[INFO] [stdout] test core_impl::code_generator::item_impl_info::tests::callback_args ... ok
[INFO] [stdout] test core_impl::code_generator::item_impl_info::tests::args_return_ref ... ok
[INFO] [stdout] test core_impl::code_generator::item_impl_info::tests::arg_no_return_no_mut ... ok
[INFO] [stdout] test core_impl::code_generator::item_impl_info::tests::callback_args_results ... ok
[INFO] [stdout] test core_impl::code_generator::item_impl_info::tests::arg_mut_ref ... ok
[INFO] [stdout] test core_impl::code_generator::item_impl_info::tests::callback_args_mixed_serialization ... ok
[INFO] [stdout] test core_impl::code_generator::item_impl_info::tests::init_no_return ... ok
[INFO] [stdout] test core_impl::code_generator::item_impl_info::tests::callback_args_vec ... ok
[INFO] [stdout] test core_impl::code_generator::item_impl_info::tests::callback_args_only ... ok
[INFO] [stdout] test core_impl::code_generator::item_impl_info::tests::args_no_return_mut ... ok
[INFO] [stdout] test core_impl::code_generator::item_impl_info::tests::args_return_mut ... ok
[INFO] [stdout] test core_impl::code_generator::item_impl_info::tests::marshall_borsh ... ok
[INFO] [stdout] test core_impl::code_generator::item_impl_info::tests::marshall_one_arg ... ok
[INFO] [stdout] test core_impl::code_generator::item_impl_info::tests::no_args_no_return_mut_payable ... ok
[INFO] [stdout] test core_impl::code_generator::item_impl_info::tests::arg_ref ... ok
[INFO] [stdout] test core_impl::code_generator::item_impl_info::tests::no_args_no_return_mut ... ok
[INFO] [stdout] test core_impl::code_generator::item_impl_info::tests::owned_no_args_no_return_no_mut ... ok
[INFO] [stdout] test core_impl::code_generator::item_impl_info::tests::init_payable ... ok
[INFO] [stdout] test core_impl::code_generator::item_impl_info::tests::init_ignore_state ... ok
[INFO] [stdout] test core_impl::code_generator::item_impl_info::tests::mut_owned_no_args_no_return ... ok
[INFO] [stdout] test core_impl::code_generator::item_trait_info::tests::standard ... ok
[INFO] [stdout] test core_impl::code_generator::item_impl_info::tests::simple_init ... ok
[INFO] [stdout] test core_impl::code_generator::item_impl_info::tests::no_args_no_return_no_mut ... ok
[INFO] [stdout] test core_impl::code_generator::item_impl_info::tests::private_method ... ok
[INFO] [stdout] test core_impl::code_generator::item_impl_info::tests::trait_implt ... ok
[INFO] [stdout] test core_impl::code_generator::item_trait_info::tests::serialize_with_borsh ... ok
[INFO] [stdout] test core_impl::metadata::metadata_visitor::tests::several_methods ... FAILED
[INFO] [stderr] error: test failed, to rerun pass `--lib`
[INFO] [stdout] 
[INFO] [stdout] failures:
[INFO] [stdout] 
[INFO] [stdout] ---- core_impl::metadata::metadata_visitor::tests::several_methods stdout ----
[INFO] [stdout] thread 'core_impl::metadata::metadata_visitor::tests::several_methods' panicked at 'assertion failed: `(left == right)`
[INFO] [stdout]   left: `"# [cfg (target_arch = \"wasm32\")] # [no_mangle] pub extern \"C\" fn metadata () { near_sdk :: env :: setup_panic_hook () ; use borsh :: * ; let metadata = near_sdk :: Metadata :: new (vec ! [near_sdk :: MethodMetadata { name : \"f1\" . to_string () , is_view : true , is_init : false , args : None , callbacks : vec ! [] , callbacks_vec : None , result : None } , near_sdk :: MethodMetadata { name : \"f2\" . to_string () , is_view : false , is_init : false , args : { # [derive (borsh :: BorshSchema)] # [allow (dead_code)] # [derive (near_sdk :: serde :: Deserialize)] # [serde (crate = \"near_sdk::serde\")] struct Input { arg0 : FancyStruct , arg1 : u64 , } Some (Input :: schema_container ()) } , callbacks : vec ! [] , callbacks_vec : None , result : None } , near_sdk :: MethodMetadata { name : \"f3\" . to_string () , is_view : false , is_init : false , args : { # [derive (borsh :: BorshSchema)] # [allow (dead_code)] # [derive (near_sdk :: serde :: Deserialize)] # [serde (crate = \"near_sdk::serde\")] struct Input { arg0 : FancyStruct , arg1 : u64 , } Some (Input :: schema_container ()) } , callbacks : vec ! [] , callbacks_vec : None , result : Some (Result < IsOk , Error > :: schema_container ()) }]) ; let data = near_sdk :: borsh :: BorshSerialize :: try_to_vec (& metadata) . expect (\"Failed to serialize the metadata using Borsh\") ; near_sdk :: env :: value_return (& data) ; }"`,
[INFO] [stdout]  right: `"FunctionInfo { name : \"f1\" , is_public : true , is_trait_impl : false , is_init : false , is_payable : false , is_view : true , is_mutable : false , is_process : true , is_private_cccalls : false , is_out_of_contract_scope : false , is_event : false } , FunctionInfo { name : \"f2\" , is_public : true , is_trait_impl : false , is_init : false , is_payable : false , is_view : false , is_mutable : true , is_process : true , is_private_cccalls : false , is_out_of_contract_scope : false , is_event : false } , FunctionInfo { name : \"f3\" , is_public : true , is_trait_impl : true , is_init : false , is_payable : false , is_view : false , is_mutable : true , is_process : false , is_private_cccalls : false , is_out_of_contract_scope : false , is_event : false }"`', src/core_impl/metadata/metadata_visitor.rs:252:9
[INFO] [stdout] stack backtrace:
[INFO] [stdout]    0:     0x55587635ab7a - std::backtrace_rs::backtrace::libunwind::trace::ha9053a9a07ca49cb
[INFO] [stdout]                                at /rustc/84c898d65adf2f39a5a98507f1fe0ce10a2b8dbc/library/std/src/../../backtrace/src/backtrace/libunwind.rs:93:5
[INFO] [stdout]    1:     0x55587635ab7a - std::backtrace_rs::backtrace::trace_unsynchronized::h9c2852a457ad564e
[INFO] [stdout]                                at /rustc/84c898d65adf2f39a5a98507f1fe0ce10a2b8dbc/library/std/src/../../backtrace/src/backtrace/mod.rs:66:5
[INFO] [stdout]    2:     0x55587635ab7a - std::sys_common::backtrace::_print_fmt::h457936fbfaa0070f
[INFO] [stdout]                                at /rustc/84c898d65adf2f39a5a98507f1fe0ce10a2b8dbc/library/std/src/sys_common/backtrace.rs:65:5
[INFO] [stdout]    3:     0x55587635ab7a - <std::sys_common::backtrace::_print::DisplayBacktrace as core::fmt::Display>::fmt::h5779d7bf7f70cb0c
[INFO] [stdout]                                at /rustc/84c898d65adf2f39a5a98507f1fe0ce10a2b8dbc/library/std/src/sys_common/backtrace.rs:44:22
[INFO] [stdout]    4:     0x55587637e5ce - core::fmt::write::h5a4baaff1bcd3eb5
[INFO] [stdout]                                at /rustc/84c898d65adf2f39a5a98507f1fe0ce10a2b8dbc/library/core/src/fmt/mod.rs:1232:17
[INFO] [stdout]    5:     0x555876357fe5 - std::io::Write::write_fmt::h478f79c628ef31d1
[INFO] [stdout]                                at /rustc/84c898d65adf2f39a5a98507f1fe0ce10a2b8dbc/library/std/src/io/mod.rs:1684:15
[INFO] [stdout]    6:     0x55587635a945 - std::sys_common::backtrace::_print::h5fcdc36060f177e8
[INFO] [stdout]                                at /rustc/84c898d65adf2f39a5a98507f1fe0ce10a2b8dbc/library/std/src/sys_common/backtrace.rs:47:5
[INFO] [stdout]    7:     0x55587635a945 - std::sys_common::backtrace::print::h54ca9458b876c8bf
[INFO] [stdout]                                at /rustc/84c898d65adf2f39a5a98507f1fe0ce10a2b8dbc/library/std/src/sys_common/backtrace.rs:34:9
[INFO] [stdout]    8:     0x55587635c70f - std::panicking::default_hook::{{closure}}::hbe471161c7664ed6
[INFO] [stdout]                                at /rustc/84c898d65adf2f39a5a98507f1fe0ce10a2b8dbc/library/std/src/panicking.rs:271:22
[INFO] [stdout]    9:     0x55587635c3cf - std::panicking::default_hook::ha3500da57aa4ac4f
[INFO] [stdout]                                at /rustc/84c898d65adf2f39a5a98507f1fe0ce10a2b8dbc/library/std/src/panicking.rs:287:9
[INFO] [stdout]   10:     0x5558761befc7 - <alloc::boxed::Box<F,A> as core::ops::function::Fn<Args>>::call::hdf1b89dd137ece34
[INFO] [stdout]                                at /rustc/84c898d65adf2f39a5a98507f1fe0ce10a2b8dbc/library/alloc/src/boxed.rs:2001:9
[INFO] [stdout]   11:     0x5558761befc7 - test::test_main::{{closure}}::h9081a79f20e75698
[INFO] [stdout]                                at /rustc/84c898d65adf2f39a5a98507f1fe0ce10a2b8dbc/library/test/src/lib.rs:135:21
[INFO] [stdout]   12:     0x55587635ce3d - <alloc::boxed::Box<F,A> as core::ops::function::Fn<Args>>::call::h6507bddc3eebb4a5
[INFO] [stdout]                                at /rustc/84c898d65adf2f39a5a98507f1fe0ce10a2b8dbc/library/alloc/src/boxed.rs:2001:9
[INFO] [stdout]   13:     0x55587635ce3d - std::panicking::rust_panic_with_hook::h50c09d000dc561d2
[INFO] [stdout]                                at /rustc/84c898d65adf2f39a5a98507f1fe0ce10a2b8dbc/library/std/src/panicking.rs:696:13
[INFO] [stdout]   14:     0x55587635cbb9 - std::panicking::begin_panic_handler::{{closure}}::h9e2b2176e00e0d9c
[INFO] [stdout]                                at /rustc/84c898d65adf2f39a5a98507f1fe0ce10a2b8dbc/library/std/src/panicking.rs:583:13
[INFO] [stdout]   15:     0x55587635afe6 - std::sys_common::backtrace::__rust_end_short_backtrace::h5739b8e512c09d02
[INFO] [stdout]                                at /rustc/84c898d65adf2f39a5a98507f1fe0ce10a2b8dbc/library/std/src/sys_common/backtrace.rs:150:18
[INFO] [stdout]   16:     0x55587635c8c2 - rust_begin_unwind
[INFO] [stdout]                                at /rustc/84c898d65adf2f39a5a98507f1fe0ce10a2b8dbc/library/std/src/panicking.rs:579:5
[INFO] [stdout]   17:     0x55587612d673 - core::panicking::panic_fmt::hf33a1475b4dc5c3e
[INFO] [stdout]                                at /rustc/84c898d65adf2f39a5a98507f1fe0ce10a2b8dbc/library/core/src/panicking.rs:64:14
[INFO] [stdout]   18:     0x55587612d94f - core::panicking::assert_failed_inner::haf9816227b20b6f2
[INFO] [stdout]   19:     0x55587615bfda - core::panicking::assert_failed::h8b272a350bc99f24
[INFO] [stdout]                                at /rustc/84c898d65adf2f39a5a98507f1fe0ce10a2b8dbc/library/core/src/panicking.rs:211:5
[INFO] [stdout]   20:     0x555876159c6d - scanner_syn::core_impl::metadata::metadata_visitor::tests::several_methods::h2eb3926ca9ae4c32
[INFO] [stdout]                                at /opt/rustwide/workdir/src/core_impl/metadata/metadata_visitor.rs:252:9
[INFO] [stdout]   21:     0x555876156407 - scanner_syn::core_impl::metadata::metadata_visitor::tests::several_methods::{{closure}}::h095b210b3d8d987c
[INFO] [stdout]                                at /opt/rustwide/workdir/src/core_impl/metadata/metadata_visitor.rs:172:26
[INFO] [stdout]   22:     0x55587615e7d5 - core::ops::function::FnOnce::call_once::h61dcb1064e27eae1
[INFO] [stdout]                                at /rustc/84c898d65adf2f39a5a98507f1fe0ce10a2b8dbc/library/core/src/ops/function.rs:250:5
[INFO] [stdout]   23:     0x5558761c43af - core::ops::function::FnOnce::call_once::h7d969581be7d0075
[INFO] [stdout]                                at /rustc/84c898d65adf2f39a5a98507f1fe0ce10a2b8dbc/library/core/src/ops/function.rs:250:5
[INFO] [stdout]   24:     0x5558761c43af - test::__rust_begin_short_backtrace::hca25a52684e56655
[INFO] [stdout]                                at /rustc/84c898d65adf2f39a5a98507f1fe0ce10a2b8dbc/library/test/src/lib.rs:656:18
[INFO] [stdout]   25:     0x5558761959cc - test::run_test::{{closure}}::ha8ac744c4af1a4bb
[INFO] [stdout]                                at /rustc/84c898d65adf2f39a5a98507f1fe0ce10a2b8dbc/library/test/src/lib.rs:647:30
[INFO] [stdout]   26:     0x5558761959cc - core::ops::function::FnOnce::call_once{{vtable.shim}}::h7b411a9ed45bdecf
[INFO] [stdout]                                at /rustc/84c898d65adf2f39a5a98507f1fe0ce10a2b8dbc/library/core/src/ops/function.rs:250:5
[INFO] [stdout]   27:     0x5558761c3376 - <alloc::boxed::Box<F,A> as core::ops::function::FnOnce<Args>>::call_once::hd05328869a8ed200
[INFO] [stdout]                                at /rustc/84c898d65adf2f39a5a98507f1fe0ce10a2b8dbc/library/alloc/src/boxed.rs:1987:9
[INFO] [stdout]   28:     0x5558761c3376 - <core::panic::unwind_safe::AssertUnwindSafe<F> as core::ops::function::FnOnce<()>>::call_once::h0c601ce20bd5b2be
[INFO] [stdout]                                at /rustc/84c898d65adf2f39a5a98507f1fe0ce10a2b8dbc/library/core/src/panic/unwind_safe.rs:271:9
[INFO] [stdout]   29:     0x5558761c3376 - std::panicking::try::do_call::ha4be5c164fe30854
[INFO] [stdout]                                at /rustc/84c898d65adf2f39a5a98507f1fe0ce10a2b8dbc/library/std/src/panicking.rs:487:40
[INFO] [stdout]   30:     0x5558761c3376 - std::panicking::try::h604546f3609af05f
[INFO] [stdout]                                at /rustc/84c898d65adf2f39a5a98507f1fe0ce10a2b8dbc/library/std/src/panicking.rs:451:19
[INFO] [stdout]   31:     0x5558761c3376 - std::panic::catch_unwind::h5bfa8afe44c9c2f9
[INFO] [stdout]                                at /rustc/84c898d65adf2f39a5a98507f1fe0ce10a2b8dbc/library/std/src/panic.rs:140:14
[INFO] [stdout]   32:     0x5558761c3376 - test::run_test_in_process::hd50dee55dd63e6aa
[INFO] [stdout]                                at /rustc/84c898d65adf2f39a5a98507f1fe0ce10a2b8dbc/library/test/src/lib.rs:679:27
[INFO] [stdout]   33:     0x5558761c3376 - test::run_test::run_test_inner::{{closure}}::h4aa0f433aa85cea8
[INFO] [stdout]                                at /rustc/84c898d65adf2f39a5a98507f1fe0ce10a2b8dbc/library/test/src/lib.rs:573:39
[INFO] [stdout]   34:     0x555876190041 - test::run_test::run_test_inner::{{closure}}::had56431adf24b4d6
[INFO] [stdout]                                at /rustc/84c898d65adf2f39a5a98507f1fe0ce10a2b8dbc/library/test/src/lib.rs:600:37
[INFO] [stdout]   35:     0x555876190041 - std::sys_common::backtrace::__rust_begin_short_backtrace::ha8d9890e0c73bf13
[INFO] [stdout]                                at /rustc/84c898d65adf2f39a5a98507f1fe0ce10a2b8dbc/library/std/src/sys_common/backtrace.rs:134:18
[INFO] [stdout]   36:     0x555876195a5b - std::thread::Builder::spawn_unchecked_::{{closure}}::{{closure}}::h251832bcb4a95327
[INFO] [stdout]                                at /rustc/84c898d65adf2f39a5a98507f1fe0ce10a2b8dbc/library/std/src/thread/mod.rs:560:17
[INFO] [stdout]   37:     0x555876195a5b - <core::panic::unwind_safe::AssertUnwindSafe<F> as core::ops::function::FnOnce<()>>::call_once::h8fdff598fa414831
[INFO] [stdout]                                at /rustc/84c898d65adf2f39a5a98507f1fe0ce10a2b8dbc/library/core/src/panic/unwind_safe.rs:271:9
[INFO] [stdout]   38:     0x555876195a5b - std::panicking::try::do_call::h455dd2f7764a950f
[INFO] [stdout]                                at /rustc/84c898d65adf2f39a5a98507f1fe0ce10a2b8dbc/library/std/src/panicking.rs:487:40
[INFO] [stdout]   39:     0x555876195a5b - std::panicking::try::had6f23b7b73ae72a
[INFO] [stdout]                                at /rustc/84c898d65adf2f39a5a98507f1fe0ce10a2b8dbc/library/std/src/panicking.rs:451:19
[INFO] [stdout]   40:     0x555876195a5b - std::panic::catch_unwind::ha6a5ca3915b4dad0
[INFO] [stdout]                                at /rustc/84c898d65adf2f39a5a98507f1fe0ce10a2b8dbc/library/std/src/panic.rs:140:14
[INFO] [stdout]   41:     0x555876195a5b - std::thread::Builder::spawn_unchecked_::{{closure}}::h883b72ef75da6231
[INFO] [stdout]                                at /rustc/84c898d65adf2f39a5a98507f1fe0ce10a2b8dbc/library/std/src/thread/mod.rs:559:30
[INFO] [stdout]   42:     0x555876195a5b - core::ops::function::FnOnce::call_once{{vtable.shim}}::hb7dff73dc8bd2ccb
[INFO] [stdout]                                at /rustc/84c898d65adf2f39a5a98507f1fe0ce10a2b8dbc/library/core/src/ops/function.rs:250:5
[INFO] [stdout]   43:     0x555876361233 - <alloc::boxed::Box<F,A> as core::ops::function::FnOnce<Args>>::call_once::h39990b24eedef2ab
[INFO] [stdout]                                at /rustc/84c898d65adf2f39a5a98507f1fe0ce10a2b8dbc/library/alloc/src/boxed.rs:1987:9
[INFO] [stdout]   44:     0x555876361233 - <alloc::boxed::Box<F,A> as core::ops::function::FnOnce<Args>>::call_once::h01a027258444143b
[INFO] [stdout]                                at /rustc/84c898d65adf2f39a5a98507f1fe0ce10a2b8dbc/library/alloc/src/boxed.rs:1987:9
[INFO] [stdout]   45:     0x555876361233 - std::sys::unix::thread::Thread::new::thread_start::ha4f1cdd9c25884ba
[INFO] [stdout]                                at /rustc/84c898d65adf2f39a5a98507f1fe0ce10a2b8dbc/library/std/src/sys/unix/thread.rs:108:17
[INFO] [stdout]   46:     0x7f8ec0427b43 - <unknown>
[INFO] [stdout]   47:     0x7f8ec04b8bb4 - __clone
[INFO] [stdout]   48:                0x0 - <unknown>
[INFO] [stdout] 
[INFO] [stdout] 
[INFO] [stdout] failures:
[INFO] [stdout]     core_impl::metadata::metadata_visitor::tests::several_methods
[INFO] [stdout] 
[INFO] [stdout] test result: FAILED. 27 passed; 1 failed; 0 ignored; 0 measured; 0 filtered out; finished in 0.15s
[INFO] [stdout] 
[INFO] running `Command { std: "docker" "inspect" "8f70b8b78a31810cd34f27281cc2dd1a063815e464cdf01dd2ea9e1dcb8eded9", kill_on_drop: false }`
[INFO] running `Command { std: "docker" "rm" "-f" "8f70b8b78a31810cd34f27281cc2dd1a063815e464cdf01dd2ea9e1dcb8eded9", kill_on_drop: false }`
[INFO] [stdout] 8f70b8b78a31810cd34f27281cc2dd1a063815e464cdf01dd2ea9e1dcb8eded9
