[INFO] fetching crate scale-encode-derive 0.1.2...
[INFO] testing scale-encode-derive-0.1.2 against 1.69.0 for beta-1.70-1
[INFO] extracting crate scale-encode-derive 0.1.2 into /workspace/builds/worker-1-tc1/source
[INFO] validating manifest of crates.io crate scale-encode-derive 0.1.2 on toolchain 1.69.0
[INFO] running `Command { std: CARGO_HOME="/workspace/cargo-home" RUSTUP_HOME="/workspace/rustup-home" "/workspace/cargo-home/bin/cargo" "+1.69.0" "metadata" "--manifest-path" "Cargo.toml" "--no-deps", kill_on_drop: false }`
[INFO] started tweaking crates.io crate scale-encode-derive 0.1.2
[INFO] finished tweaking crates.io crate scale-encode-derive 0.1.2
[INFO] tweaked toml for crates.io crate scale-encode-derive 0.1.2 written to /workspace/builds/worker-1-tc1/source/Cargo.toml
[INFO] running `Command { std: CARGO_HOME="/workspace/cargo-home" RUSTUP_HOME="/workspace/rustup-home" __CARGO_TEST_CHANNEL_OVERRIDE_DO_NOT_USE_THIS="nightly" "/workspace/cargo-home/bin/cargo" "+1.69.0" "generate-lockfile" "--manifest-path" "Cargo.toml" "-Zno-index-update", kill_on_drop: false }`
[INFO] running `Command { std: CARGO_HOME="/workspace/cargo-home" RUSTUP_HOME="/workspace/rustup-home" "/workspace/cargo-home/bin/cargo" "+1.69.0" "fetch" "--manifest-path" "Cargo.toml", kill_on_drop: false }`
[INFO] running `Command { std: "docker" "create" "-v" "/var/lib/crater-agent-workspace/builds/worker-1-tc1/target:/opt/rustwide/target:rw,Z" "-v" "/var/lib/crater-agent-workspace/builds/worker-1-tc1/source:/opt/rustwide/workdir:ro,Z" "-v" "/var/lib/crater-agent-workspace/cargo-home:/opt/rustwide/cargo-home:ro,Z" "-v" "/var/lib/crater-agent-workspace/rustup-home:/opt/rustwide/rustup-home:ro,Z" "-e" "SOURCE_DIR=/opt/rustwide/workdir" "-e" "CARGO_TARGET_DIR=/opt/rustwide/target" "-e" "CARGO_HOME=/opt/rustwide/cargo-home" "-e" "RUSTUP_HOME=/opt/rustwide/rustup-home" "-w" "/opt/rustwide/workdir" "-m" "1610612736" "--user" "0:0" "--network" "none" "ghcr.io/rust-lang/crates-build-env/linux@sha256:5ff2268d62e97bff2cde7d5815dd6ed5b47097566f13b8d0ca110b04b60e07ed" "/opt/rustwide/cargo-home/bin/cargo" "+1.69.0" "metadata" "--no-deps" "--format-version=1", kill_on_drop: false }`
[INFO] [stdout] b026721a7dc041945de95ceb24030e9daeb8c63e47ba5d07825abfd53de14594
[INFO] running `Command { std: "docker" "start" "-a" "b026721a7dc041945de95ceb24030e9daeb8c63e47ba5d07825abfd53de14594", kill_on_drop: false }`
[INFO] running `Command { std: "docker" "inspect" "b026721a7dc041945de95ceb24030e9daeb8c63e47ba5d07825abfd53de14594", kill_on_drop: false }`
[INFO] running `Command { std: "docker" "rm" "-f" "b026721a7dc041945de95ceb24030e9daeb8c63e47ba5d07825abfd53de14594", kill_on_drop: false }`
[INFO] [stdout] b026721a7dc041945de95ceb24030e9daeb8c63e47ba5d07825abfd53de14594
[INFO] running `Command { std: "docker" "create" "-v" "/var/lib/crater-agent-workspace/builds/worker-1-tc1/target:/opt/rustwide/target:rw,Z" "-v" "/var/lib/crater-agent-workspace/builds/worker-1-tc1/source:/opt/rustwide/workdir:ro,Z" "-v" "/var/lib/crater-agent-workspace/cargo-home:/opt/rustwide/cargo-home:ro,Z" "-v" "/var/lib/crater-agent-workspace/rustup-home:/opt/rustwide/rustup-home:ro,Z" "-e" "SOURCE_DIR=/opt/rustwide/workdir" "-e" "CARGO_TARGET_DIR=/opt/rustwide/target" "-e" "CARGO_INCREMENTAL=0" "-e" "RUST_BACKTRACE=full" "-e" "RUSTFLAGS=--cap-lints=warn" "-e" "RUSTDOCFLAGS=--cap-lints=warn" "-e" "CARGO_HOME=/opt/rustwide/cargo-home" "-e" "RUSTUP_HOME=/opt/rustwide/rustup-home" "-w" "/opt/rustwide/workdir" "-m" "1610612736" "--user" "0:0" "--network" "none" "ghcr.io/rust-lang/crates-build-env/linux@sha256:5ff2268d62e97bff2cde7d5815dd6ed5b47097566f13b8d0ca110b04b60e07ed" "/opt/rustwide/cargo-home/bin/cargo" "+1.69.0" "build" "--frozen" "--message-format=json", kill_on_drop: false }`
[INFO] [stdout] 33685db11b7594c7715e18d613e7d7d03f38fc01974ae949e2799e47e9492c6d
[INFO] running `Command { std: "docker" "start" "-a" "33685db11b7594c7715e18d613e7d7d03f38fc01974ae949e2799e47e9492c6d", kill_on_drop: false }`
[INFO] [stderr]    Compiling syn v1.0.109
[INFO] [stderr]    Compiling hashbrown v0.12.3
[INFO] [stderr]    Compiling ident_case v1.0.1
[INFO] [stderr]    Compiling strsim v0.10.0
[INFO] [stderr]    Compiling indexmap v1.9.3
[INFO] [stderr]    Compiling fnv v1.0.7
[INFO] [stderr]    Compiling toml_datetime v0.6.1
[INFO] [stderr]    Compiling winnow v0.4.4
[INFO] [stderr]    Compiling toml_edit v0.19.8
[INFO] [stderr]    Compiling proc-macro-crate v1.3.1
[INFO] [stderr]    Compiling darling_core v0.14.4
[INFO] [stderr]    Compiling darling_macro v0.14.4
[INFO] [stderr]    Compiling darling v0.14.4
[INFO] [stderr]    Compiling scale-encode-derive v0.1.2 (/opt/rustwide/workdir)
[INFO] [stderr]     Finished dev [unoptimized + debuginfo] target(s) in 16.33s
[INFO] running `Command { std: "docker" "inspect" "33685db11b7594c7715e18d613e7d7d03f38fc01974ae949e2799e47e9492c6d", kill_on_drop: false }`
[INFO] running `Command { std: "docker" "rm" "-f" "33685db11b7594c7715e18d613e7d7d03f38fc01974ae949e2799e47e9492c6d", kill_on_drop: false }`
[INFO] [stdout] 33685db11b7594c7715e18d613e7d7d03f38fc01974ae949e2799e47e9492c6d
[INFO] running `Command { std: "docker" "create" "-v" "/var/lib/crater-agent-workspace/builds/worker-1-tc1/target:/opt/rustwide/target:rw,Z" "-v" "/var/lib/crater-agent-workspace/builds/worker-1-tc1/source:/opt/rustwide/workdir:ro,Z" "-v" "/var/lib/crater-agent-workspace/cargo-home:/opt/rustwide/cargo-home:ro,Z" "-v" "/var/lib/crater-agent-workspace/rustup-home:/opt/rustwide/rustup-home:ro,Z" "-e" "SOURCE_DIR=/opt/rustwide/workdir" "-e" "CARGO_TARGET_DIR=/opt/rustwide/target" "-e" "CARGO_INCREMENTAL=0" "-e" "RUST_BACKTRACE=full" "-e" "RUSTFLAGS=--cap-lints=warn" "-e" "RUSTDOCFLAGS=--cap-lints=warn" "-e" "CARGO_HOME=/opt/rustwide/cargo-home" "-e" "RUSTUP_HOME=/opt/rustwide/rustup-home" "-w" "/opt/rustwide/workdir" "-m" "1610612736" "--user" "0:0" "--network" "none" "ghcr.io/rust-lang/crates-build-env/linux@sha256:5ff2268d62e97bff2cde7d5815dd6ed5b47097566f13b8d0ca110b04b60e07ed" "/opt/rustwide/cargo-home/bin/cargo" "+1.69.0" "test" "--frozen" "--no-run" "--message-format=json", kill_on_drop: false }`
[INFO] [stdout] 7b1b440c740245bd45a0e59da2f529ac479ae893335879c90b66b51588fd27e4
[INFO] running `Command { std: "docker" "start" "-a" "7b1b440c740245bd45a0e59da2f529ac479ae893335879c90b66b51588fd27e4", kill_on_drop: false }`
[INFO] [stderr]    Compiling scale-encode-derive v0.1.2 (/opt/rustwide/workdir)
[INFO] [stderr]     Finished test [unoptimized + debuginfo] target(s) in 1.17s
[INFO] running `Command { std: "docker" "inspect" "7b1b440c740245bd45a0e59da2f529ac479ae893335879c90b66b51588fd27e4", kill_on_drop: false }`
[INFO] running `Command { std: "docker" "rm" "-f" "7b1b440c740245bd45a0e59da2f529ac479ae893335879c90b66b51588fd27e4", kill_on_drop: false }`
[INFO] [stdout] 7b1b440c740245bd45a0e59da2f529ac479ae893335879c90b66b51588fd27e4
[INFO] running `Command { std: "docker" "create" "-v" "/var/lib/crater-agent-workspace/builds/worker-1-tc1/target:/opt/rustwide/target:rw,Z" "-v" "/var/lib/crater-agent-workspace/builds/worker-1-tc1/source:/opt/rustwide/workdir:ro,Z" "-v" "/var/lib/crater-agent-workspace/cargo-home:/opt/rustwide/cargo-home:ro,Z" "-v" "/var/lib/crater-agent-workspace/rustup-home:/opt/rustwide/rustup-home:ro,Z" "-e" "SOURCE_DIR=/opt/rustwide/workdir" "-e" "CARGO_TARGET_DIR=/opt/rustwide/target" "-e" "CARGO_INCREMENTAL=0" "-e" "RUST_BACKTRACE=full" "-e" "RUSTFLAGS=--cap-lints=warn" "-e" "RUSTDOCFLAGS=--cap-lints=warn" "-e" "CARGO_HOME=/opt/rustwide/cargo-home" "-e" "RUSTUP_HOME=/opt/rustwide/rustup-home" "-w" "/opt/rustwide/workdir" "-m" "1610612736" "--user" "0:0" "--network" "none" "ghcr.io/rust-lang/crates-build-env/linux@sha256:5ff2268d62e97bff2cde7d5815dd6ed5b47097566f13b8d0ca110b04b60e07ed" "/opt/rustwide/cargo-home/bin/cargo" "+1.69.0" "test" "--frozen", kill_on_drop: false }`
[INFO] [stdout] 6e6f9b06845d7d7a885aff92c001ce2f01557f232bff79c49c5c5a74e1efe38c
[INFO] running `Command { std: "docker" "start" "-a" "6e6f9b06845d7d7a885aff92c001ce2f01557f232bff79c49c5c5a74e1efe38c", kill_on_drop: false }`
[INFO] [stderr]     Finished test [unoptimized + debuginfo] target(s) in 0.03s
[INFO] [stderr]      Running unittests src/lib.rs (/opt/rustwide/target/debug/deps/scale_encode_derive-7627af6de927c116)
[INFO] [stderr]    Doc-tests scale-encode-derive
[INFO] [stdout] 
[INFO] [stdout] running 0 tests
[INFO] [stdout] 
[INFO] [stdout] test result: ok. 0 passed; 0 failed; 0 ignored; 0 measured; 0 filtered out; finished in 0.00s
[INFO] [stdout] 
[INFO] [stdout] 
[INFO] [stdout] running 3 tests
[INFO] [stdout] test src/lib.rs - derive_macro (line 29) ... FAILED
[INFO] [stdout] test src/lib.rs - derive_macro (line 52) ... FAILED
[INFO] [stdout] test src/lib.rs - derive_macro (line 67) ... FAILED
[INFO] [stdout] 
[INFO] [stdout] failures:
[INFO] [stdout] 
[INFO] [stdout] ---- src/lib.rs - derive_macro (line 29) stdout ----
[INFO] [stdout] error[E0432]: unresolved import `scale_encode`
[INFO] [stdout]  --> src/lib.rs:30:5
[INFO] [stdout]   |
[INFO] [stdout] 3 | use scale_encode::EncodeAsType;
[INFO] [stdout]   |     ^^^^^^^^^^^^ use of undeclared crate or module `scale_encode`
[INFO] [stdout] 
[INFO] [stdout] error: cannot determine resolution for the derive macro `EncodeAsType`
[INFO] [stdout]   --> src/lib.rs:41:10
[INFO] [stdout]    |
[INFO] [stdout] 14 | #[derive(EncodeAsType)]
[INFO] [stdout]    |          ^^^^^^^^^^^^
[INFO] [stdout]    |
[INFO] [stdout]    = note: import resolution is stuck, try simplifying macro imports
[INFO] [stdout] 
[INFO] [stdout] error: cannot determine resolution for the derive macro `EncodeAsType`
[INFO] [stdout]  --> src/lib.rs:35:10
[INFO] [stdout]   |
[INFO] [stdout] 8 | #[derive(EncodeAsType)]
[INFO] [stdout]   |          ^^^^^^^^^^^^
[INFO] [stdout]   |
[INFO] [stdout]   = note: import resolution is stuck, try simplifying macro imports
[INFO] [stdout] 
[INFO] [stdout] error: cannot determine resolution for the derive macro `EncodeAsType`
[INFO] [stdout]  --> src/lib.rs:32:10
[INFO] [stdout]   |
[INFO] [stdout] 5 | #[derive(EncodeAsType)]
[INFO] [stdout]   |          ^^^^^^^^^^^^
[INFO] [stdout]   |
[INFO] [stdout]   = note: import resolution is stuck, try simplifying macro imports
[INFO] [stdout] 
[INFO] [stdout] error: aborting due to 4 previous errors
[INFO] [stdout] 
[INFO] [stdout] For more information about this error, try `rustc --explain E0432`.
[INFO] [stdout] Couldn't compile the test.
[INFO] [stdout] ---- src/lib.rs - derive_macro (line 52) stdout ----
[INFO] [stdout] error[E0432]: unresolved import `scale_encode`
[INFO] [stdout]  --> src/lib.rs:53:5
[INFO] [stdout]   |
[INFO] [stdout] 3 | use scale_encode as alt_path;
[INFO] [stdout]   |     ^^^^^^^^^^^^^^^^^^^^^^^^ no external crate `scale_encode`
[INFO] [stdout] 
[INFO] [stdout] error: cannot determine resolution for the derive macro `EncodeAsType`
[INFO] [stdout]  --> src/lib.rs:56:10
[INFO] [stdout]   |
[INFO] [stdout] 6 | #[derive(EncodeAsType)]
[INFO] [stdout]   |          ^^^^^^^^^^^^
[INFO] [stdout]   |
[INFO] [stdout]   = note: import resolution is stuck, try simplifying macro imports
[INFO] [stdout] 
[INFO] [stdout] error: cannot find attribute `encode_as_type` in this scope
[INFO] [stdout]  --> src/lib.rs:57:3
[INFO] [stdout]   |
[INFO] [stdout] 7 | #[encode_as_type(crate_path = "alt_path")]
[INFO] [stdout]   |   ^^^^^^^^^^^^^^
[INFO] [stdout] 
[INFO] [stdout] error: aborting due to 3 previous errors
[INFO] [stdout] 
[INFO] [stdout] For more information about this error, try `rustc --explain E0432`.
[INFO] [stdout] Couldn't compile the test.
[INFO] [stdout] ---- src/lib.rs - derive_macro (line 67) stdout ----
[INFO] [stdout] error[E0432]: unresolved import `scale_encode`
[INFO] [stdout]  --> src/lib.rs:68:5
[INFO] [stdout]   |
[INFO] [stdout] 3 | use scale_encode::EncodeAsType;
[INFO] [stdout]   |     ^^^^^^^^^^^^ use of undeclared crate or module `scale_encode`
[INFO] [stdout] 
[INFO] [stdout] error: cannot determine resolution for the derive macro `EncodeAsType`
[INFO] [stdout]  --> src/lib.rs:70:10
[INFO] [stdout]   |
[INFO] [stdout] 5 | #[derive(EncodeAsType)]
[INFO] [stdout]   |          ^^^^^^^^^^^^
[INFO] [stdout]   |
[INFO] [stdout]   = note: import resolution is stuck, try simplifying macro imports
[INFO] [stdout] 
[INFO] [stdout] error: cannot find attribute `encode_as_type` in this scope
[INFO] [stdout]  --> src/lib.rs:71:3
[INFO] [stdout]   |
[INFO] [stdout] 6 | #[encode_as_type(trait_bounds = "")]
[INFO] [stdout]   |   ^^^^^^^^^^^^^^
[INFO] [stdout] 
[INFO] [stdout] error: aborting due to 3 previous errors
[INFO] [stdout] 
[INFO] [stdout] For more information about this error, try `rustc --explain E0432`.
[INFO] [stdout] Couldn't compile the test.
[INFO] [stdout] 
[INFO] [stdout] failures:
[INFO] [stdout]     src/lib.rs - derive_macro (line 29)
[INFO] [stdout]     src/lib.rs - derive_macro (line 52)
[INFO] [stdout]     src/lib.rs - derive_macro (line 67)
[INFO] [stdout] 
[INFO] [stdout] test result: FAILED. 0 passed; 3 failed; 0 ignored; 0 measured; 0 filtered out; finished in 0.12s
[INFO] [stdout] 
[INFO] [stderr] error: doctest failed, to rerun pass `--doc`
[INFO] running `Command { std: "docker" "inspect" "6e6f9b06845d7d7a885aff92c001ce2f01557f232bff79c49c5c5a74e1efe38c", kill_on_drop: false }`
[INFO] running `Command { std: "docker" "rm" "-f" "6e6f9b06845d7d7a885aff92c001ce2f01557f232bff79c49c5c5a74e1efe38c", kill_on_drop: false }`
[INFO] [stdout] 6e6f9b06845d7d7a885aff92c001ce2f01557f232bff79c49c5c5a74e1efe38c
