[INFO] fetching crate scale-decode-derive 0.5.0...
[INFO] testing scale-decode-derive-0.5.0 against 1.69.0 for beta-1.70-1
[INFO] extracting crate scale-decode-derive 0.5.0 into /workspace/builds/worker-7-tc1/source
[INFO] validating manifest of crates.io crate scale-decode-derive 0.5.0 on toolchain 1.69.0
[INFO] running `Command { std: CARGO_HOME="/workspace/cargo-home" RUSTUP_HOME="/workspace/rustup-home" "/workspace/cargo-home/bin/cargo" "+1.69.0" "metadata" "--manifest-path" "Cargo.toml" "--no-deps", kill_on_drop: false }`
[INFO] started tweaking crates.io crate scale-decode-derive 0.5.0
[INFO] finished tweaking crates.io crate scale-decode-derive 0.5.0
[INFO] tweaked toml for crates.io crate scale-decode-derive 0.5.0 written to /workspace/builds/worker-7-tc1/source/Cargo.toml
[INFO] running `Command { std: CARGO_HOME="/workspace/cargo-home" RUSTUP_HOME="/workspace/rustup-home" __CARGO_TEST_CHANNEL_OVERRIDE_DO_NOT_USE_THIS="nightly" "/workspace/cargo-home/bin/cargo" "+1.69.0" "generate-lockfile" "--manifest-path" "Cargo.toml" "-Zno-index-update", kill_on_drop: false }`
[INFO] running `Command { std: CARGO_HOME="/workspace/cargo-home" RUSTUP_HOME="/workspace/rustup-home" "/workspace/cargo-home/bin/cargo" "+1.69.0" "fetch" "--manifest-path" "Cargo.toml", kill_on_drop: false }`
[INFO] running `Command { std: "docker" "create" "-v" "/var/lib/crater-agent-workspace/builds/worker-7-tc1/target:/opt/rustwide/target:rw,Z" "-v" "/var/lib/crater-agent-workspace/builds/worker-7-tc1/source:/opt/rustwide/workdir:ro,Z" "-v" "/var/lib/crater-agent-workspace/cargo-home:/opt/rustwide/cargo-home:ro,Z" "-v" "/var/lib/crater-agent-workspace/rustup-home:/opt/rustwide/rustup-home:ro,Z" "-e" "SOURCE_DIR=/opt/rustwide/workdir" "-e" "CARGO_TARGET_DIR=/opt/rustwide/target" "-e" "CARGO_HOME=/opt/rustwide/cargo-home" "-e" "RUSTUP_HOME=/opt/rustwide/rustup-home" "-w" "/opt/rustwide/workdir" "-m" "1610612736" "--user" "0:0" "--network" "none" "ghcr.io/rust-lang/crates-build-env/linux@sha256:5ff2268d62e97bff2cde7d5815dd6ed5b47097566f13b8d0ca110b04b60e07ed" "/opt/rustwide/cargo-home/bin/cargo" "+1.69.0" "metadata" "--no-deps" "--format-version=1", kill_on_drop: false }`
[INFO] [stdout] 15207412bf5e4726b01ef9b6f557577a47f4ad2a210377c2e748fc5b1e99cb5c
[INFO] running `Command { std: "docker" "start" "-a" "15207412bf5e4726b01ef9b6f557577a47f4ad2a210377c2e748fc5b1e99cb5c", kill_on_drop: false }`
[INFO] running `Command { std: "docker" "inspect" "15207412bf5e4726b01ef9b6f557577a47f4ad2a210377c2e748fc5b1e99cb5c", kill_on_drop: false }`
[INFO] running `Command { std: "docker" "rm" "-f" "15207412bf5e4726b01ef9b6f557577a47f4ad2a210377c2e748fc5b1e99cb5c", kill_on_drop: false }`
[INFO] [stdout] 15207412bf5e4726b01ef9b6f557577a47f4ad2a210377c2e748fc5b1e99cb5c
[INFO] running `Command { std: "docker" "create" "-v" "/var/lib/crater-agent-workspace/builds/worker-7-tc1/target:/opt/rustwide/target:rw,Z" "-v" "/var/lib/crater-agent-workspace/builds/worker-7-tc1/source:/opt/rustwide/workdir:ro,Z" "-v" "/var/lib/crater-agent-workspace/cargo-home:/opt/rustwide/cargo-home:ro,Z" "-v" "/var/lib/crater-agent-workspace/rustup-home:/opt/rustwide/rustup-home:ro,Z" "-e" "SOURCE_DIR=/opt/rustwide/workdir" "-e" "CARGO_TARGET_DIR=/opt/rustwide/target" "-e" "CARGO_INCREMENTAL=0" "-e" "RUST_BACKTRACE=full" "-e" "RUSTFLAGS=--cap-lints=warn" "-e" "RUSTDOCFLAGS=--cap-lints=warn" "-e" "CARGO_HOME=/opt/rustwide/cargo-home" "-e" "RUSTUP_HOME=/opt/rustwide/rustup-home" "-w" "/opt/rustwide/workdir" "-m" "1610612736" "--user" "0:0" "--network" "none" "ghcr.io/rust-lang/crates-build-env/linux@sha256:5ff2268d62e97bff2cde7d5815dd6ed5b47097566f13b8d0ca110b04b60e07ed" "/opt/rustwide/cargo-home/bin/cargo" "+1.69.0" "build" "--frozen" "--message-format=json", kill_on_drop: false }`
[INFO] [stdout] a4a0908c6d2d67dac4a32178fa9b24a92739a0afc984d256658482a6b91c6193
[INFO] running `Command { std: "docker" "start" "-a" "a4a0908c6d2d67dac4a32178fa9b24a92739a0afc984d256658482a6b91c6193", kill_on_drop: false }`
[INFO] [stderr]     Blocking waiting for file lock on package cache
[INFO] [stderr]    Compiling syn v1.0.109
[INFO] [stderr]    Compiling strsim v0.10.0
[INFO] [stderr]    Compiling hashbrown v0.12.3
[INFO] [stderr]    Compiling fnv v1.0.7
[INFO] [stderr]    Compiling indexmap v1.9.3
[INFO] [stderr]    Compiling toml_datetime v0.6.1
[INFO] [stderr]    Compiling winnow v0.4.4
[INFO] [stderr]    Compiling once_cell v1.17.1
[INFO] [stderr]    Compiling toml_edit v0.19.8
[INFO] [stderr]    Compiling proc-macro-crate v1.3.1
[INFO] [stderr]    Compiling darling_core v0.14.4
[INFO] [stderr]    Compiling darling_macro v0.14.4
[INFO] [stderr]    Compiling darling v0.14.4
[INFO] [stderr]    Compiling scale-decode-derive v0.5.0 (/opt/rustwide/workdir)
[INFO] [stderr]     Finished dev [unoptimized + debuginfo] target(s) in 10.33s
[INFO] running `Command { std: "docker" "inspect" "a4a0908c6d2d67dac4a32178fa9b24a92739a0afc984d256658482a6b91c6193", kill_on_drop: false }`
[INFO] running `Command { std: "docker" "rm" "-f" "a4a0908c6d2d67dac4a32178fa9b24a92739a0afc984d256658482a6b91c6193", kill_on_drop: false }`
[INFO] [stdout] a4a0908c6d2d67dac4a32178fa9b24a92739a0afc984d256658482a6b91c6193
[INFO] running `Command { std: "docker" "create" "-v" "/var/lib/crater-agent-workspace/builds/worker-7-tc1/target:/opt/rustwide/target:rw,Z" "-v" "/var/lib/crater-agent-workspace/builds/worker-7-tc1/source:/opt/rustwide/workdir:ro,Z" "-v" "/var/lib/crater-agent-workspace/cargo-home:/opt/rustwide/cargo-home:ro,Z" "-v" "/var/lib/crater-agent-workspace/rustup-home:/opt/rustwide/rustup-home:ro,Z" "-e" "SOURCE_DIR=/opt/rustwide/workdir" "-e" "CARGO_TARGET_DIR=/opt/rustwide/target" "-e" "CARGO_INCREMENTAL=0" "-e" "RUST_BACKTRACE=full" "-e" "RUSTFLAGS=--cap-lints=warn" "-e" "RUSTDOCFLAGS=--cap-lints=warn" "-e" "CARGO_HOME=/opt/rustwide/cargo-home" "-e" "RUSTUP_HOME=/opt/rustwide/rustup-home" "-w" "/opt/rustwide/workdir" "-m" "1610612736" "--user" "0:0" "--network" "none" "ghcr.io/rust-lang/crates-build-env/linux@sha256:5ff2268d62e97bff2cde7d5815dd6ed5b47097566f13b8d0ca110b04b60e07ed" "/opt/rustwide/cargo-home/bin/cargo" "+1.69.0" "test" "--frozen" "--no-run" "--message-format=json", kill_on_drop: false }`
[INFO] [stdout] adca7ac33035ef7761cf831496ef71a66e8bac74c27e8b2f4589a89b87d5ee75
[INFO] running `Command { std: "docker" "start" "-a" "adca7ac33035ef7761cf831496ef71a66e8bac74c27e8b2f4589a89b87d5ee75", kill_on_drop: false }`
[INFO] [stderr]    Compiling scale-decode-derive v0.5.0 (/opt/rustwide/workdir)
[INFO] [stderr]     Finished test [unoptimized + debuginfo] target(s) in 1.32s
[INFO] running `Command { std: "docker" "inspect" "adca7ac33035ef7761cf831496ef71a66e8bac74c27e8b2f4589a89b87d5ee75", kill_on_drop: false }`
[INFO] running `Command { std: "docker" "rm" "-f" "adca7ac33035ef7761cf831496ef71a66e8bac74c27e8b2f4589a89b87d5ee75", kill_on_drop: false }`
[INFO] [stdout] adca7ac33035ef7761cf831496ef71a66e8bac74c27e8b2f4589a89b87d5ee75
[INFO] running `Command { std: "docker" "create" "-v" "/var/lib/crater-agent-workspace/builds/worker-7-tc1/target:/opt/rustwide/target:rw,Z" "-v" "/var/lib/crater-agent-workspace/builds/worker-7-tc1/source:/opt/rustwide/workdir:ro,Z" "-v" "/var/lib/crater-agent-workspace/cargo-home:/opt/rustwide/cargo-home:ro,Z" "-v" "/var/lib/crater-agent-workspace/rustup-home:/opt/rustwide/rustup-home:ro,Z" "-e" "SOURCE_DIR=/opt/rustwide/workdir" "-e" "CARGO_TARGET_DIR=/opt/rustwide/target" "-e" "CARGO_INCREMENTAL=0" "-e" "RUST_BACKTRACE=full" "-e" "RUSTFLAGS=--cap-lints=warn" "-e" "RUSTDOCFLAGS=--cap-lints=warn" "-e" "CARGO_HOME=/opt/rustwide/cargo-home" "-e" "RUSTUP_HOME=/opt/rustwide/rustup-home" "-w" "/opt/rustwide/workdir" "-m" "1610612736" "--user" "0:0" "--network" "none" "ghcr.io/rust-lang/crates-build-env/linux@sha256:5ff2268d62e97bff2cde7d5815dd6ed5b47097566f13b8d0ca110b04b60e07ed" "/opt/rustwide/cargo-home/bin/cargo" "+1.69.0" "test" "--frozen", kill_on_drop: false }`
[INFO] [stdout] 9fb692c0be4bc7e14d755cb287ad323c78fda04745d71e764cb0483144c8d1f8
[INFO] running `Command { std: "docker" "start" "-a" "9fb692c0be4bc7e14d755cb287ad323c78fda04745d71e764cb0483144c8d1f8", kill_on_drop: false }`
[INFO] [stderr]     Finished test [unoptimized + debuginfo] target(s) in 0.03s
[INFO] [stderr]      Running unittests src/lib.rs (/opt/rustwide/target/debug/deps/scale_decode_derive-79c15e7ab51b5f99)
[INFO] [stdout] 
[INFO] [stderr]    Doc-tests scale-decode-derive
[INFO] [stdout] running 0 tests
[INFO] [stdout] 
[INFO] [stdout] test result: ok. 0 passed; 0 failed; 0 ignored; 0 measured; 0 filtered out; finished in 0.00s
[INFO] [stdout] 
[INFO] [stdout] 
[INFO] [stdout] running 3 tests
[INFO] [stdout] test src/lib.rs - derive_macro (line 70) ... FAILED
[INFO] [stdout] test src/lib.rs - derive_macro (line 32) ... FAILED
[INFO] [stdout] test src/lib.rs - derive_macro (line 55) ... FAILED
[INFO] [stderr] error: doctest failed, to rerun pass `--doc`
[INFO] [stdout] 
[INFO] [stdout] failures:
[INFO] [stdout] 
[INFO] [stdout] ---- src/lib.rs - derive_macro (line 70) stdout ----
[INFO] [stdout] error[E0432]: unresolved import `scale_decode`
[INFO] [stdout]  --> src/lib.rs:71:5
[INFO] [stdout]   |
[INFO] [stdout] 3 | use scale_decode::DecodeAsType;
[INFO] [stdout]   |     ^^^^^^^^^^^^ use of undeclared crate or module `scale_decode`
[INFO] [stdout] 
[INFO] [stdout] error: cannot determine resolution for the derive macro `DecodeAsType`
[INFO] [stdout]  --> src/lib.rs:73:10
[INFO] [stdout]   |
[INFO] [stdout] 5 | #[derive(DecodeAsType)]
[INFO] [stdout]   |          ^^^^^^^^^^^^
[INFO] [stdout]   |
[INFO] [stdout]   = note: import resolution is stuck, try simplifying macro imports
[INFO] [stdout] 
[INFO] [stdout] error: cannot find attribute `decode_as_type` in this scope
[INFO] [stdout]  --> src/lib.rs:74:3
[INFO] [stdout]   |
[INFO] [stdout] 6 | #[decode_as_type(trait_bounds = "")]
[INFO] [stdout]   |   ^^^^^^^^^^^^^^
[INFO] [stdout] 
[INFO] [stdout] error: cannot find attribute `decode_as_type` in this scope
[INFO] [stdout]   --> src/lib.rs:78:6
[INFO] [stdout]    |
[INFO] [stdout] 10 |    #[decode_as_type(skip)]
[INFO] [stdout]    |      ^^^^^^^^^^^^^^
[INFO] [stdout] 
[INFO] [stdout] error: aborting due to 4 previous errors
[INFO] [stdout] 
[INFO] [stdout] For more information about this error, try `rustc --explain E0432`.
[INFO] [stdout] Couldn't compile the test.
[INFO] [stdout] ---- src/lib.rs - derive_macro (line 32) stdout ----
[INFO] [stdout] error[E0432]: unresolved import `scale_decode`
[INFO] [stdout]  --> src/lib.rs:33:5
[INFO] [stdout]   |
[INFO] [stdout] 3 | use scale_decode::DecodeAsType;
[INFO] [stdout]   |     ^^^^^^^^^^^^ use of undeclared crate or module `scale_decode`
[INFO] [stdout] 
[INFO] [stdout] error: cannot determine resolution for the derive macro `DecodeAsType`
[INFO] [stdout]   --> src/lib.rs:44:10
[INFO] [stdout]    |
[INFO] [stdout] 14 | #[derive(DecodeAsType)]
[INFO] [stdout]    |          ^^^^^^^^^^^^
[INFO] [stdout]    |
[INFO] [stdout]    = note: import resolution is stuck, try simplifying macro imports
[INFO] [stdout] 
[INFO] [stdout] error: cannot determine resolution for the derive macro `DecodeAsType`
[INFO] [stdout]  --> src/lib.rs:38:10
[INFO] [stdout]   |
[INFO] [stdout] 8 | #[derive(DecodeAsType)]
[INFO] [stdout]   |          ^^^^^^^^^^^^
[INFO] [stdout]   |
[INFO] [stdout]   = note: import resolution is stuck, try simplifying macro imports
[INFO] [stdout] 
[INFO] [stdout] error: cannot determine resolution for the derive macro `DecodeAsType`
[INFO] [stdout]  --> src/lib.rs:35:10
[INFO] [stdout]   |
[INFO] [stdout] 5 | #[derive(DecodeAsType)]
[INFO] [stdout]   |          ^^^^^^^^^^^^
[INFO] [stdout]   |
[INFO] [stdout]   = note: import resolution is stuck, try simplifying macro imports
[INFO] [stdout] 
[INFO] [stdout] error: aborting due to 4 previous errors
[INFO] [stdout] 
[INFO] [stdout] For more information about this error, try `rustc --explain E0432`.
[INFO] [stdout] Couldn't compile the test.
[INFO] [stdout] ---- src/lib.rs - derive_macro (line 55) stdout ----
[INFO] [stdout] error[E0432]: unresolved import `scale_decode`
[INFO] [stdout]  --> src/lib.rs:56:5
[INFO] [stdout]   |
[INFO] [stdout] 3 | use scale_decode as alt_path;
[INFO] [stdout]   |     ^^^^^^^^^^^^^^^^^^^^^^^^ no external crate `scale_decode`
[INFO] [stdout] 
[INFO] [stdout] error: cannot determine resolution for the derive macro `DecodeAsType`
[INFO] [stdout]  --> src/lib.rs:59:10
[INFO] [stdout]   |
[INFO] [stdout] 6 | #[derive(DecodeAsType)]
[INFO] [stdout]   |          ^^^^^^^^^^^^
[INFO] [stdout]   |
[INFO] [stdout]   = note: import resolution is stuck, try simplifying macro imports
[INFO] [stdout] 
[INFO] [stdout] error: cannot find attribute `decode_as_type` in this scope
[INFO] [stdout]  --> src/lib.rs:60:3
[INFO] [stdout]   |
[INFO] [stdout] 7 | #[decode_as_type(crate_path = "alt_path")]
[INFO] [stdout]   |   ^^^^^^^^^^^^^^
[INFO] [stdout] 
[INFO] [stdout] error: aborting due to 3 previous errors
[INFO] [stdout] 
[INFO] [stdout] For more information about this error, try `rustc --explain E0432`.
[INFO] [stdout] Couldn't compile the test.
[INFO] [stdout] 
[INFO] [stdout] failures:
[INFO] [stdout]     src/lib.rs - derive_macro (line 32)
[INFO] [stdout]     src/lib.rs - derive_macro (line 55)
[INFO] [stdout]     src/lib.rs - derive_macro (line 70)
[INFO] [stdout] 
[INFO] [stdout] test result: FAILED. 0 passed; 3 failed; 0 ignored; 0 measured; 0 filtered out; finished in 0.11s
[INFO] [stdout] 
[INFO] running `Command { std: "docker" "inspect" "9fb692c0be4bc7e14d755cb287ad323c78fda04745d71e764cb0483144c8d1f8", kill_on_drop: false }`
[INFO] running `Command { std: "docker" "rm" "-f" "9fb692c0be4bc7e14d755cb287ad323c78fda04745d71e764cb0483144c8d1f8", kill_on_drop: false }`
[INFO] [stdout] 9fb692c0be4bc7e14d755cb287ad323c78fda04745d71e764cb0483144c8d1f8
